{"id":9875,"date":"2023-05-30T20:23:37","date_gmt":"2023-05-30T20:23:37","guid":{"rendered":"https:\/\/projekt.vombat.ee\/eco\/?post_type=product&#038;p=9875"},"modified":"2023-06-26T08:26:18","modified_gmt":"2023-06-26T08:26:18","slug":"obarter-d5-5000-w-elektriline-toukeratas-110km","status":"publish","type":"product","link":"https:\/\/projekt.vombat.ee\/eco\/pood\/brandid\/obarter\/obarter-d5-5000-w-elektriline-toukeratas-110km\/","title":{"rendered":"Obarter D5 5000 W elektriline t\u00f5ukeratas, 120km"},"content":{"rendered":"<h3><img fetchpriority=\"high\" decoding=\"async\" class=\"msub_k4 mupj_5k mjru_k4 mse2_k4 mp7g_f6 mq1m_0 mj7u_0 m7er_k4 lazyloaded\" src=\"https:\/\/a.allegroimg.com\/original\/1129c8\/c109e63b494a8196cdf2fe2147f6\" sizes=\"100vw\" srcset=\"https:\/\/a.allegroimg.com\/s360\/1129c8\/c109e63b494a8196cdf2fe2147f6 360w,https:\/\/a.allegroimg.com\/s720\/1129c8\/c109e63b494a8196cdf2fe2147f6 720w,https:\/\/a.allegroimg.com\/s1024\/1129c8\/c109e63b494a8196cdf2fe2147f6 1024w,https:\/\/a.allegroimg.com\/s1440\/1129c8\/c109e63b494a8196cdf2fe2147f6 1440w,https:\/\/a.allegroimg.com\/original\/1129c8\/c109e63b494a8196cdf2fe2147f6 2560w\" alt=\"\" width=\"850\" height=\"637\" data-src=\"https:\/\/a.allegroimg.com\/original\/1129c8\/c109e63b494a8196cdf2fe2147f6\" data-srcset=\"https:\/\/a.allegroimg.com\/s360\/1129c8\/c109e63b494a8196cdf2fe2147f6 360w,https:\/\/a.allegroimg.com\/s720\/1129c8\/c109e63b494a8196cdf2fe2147f6 720w,https:\/\/a.allegroimg.com\/s1024\/1129c8\/c109e63b494a8196cdf2fe2147f6 1024w,https:\/\/a.allegroimg.com\/s1440\/1129c8\/c109e63b494a8196cdf2fe2147f6 1440w,https:\/\/a.allegroimg.com\/original\/1129c8\/c109e63b494a8196cdf2fe2147f6 2560w\" \/><\/h3>\n<h3>Toote omadused<\/h3>\n<p>suure v\u00f5imsusega 12-tolline 48 V 5000 W<\/p>\n<p>Eemaldatav aku (saab laadimiseks eraldi eemaldada)<\/p>\n<p>35Ah suure mahutavusega aku<\/p>\n<p>S\u00f5iduulatus: 60-120km<\/p>\n<p>Kiire laadimine: 5-7 tundi<\/p>\n<p>Mootor: 25OOW*2<\/p>\n<p>12-tolline aktiivne tubeless rehv aktiivne (maanteerehv)<\/p>\n<p>Tippkiirus: 70km\/h<\/p>\n<p>Ees on topelttuled ning taga vasak- ja parempoolsed suunatuled<\/p>\n<p>Kere on volditav<\/p>\n<p>LCD digitaalne ekraan (reaalajas seireandmed, kiirus, vahemaa, v\u00f5imsus, k\u00e4ik jne.<\/p>\n<p>Kolmekordne h\u00fcdrauliline amortisaator (1 ees + 2 taga)<\/p>\n<p>Eesmine ja p\u00fcsiv h\u00fcdrauliline piduris\u00fcsteem (0,1 sekundiline aeglustus, kiire pidurdamine ja k\u00f5rge efektiivsus)<\/p>\n<p><img decoding=\"async\" class=\"msub_k4 mupj_5k mjru_k4 mse2_k4 mp7g_f6 mq1m_0 mj7u_0 m7er_k4 lazyloaded\" src=\"https:\/\/a.allegroimg.com\/original\/1180b4\/9c57673b4c2184fd5e06a7ccc5d0\/Electric-Scooter-Obarter-D5-70KM-H-5000W-35AH-EAN-GTIN-4537366631235\" sizes=\"100vw\" srcset=\"https:\/\/a.allegroimg.com\/s360\/1180b4\/9c57673b4c2184fd5e06a7ccc5d0\/Electric-Scooter-Obarter-D5-70KM-H-5000W-35AH-EAN-GTIN-4537366631235 360w,https:\/\/a.allegroimg.com\/s720\/1180b4\/9c57673b4c2184fd5e06a7ccc5d0\/Electric-Scooter-Obarter-D5-70KM-H-5000W-35AH-EAN-GTIN-4537366631235 720w,https:\/\/a.allegroimg.com\/s1024\/1180b4\/9c57673b4c2184fd5e06a7ccc5d0\/Electric-Scooter-Obarter-D5-70KM-H-5000W-35AH-EAN-GTIN-4537366631235 1000w,https:\/\/a.allegroimg.com\/original\/1180b4\/9c57673b4c2184fd5e06a7ccc5d0\/Electric-Scooter-Obarter-D5-70KM-H-5000W-35AH-EAN-GTIN-4537366631235 1000w\" alt=\"Electric Scooter Obarter D5 70KM\/H 5000W 35AH EAN (GTIN) 4537366631235\" width=\"886\" height=\"886\" data-src=\"https:\/\/a.allegroimg.com\/original\/1180b4\/9c57673b4c2184fd5e06a7ccc5d0\/Electric-Scooter-Obarter-D5-70KM-H-5000W-35AH-EAN-GTIN-4537366631235\" data-srcset=\"https:\/\/a.allegroimg.com\/s360\/1180b4\/9c57673b4c2184fd5e06a7ccc5d0\/Electric-Scooter-Obarter-D5-70KM-H-5000W-35AH-EAN-GTIN-4537366631235 360w,https:\/\/a.allegroimg.com\/s720\/1180b4\/9c57673b4c2184fd5e06a7ccc5d0\/Electric-Scooter-Obarter-D5-70KM-H-5000W-35AH-EAN-GTIN-4537366631235 720w,https:\/\/a.allegroimg.com\/s1024\/1180b4\/9c57673b4c2184fd5e06a7ccc5d0\/Electric-Scooter-Obarter-D5-70KM-H-5000W-35AH-EAN-GTIN-4537366631235 1000w,https:\/\/a.allegroimg.com\/original\/1180b4\/9c57673b4c2184fd5e06a7ccc5d0\/Electric-Scooter-Obarter-D5-70KM-H-5000W-35AH-EAN-GTIN-4537366631235 1000w\" \/><\/p>\n<p><img decoding=\"async\" class=\"msub_k4 mupj_5k mjru_k4 mse2_k4 mp7g_f6 mq1m_0 mj7u_0 m7er_k4 lazyloaded\" src=\"https:\/\/a.allegroimg.com\/original\/11b052\/9f8a6c5a48cda46445196e629b32\/Electric-Scooter-Obarter-D5-70KM-H-5000W-35AH-Manufacturer-s-code-4537366631235\" sizes=\"100vw\" srcset=\"https:\/\/a.allegroimg.com\/s360\/11b052\/9f8a6c5a48cda46445196e629b32\/Electric-Scooter-Obarter-D5-70KM-H-5000W-35AH-Manufacturer-s-code-4537366631235 360w,https:\/\/a.allegroimg.com\/s720\/11b052\/9f8a6c5a48cda46445196e629b32\/Electric-Scooter-Obarter-D5-70KM-H-5000W-35AH-Manufacturer-s-code-4537366631235 720w,https:\/\/a.allegroimg.com\/s1024\/11b052\/9f8a6c5a48cda46445196e629b32\/Electric-Scooter-Obarter-D5-70KM-H-5000W-35AH-Manufacturer-s-code-4537366631235 1000w,https:\/\/a.allegroimg.com\/original\/11b052\/9f8a6c5a48cda46445196e629b32\/Electric-Scooter-Obarter-D5-70KM-H-5000W-35AH-Manufacturer-s-code-4537366631235 1000w\" alt=\"Electric Scooter Obarter D5 70KM\/H 5000W 35AH Manufacturer's code 4537366631235\" width=\"895\" height=\"895\" data-src=\"https:\/\/a.allegroimg.com\/original\/11b052\/9f8a6c5a48cda46445196e629b32\/Electric-Scooter-Obarter-D5-70KM-H-5000W-35AH-Manufacturer-s-code-4537366631235\" data-srcset=\"https:\/\/a.allegroimg.com\/s360\/11b052\/9f8a6c5a48cda46445196e629b32\/Electric-Scooter-Obarter-D5-70KM-H-5000W-35AH-Manufacturer-s-code-4537366631235 360w,https:\/\/a.allegroimg.com\/s720\/11b052\/9f8a6c5a48cda46445196e629b32\/Electric-Scooter-Obarter-D5-70KM-H-5000W-35AH-Manufacturer-s-code-4537366631235 720w,https:\/\/a.allegroimg.com\/s1024\/11b052\/9f8a6c5a48cda46445196e629b32\/Electric-Scooter-Obarter-D5-70KM-H-5000W-35AH-Manufacturer-s-code-4537366631235 1000w,https:\/\/a.allegroimg.com\/original\/11b052\/9f8a6c5a48cda46445196e629b32\/Electric-Scooter-Obarter-D5-70KM-H-5000W-35AH-Manufacturer-s-code-4537366631235 1000w\" \/><\/p>\n","protected":false},"excerpt":{"rendered":"<p><strong>Obarter D5<\/strong> v\u00f5imas elektriline t\u00f5ukeratas<\/p>\n<ul>\n<li>Laadimine: 5-7 tundi<\/li>\n<li>Mootor: 25OOW*2<\/li>\n<li>Aku: <span style=\"font-size: inherit;\">48 V <\/span><span style=\"font-size: inherit;\">35Ah<\/span><\/li>\n<li>Tippkiirus: 70km\/h<\/li>\n<li>S\u00f5iduulatus: 60-120km<\/li>\n<\/ul>\n<p>&nbsp;<\/p>\n<p><strong>\u2666 Tarneaeg 3-7 p\u00e4eva<\/strong><br \/>\n<strong>\u2666 Laos<\/strong><\/p>\n<p>&nbsp;<\/p>\n","protected":false},"featured_media":9897,"template":"","meta":[],"product_cat":[1279,53,911],"product_tag":[],"class_list":{"0":"post-9875","1":"product","2":"type-product","3":"status-publish","4":"has-post-thumbnail","6":"product_cat-obarter","7":"product_cat-elektritoukerattad","8":"product_cat-voimsad-toukerattad","9":"product_shipping_class-suured-pakid","11":"first","12":"instock","13":"sale","14":"taxable","15":"shipping-taxable","16":"purchasable","17":"product-type-simple"},"yoast_head":"<!-- This site is optimized with the Yoast SEO plugin v23.8 - https:\/\/yoast.com\/wordpress\/plugins\/seo\/ -->\n<title>Obarter D5 5000 W elektriline t\u00f5ukeratas, 120km - Ecocruiser<\/title>\n<meta name=\"description\" content=\"Obarter D5 elektriline t\u00f5ukeratas Laadimine: 5-7 tundi Mootor: 25OOW*2\" \/>\n<meta name=\"robots\" content=\"noindex, follow, max-snippet:-1, max-image-preview:large, max-video-preview:-1\" \/>\n<meta property=\"og:locale\" content=\"en_GB\" \/>\n<meta property=\"og:type\" content=\"article\" \/>\n<meta property=\"og:title\" content=\"Obarter D5 5000 W elektriline t\u00f5ukeratas, 120km - Ecocruiser\" \/>\n<meta property=\"og:description\" content=\"Obarter D5 elektriline t\u00f5ukeratas Laadimine: 5-7 tundi Mootor: 25OOW*2\" \/>\n<meta property=\"og:url\" content=\"https:\/\/projekt.vombat.ee\/eco\/pood\/brandid\/obarter\/obarter-d5-5000-w-elektriline-toukeratas-110km\/\" \/>\n<meta property=\"og:site_name\" content=\"Ecocruiser\" \/>\n<meta property=\"article:modified_time\" content=\"2023-06-26T08:26:18+00:00\" \/>\n<meta property=\"og:image\" content=\"https:\/\/projekt.vombat.ee\/eco\/wp-content\/uploads\/2023\/05\/Untitled-design-2023-05-31T164439.158.png\" \/>\n\t<meta property=\"og:image:width\" content=\"1000\" \/>\n\t<meta property=\"og:image:height\" content=\"1000\" \/>\n\t<meta property=\"og:image:type\" content=\"image\/png\" \/>\n<meta name=\"twitter:card\" content=\"summary_large_image\" \/>\n<meta name=\"twitter:label1\" content=\"Estimated reading time\" \/>\n\t<meta name=\"twitter:data1\" content=\"2 minutes\" \/>\n<script type=\"application\/ld+json\" class=\"yoast-schema-graph\">{\"@context\":\"https:\/\/schema.org\",\"@graph\":[{\"@type\":\"WebPage\",\"@id\":\"https:\/\/projekt.vombat.ee\/eco\/pood\/brandid\/obarter\/obarter-d5-5000-w-elektriline-toukeratas-110km\/\",\"url\":\"https:\/\/projekt.vombat.ee\/eco\/pood\/brandid\/obarter\/obarter-d5-5000-w-elektriline-toukeratas-110km\/\",\"name\":\"Obarter D5 5000 W elektriline t\u00f5ukeratas, 120km - Ecocruiser\",\"isPartOf\":{\"@id\":\"https:\/\/projekt.vombat.ee\/eco\/#website\"},\"primaryImageOfPage\":{\"@id\":\"https:\/\/projekt.vombat.ee\/eco\/pood\/brandid\/obarter\/obarter-d5-5000-w-elektriline-toukeratas-110km\/#primaryimage\"},\"image\":{\"@id\":\"https:\/\/projekt.vombat.ee\/eco\/pood\/brandid\/obarter\/obarter-d5-5000-w-elektriline-toukeratas-110km\/#primaryimage\"},\"thumbnailUrl\":\"https:\/\/projekt.vombat.ee\/eco\/wp-content\/uploads\/2023\/05\/Untitled-design-2023-05-31T164439.158.png\",\"datePublished\":\"2023-05-30T20:23:37+00:00\",\"dateModified\":\"2023-06-26T08:26:18+00:00\",\"description\":\"Obarter D5 elektriline t\u00f5ukeratas Laadimine: 5-7 tundi Mootor: 25OOW*2\",\"breadcrumb\":{\"@id\":\"https:\/\/projekt.vombat.ee\/eco\/pood\/brandid\/obarter\/obarter-d5-5000-w-elektriline-toukeratas-110km\/#breadcrumb\"},\"inLanguage\":\"en-GB\",\"potentialAction\":[{\"@type\":\"ReadAction\",\"target\":[\"https:\/\/projekt.vombat.ee\/eco\/pood\/brandid\/obarter\/obarter-d5-5000-w-elektriline-toukeratas-110km\/\"]}]},{\"@type\":\"ImageObject\",\"inLanguage\":\"en-GB\",\"@id\":\"https:\/\/projekt.vombat.ee\/eco\/pood\/brandid\/obarter\/obarter-d5-5000-w-elektriline-toukeratas-110km\/#primaryimage\",\"url\":\"https:\/\/projekt.vombat.ee\/eco\/wp-content\/uploads\/2023\/05\/Untitled-design-2023-05-31T164439.158.png\",\"contentUrl\":\"https:\/\/projekt.vombat.ee\/eco\/wp-content\/uploads\/2023\/05\/Untitled-design-2023-05-31T164439.158.png\",\"width\":1000,\"height\":1000,\"caption\":\"Obarter D5\"},{\"@type\":\"BreadcrumbList\",\"@id\":\"https:\/\/projekt.vombat.ee\/eco\/pood\/brandid\/obarter\/obarter-d5-5000-w-elektriline-toukeratas-110km\/#breadcrumb\",\"itemListElement\":[{\"@type\":\"ListItem\",\"position\":1,\"name\":\"Home\",\"item\":\"https:\/\/projekt.vombat.ee\/eco\/\"},{\"@type\":\"ListItem\",\"position\":2,\"name\":\"Pood\",\"item\":\"https:\/\/projekt.vombat.ee\/eco\/pood\/\"},{\"@type\":\"ListItem\",\"position\":3,\"name\":\"Obarter D5 5000 W elektriline t\u00f5ukeratas, 120km\"}]},{\"@type\":\"WebSite\",\"@id\":\"https:\/\/projekt.vombat.ee\/eco\/#website\",\"url\":\"https:\/\/projekt.vombat.ee\/eco\/\",\"name\":\"Ecocruiser\",\"description\":\"\",\"publisher\":{\"@id\":\"https:\/\/projekt.vombat.ee\/eco\/#organization\"},\"potentialAction\":[{\"@type\":\"SearchAction\",\"target\":{\"@type\":\"EntryPoint\",\"urlTemplate\":\"https:\/\/projekt.vombat.ee\/eco\/?s={search_term_string}\"},\"query-input\":{\"@type\":\"PropertyValueSpecification\",\"valueRequired\":true,\"valueName\":\"search_term_string\"}}],\"inLanguage\":\"en-GB\"},{\"@type\":\"Organization\",\"@id\":\"https:\/\/projekt.vombat.ee\/eco\/#organization\",\"name\":\"Ecocruiser\",\"url\":\"https:\/\/projekt.vombat.ee\/eco\/\",\"logo\":{\"@type\":\"ImageObject\",\"inLanguage\":\"en-GB\",\"@id\":\"https:\/\/projekt.vombat.ee\/eco\/#\/schema\/logo\/image\/\",\"url\":\"https:\/\/projekt.vombat.ee\/eco\/wp-content\/uploads\/2023\/03\/ECOCRUISER_5.png\",\"contentUrl\":\"https:\/\/projekt.vombat.ee\/eco\/wp-content\/uploads\/2023\/03\/ECOCRUISER_5.png\",\"width\":234,\"height\":91,\"caption\":\"Ecocruiser\"},\"image\":{\"@id\":\"https:\/\/projekt.vombat.ee\/eco\/#\/schema\/logo\/image\/\"}}]}<\/script>\n<!-- \/ Yoast SEO plugin. -->","yoast_head_json":{"title":"Obarter D5 5000 W elektriline t\u00f5ukeratas, 120km - Ecocruiser","description":"Obarter D5 elektriline t\u00f5ukeratas Laadimine: 5-7 tundi Mootor: 25OOW*2","robots":{"index":"noindex","follow":"follow","max-snippet":"max-snippet:-1","max-image-preview":"max-image-preview:large","max-video-preview":"max-video-preview:-1"},"og_locale":"en_GB","og_type":"article","og_title":"Obarter D5 5000 W elektriline t\u00f5ukeratas, 120km - Ecocruiser","og_description":"Obarter D5 elektriline t\u00f5ukeratas Laadimine: 5-7 tundi Mootor: 25OOW*2","og_url":"https:\/\/projekt.vombat.ee\/eco\/pood\/brandid\/obarter\/obarter-d5-5000-w-elektriline-toukeratas-110km\/","og_site_name":"Ecocruiser","article_modified_time":"2023-06-26T08:26:18+00:00","og_image":[{"width":1000,"height":1000,"url":"https:\/\/projekt.vombat.ee\/eco\/wp-content\/uploads\/2023\/05\/Untitled-design-2023-05-31T164439.158.png","type":"image\/png"}],"twitter_card":"summary_large_image","twitter_misc":{"Estimated reading time":"2 minutes"},"schema":{"@context":"https:\/\/schema.org","@graph":[{"@type":"WebPage","@id":"https:\/\/projekt.vombat.ee\/eco\/pood\/brandid\/obarter\/obarter-d5-5000-w-elektriline-toukeratas-110km\/","url":"https:\/\/projekt.vombat.ee\/eco\/pood\/brandid\/obarter\/obarter-d5-5000-w-elektriline-toukeratas-110km\/","name":"Obarter D5 5000 W elektriline t\u00f5ukeratas, 120km - Ecocruiser","isPartOf":{"@id":"https:\/\/projekt.vombat.ee\/eco\/#website"},"primaryImageOfPage":{"@id":"https:\/\/projekt.vombat.ee\/eco\/pood\/brandid\/obarter\/obarter-d5-5000-w-elektriline-toukeratas-110km\/#primaryimage"},"image":{"@id":"https:\/\/projekt.vombat.ee\/eco\/pood\/brandid\/obarter\/obarter-d5-5000-w-elektriline-toukeratas-110km\/#primaryimage"},"thumbnailUrl":"https:\/\/projekt.vombat.ee\/eco\/wp-content\/uploads\/2023\/05\/Untitled-design-2023-05-31T164439.158.png","datePublished":"2023-05-30T20:23:37+00:00","dateModified":"2023-06-26T08:26:18+00:00","description":"Obarter D5 elektriline t\u00f5ukeratas Laadimine: 5-7 tundi Mootor: 25OOW*2","breadcrumb":{"@id":"https:\/\/projekt.vombat.ee\/eco\/pood\/brandid\/obarter\/obarter-d5-5000-w-elektriline-toukeratas-110km\/#breadcrumb"},"inLanguage":"en-GB","potentialAction":[{"@type":"ReadAction","target":["https:\/\/projekt.vombat.ee\/eco\/pood\/brandid\/obarter\/obarter-d5-5000-w-elektriline-toukeratas-110km\/"]}]},{"@type":"ImageObject","inLanguage":"en-GB","@id":"https:\/\/projekt.vombat.ee\/eco\/pood\/brandid\/obarter\/obarter-d5-5000-w-elektriline-toukeratas-110km\/#primaryimage","url":"https:\/\/projekt.vombat.ee\/eco\/wp-content\/uploads\/2023\/05\/Untitled-design-2023-05-31T164439.158.png","contentUrl":"https:\/\/projekt.vombat.ee\/eco\/wp-content\/uploads\/2023\/05\/Untitled-design-2023-05-31T164439.158.png","width":1000,"height":1000,"caption":"Obarter D5"},{"@type":"BreadcrumbList","@id":"https:\/\/projekt.vombat.ee\/eco\/pood\/brandid\/obarter\/obarter-d5-5000-w-elektriline-toukeratas-110km\/#breadcrumb","itemListElement":[{"@type":"ListItem","position":1,"name":"Home","item":"https:\/\/projekt.vombat.ee\/eco\/"},{"@type":"ListItem","position":2,"name":"Pood","item":"https:\/\/projekt.vombat.ee\/eco\/pood\/"},{"@type":"ListItem","position":3,"name":"Obarter D5 5000 W elektriline t\u00f5ukeratas, 120km"}]},{"@type":"WebSite","@id":"https:\/\/projekt.vombat.ee\/eco\/#website","url":"https:\/\/projekt.vombat.ee\/eco\/","name":"Ecocruiser","description":"","publisher":{"@id":"https:\/\/projekt.vombat.ee\/eco\/#organization"},"potentialAction":[{"@type":"SearchAction","target":{"@type":"EntryPoint","urlTemplate":"https:\/\/projekt.vombat.ee\/eco\/?s={search_term_string}"},"query-input":{"@type":"PropertyValueSpecification","valueRequired":true,"valueName":"search_term_string"}}],"inLanguage":"en-GB"},{"@type":"Organization","@id":"https:\/\/projekt.vombat.ee\/eco\/#organization","name":"Ecocruiser","url":"https:\/\/projekt.vombat.ee\/eco\/","logo":{"@type":"ImageObject","inLanguage":"en-GB","@id":"https:\/\/projekt.vombat.ee\/eco\/#\/schema\/logo\/image\/","url":"https:\/\/projekt.vombat.ee\/eco\/wp-content\/uploads\/2023\/03\/ECOCRUISER_5.png","contentUrl":"https:\/\/projekt.vombat.ee\/eco\/wp-content\/uploads\/2023\/03\/ECOCRUISER_5.png","width":234,"height":91,"caption":"Ecocruiser"},"image":{"@id":"https:\/\/projekt.vombat.ee\/eco\/#\/schema\/logo\/image\/"}}]}},"lang":"et","translations":{"et":9875},"pll_sync_post":[],"_links":{"self":[{"href":"https:\/\/projekt.vombat.ee\/eco\/wp-json\/wp\/v2\/product\/9875"}],"collection":[{"href":"https:\/\/projekt.vombat.ee\/eco\/wp-json\/wp\/v2\/product"}],"about":[{"href":"https:\/\/projekt.vombat.ee\/eco\/wp-json\/wp\/v2\/types\/product"}],"version-history":[{"count":4,"href":"https:\/\/projekt.vombat.ee\/eco\/wp-json\/wp\/v2\/product\/9875\/revisions"}],"predecessor-version":[{"id":9889,"href":"https:\/\/projekt.vombat.ee\/eco\/wp-json\/wp\/v2\/product\/9875\/revisions\/9889"}],"wp:featuredmedia":[{"embeddable":true,"href":"https:\/\/projekt.vombat.ee\/eco\/wp-json\/wp\/v2\/media\/9897"}],"wp:attachment":[{"href":"https:\/\/projekt.vombat.ee\/eco\/wp-json\/wp\/v2\/media?parent=9875"}],"wp:term":[{"taxonomy":"product_cat","embeddable":true,"href":"https:\/\/projekt.vombat.ee\/eco\/wp-json\/wp\/v2\/product_cat?post=9875"},{"taxonomy":"product_tag","embeddable":true,"href":"https:\/\/projekt.vombat.ee\/eco\/wp-json\/wp\/v2\/product_tag?post=9875"}],"curies":[{"name":"wp","href":"https:\/\/api.w.org\/{rel}","templated":true}]}}