{"id":9867,"date":"2023-05-30T19:46:55","date_gmt":"2023-05-30T19:46:55","guid":{"rendered":"https:\/\/projekt.vombat.ee\/eco\/?post_type=product&#038;p=9867"},"modified":"2023-05-31T14:18:34","modified_gmt":"2023-05-31T14:18:34","slug":"obarter-x3-2400-w-elektriline-toukeratas-60km","status":"publish","type":"product","link":"https:\/\/projekt.vombat.ee\/eco\/pood\/brandid\/obarter\/obarter-x3-2400-w-elektriline-toukeratas-60km\/","title":{"rendered":"Obarter X3 2400 W elektriline t\u00f5ukeratas, 60km"},"content":{"rendered":"<h3>Obarter X3 2400 W elektriline t\u00f5ukeratas, 60km<\/h3>\n<h3><img decoding=\"async\" class=\"msub_k4 mupj_5k mjru_k4 mse2_k4 mp7g_f6 mq1m_0 mj7u_0 m7er_k4 lazyloaded\" src=\"https:\/\/a.allegroimg.com\/original\/11650c\/3b0a8d49482ea1d68a7a73306760\/OBARTER-X3-11-inch-2400W-48V-Electric-Scooter-Color-black\" sizes=\"100vw\" srcset=\"https:\/\/a.allegroimg.com\/s360\/11650c\/3b0a8d49482ea1d68a7a73306760\/OBARTER-X3-11-inch-2400W-48V-Electric-Scooter-Color-black 360w,https:\/\/a.allegroimg.com\/s720\/11650c\/3b0a8d49482ea1d68a7a73306760\/OBARTER-X3-11-inch-2400W-48V-Electric-Scooter-Color-black 720w,https:\/\/a.allegroimg.com\/s1024\/11650c\/3b0a8d49482ea1d68a7a73306760\/OBARTER-X3-11-inch-2400W-48V-Electric-Scooter-Color-black 1000w,https:\/\/a.allegroimg.com\/original\/11650c\/3b0a8d49482ea1d68a7a73306760\/OBARTER-X3-11-inch-2400W-48V-Electric-Scooter-Color-black 1000w\" alt=\"OBARTER X3 11 inch 2400W 48V Electric Scooter Color black\" width=\"1000px\" data-src=\"https:\/\/a.allegroimg.com\/original\/11650c\/3b0a8d49482ea1d68a7a73306760\/OBARTER-X3-11-inch-2400W-48V-Electric-Scooter-Color-black\" data-srcset=\"https:\/\/a.allegroimg.com\/s360\/11650c\/3b0a8d49482ea1d68a7a73306760\/OBARTER-X3-11-inch-2400W-48V-Electric-Scooter-Color-black 360w,https:\/\/a.allegroimg.com\/s720\/11650c\/3b0a8d49482ea1d68a7a73306760\/OBARTER-X3-11-inch-2400W-48V-Electric-Scooter-Color-black 720w,https:\/\/a.allegroimg.com\/s1024\/11650c\/3b0a8d49482ea1d68a7a73306760\/OBARTER-X3-11-inch-2400W-48V-Electric-Scooter-Color-black 1000w,https:\/\/a.allegroimg.com\/original\/11650c\/3b0a8d49482ea1d68a7a73306760\/OBARTER-X3-11-inch-2400W-48V-Electric-Scooter-Color-black 1000w\" \/><\/h3>\n<h3>Info<\/h3>\n<p>MUDEL: OBARTER X3<\/p>\n<p>Rehvim\u00f5\u00f5t: 11 tolli sise- ja v\u00e4lisrehv<\/p>\n<p>Aku: 48 V 21 Ah kahe ajamiga<\/p>\n<p>Mootor: 2 * 1200W<\/p>\n<p>Eemaldatav aku<\/p>\n<p>Laadimisaeg: 8 tundi<\/p>\n<p>Laadija spetsifikatsioon: DC 48V \/ 1,5A<\/p>\n<p>Max Kiirus: 65 km\/h<\/p>\n<p>Max Vahemaa: 60 km<\/p>\n<p>Max Koormus: 120 kg<\/p>\n<p>Piduris\u00fcsteem: DISC BRAKE<\/p>\n<p>Tuli: esituli + tagatuli<\/p>\n<p>Veekindel: IP54<\/p>\n<p>Kokkupandav<\/p>\n<p>T\u00f5usunurk: 45 kraadi<\/p>\n<p>Avatud m\u00f5\u00f5tmed: 1350 * 700 * 1400<\/p>\n<p>Volditud m\u00f5\u00f5tmed: 1420 * 330 * 490 mm<\/p>\n<p>Kaal: 40 kg<\/p>\n<p>V\u00e4rv: mustad ja punased detailid<\/p>\n<h3>M\u00f5\u00f5dud<\/h3>\n<div class=\"mpof_ki myre_zn myre_8v_l _0d3bd_SI-b1\">\n<div class=\"mp4t_16_s mryx_16_s mr3m_1 mli2_1 mh85_56 mh85_0_l\">\n<div class=\"mg9e_8 mg9e_0_s mvrt_0_s mj7a_8 mj7a_0_s mh36_0_s mzmg_6m munh_16_l m3h2_16_l\">\n<div class=\"mp4t_0 mryx_0 munh_56 m3h2_56\">\n<div class=\"mp7g_oh\"><img fetchpriority=\"high\" decoding=\"async\" class=\"msub_k4 mupj_5k mjru_k4 mse2_k4 mp7g_f6 mq1m_0 mj7u_0 m7er_k4 lazyloaded\" src=\"https:\/\/a.allegroimg.com\/original\/11df8d\/b5f5ee994b149f1ea7e0bbac4eb9\/OBARTER-X3-11-inch-2400W-48V-Electric-Scooter-EAN-GTIN-4537362098711\" sizes=\"100vw\" srcset=\"https:\/\/a.allegroimg.com\/s360\/11df8d\/b5f5ee994b149f1ea7e0bbac4eb9\/OBARTER-X3-11-inch-2400W-48V-Electric-Scooter-EAN-GTIN-4537362098711 279w,https:\/\/a.allegroimg.com\/s720\/11df8d\/b5f5ee994b149f1ea7e0bbac4eb9\/OBARTER-X3-11-inch-2400W-48V-Electric-Scooter-EAN-GTIN-4537362098711 559w,https:\/\/a.allegroimg.com\/s1024\/11df8d\/b5f5ee994b149f1ea7e0bbac4eb9\/OBARTER-X3-11-inch-2400W-48V-Electric-Scooter-EAN-GTIN-4537362098711 795w,https:\/\/a.allegroimg.com\/s1440\/11df8d\/b5f5ee994b149f1ea7e0bbac4eb9\/OBARTER-X3-11-inch-2400W-48V-Electric-Scooter-EAN-GTIN-4537362098711 1000w,https:\/\/a.allegroimg.com\/original\/11df8d\/b5f5ee994b149f1ea7e0bbac4eb9\/OBARTER-X3-11-inch-2400W-48V-Electric-Scooter-EAN-GTIN-4537362098711 1000w\" alt=\"OBARTER X3 11 inch 2400W 48V Electric Scooter EAN (GTIN) 4537362098711\" width=\"640\" height=\"824\" data-src=\"https:\/\/a.allegroimg.com\/original\/11df8d\/b5f5ee994b149f1ea7e0bbac4eb9\/OBARTER-X3-11-inch-2400W-48V-Electric-Scooter-EAN-GTIN-4537362098711\" data-srcset=\"https:\/\/a.allegroimg.com\/s360\/11df8d\/b5f5ee994b149f1ea7e0bbac4eb9\/OBARTER-X3-11-inch-2400W-48V-Electric-Scooter-EAN-GTIN-4537362098711 279w,https:\/\/a.allegroimg.com\/s720\/11df8d\/b5f5ee994b149f1ea7e0bbac4eb9\/OBARTER-X3-11-inch-2400W-48V-Electric-Scooter-EAN-GTIN-4537362098711 559w,https:\/\/a.allegroimg.com\/s1024\/11df8d\/b5f5ee994b149f1ea7e0bbac4eb9\/OBARTER-X3-11-inch-2400W-48V-Electric-Scooter-EAN-GTIN-4537362098711 795w,https:\/\/a.allegroimg.com\/s1440\/11df8d\/b5f5ee994b149f1ea7e0bbac4eb9\/OBARTER-X3-11-inch-2400W-48V-Electric-Scooter-EAN-GTIN-4537362098711 1000w,https:\/\/a.allegroimg.com\/original\/11df8d\/b5f5ee994b149f1ea7e0bbac4eb9\/OBARTER-X3-11-inch-2400W-48V-Electric-Scooter-EAN-GTIN-4537362098711 1000w\" \/><\/div>\n<\/div>\n<\/div>\n<\/div>\n<\/div>\n<div class=\"mpof_ki myre_zn myre_8v_l _0d3bd_SI-b1\">\n<div class=\"mp4t_16_s mryx_16_s mr3m_1 mli2_1 mh85_56 mh85_0_l\">\n<div class=\"mg9e_8 mg9e_0_s mvrt_0_s mj7a_8 mj7a_0_s mh36_0_s mzmg_6m munh_16_l m3h2_16_l\">\n<div class=\"mp4t_0 mryx_0 munh_56 m3h2_56\">\n<div class=\"mp7g_oh\"><img decoding=\"async\" class=\"msub_k4 mupj_5k mjru_k4 mse2_k4 mp7g_f6 mq1m_0 mj7u_0 m7er_k4 lazyloaded\" src=\"https:\/\/a.allegroimg.com\/original\/11ec98\/9faf95064753ad79c57c366fca17\/OBARTER-X3-11-inch-2400W-48V-Electric-Scooter-Model-X3-5\" sizes=\"100vw\" srcset=\"https:\/\/a.allegroimg.com\/s360\/11ec98\/9faf95064753ad79c57c366fca17\/OBARTER-X3-11-inch-2400W-48V-Electric-Scooter-Model-X3-5 256w,https:\/\/a.allegroimg.com\/s720\/11ec98\/9faf95064753ad79c57c366fca17\/OBARTER-X3-11-inch-2400W-48V-Electric-Scooter-Model-X3-5 513w,https:\/\/a.allegroimg.com\/s1024\/11ec98\/9faf95064753ad79c57c366fca17\/OBARTER-X3-11-inch-2400W-48V-Electric-Scooter-Model-X3-5 730w,https:\/\/a.allegroimg.com\/s1440\/11ec98\/9faf95064753ad79c57c366fca17\/OBARTER-X3-11-inch-2400W-48V-Electric-Scooter-Model-X3-5 1000w,https:\/\/a.allegroimg.com\/original\/11ec98\/9faf95064753ad79c57c366fca17\/OBARTER-X3-11-inch-2400W-48V-Electric-Scooter-Model-X3-5 1000w\" alt=\"OBARTER X3 11 inch 2400W 48V Electric Scooter Model X3-5\" width=\"641\" height=\"898\" data-src=\"https:\/\/a.allegroimg.com\/original\/11ec98\/9faf95064753ad79c57c366fca17\/OBARTER-X3-11-inch-2400W-48V-Electric-Scooter-Model-X3-5\" data-srcset=\"https:\/\/a.allegroimg.com\/s360\/11ec98\/9faf95064753ad79c57c366fca17\/OBARTER-X3-11-inch-2400W-48V-Electric-Scooter-Model-X3-5 256w,https:\/\/a.allegroimg.com\/s720\/11ec98\/9faf95064753ad79c57c366fca17\/OBARTER-X3-11-inch-2400W-48V-Electric-Scooter-Model-X3-5 513w,https:\/\/a.allegroimg.com\/s1024\/11ec98\/9faf95064753ad79c57c366fca17\/OBARTER-X3-11-inch-2400W-48V-Electric-Scooter-Model-X3-5 730w,https:\/\/a.allegroimg.com\/s1440\/11ec98\/9faf95064753ad79c57c366fca17\/OBARTER-X3-11-inch-2400W-48V-Electric-Scooter-Model-X3-5 1000w,https:\/\/a.allegroimg.com\/original\/11ec98\/9faf95064753ad79c57c366fca17\/OBARTER-X3-11-inch-2400W-48V-Electric-Scooter-Model-X3-5 1000w\" \/><\/div>\n<\/div>\n<\/div>\n<\/div>\n<\/div>\n<div class=\"mpof_ki myre_zn myre_8v_l _0d3bd_SI-b1\">\n<div class=\"mp4t_16_s mryx_16_s mr3m_1 mli2_1 mh85_56 mh85_0_l\">\n<div class=\"mg9e_8 mg9e_0_s mvrt_0_s mj7a_8 mj7a_0_s mh36_0_s mzmg_6m munh_16_l m3h2_16_l\">\n<div class=\"mp4t_0 mryx_0 munh_56 m3h2_56\">\n<div class=\"mp7g_oh\"><img decoding=\"async\" class=\"msub_k4 mupj_5k mjru_k4 mse2_k4 mp7g_f6 mq1m_0 mj7u_0 m7er_k4 lazyloaded\" src=\"https:\/\/a.allegroimg.com\/original\/118551\/ef1b18a44446baa2495d4d2c73b6\/OBARTER-X3-11-inch-2400W-48V-Electric-Scooter-Brand-Obarter\" sizes=\"100vw\" srcset=\"https:\/\/a.allegroimg.com\/s360\/118551\/ef1b18a44446baa2495d4d2c73b6\/OBARTER-X3-11-inch-2400W-48V-Electric-Scooter-Brand-Obarter 360w,https:\/\/a.allegroimg.com\/s720\/118551\/ef1b18a44446baa2495d4d2c73b6\/OBARTER-X3-11-inch-2400W-48V-Electric-Scooter-Brand-Obarter 720w,https:\/\/a.allegroimg.com\/s1024\/118551\/ef1b18a44446baa2495d4d2c73b6\/OBARTER-X3-11-inch-2400W-48V-Electric-Scooter-Brand-Obarter 1000w,https:\/\/a.allegroimg.com\/original\/118551\/ef1b18a44446baa2495d4d2c73b6\/OBARTER-X3-11-inch-2400W-48V-Electric-Scooter-Brand-Obarter 1000w\" alt=\"OBARTER X3 11 inch 2400W 48V Electric Scooter Brand Obarter\" width=\"625\" height=\"501\" data-src=\"https:\/\/a.allegroimg.com\/original\/118551\/ef1b18a44446baa2495d4d2c73b6\/OBARTER-X3-11-inch-2400W-48V-Electric-Scooter-Brand-Obarter\" data-srcset=\"https:\/\/a.allegroimg.com\/s360\/118551\/ef1b18a44446baa2495d4d2c73b6\/OBARTER-X3-11-inch-2400W-48V-Electric-Scooter-Brand-Obarter 360w,https:\/\/a.allegroimg.com\/s720\/118551\/ef1b18a44446baa2495d4d2c73b6\/OBARTER-X3-11-inch-2400W-48V-Electric-Scooter-Brand-Obarter 720w,https:\/\/a.allegroimg.com\/s1024\/118551\/ef1b18a44446baa2495d4d2c73b6\/OBARTER-X3-11-inch-2400W-48V-Electric-Scooter-Brand-Obarter 1000w,https:\/\/a.allegroimg.com\/original\/118551\/ef1b18a44446baa2495d4d2c73b6\/OBARTER-X3-11-inch-2400W-48V-Electric-Scooter-Brand-Obarter 1000w\" \/><\/div>\n<\/div>\n<\/div>\n<\/div>\n<\/div>\n","protected":false},"excerpt":{"rendered":"<p><strong>Obarter X3<\/strong> 2400 W elektriline t\u00f5ukeratas<\/p>\n<ul>\n<li>Aku: 48 V 21 Ah<\/li>\n<li>Max Vahemaa: 60 km<\/li>\n<li>Laadimisaeg: 8 tundi<\/li>\n<li>Max Kiirus: 70 km\/h<\/li>\n<li>Max Koormus: 120 kg<\/li>\n<\/ul>\n<p><strong>\u2666 Tarneaeg 3-7 p\u00e4eva<\/strong><br \/>\n<strong>\u2666 Laos<\/strong><\/p>\n","protected":false},"featured_media":9894,"template":"","meta":[],"product_cat":[1279,53,911],"product_tag":[],"class_list":{"0":"post-9867","1":"product","2":"type-product","3":"status-publish","4":"has-post-thumbnail","6":"product_cat-obarter","7":"product_cat-elektritoukerattad","8":"product_cat-voimsad-toukerattad","9":"product_shipping_class-suured-pakid","11":"first","12":"instock","13":"sale","14":"taxable","15":"shipping-taxable","16":"purchasable","17":"product-type-simple"},"yoast_head":"<!-- This site is optimized with the Yoast SEO plugin v23.8 - https:\/\/yoast.com\/wordpress\/plugins\/seo\/ -->\n<title>Obarter X3 2400 W elektriline t\u00f5ukeratas, 60km - Ecocruiser<\/title>\n<meta name=\"description\" content=\"Obarter X3 2400 W elektriline t\u00f5ukeratas Aku: 48 V 21 AhMax Vahemaa: 60 km\" \/>\n<meta name=\"robots\" content=\"noindex, follow, max-snippet:-1, max-image-preview:large, max-video-preview:-1\" \/>\n<meta property=\"og:locale\" content=\"en_GB\" \/>\n<meta property=\"og:type\" content=\"article\" \/>\n<meta property=\"og:title\" content=\"Obarter X3 2400 W elektriline t\u00f5ukeratas, 60km - Ecocruiser\" \/>\n<meta property=\"og:description\" content=\"Obarter X3 2400 W elektriline t\u00f5ukeratas Aku: 48 V 21 AhMax Vahemaa: 60 km\" \/>\n<meta property=\"og:url\" content=\"https:\/\/projekt.vombat.ee\/eco\/pood\/brandid\/obarter\/obarter-x3-2400-w-elektriline-toukeratas-60km\/\" \/>\n<meta property=\"og:site_name\" content=\"Ecocruiser\" \/>\n<meta property=\"article:modified_time\" content=\"2023-05-31T14:18:34+00:00\" \/>\n<meta property=\"og:image\" content=\"https:\/\/projekt.vombat.ee\/eco\/wp-content\/uploads\/2023\/05\/2-21.jpg\" \/>\n\t<meta property=\"og:image:width\" content=\"842\" \/>\n\t<meta property=\"og:image:height\" content=\"839\" \/>\n\t<meta property=\"og:image:type\" content=\"image\/jpeg\" \/>\n<meta name=\"twitter:card\" content=\"summary_large_image\" \/>\n<meta name=\"twitter:label1\" content=\"Estimated reading time\" \/>\n\t<meta name=\"twitter:data1\" content=\"2 minutes\" \/>\n<script type=\"application\/ld+json\" class=\"yoast-schema-graph\">{\"@context\":\"https:\/\/schema.org\",\"@graph\":[{\"@type\":\"WebPage\",\"@id\":\"https:\/\/projekt.vombat.ee\/eco\/pood\/brandid\/obarter\/obarter-x3-2400-w-elektriline-toukeratas-60km\/\",\"url\":\"https:\/\/projekt.vombat.ee\/eco\/pood\/brandid\/obarter\/obarter-x3-2400-w-elektriline-toukeratas-60km\/\",\"name\":\"Obarter X3 2400 W elektriline t\u00f5ukeratas, 60km - Ecocruiser\",\"isPartOf\":{\"@id\":\"https:\/\/projekt.vombat.ee\/eco\/#website\"},\"primaryImageOfPage\":{\"@id\":\"https:\/\/projekt.vombat.ee\/eco\/pood\/brandid\/obarter\/obarter-x3-2400-w-elektriline-toukeratas-60km\/#primaryimage\"},\"image\":{\"@id\":\"https:\/\/projekt.vombat.ee\/eco\/pood\/brandid\/obarter\/obarter-x3-2400-w-elektriline-toukeratas-60km\/#primaryimage\"},\"thumbnailUrl\":\"https:\/\/projekt.vombat.ee\/eco\/wp-content\/uploads\/2023\/05\/2-21.jpg\",\"datePublished\":\"2023-05-30T19:46:55+00:00\",\"dateModified\":\"2023-05-31T14:18:34+00:00\",\"description\":\"Obarter X3 2400 W elektriline t\u00f5ukeratas Aku: 48 V 21 AhMax Vahemaa: 60 km\",\"breadcrumb\":{\"@id\":\"https:\/\/projekt.vombat.ee\/eco\/pood\/brandid\/obarter\/obarter-x3-2400-w-elektriline-toukeratas-60km\/#breadcrumb\"},\"inLanguage\":\"en-GB\",\"potentialAction\":[{\"@type\":\"ReadAction\",\"target\":[\"https:\/\/projekt.vombat.ee\/eco\/pood\/brandid\/obarter\/obarter-x3-2400-w-elektriline-toukeratas-60km\/\"]}]},{\"@type\":\"ImageObject\",\"inLanguage\":\"en-GB\",\"@id\":\"https:\/\/projekt.vombat.ee\/eco\/pood\/brandid\/obarter\/obarter-x3-2400-w-elektriline-toukeratas-60km\/#primaryimage\",\"url\":\"https:\/\/projekt.vombat.ee\/eco\/wp-content\/uploads\/2023\/05\/2-21.jpg\",\"contentUrl\":\"https:\/\/projekt.vombat.ee\/eco\/wp-content\/uploads\/2023\/05\/2-21.jpg\",\"width\":842,\"height\":839},{\"@type\":\"BreadcrumbList\",\"@id\":\"https:\/\/projekt.vombat.ee\/eco\/pood\/brandid\/obarter\/obarter-x3-2400-w-elektriline-toukeratas-60km\/#breadcrumb\",\"itemListElement\":[{\"@type\":\"ListItem\",\"position\":1,\"name\":\"Home\",\"item\":\"https:\/\/projekt.vombat.ee\/eco\/\"},{\"@type\":\"ListItem\",\"position\":2,\"name\":\"Pood\",\"item\":\"https:\/\/projekt.vombat.ee\/eco\/pood\/\"},{\"@type\":\"ListItem\",\"position\":3,\"name\":\"Obarter X3 2400 W elektriline t\u00f5ukeratas, 60km\"}]},{\"@type\":\"WebSite\",\"@id\":\"https:\/\/projekt.vombat.ee\/eco\/#website\",\"url\":\"https:\/\/projekt.vombat.ee\/eco\/\",\"name\":\"Ecocruiser\",\"description\":\"\",\"publisher\":{\"@id\":\"https:\/\/projekt.vombat.ee\/eco\/#organization\"},\"potentialAction\":[{\"@type\":\"SearchAction\",\"target\":{\"@type\":\"EntryPoint\",\"urlTemplate\":\"https:\/\/projekt.vombat.ee\/eco\/?s={search_term_string}\"},\"query-input\":{\"@type\":\"PropertyValueSpecification\",\"valueRequired\":true,\"valueName\":\"search_term_string\"}}],\"inLanguage\":\"en-GB\"},{\"@type\":\"Organization\",\"@id\":\"https:\/\/projekt.vombat.ee\/eco\/#organization\",\"name\":\"Ecocruiser\",\"url\":\"https:\/\/projekt.vombat.ee\/eco\/\",\"logo\":{\"@type\":\"ImageObject\",\"inLanguage\":\"en-GB\",\"@id\":\"https:\/\/projekt.vombat.ee\/eco\/#\/schema\/logo\/image\/\",\"url\":\"https:\/\/projekt.vombat.ee\/eco\/wp-content\/uploads\/2023\/03\/ECOCRUISER_5.png\",\"contentUrl\":\"https:\/\/projekt.vombat.ee\/eco\/wp-content\/uploads\/2023\/03\/ECOCRUISER_5.png\",\"width\":234,\"height\":91,\"caption\":\"Ecocruiser\"},\"image\":{\"@id\":\"https:\/\/projekt.vombat.ee\/eco\/#\/schema\/logo\/image\/\"}}]}<\/script>\n<!-- \/ Yoast SEO plugin. -->","yoast_head_json":{"title":"Obarter X3 2400 W elektriline t\u00f5ukeratas, 60km - Ecocruiser","description":"Obarter X3 2400 W elektriline t\u00f5ukeratas Aku: 48 V 21 AhMax Vahemaa: 60 km","robots":{"index":"noindex","follow":"follow","max-snippet":"max-snippet:-1","max-image-preview":"max-image-preview:large","max-video-preview":"max-video-preview:-1"},"og_locale":"en_GB","og_type":"article","og_title":"Obarter X3 2400 W elektriline t\u00f5ukeratas, 60km - Ecocruiser","og_description":"Obarter X3 2400 W elektriline t\u00f5ukeratas Aku: 48 V 21 AhMax Vahemaa: 60 km","og_url":"https:\/\/projekt.vombat.ee\/eco\/pood\/brandid\/obarter\/obarter-x3-2400-w-elektriline-toukeratas-60km\/","og_site_name":"Ecocruiser","article_modified_time":"2023-05-31T14:18:34+00:00","og_image":[{"width":842,"height":839,"url":"https:\/\/projekt.vombat.ee\/eco\/wp-content\/uploads\/2023\/05\/2-21.jpg","type":"image\/jpeg"}],"twitter_card":"summary_large_image","twitter_misc":{"Estimated reading time":"2 minutes"},"schema":{"@context":"https:\/\/schema.org","@graph":[{"@type":"WebPage","@id":"https:\/\/projekt.vombat.ee\/eco\/pood\/brandid\/obarter\/obarter-x3-2400-w-elektriline-toukeratas-60km\/","url":"https:\/\/projekt.vombat.ee\/eco\/pood\/brandid\/obarter\/obarter-x3-2400-w-elektriline-toukeratas-60km\/","name":"Obarter X3 2400 W elektriline t\u00f5ukeratas, 60km - Ecocruiser","isPartOf":{"@id":"https:\/\/projekt.vombat.ee\/eco\/#website"},"primaryImageOfPage":{"@id":"https:\/\/projekt.vombat.ee\/eco\/pood\/brandid\/obarter\/obarter-x3-2400-w-elektriline-toukeratas-60km\/#primaryimage"},"image":{"@id":"https:\/\/projekt.vombat.ee\/eco\/pood\/brandid\/obarter\/obarter-x3-2400-w-elektriline-toukeratas-60km\/#primaryimage"},"thumbnailUrl":"https:\/\/projekt.vombat.ee\/eco\/wp-content\/uploads\/2023\/05\/2-21.jpg","datePublished":"2023-05-30T19:46:55+00:00","dateModified":"2023-05-31T14:18:34+00:00","description":"Obarter X3 2400 W elektriline t\u00f5ukeratas Aku: 48 V 21 AhMax Vahemaa: 60 km","breadcrumb":{"@id":"https:\/\/projekt.vombat.ee\/eco\/pood\/brandid\/obarter\/obarter-x3-2400-w-elektriline-toukeratas-60km\/#breadcrumb"},"inLanguage":"en-GB","potentialAction":[{"@type":"ReadAction","target":["https:\/\/projekt.vombat.ee\/eco\/pood\/brandid\/obarter\/obarter-x3-2400-w-elektriline-toukeratas-60km\/"]}]},{"@type":"ImageObject","inLanguage":"en-GB","@id":"https:\/\/projekt.vombat.ee\/eco\/pood\/brandid\/obarter\/obarter-x3-2400-w-elektriline-toukeratas-60km\/#primaryimage","url":"https:\/\/projekt.vombat.ee\/eco\/wp-content\/uploads\/2023\/05\/2-21.jpg","contentUrl":"https:\/\/projekt.vombat.ee\/eco\/wp-content\/uploads\/2023\/05\/2-21.jpg","width":842,"height":839},{"@type":"BreadcrumbList","@id":"https:\/\/projekt.vombat.ee\/eco\/pood\/brandid\/obarter\/obarter-x3-2400-w-elektriline-toukeratas-60km\/#breadcrumb","itemListElement":[{"@type":"ListItem","position":1,"name":"Home","item":"https:\/\/projekt.vombat.ee\/eco\/"},{"@type":"ListItem","position":2,"name":"Pood","item":"https:\/\/projekt.vombat.ee\/eco\/pood\/"},{"@type":"ListItem","position":3,"name":"Obarter X3 2400 W elektriline t\u00f5ukeratas, 60km"}]},{"@type":"WebSite","@id":"https:\/\/projekt.vombat.ee\/eco\/#website","url":"https:\/\/projekt.vombat.ee\/eco\/","name":"Ecocruiser","description":"","publisher":{"@id":"https:\/\/projekt.vombat.ee\/eco\/#organization"},"potentialAction":[{"@type":"SearchAction","target":{"@type":"EntryPoint","urlTemplate":"https:\/\/projekt.vombat.ee\/eco\/?s={search_term_string}"},"query-input":{"@type":"PropertyValueSpecification","valueRequired":true,"valueName":"search_term_string"}}],"inLanguage":"en-GB"},{"@type":"Organization","@id":"https:\/\/projekt.vombat.ee\/eco\/#organization","name":"Ecocruiser","url":"https:\/\/projekt.vombat.ee\/eco\/","logo":{"@type":"ImageObject","inLanguage":"en-GB","@id":"https:\/\/projekt.vombat.ee\/eco\/#\/schema\/logo\/image\/","url":"https:\/\/projekt.vombat.ee\/eco\/wp-content\/uploads\/2023\/03\/ECOCRUISER_5.png","contentUrl":"https:\/\/projekt.vombat.ee\/eco\/wp-content\/uploads\/2023\/03\/ECOCRUISER_5.png","width":234,"height":91,"caption":"Ecocruiser"},"image":{"@id":"https:\/\/projekt.vombat.ee\/eco\/#\/schema\/logo\/image\/"}}]}},"lang":"et","translations":{"et":9867},"pll_sync_post":[],"_links":{"self":[{"href":"https:\/\/projekt.vombat.ee\/eco\/wp-json\/wp\/v2\/product\/9867"}],"collection":[{"href":"https:\/\/projekt.vombat.ee\/eco\/wp-json\/wp\/v2\/product"}],"about":[{"href":"https:\/\/projekt.vombat.ee\/eco\/wp-json\/wp\/v2\/types\/product"}],"version-history":[{"count":2,"href":"https:\/\/projekt.vombat.ee\/eco\/wp-json\/wp\/v2\/product\/9867\/revisions"}],"predecessor-version":[{"id":9899,"href":"https:\/\/projekt.vombat.ee\/eco\/wp-json\/wp\/v2\/product\/9867\/revisions\/9899"}],"wp:featuredmedia":[{"embeddable":true,"href":"https:\/\/projekt.vombat.ee\/eco\/wp-json\/wp\/v2\/media\/9894"}],"wp:attachment":[{"href":"https:\/\/projekt.vombat.ee\/eco\/wp-json\/wp\/v2\/media?parent=9867"}],"wp:term":[{"taxonomy":"product_cat","embeddable":true,"href":"https:\/\/projekt.vombat.ee\/eco\/wp-json\/wp\/v2\/product_cat?post=9867"},{"taxonomy":"product_tag","embeddable":true,"href":"https:\/\/projekt.vombat.ee\/eco\/wp-json\/wp\/v2\/product_tag?post=9867"}],"curies":[{"name":"wp","href":"https:\/\/api.w.org\/{rel}","templated":true}]}}