{"id":9652,"date":"2023-05-26T14:27:17","date_gmt":"2023-05-26T14:27:17","guid":{"rendered":"https:\/\/projekt.vombat.ee\/eco\/?post_type=product&#038;p=9652"},"modified":"2023-12-18T03:18:17","modified_gmt":"2023-12-18T03:18:17","slug":"fiido-d11-elektriratas-100km","status":"publish","type":"product","link":"https:\/\/projekt.vombat.ee\/eco\/pood\/brandid\/fiido\/fiido-d11-elektriratas-100km\/","title":{"rendered":"Fiido D11 Elektriratas, 100km"},"content":{"rendered":"<h1 class=\"sub-title\">Fiido D11 Elektriratas<\/h1>\n<h3><img fetchpriority=\"high\" decoding=\"async\" class=\"msub_k4 mupj_5k mjru_k4 mse2_k4 mp7g_f6 mq1m_0 mj7u_0 m7er_k4 lazyloaded\" src=\"https:\/\/a.allegroimg.com\/original\/11e383\/4c726c6544a59027d5bdcbc2cd15\/Fiido-D11-25km-h-11-6Ah-Folding-Electric-Bike-Model-Fiido-D11-250W-Czujnik-predkosci\" sizes=\"100vw\" srcset=\"https:\/\/a.allegroimg.com\/s360\/11e383\/4c726c6544a59027d5bdcbc2cd15\/Fiido-D11-25km-h-11-6Ah-Folding-Electric-Bike-Model-Fiido-D11-250W-Czujnik-predkosci 360w,https:\/\/a.allegroimg.com\/s720\/11e383\/4c726c6544a59027d5bdcbc2cd15\/Fiido-D11-25km-h-11-6Ah-Folding-Electric-Bike-Model-Fiido-D11-250W-Czujnik-predkosci 720w,https:\/\/a.allegroimg.com\/s1024\/11e383\/4c726c6544a59027d5bdcbc2cd15\/Fiido-D11-25km-h-11-6Ah-Folding-Electric-Bike-Model-Fiido-D11-250W-Czujnik-predkosci 1024w,https:\/\/a.allegroimg.com\/s1440\/11e383\/4c726c6544a59027d5bdcbc2cd15\/Fiido-D11-25km-h-11-6Ah-Folding-Electric-Bike-Model-Fiido-D11-250W-Czujnik-predkosci 1440w,https:\/\/a.allegroimg.com\/original\/11e383\/4c726c6544a59027d5bdcbc2cd15\/Fiido-D11-25km-h-11-6Ah-Folding-Electric-Bike-Model-Fiido-D11-250W-Czujnik-predkosci 2560w\" alt=\"Fiido D11 25km\/h 11.6Ah Folding Electric Bike Model Fiido D11 - 250W - Czujnik pr\u0119dko\u015bci\" width=\"719\" height=\"405\" data-src=\"https:\/\/a.allegroimg.com\/original\/11e383\/4c726c6544a59027d5bdcbc2cd15\/Fiido-D11-25km-h-11-6Ah-Folding-Electric-Bike-Model-Fiido-D11-250W-Czujnik-predkosci\" data-srcset=\"https:\/\/a.allegroimg.com\/s360\/11e383\/4c726c6544a59027d5bdcbc2cd15\/Fiido-D11-25km-h-11-6Ah-Folding-Electric-Bike-Model-Fiido-D11-250W-Czujnik-predkosci 360w,https:\/\/a.allegroimg.com\/s720\/11e383\/4c726c6544a59027d5bdcbc2cd15\/Fiido-D11-25km-h-11-6Ah-Folding-Electric-Bike-Model-Fiido-D11-250W-Czujnik-predkosci 720w,https:\/\/a.allegroimg.com\/s1024\/11e383\/4c726c6544a59027d5bdcbc2cd15\/Fiido-D11-25km-h-11-6Ah-Folding-Electric-Bike-Model-Fiido-D11-250W-Czujnik-predkosci 1024w,https:\/\/a.allegroimg.com\/s1440\/11e383\/4c726c6544a59027d5bdcbc2cd15\/Fiido-D11-25km-h-11-6Ah-Folding-Electric-Bike-Model-Fiido-D11-250W-Czujnik-predkosci 1440w,https:\/\/a.allegroimg.com\/original\/11e383\/4c726c6544a59027d5bdcbc2cd15\/Fiido-D11-25km-h-11-6Ah-Folding-Electric-Bike-Model-Fiido-D11-250W-Czujnik-predkosci 2560w\" \/><\/h3>\n<p><img decoding=\"async\" class=\"msub_k4 mupj_5k mjru_k4 mse2_k4 mp7g_f6 mq1m_0 mj7u_0 m7er_k4 lazyloaded\" src=\"https:\/\/a.allegroimg.com\/original\/115301\/156e249841f28904bbf2aa1a3095\/Fiido-D11-25km-h-11-6Ah-Folding-Electric-Bike-Manufacturer-s-code-4537366141352\" sizes=\"100vw\" srcset=\"https:\/\/a.allegroimg.com\/s360\/115301\/156e249841f28904bbf2aa1a3095\/Fiido-D11-25km-h-11-6Ah-Folding-Electric-Bike-Manufacturer-s-code-4537366141352 360w,https:\/\/a.allegroimg.com\/s720\/115301\/156e249841f28904bbf2aa1a3095\/Fiido-D11-25km-h-11-6Ah-Folding-Electric-Bike-Manufacturer-s-code-4537366141352 720w,https:\/\/a.allegroimg.com\/s1024\/115301\/156e249841f28904bbf2aa1a3095\/Fiido-D11-25km-h-11-6Ah-Folding-Electric-Bike-Manufacturer-s-code-4537366141352 1024w,https:\/\/a.allegroimg.com\/s1440\/115301\/156e249841f28904bbf2aa1a3095\/Fiido-D11-25km-h-11-6Ah-Folding-Electric-Bike-Manufacturer-s-code-4537366141352 1440w,https:\/\/a.allegroimg.com\/original\/115301\/156e249841f28904bbf2aa1a3095\/Fiido-D11-25km-h-11-6Ah-Folding-Electric-Bike-Manufacturer-s-code-4537366141352 1920w\" alt=\"Fiido D11 25km\/h 11.6Ah Folding Electric Bike Manufacturer's code 4537366141352\" width=\"725\" height=\"363\" data-src=\"https:\/\/a.allegroimg.com\/original\/115301\/156e249841f28904bbf2aa1a3095\/Fiido-D11-25km-h-11-6Ah-Folding-Electric-Bike-Manufacturer-s-code-4537366141352\" data-srcset=\"https:\/\/a.allegroimg.com\/s360\/115301\/156e249841f28904bbf2aa1a3095\/Fiido-D11-25km-h-11-6Ah-Folding-Electric-Bike-Manufacturer-s-code-4537366141352 360w,https:\/\/a.allegroimg.com\/s720\/115301\/156e249841f28904bbf2aa1a3095\/Fiido-D11-25km-h-11-6Ah-Folding-Electric-Bike-Manufacturer-s-code-4537366141352 720w,https:\/\/a.allegroimg.com\/s1024\/115301\/156e249841f28904bbf2aa1a3095\/Fiido-D11-25km-h-11-6Ah-Folding-Electric-Bike-Manufacturer-s-code-4537366141352 1024w,https:\/\/a.allegroimg.com\/s1440\/115301\/156e249841f28904bbf2aa1a3095\/Fiido-D11-25km-h-11-6Ah-Folding-Electric-Bike-Manufacturer-s-code-4537366141352 1440w,https:\/\/a.allegroimg.com\/original\/115301\/156e249841f28904bbf2aa1a3095\/Fiido-D11-25km-h-11-6Ah-Folding-Electric-Bike-Manufacturer-s-code-4537366141352 1920w\" \/><\/p>\n<h3>250W TUGEV MOOTOR<\/h3>\n<p>Fiido D11 250 W harjadeta k\u00e4igukastiga mootor, mis on peidetud 20-tollisse tagarattasse, pakub tohutut v\u00f5imsust kompaktse suuruse ja kerge kaaluga. Suudab see \u00fclimalt madala energiatarbimisega kergesti \u00fcletada konarlikke ja j\u00e4rske teid.<\/p>\n<h3>SPETSIAALSE DISAINIGA AKU<\/h3>\n<p>Fiido D11 Aku on peidetud istmetorusse, mis teeb selle esmapilgul peaaegu samav\u00e4\u00e4rseks tavalise jalgrattaga, kuid sellegipoolest v\u00f5ib selle kompaktsusest hoolimata ulatuda elektrimopeedire\u017eiimis 100 km-ni. Lisaks on aku eemaldatav, saate seda laadida igal ajal.<\/p>\n<h3>Kolm s\u00f5idure\u017eiimi<\/h3>\n<p>Rattal on puhas elektrire\u017eiim, s\u00f5idure\u017eiim ja abire\u017eiim-<\/p>\n<p>&nbsp;<\/p>\n<p><strong>Tagatuled:<\/strong><\/p>\n<p>&#8211; Sisseehitatud<\/p>\n<p>&#8211; Hele valgustus<\/p>\n<p>-intelligentne disain<\/p>\n<p><strong>Rehv:<\/strong><\/p>\n<p>&#8211; libisemisvastane;<\/p>\n<p>&#8211; Suurep\u00e4rane haardumine;<\/p>\n<p>&#8211; Professionaalne e-jalgratta rehv<\/p>\n<p><strong>Ketaspidur:<\/strong><\/p>\n<p>&#8211; Topeltpidurid;<\/p>\n<p>&#8211; Ohutu pidurdamine<\/p>\n<p><img decoding=\"async\" class=\"msub_k4 mupj_5k mjru_k4 mse2_k4 mp7g_f6 mq1m_0 mj7u_0 m7er_k4 lazyloaded\" src=\"https:\/\/a.allegroimg.com\/original\/113ebd\/d44c8f35484c9a3ef0faa688b4d4\/Fiido-D11-25km-h-11-6Ah-Folding-Electric-Bike-Rechargeable-battery-lithium-ion\" sizes=\"(min-width: 1200px) 560px, (min-width: 992px) 50vw, 100vw\" srcset=\"https:\/\/a.allegroimg.com\/s360\/113ebd\/d44c8f35484c9a3ef0faa688b4d4\/Fiido-D11-25km-h-11-6Ah-Folding-Electric-Bike-Rechargeable-battery-lithium-ion 285w,https:\/\/a.allegroimg.com\/s720\/113ebd\/d44c8f35484c9a3ef0faa688b4d4\/Fiido-D11-25km-h-11-6Ah-Folding-Electric-Bike-Rechargeable-battery-lithium-ion 571w,https:\/\/a.allegroimg.com\/s1024\/113ebd\/d44c8f35484c9a3ef0faa688b4d4\/Fiido-D11-25km-h-11-6Ah-Folding-Electric-Bike-Rechargeable-battery-lithium-ion 813w,https:\/\/a.allegroimg.com\/s1440\/113ebd\/d44c8f35484c9a3ef0faa688b4d4\/Fiido-D11-25km-h-11-6Ah-Folding-Electric-Bike-Rechargeable-battery-lithium-ion 1000w,https:\/\/a.allegroimg.com\/original\/113ebd\/d44c8f35484c9a3ef0faa688b4d4\/Fiido-D11-25km-h-11-6Ah-Folding-Electric-Bike-Rechargeable-battery-lithium-ion 1000w\" alt=\"Fiido D11 25km\/h 11.6Ah Folding Electric Bike Rechargeable battery lithium-ion\" width=\"440\" height=\"554\" data-src=\"https:\/\/a.allegroimg.com\/original\/113ebd\/d44c8f35484c9a3ef0faa688b4d4\/Fiido-D11-25km-h-11-6Ah-Folding-Electric-Bike-Rechargeable-battery-lithium-ion\" data-srcset=\"https:\/\/a.allegroimg.com\/s360\/113ebd\/d44c8f35484c9a3ef0faa688b4d4\/Fiido-D11-25km-h-11-6Ah-Folding-Electric-Bike-Rechargeable-battery-lithium-ion 285w,https:\/\/a.allegroimg.com\/s720\/113ebd\/d44c8f35484c9a3ef0faa688b4d4\/Fiido-D11-25km-h-11-6Ah-Folding-Electric-Bike-Rechargeable-battery-lithium-ion 571w,https:\/\/a.allegroimg.com\/s1024\/113ebd\/d44c8f35484c9a3ef0faa688b4d4\/Fiido-D11-25km-h-11-6Ah-Folding-Electric-Bike-Rechargeable-battery-lithium-ion 813w,https:\/\/a.allegroimg.com\/s1440\/113ebd\/d44c8f35484c9a3ef0faa688b4d4\/Fiido-D11-25km-h-11-6Ah-Folding-Electric-Bike-Rechargeable-battery-lithium-ion 1000w,https:\/\/a.allegroimg.com\/original\/113ebd\/d44c8f35484c9a3ef0faa688b4d4\/Fiido-D11-25km-h-11-6Ah-Folding-Electric-Bike-Rechargeable-battery-lithium-ion 1000w\" \/><\/p>\n<h3>Parim linna elektrijalgratas<\/h3>\n<p><strong>Ekraan: <\/strong><\/p>\n<p>&#8211; Selge LCD ekraan<\/p>\n<p>&#8211; V\u00f5imsus, kiirus, l\u00e4bis\u00f5it, s\u00f5idure\u017eiimi juhtimine<\/p>\n<p><strong>Lenks:<\/strong><\/p>\n<p>&#8211; Ergonoomiline disain<\/p>\n<p>&#8211; H\u00e4sti kontrollitud<\/p>\n<p>&#8211; Alumiiniumisulamist materjal<\/p>\n<p><strong>Sadul:<\/strong><\/p>\n<p>&#8211; mugav nahast iste; &#8211; kohandatud vastavalt teie kehale;<\/p>\n<p>&#8211; Reguleeritud<\/p>\n<p><img loading=\"lazy\" decoding=\"async\" class=\"msub_k4 mupj_5k mjru_k4 mse2_k4 mp7g_f6 mq1m_0 mj7u_0 m7er_k4 lazyloaded\" src=\"https:\/\/a.allegroimg.com\/original\/1123a5\/15e04b7d4250bbfcc089362b772c\/Fiido-D11-25km-h-11-6Ah-Folding-Electric-Bike-Wheel-Size-20\" sizes=\"(min-width: 1200px) 560px, (min-width: 992px) 50vw, 100vw\" srcset=\"https:\/\/a.allegroimg.com\/s360\/1123a5\/15e04b7d4250bbfcc089362b772c\/Fiido-D11-25km-h-11-6Ah-Folding-Electric-Bike-Wheel-Size-20 320w,https:\/\/a.allegroimg.com\/s720\/1123a5\/15e04b7d4250bbfcc089362b772c\/Fiido-D11-25km-h-11-6Ah-Folding-Electric-Bike-Wheel-Size-20 640w,https:\/\/a.allegroimg.com\/s1024\/1123a5\/15e04b7d4250bbfcc089362b772c\/Fiido-D11-25km-h-11-6Ah-Folding-Electric-Bike-Wheel-Size-20 911w,https:\/\/a.allegroimg.com\/s1440\/1123a5\/15e04b7d4250bbfcc089362b772c\/Fiido-D11-25km-h-11-6Ah-Folding-Electric-Bike-Wheel-Size-20 1281w,https:\/\/a.allegroimg.com\/original\/1123a5\/15e04b7d4250bbfcc089362b772c\/Fiido-D11-25km-h-11-6Ah-Folding-Electric-Bike-Wheel-Size-20 1500w\" alt=\"Fiido D11 25km\/h 11.6Ah Folding Electric Bike Wheel Size (&quot;) 20\" width=\"543\" height=\"610\" data-src=\"https:\/\/a.allegroimg.com\/original\/1123a5\/15e04b7d4250bbfcc089362b772c\/Fiido-D11-25km-h-11-6Ah-Folding-Electric-Bike-Wheel-Size-20\" data-srcset=\"https:\/\/a.allegroimg.com\/s360\/1123a5\/15e04b7d4250bbfcc089362b772c\/Fiido-D11-25km-h-11-6Ah-Folding-Electric-Bike-Wheel-Size-20 320w,https:\/\/a.allegroimg.com\/s720\/1123a5\/15e04b7d4250bbfcc089362b772c\/Fiido-D11-25km-h-11-6Ah-Folding-Electric-Bike-Wheel-Size-20 640w,https:\/\/a.allegroimg.com\/s1024\/1123a5\/15e04b7d4250bbfcc089362b772c\/Fiido-D11-25km-h-11-6Ah-Folding-Electric-Bike-Wheel-Size-20 911w,https:\/\/a.allegroimg.com\/s1440\/1123a5\/15e04b7d4250bbfcc089362b772c\/Fiido-D11-25km-h-11-6Ah-Folding-Electric-Bike-Wheel-Size-20 1281w,https:\/\/a.allegroimg.com\/original\/1123a5\/15e04b7d4250bbfcc089362b772c\/Fiido-D11-25km-h-11-6Ah-Folding-Electric-Bike-Wheel-Size-20 1500w\" \/><\/p>\n<h3>Shimano 7-k\u00e4iguline<\/h3>\n<p>Shimano 7-k\u00e4iguline k\u00e4igukast, millel on 3 reguleerimistaset. Aitab igal s\u00f5itjal leida oma individuaalse s\u00f5idustiili.<\/p>\n<p><img loading=\"lazy\" decoding=\"async\" class=\"msub_k4 mupj_5k mjru_k4 mse2_k4 mp7g_f6 mq1m_0 mj7u_0 m7er_k4 lazyloaded\" src=\"https:\/\/a.allegroimg.com\/original\/11efb4\/208e497940cfa5e50fc7e952e27a\/Fiido-D11-25km-h-11-6Ah-Folding-Electric-Bike-Engine-Power-250-W\" sizes=\"(min-width: 1200px) 560px, (min-width: 992px) 50vw, 100vw\" srcset=\"https:\/\/a.allegroimg.com\/s360\/11efb4\/208e497940cfa5e50fc7e952e27a\/Fiido-D11-25km-h-11-6Ah-Folding-Electric-Bike-Engine-Power-250-W 360w,https:\/\/a.allegroimg.com\/s720\/11efb4\/208e497940cfa5e50fc7e952e27a\/Fiido-D11-25km-h-11-6Ah-Folding-Electric-Bike-Engine-Power-250-W 720w,https:\/\/a.allegroimg.com\/s1024\/11efb4\/208e497940cfa5e50fc7e952e27a\/Fiido-D11-25km-h-11-6Ah-Folding-Electric-Bike-Engine-Power-250-W 1024w,https:\/\/a.allegroimg.com\/s1440\/11efb4\/208e497940cfa5e50fc7e952e27a\/Fiido-D11-25km-h-11-6Ah-Folding-Electric-Bike-Engine-Power-250-W 1197w,https:\/\/a.allegroimg.com\/original\/11efb4\/208e497940cfa5e50fc7e952e27a\/Fiido-D11-25km-h-11-6Ah-Folding-Electric-Bike-Engine-Power-250-W 1197w\" alt=\"Fiido D11 25km\/h 11.6Ah Folding Electric Bike Engine Power 250 W\" width=\"561\" height=\"374\" data-src=\"https:\/\/a.allegroimg.com\/original\/11efb4\/208e497940cfa5e50fc7e952e27a\/Fiido-D11-25km-h-11-6Ah-Folding-Electric-Bike-Engine-Power-250-W\" data-srcset=\"https:\/\/a.allegroimg.com\/s360\/11efb4\/208e497940cfa5e50fc7e952e27a\/Fiido-D11-25km-h-11-6Ah-Folding-Electric-Bike-Engine-Power-250-W 360w,https:\/\/a.allegroimg.com\/s720\/11efb4\/208e497940cfa5e50fc7e952e27a\/Fiido-D11-25km-h-11-6Ah-Folding-Electric-Bike-Engine-Power-250-W 720w,https:\/\/a.allegroimg.com\/s1024\/11efb4\/208e497940cfa5e50fc7e952e27a\/Fiido-D11-25km-h-11-6Ah-Folding-Electric-Bike-Engine-Power-250-W 1024w,https:\/\/a.allegroimg.com\/s1440\/11efb4\/208e497940cfa5e50fc7e952e27a\/Fiido-D11-25km-h-11-6Ah-Folding-Electric-Bike-Engine-Power-250-W 1197w,https:\/\/a.allegroimg.com\/original\/11efb4\/208e497940cfa5e50fc7e952e27a\/Fiido-D11-25km-h-11-6Ah-Folding-Electric-Bike-Engine-Power-250-W 1197w\" \/><\/p>\n<p>&nbsp;<\/p>\n<h3>Fiido D11 Tehniline info<\/h3>\n<p>Mootor: 250W<\/p>\n<p>Aku: 36V 11,6 Ah<\/p>\n<p>Mopeedi re\u017eiimi ulatus: 80-100km<\/p>\n<p>Maksimaalne kiirus: 25 km\/h<\/p>\n<p>Raami materjal: alumiiniumsulam<\/p>\n<p>V\u00e4rv: taevasinine<\/p>\n<p>Maksimaalne koormus: 120 kg<\/p>\n<p>Netokaal: 17,5 kg (koos akuga)<\/p>\n<p>Rehvi suurus: 20 &#8221; * 1,75 tolli<\/p>\n<p>Suurus: 1480mm * 570mm * 1100mm<\/p>\n<p>Kokkupandav suurus: 800mm * 400mm * 740mm<\/p>\n<p>Laadimisaeg: 7 h<\/p>\n<p>Kaasas porilauad<\/p>\n<p><img loading=\"lazy\" decoding=\"async\" class=\"msub_k4 mupj_5k mjru_k4 mse2_k4 mp7g_f6 mq1m_0 mj7u_0 m7er_k4 lazyloaded\" src=\"https:\/\/a.allegroimg.com\/original\/119ac1\/535e33274a78bf9d586d06384316\/Fiido-D11-25km-h-11-6Ah-Folding-Electric-Bike-Color-blue\" sizes=\"100vw\" srcset=\"https:\/\/a.allegroimg.com\/s360\/119ac1\/535e33274a78bf9d586d06384316\/Fiido-D11-25km-h-11-6Ah-Folding-Electric-Bike-Color-blue 248w,https:\/\/a.allegroimg.com\/s720\/119ac1\/535e33274a78bf9d586d06384316\/Fiido-D11-25km-h-11-6Ah-Folding-Electric-Bike-Color-blue 496w,https:\/\/a.allegroimg.com\/s1024\/119ac1\/535e33274a78bf9d586d06384316\/Fiido-D11-25km-h-11-6Ah-Folding-Electric-Bike-Color-blue 705w,https:\/\/a.allegroimg.com\/s1440\/119ac1\/535e33274a78bf9d586d06384316\/Fiido-D11-25km-h-11-6Ah-Folding-Electric-Bike-Color-blue 992w,https:\/\/a.allegroimg.com\/original\/119ac1\/535e33274a78bf9d586d06384316\/Fiido-D11-25km-h-11-6Ah-Folding-Electric-Bike-Color-blue 1000w\" alt=\"Fiido D11 25km\/h 11.6Ah Folding Electric Bike Color blue\" width=\"631\" height=\"916\" data-src=\"https:\/\/a.allegroimg.com\/original\/119ac1\/535e33274a78bf9d586d06384316\/Fiido-D11-25km-h-11-6Ah-Folding-Electric-Bike-Color-blue\" data-srcset=\"https:\/\/a.allegroimg.com\/s360\/119ac1\/535e33274a78bf9d586d06384316\/Fiido-D11-25km-h-11-6Ah-Folding-Electric-Bike-Color-blue 248w,https:\/\/a.allegroimg.com\/s720\/119ac1\/535e33274a78bf9d586d06384316\/Fiido-D11-25km-h-11-6Ah-Folding-Electric-Bike-Color-blue 496w,https:\/\/a.allegroimg.com\/s1024\/119ac1\/535e33274a78bf9d586d06384316\/Fiido-D11-25km-h-11-6Ah-Folding-Electric-Bike-Color-blue 705w,https:\/\/a.allegroimg.com\/s1440\/119ac1\/535e33274a78bf9d586d06384316\/Fiido-D11-25km-h-11-6Ah-Folding-Electric-Bike-Color-blue 992w,https:\/\/a.allegroimg.com\/original\/119ac1\/535e33274a78bf9d586d06384316\/Fiido-D11-25km-h-11-6Ah-Folding-Electric-Bike-Color-blue 1000w\" \/><\/p>\n","protected":false},"excerpt":{"rendered":"<p><strong>Fiido D11<\/strong> elektriratas sobib ideaalselt t\u00e4iskasvanutele ja teismelistele<\/p>\n<ul>\n<li>Mootor: 250W<\/li>\n<li>Aku: 36V 11,6 Ah<\/li>\n<li>s\u00f5iduulatus: 100km<\/li>\n<li>Maksimaalne kiirus: 25 km\/h<\/li>\n<li><span style=\"font-size: inherit;\">Maksimaalne koormus: 120 kg<\/span><\/li>\n<li>Laadimisaeg: 7 h<\/li>\n<li>Kaasas porilauad<\/li>\n<\/ul>\n<p>\u2666\u00a0<strong>Tarneaeg 2-7 p\u00e4eva<\/strong><br \/>\n\u2666\u00a0<strong>Laos<\/strong><\/p>\n","protected":false},"featured_media":9653,"template":"","meta":[],"product_cat":[1652,52,907],"product_tag":[],"class_list":{"0":"post-9652","1":"product","2":"type-product","3":"status-publish","4":"has-post-thumbnail","6":"product_cat-fiido","7":"product_cat-elektrirattad","8":"product_cat-kokkupandavad-rattad","9":"product_shipping_class-suured-pakid","11":"first","12":"instock","13":"sale","14":"taxable","15":"shipping-taxable","16":"purchasable","17":"product-type-simple"},"yoast_head":"<!-- This site is optimized with the Yoast SEO plugin v23.8 - https:\/\/yoast.com\/wordpress\/plugins\/seo\/ -->\n<title>Fiido D11 Elektriratas, 100km - Ecocruiser<\/title>\n<meta name=\"description\" content=\"Fiido D11 elektriratas sobib ideaalselt t\u00e4iskasvanutele ja teismelistele. Mootor: 250W Aku: 36V 11,6 Ah s\u00f5iduulatus: 100km. Tarneaeg 2-7 p\u00e4eva. Laos\" \/>\n<meta name=\"robots\" content=\"noindex, follow, max-snippet:-1, max-image-preview:large, max-video-preview:-1\" \/>\n<meta property=\"og:locale\" content=\"en_GB\" \/>\n<meta property=\"og:type\" content=\"article\" \/>\n<meta property=\"og:title\" content=\"Fiido D11 Elektriratas, 100km - Ecocruiser\" \/>\n<meta property=\"og:description\" content=\"Fiido D11 elektriratas sobib ideaalselt t\u00e4iskasvanutele ja teismelistele. Mootor: 250W Aku: 36V 11,6 Ah s\u00f5iduulatus: 100km. Tarneaeg 2-7 p\u00e4eva. Laos\" \/>\n<meta property=\"og:url\" content=\"https:\/\/projekt.vombat.ee\/eco\/pood\/brandid\/fiido\/fiido-d11-elektriratas-100km\/\" \/>\n<meta property=\"og:site_name\" content=\"Ecocruiser\" \/>\n<meta property=\"article:modified_time\" content=\"2023-12-18T03:18:17+00:00\" \/>\n<meta property=\"og:image\" content=\"https:\/\/projekt.vombat.ee\/eco\/wp-content\/uploads\/2023\/05\/1-27.webp\" \/>\n\t<meta property=\"og:image:width\" content=\"1000\" \/>\n\t<meta property=\"og:image:height\" content=\"1000\" \/>\n\t<meta property=\"og:image:type\" content=\"image\/webp\" \/>\n<meta name=\"twitter:card\" content=\"summary_large_image\" \/>\n<meta name=\"twitter:label1\" content=\"Estimated reading time\" \/>\n\t<meta name=\"twitter:data1\" content=\"3 minutes\" \/>\n<script type=\"application\/ld+json\" class=\"yoast-schema-graph\">{\"@context\":\"https:\/\/schema.org\",\"@graph\":[{\"@type\":\"WebPage\",\"@id\":\"https:\/\/projekt.vombat.ee\/eco\/pood\/brandid\/fiido\/fiido-d11-elektriratas-100km\/\",\"url\":\"https:\/\/projekt.vombat.ee\/eco\/pood\/brandid\/fiido\/fiido-d11-elektriratas-100km\/\",\"name\":\"Fiido D11 Elektriratas, 100km - Ecocruiser\",\"isPartOf\":{\"@id\":\"https:\/\/projekt.vombat.ee\/eco\/#website\"},\"primaryImageOfPage\":{\"@id\":\"https:\/\/projekt.vombat.ee\/eco\/pood\/brandid\/fiido\/fiido-d11-elektriratas-100km\/#primaryimage\"},\"image\":{\"@id\":\"https:\/\/projekt.vombat.ee\/eco\/pood\/brandid\/fiido\/fiido-d11-elektriratas-100km\/#primaryimage\"},\"thumbnailUrl\":\"https:\/\/projekt.vombat.ee\/eco\/wp-content\/uploads\/2023\/05\/1-27.webp\",\"datePublished\":\"2023-05-26T14:27:17+00:00\",\"dateModified\":\"2023-12-18T03:18:17+00:00\",\"description\":\"Fiido D11 elektriratas sobib ideaalselt t\u00e4iskasvanutele ja teismelistele. Mootor: 250W Aku: 36V 11,6 Ah s\u00f5iduulatus: 100km. Tarneaeg 2-7 p\u00e4eva. Laos\",\"breadcrumb\":{\"@id\":\"https:\/\/projekt.vombat.ee\/eco\/pood\/brandid\/fiido\/fiido-d11-elektriratas-100km\/#breadcrumb\"},\"inLanguage\":\"en-GB\",\"potentialAction\":[{\"@type\":\"ReadAction\",\"target\":[\"https:\/\/projekt.vombat.ee\/eco\/pood\/brandid\/fiido\/fiido-d11-elektriratas-100km\/\"]}]},{\"@type\":\"ImageObject\",\"inLanguage\":\"en-GB\",\"@id\":\"https:\/\/projekt.vombat.ee\/eco\/pood\/brandid\/fiido\/fiido-d11-elektriratas-100km\/#primaryimage\",\"url\":\"https:\/\/projekt.vombat.ee\/eco\/wp-content\/uploads\/2023\/05\/1-27.webp\",\"contentUrl\":\"https:\/\/projekt.vombat.ee\/eco\/wp-content\/uploads\/2023\/05\/1-27.webp\",\"width\":1000,\"height\":1000,\"caption\":\"Fiido D11\"},{\"@type\":\"BreadcrumbList\",\"@id\":\"https:\/\/projekt.vombat.ee\/eco\/pood\/brandid\/fiido\/fiido-d11-elektriratas-100km\/#breadcrumb\",\"itemListElement\":[{\"@type\":\"ListItem\",\"position\":1,\"name\":\"Home\",\"item\":\"https:\/\/projekt.vombat.ee\/eco\/\"},{\"@type\":\"ListItem\",\"position\":2,\"name\":\"Pood\",\"item\":\"https:\/\/projekt.vombat.ee\/eco\/pood\/\"},{\"@type\":\"ListItem\",\"position\":3,\"name\":\"Fiido D11 Elektriratas, 100km\"}]},{\"@type\":\"WebSite\",\"@id\":\"https:\/\/projekt.vombat.ee\/eco\/#website\",\"url\":\"https:\/\/projekt.vombat.ee\/eco\/\",\"name\":\"Ecocruiser\",\"description\":\"\",\"publisher\":{\"@id\":\"https:\/\/projekt.vombat.ee\/eco\/#organization\"},\"potentialAction\":[{\"@type\":\"SearchAction\",\"target\":{\"@type\":\"EntryPoint\",\"urlTemplate\":\"https:\/\/projekt.vombat.ee\/eco\/?s={search_term_string}\"},\"query-input\":{\"@type\":\"PropertyValueSpecification\",\"valueRequired\":true,\"valueName\":\"search_term_string\"}}],\"inLanguage\":\"en-GB\"},{\"@type\":\"Organization\",\"@id\":\"https:\/\/projekt.vombat.ee\/eco\/#organization\",\"name\":\"Ecocruiser\",\"url\":\"https:\/\/projekt.vombat.ee\/eco\/\",\"logo\":{\"@type\":\"ImageObject\",\"inLanguage\":\"en-GB\",\"@id\":\"https:\/\/projekt.vombat.ee\/eco\/#\/schema\/logo\/image\/\",\"url\":\"https:\/\/projekt.vombat.ee\/eco\/wp-content\/uploads\/2023\/03\/ECOCRUISER_5.png\",\"contentUrl\":\"https:\/\/projekt.vombat.ee\/eco\/wp-content\/uploads\/2023\/03\/ECOCRUISER_5.png\",\"width\":234,\"height\":91,\"caption\":\"Ecocruiser\"},\"image\":{\"@id\":\"https:\/\/projekt.vombat.ee\/eco\/#\/schema\/logo\/image\/\"}}]}<\/script>\n<!-- \/ Yoast SEO plugin. -->","yoast_head_json":{"title":"Fiido D11 Elektriratas, 100km - Ecocruiser","description":"Fiido D11 elektriratas sobib ideaalselt t\u00e4iskasvanutele ja teismelistele. Mootor: 250W Aku: 36V 11,6 Ah s\u00f5iduulatus: 100km. Tarneaeg 2-7 p\u00e4eva. Laos","robots":{"index":"noindex","follow":"follow","max-snippet":"max-snippet:-1","max-image-preview":"max-image-preview:large","max-video-preview":"max-video-preview:-1"},"og_locale":"en_GB","og_type":"article","og_title":"Fiido D11 Elektriratas, 100km - Ecocruiser","og_description":"Fiido D11 elektriratas sobib ideaalselt t\u00e4iskasvanutele ja teismelistele. Mootor: 250W Aku: 36V 11,6 Ah s\u00f5iduulatus: 100km. Tarneaeg 2-7 p\u00e4eva. Laos","og_url":"https:\/\/projekt.vombat.ee\/eco\/pood\/brandid\/fiido\/fiido-d11-elektriratas-100km\/","og_site_name":"Ecocruiser","article_modified_time":"2023-12-18T03:18:17+00:00","og_image":[{"width":1000,"height":1000,"url":"https:\/\/projekt.vombat.ee\/eco\/wp-content\/uploads\/2023\/05\/1-27.webp","type":"image\/webp"}],"twitter_card":"summary_large_image","twitter_misc":{"Estimated reading time":"3 minutes"},"schema":{"@context":"https:\/\/schema.org","@graph":[{"@type":"WebPage","@id":"https:\/\/projekt.vombat.ee\/eco\/pood\/brandid\/fiido\/fiido-d11-elektriratas-100km\/","url":"https:\/\/projekt.vombat.ee\/eco\/pood\/brandid\/fiido\/fiido-d11-elektriratas-100km\/","name":"Fiido D11 Elektriratas, 100km - Ecocruiser","isPartOf":{"@id":"https:\/\/projekt.vombat.ee\/eco\/#website"},"primaryImageOfPage":{"@id":"https:\/\/projekt.vombat.ee\/eco\/pood\/brandid\/fiido\/fiido-d11-elektriratas-100km\/#primaryimage"},"image":{"@id":"https:\/\/projekt.vombat.ee\/eco\/pood\/brandid\/fiido\/fiido-d11-elektriratas-100km\/#primaryimage"},"thumbnailUrl":"https:\/\/projekt.vombat.ee\/eco\/wp-content\/uploads\/2023\/05\/1-27.webp","datePublished":"2023-05-26T14:27:17+00:00","dateModified":"2023-12-18T03:18:17+00:00","description":"Fiido D11 elektriratas sobib ideaalselt t\u00e4iskasvanutele ja teismelistele. Mootor: 250W Aku: 36V 11,6 Ah s\u00f5iduulatus: 100km. Tarneaeg 2-7 p\u00e4eva. Laos","breadcrumb":{"@id":"https:\/\/projekt.vombat.ee\/eco\/pood\/brandid\/fiido\/fiido-d11-elektriratas-100km\/#breadcrumb"},"inLanguage":"en-GB","potentialAction":[{"@type":"ReadAction","target":["https:\/\/projekt.vombat.ee\/eco\/pood\/brandid\/fiido\/fiido-d11-elektriratas-100km\/"]}]},{"@type":"ImageObject","inLanguage":"en-GB","@id":"https:\/\/projekt.vombat.ee\/eco\/pood\/brandid\/fiido\/fiido-d11-elektriratas-100km\/#primaryimage","url":"https:\/\/projekt.vombat.ee\/eco\/wp-content\/uploads\/2023\/05\/1-27.webp","contentUrl":"https:\/\/projekt.vombat.ee\/eco\/wp-content\/uploads\/2023\/05\/1-27.webp","width":1000,"height":1000,"caption":"Fiido D11"},{"@type":"BreadcrumbList","@id":"https:\/\/projekt.vombat.ee\/eco\/pood\/brandid\/fiido\/fiido-d11-elektriratas-100km\/#breadcrumb","itemListElement":[{"@type":"ListItem","position":1,"name":"Home","item":"https:\/\/projekt.vombat.ee\/eco\/"},{"@type":"ListItem","position":2,"name":"Pood","item":"https:\/\/projekt.vombat.ee\/eco\/pood\/"},{"@type":"ListItem","position":3,"name":"Fiido D11 Elektriratas, 100km"}]},{"@type":"WebSite","@id":"https:\/\/projekt.vombat.ee\/eco\/#website","url":"https:\/\/projekt.vombat.ee\/eco\/","name":"Ecocruiser","description":"","publisher":{"@id":"https:\/\/projekt.vombat.ee\/eco\/#organization"},"potentialAction":[{"@type":"SearchAction","target":{"@type":"EntryPoint","urlTemplate":"https:\/\/projekt.vombat.ee\/eco\/?s={search_term_string}"},"query-input":{"@type":"PropertyValueSpecification","valueRequired":true,"valueName":"search_term_string"}}],"inLanguage":"en-GB"},{"@type":"Organization","@id":"https:\/\/projekt.vombat.ee\/eco\/#organization","name":"Ecocruiser","url":"https:\/\/projekt.vombat.ee\/eco\/","logo":{"@type":"ImageObject","inLanguage":"en-GB","@id":"https:\/\/projekt.vombat.ee\/eco\/#\/schema\/logo\/image\/","url":"https:\/\/projekt.vombat.ee\/eco\/wp-content\/uploads\/2023\/03\/ECOCRUISER_5.png","contentUrl":"https:\/\/projekt.vombat.ee\/eco\/wp-content\/uploads\/2023\/03\/ECOCRUISER_5.png","width":234,"height":91,"caption":"Ecocruiser"},"image":{"@id":"https:\/\/projekt.vombat.ee\/eco\/#\/schema\/logo\/image\/"}}]}},"lang":"et","translations":{"et":9652},"pll_sync_post":[],"_links":{"self":[{"href":"https:\/\/projekt.vombat.ee\/eco\/wp-json\/wp\/v2\/product\/9652"}],"collection":[{"href":"https:\/\/projekt.vombat.ee\/eco\/wp-json\/wp\/v2\/product"}],"about":[{"href":"https:\/\/projekt.vombat.ee\/eco\/wp-json\/wp\/v2\/types\/product"}],"version-history":[{"count":6,"href":"https:\/\/projekt.vombat.ee\/eco\/wp-json\/wp\/v2\/product\/9652\/revisions"}],"predecessor-version":[{"id":12953,"href":"https:\/\/projekt.vombat.ee\/eco\/wp-json\/wp\/v2\/product\/9652\/revisions\/12953"}],"wp:featuredmedia":[{"embeddable":true,"href":"https:\/\/projekt.vombat.ee\/eco\/wp-json\/wp\/v2\/media\/9653"}],"wp:attachment":[{"href":"https:\/\/projekt.vombat.ee\/eco\/wp-json\/wp\/v2\/media?parent=9652"}],"wp:term":[{"taxonomy":"product_cat","embeddable":true,"href":"https:\/\/projekt.vombat.ee\/eco\/wp-json\/wp\/v2\/product_cat?post=9652"},{"taxonomy":"product_tag","embeddable":true,"href":"https:\/\/projekt.vombat.ee\/eco\/wp-json\/wp\/v2\/product_tag?post=9652"}],"curies":[{"name":"wp","href":"https:\/\/api.w.org\/{rel}","templated":true}]}}