{"id":9318,"date":"2023-05-06T11:50:34","date_gmt":"2023-05-06T11:50:34","guid":{"rendered":"https:\/\/projekt.vombat.ee\/eco\/?post_type=product&#038;p=9318"},"modified":"2024-05-02T17:10:40","modified_gmt":"2024-05-02T17:10:40","slug":"fafrees-f26-pro-elektriratas-90-km","status":"publish","type":"product","link":"https:\/\/projekt.vombat.ee\/eco\/pood\/elektrirattad\/linnarattad\/fafrees-f26-pro-elektriratas-90-km\/","title":{"rendered":"Fafrees F26 Pro Elektriratas, 90 km"},"content":{"rendered":"<p><img fetchpriority=\"high\" decoding=\"async\" class=\"\" src=\"https:\/\/cdn.shopify.com\/s\/files\/1\/0559\/8491\/4624\/files\/F26pro_2a2725bd-ccba-43c0-8f1d-49ef155fed32.jpg?v=1679563242\" alt=\"\" width=\"1008\" height=\"631\" \/><\/p>\n<h3>Eemaldatav 36v 10ah aku<\/h3>\n<p>Sisseehitatud 36V 10Ah aku lukustusv\u00f5tmega, mida on lihtne eemaldada ja laadimiseks koju kaasa v\u00f5tta, kaitseb t\u00e4ielikult aku t\u00f6\u00f6ohutust s\u00f5idu ajal. Suurep\u00e4rane aku t\u00f6\u00f6iga abistavas re\u017eiimis, mis kestab kuni 90 km \u00fche laadimisega.<\/p>\n<p><img decoding=\"async\" class=\"\" src=\"https:\/\/cdn.shopify.com\/s\/files\/1\/0559\/8491\/4624\/files\/2_27b792f2-c31c-4a45-90c4-efc7bb2b2742.jpg?v=1668911834\" width=\"485\" height=\"485\" \/><\/p>\n<h3>Nutikas LCD-ekraan<\/h3>\n<p>3,5-tolline erksav\u00e4rviline LCD-ekraan asub juhtraua keskel ning juhtpaneel on vaatamiseks ja juhtimiseks h\u00f5lpsasti ligip\u00e4\u00e4setav. T\u00e4nu mobiilirakenduse \u00fchilduvusele saate oma s\u00f5iduajalugu igal ajal vaadata.<\/p>\n<p><img decoding=\"async\" class=\"\" src=\"https:\/\/cdn.shopify.com\/s\/files\/1\/0559\/8491\/4624\/files\/5_63d28e31-bb17-43eb-9a11-3d8579835b7d.jpg?v=1668911835\" width=\"485\" height=\"485\" \/><\/p>\n<h3>Info<\/h3>\n<p>Raami materjal: alumiiniumisulam<br \/>\nRehvi t\u00fc\u00fcp: \u00f5hkrehv 26 tolli<br \/>\nMootori nimiv\u00f5imsus: 36V 250W<br \/>\nMaksimaalne p\u00f6\u00f6rdemoment: 42N. m<br \/>\nAjami t\u00fc\u00fcp: tagumine ajam<br \/>\nVaikimisi maksimaalne kiirus: 25 km\/h<br \/>\nReguleeritav maksimaalne kiirus: 32KM\/H<br \/>\nMaksimaalne s\u00f5iduulatus abire\u017eiimil: 70-90 km<br \/>\nMaksimaalne s\u00f5iduulatus puhta v\u00f5imsusega: 30-45 km<br \/>\nMax k\u00f5rguse kalle: 30\u00b0<br \/>\nAku t\u00fc\u00fcp: 18650 liitiumioon<br \/>\nNimipinge (V): 36V<br \/>\nSisendpinge (V):42V<br \/>\nAku mahutavus (AH\/Wh): 10AH\/360WH<br \/>\nAlapingekaitse v\u00e4\u00e4rtus (V): 30\u00b11V<br \/>\nLiigvoolukaitse v\u00e4\u00e4rtus (A):15A<br \/>\nSisendpinge (V) 220V<br \/>\nV\u00e4ljundpinge (V) 42V<br \/>\nNimivool (A) 2A<br \/>\nLaadimisaeg: 5-6H<br \/>\nKahvli t\u00fc\u00fcp: vedrustusega kahvel<br \/>\nKahvli k\u00e4igu kaugus: 80 mm<br \/>\nEkraani t\u00fc\u00fcp 3,5-tolline suur LCD-ekraan<br \/>\nP\u00fcsikiiruse hoidja: jah<br \/>\nAPP juhtimine: jah<br \/>\nPAS tase: 0-5<br \/>\nK\u00e4igukast: SHIMANO 7S<br \/>\nPiduri t\u00fc\u00fcp: mehaanilised ketaspidurid<br \/>\nS\u00f5idure\u017eiim: tavaline\/abi\/elektrij\u00f5ud<br \/>\nVeekindel klass: IP54<\/p>\n<p>&nbsp;<\/p>\n<h3>Suurus<\/h3>\n<p>Kokkuvoldimata suurus 173*109*67CM<br \/>\nReguleeritav lenksu k\u00f5rgus 100-112cm<br \/>\nIstme k\u00f5rgus reguleeritav 85-103cm<br \/>\nPakendi suurus 145*25*78cm<br \/>\nRehvim\u00f5\u00f5t 26&#8243;* 1,75<br \/>\nPedaali ja maa vaheline kaugus 10 cm<br \/>\nSoovitatav s\u00f5itja pikkus 160-198cm<\/p>\n<h3>Kaal<\/h3>\n<p>Netokaal 23,2KG<br \/>\nPakendi kaal 29,4KG<br \/>\nAku kaal 2,7 kg<br \/>\nKandev\u00f5ime 120 kg<\/p>\n<p><img decoding=\"async\" src=\"https:\/\/cdn.shopify.com\/s\/files\/1\/0559\/8491\/4624\/files\/9_ba5fdae0-6230-4342-9a14-7fdf6cc6dff9_750x.jpg?v=1668911834\" \/><\/p>\n<p>&nbsp;<\/p>\n","protected":false},"excerpt":{"rendered":"<p class=\"product_title entry-title sca-fg-form-icon-product-page\"><strong>Fafrees F26 Pro <\/strong>Elektriratas<\/p>\n<ul>\n<li>Mootori nimiv\u00f5imsus: 36V 250W<\/li>\n<li>Aku mahutavus (AH\/Wh): 10AH\/360WH<\/li>\n<li>Vaikimisi maksimaalne kiirus: 25 km\/h<\/li>\n<li>Maksimaalne s\u00f5iduulatus abire\u017eiimil: 70-90 km<\/li>\n<li>Maksimaalne s\u00f5iduulatus puhta v\u00f5imsusega: 30-45 km<\/li>\n<li>Kandev\u00f5ime 120 kg<\/li>\n<li>Kaal: 23.2kg<\/li>\n<\/ul>\n<p>&nbsp;<\/p>\n<p>\u2666\u00a0<strong>Tarneaeg 2-6 p\u00e4eva<\/strong><br \/>\n\u2666\u00a0<strong>Laos<\/strong><\/p>\n","protected":false},"featured_media":9327,"template":"","meta":[],"product_cat":[52,903,905],"product_tag":[],"class_list":{"0":"post-9318","1":"product","2":"type-product","3":"status-publish","4":"has-post-thumbnail","6":"product_cat-elektrirattad","7":"product_cat-linnarattad","8":"product_cat-maastikurattad","9":"product_shipping_class-suured-pakid","11":"first","12":"instock","13":"taxable","14":"shipping-taxable","15":"purchasable","16":"product-type-variable"},"yoast_head":"<!-- This site is optimized with the Yoast SEO plugin v23.8 - https:\/\/yoast.com\/wordpress\/plugins\/seo\/ -->\n<title>Fafrees F26 Pro Elektriratas, 90 km - Ecocruiser<\/title>\n<meta name=\"description\" content=\"Fafrees F26 Pro Mootori nimiv\u00f5imsus: 36V 250W Aku mahutavus (AH\/Wh): 10AH\/360WH Vaikimisi maksimaalne kiirus: 25 km\/h. Maksimaalne s\u00f5iduulatus abire\u017eiimil: 70-90 km Maksimaalne s\u00f5iduulatus puhta v\u00f5imsusega: 30-45 km Kandev\u00f5ime 120 kg Kaal: 23.2kg\" \/>\n<meta name=\"robots\" content=\"noindex, follow, max-snippet:-1, max-image-preview:large, max-video-preview:-1\" \/>\n<meta property=\"og:locale\" content=\"en_GB\" \/>\n<meta property=\"og:type\" content=\"article\" \/>\n<meta property=\"og:title\" content=\"Fafrees F26 Pro Elektriratas, 90 km - Ecocruiser\" \/>\n<meta property=\"og:description\" content=\"Fafrees F26 Pro Mootori nimiv\u00f5imsus: 36V 250W Aku mahutavus (AH\/Wh): 10AH\/360WH Vaikimisi maksimaalne kiirus: 25 km\/h. Maksimaalne s\u00f5iduulatus abire\u017eiimil: 70-90 km Maksimaalne s\u00f5iduulatus puhta v\u00f5imsusega: 30-45 km Kandev\u00f5ime 120 kg Kaal: 23.2kg\" \/>\n<meta property=\"og:url\" content=\"https:\/\/projekt.vombat.ee\/eco\/pood\/elektrirattad\/linnarattad\/fafrees-f26-pro-elektriratas-90-km\/\" \/>\n<meta property=\"og:site_name\" content=\"Ecocruiser\" \/>\n<meta property=\"article:modified_time\" content=\"2024-05-02T17:10:40+00:00\" \/>\n<meta property=\"og:image\" content=\"https:\/\/projekt.vombat.ee\/eco\/wp-content\/uploads\/2023\/05\/33-1.webp\" \/>\n\t<meta property=\"og:image:width\" content=\"720\" \/>\n\t<meta property=\"og:image:height\" content=\"720\" \/>\n\t<meta property=\"og:image:type\" content=\"image\/webp\" \/>\n<meta name=\"twitter:card\" content=\"summary_large_image\" \/>\n<meta name=\"twitter:label1\" content=\"Estimated reading time\" \/>\n\t<meta name=\"twitter:data1\" content=\"3 minutes\" \/>\n<script type=\"application\/ld+json\" class=\"yoast-schema-graph\">{\"@context\":\"https:\/\/schema.org\",\"@graph\":[{\"@type\":\"WebPage\",\"@id\":\"https:\/\/projekt.vombat.ee\/eco\/pood\/elektrirattad\/linnarattad\/fafrees-f26-pro-elektriratas-90-km\/\",\"url\":\"https:\/\/projekt.vombat.ee\/eco\/pood\/elektrirattad\/linnarattad\/fafrees-f26-pro-elektriratas-90-km\/\",\"name\":\"Fafrees F26 Pro Elektriratas, 90 km - Ecocruiser\",\"isPartOf\":{\"@id\":\"https:\/\/projekt.vombat.ee\/eco\/#website\"},\"primaryImageOfPage\":{\"@id\":\"https:\/\/projekt.vombat.ee\/eco\/pood\/elektrirattad\/linnarattad\/fafrees-f26-pro-elektriratas-90-km\/#primaryimage\"},\"image\":{\"@id\":\"https:\/\/projekt.vombat.ee\/eco\/pood\/elektrirattad\/linnarattad\/fafrees-f26-pro-elektriratas-90-km\/#primaryimage\"},\"thumbnailUrl\":\"https:\/\/projekt.vombat.ee\/eco\/wp-content\/uploads\/2023\/05\/33-1.webp\",\"datePublished\":\"2023-05-06T11:50:34+00:00\",\"dateModified\":\"2024-05-02T17:10:40+00:00\",\"description\":\"Fafrees F26 Pro Mootori nimiv\u00f5imsus: 36V 250W Aku mahutavus (AH\/Wh): 10AH\/360WH Vaikimisi maksimaalne kiirus: 25 km\/h. Maksimaalne s\u00f5iduulatus abire\u017eiimil: 70-90 km Maksimaalne s\u00f5iduulatus puhta v\u00f5imsusega: 30-45 km Kandev\u00f5ime 120 kg Kaal: 23.2kg\",\"breadcrumb\":{\"@id\":\"https:\/\/projekt.vombat.ee\/eco\/pood\/elektrirattad\/linnarattad\/fafrees-f26-pro-elektriratas-90-km\/#breadcrumb\"},\"inLanguage\":\"en-GB\",\"potentialAction\":[{\"@type\":\"ReadAction\",\"target\":[\"https:\/\/projekt.vombat.ee\/eco\/pood\/elektrirattad\/linnarattad\/fafrees-f26-pro-elektriratas-90-km\/\"]}]},{\"@type\":\"ImageObject\",\"inLanguage\":\"en-GB\",\"@id\":\"https:\/\/projekt.vombat.ee\/eco\/pood\/elektrirattad\/linnarattad\/fafrees-f26-pro-elektriratas-90-km\/#primaryimage\",\"url\":\"https:\/\/projekt.vombat.ee\/eco\/wp-content\/uploads\/2023\/05\/33-1.webp\",\"contentUrl\":\"https:\/\/projekt.vombat.ee\/eco\/wp-content\/uploads\/2023\/05\/33-1.webp\",\"width\":720,\"height\":720,\"caption\":\"Fafrees F26 Pro\"},{\"@type\":\"BreadcrumbList\",\"@id\":\"https:\/\/projekt.vombat.ee\/eco\/pood\/elektrirattad\/linnarattad\/fafrees-f26-pro-elektriratas-90-km\/#breadcrumb\",\"itemListElement\":[{\"@type\":\"ListItem\",\"position\":1,\"name\":\"Home\",\"item\":\"https:\/\/projekt.vombat.ee\/eco\/\"},{\"@type\":\"ListItem\",\"position\":2,\"name\":\"Pood\",\"item\":\"https:\/\/projekt.vombat.ee\/eco\/pood\/\"},{\"@type\":\"ListItem\",\"position\":3,\"name\":\"Fafrees F26 Pro Elektriratas, 90 km\"}]},{\"@type\":\"WebSite\",\"@id\":\"https:\/\/projekt.vombat.ee\/eco\/#website\",\"url\":\"https:\/\/projekt.vombat.ee\/eco\/\",\"name\":\"Ecocruiser\",\"description\":\"\",\"publisher\":{\"@id\":\"https:\/\/projekt.vombat.ee\/eco\/#organization\"},\"potentialAction\":[{\"@type\":\"SearchAction\",\"target\":{\"@type\":\"EntryPoint\",\"urlTemplate\":\"https:\/\/projekt.vombat.ee\/eco\/?s={search_term_string}\"},\"query-input\":{\"@type\":\"PropertyValueSpecification\",\"valueRequired\":true,\"valueName\":\"search_term_string\"}}],\"inLanguage\":\"en-GB\"},{\"@type\":\"Organization\",\"@id\":\"https:\/\/projekt.vombat.ee\/eco\/#organization\",\"name\":\"Ecocruiser\",\"url\":\"https:\/\/projekt.vombat.ee\/eco\/\",\"logo\":{\"@type\":\"ImageObject\",\"inLanguage\":\"en-GB\",\"@id\":\"https:\/\/projekt.vombat.ee\/eco\/#\/schema\/logo\/image\/\",\"url\":\"https:\/\/projekt.vombat.ee\/eco\/wp-content\/uploads\/2023\/03\/ECOCRUISER_5.png\",\"contentUrl\":\"https:\/\/projekt.vombat.ee\/eco\/wp-content\/uploads\/2023\/03\/ECOCRUISER_5.png\",\"width\":234,\"height\":91,\"caption\":\"Ecocruiser\"},\"image\":{\"@id\":\"https:\/\/projekt.vombat.ee\/eco\/#\/schema\/logo\/image\/\"}}]}<\/script>\n<!-- \/ Yoast SEO plugin. -->","yoast_head_json":{"title":"Fafrees F26 Pro Elektriratas, 90 km - Ecocruiser","description":"Fafrees F26 Pro Mootori nimiv\u00f5imsus: 36V 250W Aku mahutavus (AH\/Wh): 10AH\/360WH Vaikimisi maksimaalne kiirus: 25 km\/h. Maksimaalne s\u00f5iduulatus abire\u017eiimil: 70-90 km Maksimaalne s\u00f5iduulatus puhta v\u00f5imsusega: 30-45 km Kandev\u00f5ime 120 kg Kaal: 23.2kg","robots":{"index":"noindex","follow":"follow","max-snippet":"max-snippet:-1","max-image-preview":"max-image-preview:large","max-video-preview":"max-video-preview:-1"},"og_locale":"en_GB","og_type":"article","og_title":"Fafrees F26 Pro Elektriratas, 90 km - Ecocruiser","og_description":"Fafrees F26 Pro Mootori nimiv\u00f5imsus: 36V 250W Aku mahutavus (AH\/Wh): 10AH\/360WH Vaikimisi maksimaalne kiirus: 25 km\/h. Maksimaalne s\u00f5iduulatus abire\u017eiimil: 70-90 km Maksimaalne s\u00f5iduulatus puhta v\u00f5imsusega: 30-45 km Kandev\u00f5ime 120 kg Kaal: 23.2kg","og_url":"https:\/\/projekt.vombat.ee\/eco\/pood\/elektrirattad\/linnarattad\/fafrees-f26-pro-elektriratas-90-km\/","og_site_name":"Ecocruiser","article_modified_time":"2024-05-02T17:10:40+00:00","og_image":[{"width":720,"height":720,"url":"https:\/\/projekt.vombat.ee\/eco\/wp-content\/uploads\/2023\/05\/33-1.webp","type":"image\/webp"}],"twitter_card":"summary_large_image","twitter_misc":{"Estimated reading time":"3 minutes"},"schema":{"@context":"https:\/\/schema.org","@graph":[{"@type":"WebPage","@id":"https:\/\/projekt.vombat.ee\/eco\/pood\/elektrirattad\/linnarattad\/fafrees-f26-pro-elektriratas-90-km\/","url":"https:\/\/projekt.vombat.ee\/eco\/pood\/elektrirattad\/linnarattad\/fafrees-f26-pro-elektriratas-90-km\/","name":"Fafrees F26 Pro Elektriratas, 90 km - Ecocruiser","isPartOf":{"@id":"https:\/\/projekt.vombat.ee\/eco\/#website"},"primaryImageOfPage":{"@id":"https:\/\/projekt.vombat.ee\/eco\/pood\/elektrirattad\/linnarattad\/fafrees-f26-pro-elektriratas-90-km\/#primaryimage"},"image":{"@id":"https:\/\/projekt.vombat.ee\/eco\/pood\/elektrirattad\/linnarattad\/fafrees-f26-pro-elektriratas-90-km\/#primaryimage"},"thumbnailUrl":"https:\/\/projekt.vombat.ee\/eco\/wp-content\/uploads\/2023\/05\/33-1.webp","datePublished":"2023-05-06T11:50:34+00:00","dateModified":"2024-05-02T17:10:40+00:00","description":"Fafrees F26 Pro Mootori nimiv\u00f5imsus: 36V 250W Aku mahutavus (AH\/Wh): 10AH\/360WH Vaikimisi maksimaalne kiirus: 25 km\/h. Maksimaalne s\u00f5iduulatus abire\u017eiimil: 70-90 km Maksimaalne s\u00f5iduulatus puhta v\u00f5imsusega: 30-45 km Kandev\u00f5ime 120 kg Kaal: 23.2kg","breadcrumb":{"@id":"https:\/\/projekt.vombat.ee\/eco\/pood\/elektrirattad\/linnarattad\/fafrees-f26-pro-elektriratas-90-km\/#breadcrumb"},"inLanguage":"en-GB","potentialAction":[{"@type":"ReadAction","target":["https:\/\/projekt.vombat.ee\/eco\/pood\/elektrirattad\/linnarattad\/fafrees-f26-pro-elektriratas-90-km\/"]}]},{"@type":"ImageObject","inLanguage":"en-GB","@id":"https:\/\/projekt.vombat.ee\/eco\/pood\/elektrirattad\/linnarattad\/fafrees-f26-pro-elektriratas-90-km\/#primaryimage","url":"https:\/\/projekt.vombat.ee\/eco\/wp-content\/uploads\/2023\/05\/33-1.webp","contentUrl":"https:\/\/projekt.vombat.ee\/eco\/wp-content\/uploads\/2023\/05\/33-1.webp","width":720,"height":720,"caption":"Fafrees F26 Pro"},{"@type":"BreadcrumbList","@id":"https:\/\/projekt.vombat.ee\/eco\/pood\/elektrirattad\/linnarattad\/fafrees-f26-pro-elektriratas-90-km\/#breadcrumb","itemListElement":[{"@type":"ListItem","position":1,"name":"Home","item":"https:\/\/projekt.vombat.ee\/eco\/"},{"@type":"ListItem","position":2,"name":"Pood","item":"https:\/\/projekt.vombat.ee\/eco\/pood\/"},{"@type":"ListItem","position":3,"name":"Fafrees F26 Pro Elektriratas, 90 km"}]},{"@type":"WebSite","@id":"https:\/\/projekt.vombat.ee\/eco\/#website","url":"https:\/\/projekt.vombat.ee\/eco\/","name":"Ecocruiser","description":"","publisher":{"@id":"https:\/\/projekt.vombat.ee\/eco\/#organization"},"potentialAction":[{"@type":"SearchAction","target":{"@type":"EntryPoint","urlTemplate":"https:\/\/projekt.vombat.ee\/eco\/?s={search_term_string}"},"query-input":{"@type":"PropertyValueSpecification","valueRequired":true,"valueName":"search_term_string"}}],"inLanguage":"en-GB"},{"@type":"Organization","@id":"https:\/\/projekt.vombat.ee\/eco\/#organization","name":"Ecocruiser","url":"https:\/\/projekt.vombat.ee\/eco\/","logo":{"@type":"ImageObject","inLanguage":"en-GB","@id":"https:\/\/projekt.vombat.ee\/eco\/#\/schema\/logo\/image\/","url":"https:\/\/projekt.vombat.ee\/eco\/wp-content\/uploads\/2023\/03\/ECOCRUISER_5.png","contentUrl":"https:\/\/projekt.vombat.ee\/eco\/wp-content\/uploads\/2023\/03\/ECOCRUISER_5.png","width":234,"height":91,"caption":"Ecocruiser"},"image":{"@id":"https:\/\/projekt.vombat.ee\/eco\/#\/schema\/logo\/image\/"}}]}},"lang":"et","translations":{"et":9318},"pll_sync_post":[],"_links":{"self":[{"href":"https:\/\/projekt.vombat.ee\/eco\/wp-json\/wp\/v2\/product\/9318"}],"collection":[{"href":"https:\/\/projekt.vombat.ee\/eco\/wp-json\/wp\/v2\/product"}],"about":[{"href":"https:\/\/projekt.vombat.ee\/eco\/wp-json\/wp\/v2\/types\/product"}],"version-history":[{"count":3,"href":"https:\/\/projekt.vombat.ee\/eco\/wp-json\/wp\/v2\/product\/9318\/revisions"}],"predecessor-version":[{"id":16778,"href":"https:\/\/projekt.vombat.ee\/eco\/wp-json\/wp\/v2\/product\/9318\/revisions\/16778"}],"wp:featuredmedia":[{"embeddable":true,"href":"https:\/\/projekt.vombat.ee\/eco\/wp-json\/wp\/v2\/media\/9327"}],"wp:attachment":[{"href":"https:\/\/projekt.vombat.ee\/eco\/wp-json\/wp\/v2\/media?parent=9318"}],"wp:term":[{"taxonomy":"product_cat","embeddable":true,"href":"https:\/\/projekt.vombat.ee\/eco\/wp-json\/wp\/v2\/product_cat?post=9318"},{"taxonomy":"product_tag","embeddable":true,"href":"https:\/\/projekt.vombat.ee\/eco\/wp-json\/wp\/v2\/product_tag?post=9318"}],"curies":[{"name":"wp","href":"https:\/\/api.w.org\/{rel}","templated":true}]}}