{"id":8982,"date":"2023-04-26T17:09:20","date_gmt":"2023-04-26T17:09:20","guid":{"rendered":"https:\/\/projekt.vombat.ee\/eco\/?post_type=product&#038;p=8982"},"modified":"2024-02-02T07:15:32","modified_gmt":"2024-02-02T07:15:32","slug":"fafrees-f20-pro-elektriratas-150km","status":"publish","type":"product","link":"https:\/\/projekt.vombat.ee\/eco\/pood\/elektrirattad\/linnarattad\/fafrees-f20-pro-elektriratas-150km\/","title":{"rendered":"Fafrees F20 Pro Elektriratas, 150km"},"content":{"rendered":"<p><img fetchpriority=\"high\" decoding=\"async\" class=\"\" src=\"https:\/\/cdn.shopify.com\/s\/files\/1\/0559\/8491\/4624\/files\/1_60298c0b-1e71-4ee8-96d0-04d7f43eca48_1170x731.jpg?v=1669024441\" alt=\"\" width=\"892\" height=\"557\" \/><\/p>\n<h3>Eemaldatav 36v 18ah aku<\/h3>\n<p>Seda on laadimiseks lihtne eemaldada ja see v\u00f5ib \u00fche laadimisega l\u00e4bida puhta toitev\u00f5imendiga kuni 90 kilomeetrit.<\/p>\n<p><img decoding=\"async\" class=\"\" src=\"https:\/\/cdn.shopify.com\/s\/files\/1\/0559\/8491\/4624\/files\/2_3d8e5580-6a23-4976-870e-7dc3a83c2737.jpg?v=1668873790\" width=\"721\" height=\"721\" \/><\/p>\n<h3>250w harjadeta mootor<\/h3>\n<p>250 W harjadeta mootor maksimaalse p\u00f6\u00f6rdemomendiga 40 N.M koos intelligentse kontrolleriga annab maksimaalseks kiiruseks 25 km\/h. Tagaveomootor pakub paremat haarduvust, seda on lihtsam k\u00e4sitseda ja vajab v\u00e4hem hooldust.<\/p>\n<p><img decoding=\"async\" class=\"\" src=\"https:\/\/cdn.shopify.com\/s\/files\/1\/0559\/8491\/4624\/files\/3_c9be484d-b048-408f-a2fd-14fea4b10fe1.jpg?v=1668873874\" width=\"697\" height=\"697\" \/><\/p>\n<h3>Esivedrustus ja Shimano k\u00e4iguvahetus<\/h3>\n<p>F20 PRO pakub suurep\u00e4rast mugavust. Reguleerimisnuppudega saab seda kohandada vastavalt teie kaalule ja maastikule. Shimano 7-k\u00e4iguline k\u00e4iguvahetaja tagab t\u00e4pse ja sujuva k\u00e4iguvahetuse.<\/p>\n<p><img loading=\"lazy\" decoding=\"async\" class=\"\" src=\"https:\/\/cdn.shopify.com\/s\/files\/1\/0559\/8491\/4624\/files\/4_8882a4ce-d8a5-413d-ba0a-ba803e48c573.jpg?v=1668873978\" width=\"693\" height=\"693\" \/><\/p>\n<h3>Nutikas LCD-ekraan<\/h3>\n<p>Suure ekraaniga LCD-nutiekraan n\u00e4itab erinevaid andmeid, nagu kiirus, aku, l\u00e4bis\u00f5it ja k\u00e4igud. Sellel on k\u00f5ndimisabi re\u017eiim ja p\u00fcsikiiruse hoidja, mis aitavad teil s\u00f5ita nii kuidas soovite.<\/p>\n<p><img loading=\"lazy\" decoding=\"async\" class=\"\" src=\"https:\/\/cdn.shopify.com\/s\/files\/1\/0559\/8491\/4624\/files\/5_de173b6d-24d8-4e0f-840f-0e8fc8d75f3c_750x.jpg?v=1668874226\" width=\"702\" height=\"702\" \/><\/p>\n<h3>CST 20*3,0&#8243; rehvid<\/h3>\n<p>Suurenenud h\u00f5\u00f5rdumisega 3,0 paksune rehv, mis kohandub mitmesuguste s\u00f5idutingimustega, sealhulgas tasasel maapinnal ning lumel, liival, muda ja kruusateedel.<\/p>\n<p><img decoding=\"async\" src=\"https:\/\/cdn.shopify.com\/s\/files\/1\/0559\/8491\/4624\/files\/6_15ac7d18-29a9-4452-bd98-e999701dc475_750x.jpg?v=1668874335\" \/><\/p>\n<h3>Kokkupandav raam<\/h3>\n<p>Madala astmega raami on veelgi lihtsam paigaldada ja eemaldada. See volditakse kokku \u00fclikompaktseks ning seda on lihtne transportida.<\/p>\n<p><img decoding=\"async\" src=\"https:\/\/cdn.shopify.com\/s\/files\/1\/0559\/8491\/4624\/files\/7_0f3df906-2331-41fc-9643-5195cb295979_750x.jpg?v=1668874456\" \/><\/p>\n<h3>S\u00f5iduohutus \u00f6\u00f6sel<\/h3>\n<p>Ere LED esituli ja tagumine pidurituli tagavad \u00f6ise s\u00f5idu ohutuse.<\/p>\n<p><img decoding=\"async\" src=\"https:\/\/cdn.shopify.com\/s\/files\/1\/0559\/8491\/4624\/files\/8_eb3a4b51-c835-4724-acac-0d19e14160c3_750x.jpg?v=1668874672\" \/><\/p>\n<h3>M\u00f5\u00f5tmed<\/h3>\n<p>Reguleeritav lenksu ja istmega sobib see ideaalseks teismelistele ja t\u00e4iskasvanutele pikkusega 160-190 cm ja maksimaalse kandev\u00f5imega 150 kg.<\/p>\n<p><img loading=\"lazy\" decoding=\"async\" class=\"\" src=\"https:\/\/cdn.shopify.com\/s\/files\/1\/0559\/8491\/4624\/files\/11.jpg?v=1668874672\" width=\"750\" height=\"750\" \/><\/p>\n<p>&nbsp;<\/p>\n","protected":false},"excerpt":{"rendered":"<p><strong>F20 PRO<\/strong> on Fafreesi uusim stiilne kunstiteos. Paistad jalgratturite hulgast silma. Aku mahutavus on 18ah, pakkudes pikemat aku kasutusaega ja ohutumat kasutuskogemust.<\/p>\n<p>Madala astmega raami on veelgi lihtsam paigaldada ja eemaldada. Sobib ideaalselt sulle, kui soovid igal s\u00f5idul mugavust ja enesekindlust.<\/p>\n<p>&nbsp;<\/p>\n<ul>\n<li>Mootor 250 W harjadeta mootor<\/li>\n<li>Aku: 36V\/18Ah liitiumaku<\/li>\n<li>S\u00f5iduulatus ainult elektriga: 90km<\/li>\n<li>S\u00f5iduulatus pedaaliabiga: 150km<\/li>\n<li>Kiirus: 25 km\/h (piirajaga)<\/li>\n<li>Rehvid: 20*3,0<\/li>\n<li>Maksimaalne kandev\u00f5ime: 150 kg<\/li>\n<li>Kaal koos akuga: 25,5kg<\/li>\n<\/ul>\n<p>\u2666\u00a0<strong>Tarneaeg 2-6 p\u00e4eva<\/strong><br \/>\n\u2666\u00a0<strong>Laos<\/strong><\/p>\n","protected":false},"featured_media":11697,"template":"","meta":[],"product_cat":[907,903,905],"product_tag":[],"class_list":{"0":"post-8982","1":"product","2":"type-product","3":"status-publish","4":"has-post-thumbnail","6":"product_cat-kokkupandavad-rattad","7":"product_cat-linnarattad","8":"product_cat-maastikurattad","9":"product_shipping_class-suured-pakid","11":"first","12":"instock","13":"sale","14":"taxable","15":"shipping-taxable","16":"purchasable","17":"product-type-variable"},"yoast_head":"<!-- This site is optimized with the Yoast SEO plugin v23.8 - https:\/\/yoast.com\/wordpress\/plugins\/seo\/ -->\n<title>Fafrees F20 Pro Elektriratas, 150km - Ecocruiser<\/title>\n<meta name=\"description\" content=\"Fafrees F20 Pro on Fafreesi uusim stiilne kunstiteos. Paistad jalgratturite hulgast silma. Aku mahutavus on 18ah, pakkudes pikemat aku kasutusaega ja ohutumat kasutuskogemust.Madala astmega raami on veelgi lihtsam paigaldada ja eemaldada. Sobib ideaalselt sulle, kui soovid igal s\u00f5idul mugavust ja enesekindlust.\" \/>\n<meta name=\"robots\" content=\"noindex, follow, max-snippet:-1, max-image-preview:large, max-video-preview:-1\" \/>\n<meta property=\"og:locale\" content=\"en_GB\" \/>\n<meta property=\"og:type\" content=\"article\" \/>\n<meta property=\"og:title\" content=\"Fafrees F20 Pro Elektriratas, 150km - Ecocruiser\" \/>\n<meta property=\"og:description\" content=\"Fafrees F20 Pro on Fafreesi uusim stiilne kunstiteos. Paistad jalgratturite hulgast silma. Aku mahutavus on 18ah, pakkudes pikemat aku kasutusaega ja ohutumat kasutuskogemust.Madala astmega raami on veelgi lihtsam paigaldada ja eemaldada. Sobib ideaalselt sulle, kui soovid igal s\u00f5idul mugavust ja enesekindlust.\" \/>\n<meta property=\"og:url\" content=\"https:\/\/projekt.vombat.ee\/eco\/pood\/elektrirattad\/linnarattad\/fafrees-f20-pro-elektriratas-150km\/\" \/>\n<meta property=\"og:site_name\" content=\"Ecocruiser\" \/>\n<meta property=\"article:modified_time\" content=\"2024-02-02T07:15:32+00:00\" \/>\n<meta property=\"og:image\" content=\"https:\/\/projekt.vombat.ee\/eco\/wp-content\/uploads\/2023\/04\/1-21.webp\" \/>\n\t<meta property=\"og:image:width\" content=\"900\" \/>\n\t<meta property=\"og:image:height\" content=\"600\" \/>\n\t<meta property=\"og:image:type\" content=\"image\/webp\" \/>\n<meta name=\"twitter:card\" content=\"summary_large_image\" \/>\n<meta name=\"twitter:label1\" content=\"Estimated reading time\" \/>\n\t<meta name=\"twitter:data1\" content=\"3 minutes\" \/>\n<script type=\"application\/ld+json\" class=\"yoast-schema-graph\">{\"@context\":\"https:\/\/schema.org\",\"@graph\":[{\"@type\":\"WebPage\",\"@id\":\"https:\/\/projekt.vombat.ee\/eco\/pood\/elektrirattad\/linnarattad\/fafrees-f20-pro-elektriratas-150km\/\",\"url\":\"https:\/\/projekt.vombat.ee\/eco\/pood\/elektrirattad\/linnarattad\/fafrees-f20-pro-elektriratas-150km\/\",\"name\":\"Fafrees F20 Pro Elektriratas, 150km - Ecocruiser\",\"isPartOf\":{\"@id\":\"https:\/\/projekt.vombat.ee\/eco\/#website\"},\"primaryImageOfPage\":{\"@id\":\"https:\/\/projekt.vombat.ee\/eco\/pood\/elektrirattad\/linnarattad\/fafrees-f20-pro-elektriratas-150km\/#primaryimage\"},\"image\":{\"@id\":\"https:\/\/projekt.vombat.ee\/eco\/pood\/elektrirattad\/linnarattad\/fafrees-f20-pro-elektriratas-150km\/#primaryimage\"},\"thumbnailUrl\":\"https:\/\/projekt.vombat.ee\/eco\/wp-content\/uploads\/2023\/04\/1-21.webp\",\"datePublished\":\"2023-04-26T17:09:20+00:00\",\"dateModified\":\"2024-02-02T07:15:32+00:00\",\"description\":\"Fafrees F20 Pro on Fafreesi uusim stiilne kunstiteos. Paistad jalgratturite hulgast silma. Aku mahutavus on 18ah, pakkudes pikemat aku kasutusaega ja ohutumat kasutuskogemust.Madala astmega raami on veelgi lihtsam paigaldada ja eemaldada. Sobib ideaalselt sulle, kui soovid igal s\u00f5idul mugavust ja enesekindlust.\",\"breadcrumb\":{\"@id\":\"https:\/\/projekt.vombat.ee\/eco\/pood\/elektrirattad\/linnarattad\/fafrees-f20-pro-elektriratas-150km\/#breadcrumb\"},\"inLanguage\":\"en-GB\",\"potentialAction\":[{\"@type\":\"ReadAction\",\"target\":[\"https:\/\/projekt.vombat.ee\/eco\/pood\/elektrirattad\/linnarattad\/fafrees-f20-pro-elektriratas-150km\/\"]}]},{\"@type\":\"ImageObject\",\"inLanguage\":\"en-GB\",\"@id\":\"https:\/\/projekt.vombat.ee\/eco\/pood\/elektrirattad\/linnarattad\/fafrees-f20-pro-elektriratas-150km\/#primaryimage\",\"url\":\"https:\/\/projekt.vombat.ee\/eco\/wp-content\/uploads\/2023\/04\/1-21.webp\",\"contentUrl\":\"https:\/\/projekt.vombat.ee\/eco\/wp-content\/uploads\/2023\/04\/1-21.webp\",\"width\":900,\"height\":600},{\"@type\":\"BreadcrumbList\",\"@id\":\"https:\/\/projekt.vombat.ee\/eco\/pood\/elektrirattad\/linnarattad\/fafrees-f20-pro-elektriratas-150km\/#breadcrumb\",\"itemListElement\":[{\"@type\":\"ListItem\",\"position\":1,\"name\":\"Home\",\"item\":\"https:\/\/projekt.vombat.ee\/eco\/\"},{\"@type\":\"ListItem\",\"position\":2,\"name\":\"Pood\",\"item\":\"https:\/\/projekt.vombat.ee\/eco\/pood\/\"},{\"@type\":\"ListItem\",\"position\":3,\"name\":\"Fafrees F20 Pro Elektriratas, 150km\"}]},{\"@type\":\"WebSite\",\"@id\":\"https:\/\/projekt.vombat.ee\/eco\/#website\",\"url\":\"https:\/\/projekt.vombat.ee\/eco\/\",\"name\":\"Ecocruiser\",\"description\":\"\",\"publisher\":{\"@id\":\"https:\/\/projekt.vombat.ee\/eco\/#organization\"},\"potentialAction\":[{\"@type\":\"SearchAction\",\"target\":{\"@type\":\"EntryPoint\",\"urlTemplate\":\"https:\/\/projekt.vombat.ee\/eco\/?s={search_term_string}\"},\"query-input\":{\"@type\":\"PropertyValueSpecification\",\"valueRequired\":true,\"valueName\":\"search_term_string\"}}],\"inLanguage\":\"en-GB\"},{\"@type\":\"Organization\",\"@id\":\"https:\/\/projekt.vombat.ee\/eco\/#organization\",\"name\":\"Ecocruiser\",\"url\":\"https:\/\/projekt.vombat.ee\/eco\/\",\"logo\":{\"@type\":\"ImageObject\",\"inLanguage\":\"en-GB\",\"@id\":\"https:\/\/projekt.vombat.ee\/eco\/#\/schema\/logo\/image\/\",\"url\":\"https:\/\/projekt.vombat.ee\/eco\/wp-content\/uploads\/2023\/03\/ECOCRUISER_5.png\",\"contentUrl\":\"https:\/\/projekt.vombat.ee\/eco\/wp-content\/uploads\/2023\/03\/ECOCRUISER_5.png\",\"width\":234,\"height\":91,\"caption\":\"Ecocruiser\"},\"image\":{\"@id\":\"https:\/\/projekt.vombat.ee\/eco\/#\/schema\/logo\/image\/\"}}]}<\/script>\n<!-- \/ Yoast SEO plugin. -->","yoast_head_json":{"title":"Fafrees F20 Pro Elektriratas, 150km - Ecocruiser","description":"Fafrees F20 Pro on Fafreesi uusim stiilne kunstiteos. Paistad jalgratturite hulgast silma. Aku mahutavus on 18ah, pakkudes pikemat aku kasutusaega ja ohutumat kasutuskogemust.Madala astmega raami on veelgi lihtsam paigaldada ja eemaldada. Sobib ideaalselt sulle, kui soovid igal s\u00f5idul mugavust ja enesekindlust.","robots":{"index":"noindex","follow":"follow","max-snippet":"max-snippet:-1","max-image-preview":"max-image-preview:large","max-video-preview":"max-video-preview:-1"},"og_locale":"en_GB","og_type":"article","og_title":"Fafrees F20 Pro Elektriratas, 150km - Ecocruiser","og_description":"Fafrees F20 Pro on Fafreesi uusim stiilne kunstiteos. Paistad jalgratturite hulgast silma. Aku mahutavus on 18ah, pakkudes pikemat aku kasutusaega ja ohutumat kasutuskogemust.Madala astmega raami on veelgi lihtsam paigaldada ja eemaldada. Sobib ideaalselt sulle, kui soovid igal s\u00f5idul mugavust ja enesekindlust.","og_url":"https:\/\/projekt.vombat.ee\/eco\/pood\/elektrirattad\/linnarattad\/fafrees-f20-pro-elektriratas-150km\/","og_site_name":"Ecocruiser","article_modified_time":"2024-02-02T07:15:32+00:00","og_image":[{"width":900,"height":600,"url":"https:\/\/projekt.vombat.ee\/eco\/wp-content\/uploads\/2023\/04\/1-21.webp","type":"image\/webp"}],"twitter_card":"summary_large_image","twitter_misc":{"Estimated reading time":"3 minutes"},"schema":{"@context":"https:\/\/schema.org","@graph":[{"@type":"WebPage","@id":"https:\/\/projekt.vombat.ee\/eco\/pood\/elektrirattad\/linnarattad\/fafrees-f20-pro-elektriratas-150km\/","url":"https:\/\/projekt.vombat.ee\/eco\/pood\/elektrirattad\/linnarattad\/fafrees-f20-pro-elektriratas-150km\/","name":"Fafrees F20 Pro Elektriratas, 150km - Ecocruiser","isPartOf":{"@id":"https:\/\/projekt.vombat.ee\/eco\/#website"},"primaryImageOfPage":{"@id":"https:\/\/projekt.vombat.ee\/eco\/pood\/elektrirattad\/linnarattad\/fafrees-f20-pro-elektriratas-150km\/#primaryimage"},"image":{"@id":"https:\/\/projekt.vombat.ee\/eco\/pood\/elektrirattad\/linnarattad\/fafrees-f20-pro-elektriratas-150km\/#primaryimage"},"thumbnailUrl":"https:\/\/projekt.vombat.ee\/eco\/wp-content\/uploads\/2023\/04\/1-21.webp","datePublished":"2023-04-26T17:09:20+00:00","dateModified":"2024-02-02T07:15:32+00:00","description":"Fafrees F20 Pro on Fafreesi uusim stiilne kunstiteos. Paistad jalgratturite hulgast silma. Aku mahutavus on 18ah, pakkudes pikemat aku kasutusaega ja ohutumat kasutuskogemust.Madala astmega raami on veelgi lihtsam paigaldada ja eemaldada. Sobib ideaalselt sulle, kui soovid igal s\u00f5idul mugavust ja enesekindlust.","breadcrumb":{"@id":"https:\/\/projekt.vombat.ee\/eco\/pood\/elektrirattad\/linnarattad\/fafrees-f20-pro-elektriratas-150km\/#breadcrumb"},"inLanguage":"en-GB","potentialAction":[{"@type":"ReadAction","target":["https:\/\/projekt.vombat.ee\/eco\/pood\/elektrirattad\/linnarattad\/fafrees-f20-pro-elektriratas-150km\/"]}]},{"@type":"ImageObject","inLanguage":"en-GB","@id":"https:\/\/projekt.vombat.ee\/eco\/pood\/elektrirattad\/linnarattad\/fafrees-f20-pro-elektriratas-150km\/#primaryimage","url":"https:\/\/projekt.vombat.ee\/eco\/wp-content\/uploads\/2023\/04\/1-21.webp","contentUrl":"https:\/\/projekt.vombat.ee\/eco\/wp-content\/uploads\/2023\/04\/1-21.webp","width":900,"height":600},{"@type":"BreadcrumbList","@id":"https:\/\/projekt.vombat.ee\/eco\/pood\/elektrirattad\/linnarattad\/fafrees-f20-pro-elektriratas-150km\/#breadcrumb","itemListElement":[{"@type":"ListItem","position":1,"name":"Home","item":"https:\/\/projekt.vombat.ee\/eco\/"},{"@type":"ListItem","position":2,"name":"Pood","item":"https:\/\/projekt.vombat.ee\/eco\/pood\/"},{"@type":"ListItem","position":3,"name":"Fafrees F20 Pro Elektriratas, 150km"}]},{"@type":"WebSite","@id":"https:\/\/projekt.vombat.ee\/eco\/#website","url":"https:\/\/projekt.vombat.ee\/eco\/","name":"Ecocruiser","description":"","publisher":{"@id":"https:\/\/projekt.vombat.ee\/eco\/#organization"},"potentialAction":[{"@type":"SearchAction","target":{"@type":"EntryPoint","urlTemplate":"https:\/\/projekt.vombat.ee\/eco\/?s={search_term_string}"},"query-input":{"@type":"PropertyValueSpecification","valueRequired":true,"valueName":"search_term_string"}}],"inLanguage":"en-GB"},{"@type":"Organization","@id":"https:\/\/projekt.vombat.ee\/eco\/#organization","name":"Ecocruiser","url":"https:\/\/projekt.vombat.ee\/eco\/","logo":{"@type":"ImageObject","inLanguage":"en-GB","@id":"https:\/\/projekt.vombat.ee\/eco\/#\/schema\/logo\/image\/","url":"https:\/\/projekt.vombat.ee\/eco\/wp-content\/uploads\/2023\/03\/ECOCRUISER_5.png","contentUrl":"https:\/\/projekt.vombat.ee\/eco\/wp-content\/uploads\/2023\/03\/ECOCRUISER_5.png","width":234,"height":91,"caption":"Ecocruiser"},"image":{"@id":"https:\/\/projekt.vombat.ee\/eco\/#\/schema\/logo\/image\/"}}]}},"lang":"et","translations":{"et":8982},"pll_sync_post":[],"_links":{"self":[{"href":"https:\/\/projekt.vombat.ee\/eco\/wp-json\/wp\/v2\/product\/8982"}],"collection":[{"href":"https:\/\/projekt.vombat.ee\/eco\/wp-json\/wp\/v2\/product"}],"about":[{"href":"https:\/\/projekt.vombat.ee\/eco\/wp-json\/wp\/v2\/types\/product"}],"version-history":[{"count":5,"href":"https:\/\/projekt.vombat.ee\/eco\/wp-json\/wp\/v2\/product\/8982\/revisions"}],"predecessor-version":[{"id":12567,"href":"https:\/\/projekt.vombat.ee\/eco\/wp-json\/wp\/v2\/product\/8982\/revisions\/12567"}],"wp:featuredmedia":[{"embeddable":true,"href":"https:\/\/projekt.vombat.ee\/eco\/wp-json\/wp\/v2\/media\/11697"}],"wp:attachment":[{"href":"https:\/\/projekt.vombat.ee\/eco\/wp-json\/wp\/v2\/media?parent=8982"}],"wp:term":[{"taxonomy":"product_cat","embeddable":true,"href":"https:\/\/projekt.vombat.ee\/eco\/wp-json\/wp\/v2\/product_cat?post=8982"},{"taxonomy":"product_tag","embeddable":true,"href":"https:\/\/projekt.vombat.ee\/eco\/wp-json\/wp\/v2\/product_tag?post=8982"}],"curies":[{"name":"wp","href":"https:\/\/api.w.org\/{rel}","templated":true}]}}