{"id":8572,"date":"2023-04-07T20:55:24","date_gmt":"2023-04-07T20:55:24","guid":{"rendered":"https:\/\/projekt.vombat.ee\/eco\/?post_type=product&#038;p=8572"},"modified":"2024-06-26T13:54:44","modified_gmt":"2024-06-26T13:54:44","slug":"kugoo-g-booster-85-km","status":"publish","type":"product","link":"https:\/\/projekt.vombat.ee\/eco\/fi\/myym%C3%A4l%C3%A4\/sahkopotkulaudat\/kaupungin-sahkopotkulaudat\/kugoo-g-booster-85-km\/","title":{"rendered":"KUGOO G BOOSTER, 85 km"},"content":{"rendered":"<h1>KUGOO G BOOSTER<\/h1>\n<p><img fetchpriority=\"high\" decoding=\"async\" class=\"wp-image-8573 size-large\" src=\"https:\/\/projekt.vombat.ee\/eco\/wp-content\/uploads\/2023\/04\/927342_0-1024x1024.jpg\" alt=\"KUGOO G BOOSTER\" width=\"1024\" height=\"1024\" srcset=\"https:\/\/projekt.vombat.ee\/eco\/wp-content\/uploads\/2023\/04\/927342_0-1024x1024.jpg 1024w, https:\/\/projekt.vombat.ee\/eco\/wp-content\/uploads\/2023\/04\/927342_0-500x500.jpg 500w, https:\/\/projekt.vombat.ee\/eco\/wp-content\/uploads\/2023\/04\/927342_0-800x800.jpg 800w, https:\/\/projekt.vombat.ee\/eco\/wp-content\/uploads\/2023\/04\/927342_0-300x300.jpg 300w, https:\/\/projekt.vombat.ee\/eco\/wp-content\/uploads\/2023\/04\/927342_0-150x150.jpg 150w, https:\/\/projekt.vombat.ee\/eco\/wp-content\/uploads\/2023\/04\/927342_0-768x768.jpg 768w, https:\/\/projekt.vombat.ee\/eco\/wp-content\/uploads\/2023\/04\/927342_0-50x50.jpg 50w, https:\/\/projekt.vombat.ee\/eco\/wp-content\/uploads\/2023\/04\/927342_0-100x100.jpg 100w, https:\/\/projekt.vombat.ee\/eco\/wp-content\/uploads\/2023\/04\/927342_0-370x370.jpg 370w, https:\/\/projekt.vombat.ee\/eco\/wp-content\/uploads\/2023\/04\/927342_0-75x75.jpg 75w, https:\/\/projekt.vombat.ee\/eco\/wp-content\/uploads\/2023\/04\/927342_0-760x760.jpg 760w, https:\/\/projekt.vombat.ee\/eco\/wp-content\/uploads\/2023\/04\/927342_0.jpg 1500w\" sizes=\"(max-width: 1024px) 100vw, 1024px\" \/><\/p>\n<p>Kokoontaittuva s\u00e4hk\u00f6skootteri kahdella 800 W moottorilla, 3 nopeustilaa Max 55 km\/h<\/p>\n<h3>10 tuuman ilmarengas<\/h3>\n<p>Vahva ote, kulutusta kest\u00e4v\u00e4 ja turvallinen. Se sopii erilaisille teille.<\/p>\n<h3>2 moottoria<\/h3>\n<p>Vahva k\u00e4ytt\u00f6voima, 800 W ja 2 moottoria, 85 km ajomatka.<\/p>\n<h3>Levyjarru<\/h3>\n<p>Edess\u00e4 ja takana on levyjarru, joten ihmisten ajaminen on paljon turvallisempaa.<\/p>\n<h3>3 nopeustilaa<\/h3>\n<p>Ohjaat nopeutta erilaisten tienpinnan olosuhteiden mukaan, mik\u00e4 tekee ajamisesta mukavampaa ja turvallisempaa.<\/p>\n<p>&nbsp;<\/p>\n<h3>\nTiedot<\/h3>\n<p>Moottorin teho: 800W x 2<br \/>\nAkun kapasiteetti: 48V\/23Ah<br \/>\nLatausaika: 10h<br \/>\nAjomatka: 85 km<br \/>\nSuurin nopeus: 55 km\/h<br \/>\nKiipeilykaltevuus: 35 astetta<br \/>\nRungon materiaali: alumiiniseos<br \/>\nRengas: 10 tuuman tyhji\u00f6rengas<br \/>\nMaksimikuorma: 120 kg<\/p>\n<p>Tuotteen paino: 30 kg<br \/>\nPakkauksen paino: 38 kg<br \/>\nTuotteen koko (P x L x K): 120 x 26 x 118 cm<br \/>\nPakkauksen koko (P x L x K): 124 x 30 x 65 cm<\/p>\n","protected":false},"excerpt":{"rendered":"<p><strong>KUGOO G BOOSTER<\/strong><\/p>\n<p>&nbsp;<\/p>\n<ul>\n<li>Moottorin teho: 800W x 2<\/li>\n<li>Akun kapasiteetti: 48V\/23Ah<\/li>\n<li>Latausaika: 10h<\/li>\n<li>Ajomatka: 85 km<\/li>\n<li>Suurin nopeus: 55 km\/h<\/li>\n<\/ul>\n<p>&nbsp;<\/p>\n<p><strong>\u2666 Toimitusaika 3-7 p\u00e4iv\u00e4\u00e4<\/strong><br \/>\n<strong>\u2666 Varastossa<\/strong><\/p>\n","protected":false},"featured_media":8573,"template":"","meta":[],"product_cat":[973,1294,971,977,975],"product_tag":[],"class_list":{"0":"post-8572","1":"product","2":"type-product","3":"status-publish","4":"has-post-thumbnail","6":"product_cat-kaupungin-sahkopotkulaudat","7":"product_cat-kugoo","8":"product_cat-sahkopotkulaudat","9":"product_cat-tuotemerkit","10":"product_cat-voimakas-sahkopotkulaudat","11":"product_shipping_class-suured-pakid","13":"first","14":"instock","15":"sale","16":"taxable","17":"shipping-taxable","18":"purchasable","19":"product-type-simple"},"yoast_head":"<!-- This site is optimized with the Yoast SEO plugin v23.8 - https:\/\/yoast.com\/wordpress\/plugins\/seo\/ -->\n<title>KUGOO G BOOSTER, 85 km - Ecocruiser<\/title>\n<meta name=\"description\" content=\"KUGOO G-BOOSTER on kokoontaittuva s\u00e4hk\u00f6skootteri kahdella 800 W moottorilla, 3 nopeustilaa Max 55 km\/h\" \/>\n<meta name=\"robots\" content=\"noindex, follow, max-snippet:-1, max-image-preview:large, max-video-preview:-1\" \/>\n<meta property=\"og:locale\" content=\"en_GB\" \/>\n<meta property=\"og:type\" content=\"article\" \/>\n<meta property=\"og:title\" content=\"KUGOO G BOOSTER, 85 km - Ecocruiser\" \/>\n<meta property=\"og:description\" content=\"KUGOO G-BOOSTER on kokoontaittuva s\u00e4hk\u00f6skootteri kahdella 800 W moottorilla, 3 nopeustilaa Max 55 km\/h\" \/>\n<meta property=\"og:url\" content=\"https:\/\/projekt.vombat.ee\/eco\/fi\/myym\u00e4l\u00e4\/sahkopotkulaudat\/kaupungin-sahkopotkulaudat\/kugoo-g-booster-85-km\/\" \/>\n<meta property=\"og:site_name\" content=\"Ecocruiser\" \/>\n<meta property=\"article:modified_time\" content=\"2024-06-26T13:54:44+00:00\" \/>\n<meta property=\"og:image\" content=\"https:\/\/projekt.vombat.ee\/eco\/wp-content\/uploads\/2023\/04\/927342_0.jpg\" \/>\n\t<meta property=\"og:image:width\" content=\"1500\" \/>\n\t<meta property=\"og:image:height\" content=\"1500\" \/>\n\t<meta property=\"og:image:type\" content=\"image\/jpeg\" \/>\n<meta name=\"twitter:card\" content=\"summary_large_image\" \/>\n<meta name=\"twitter:label1\" content=\"Estimated reading time\" \/>\n\t<meta name=\"twitter:data1\" content=\"1 minute\" \/>\n<script type=\"application\/ld+json\" class=\"yoast-schema-graph\">{\"@context\":\"https:\/\/schema.org\",\"@graph\":[{\"@type\":\"WebPage\",\"@id\":\"https:\/\/projekt.vombat.ee\/eco\/fi\/myym%C3%A4l%C3%A4\/sahkopotkulaudat\/kaupungin-sahkopotkulaudat\/kugoo-g-booster-85-km\/\",\"url\":\"https:\/\/projekt.vombat.ee\/eco\/fi\/myym%C3%A4l%C3%A4\/sahkopotkulaudat\/kaupungin-sahkopotkulaudat\/kugoo-g-booster-85-km\/\",\"name\":\"KUGOO G BOOSTER, 85 km - Ecocruiser\",\"isPartOf\":{\"@id\":\"https:\/\/projekt.vombat.ee\/eco\/#website\"},\"primaryImageOfPage\":{\"@id\":\"https:\/\/projekt.vombat.ee\/eco\/fi\/myym%C3%A4l%C3%A4\/sahkopotkulaudat\/kaupungin-sahkopotkulaudat\/kugoo-g-booster-85-km\/#primaryimage\"},\"image\":{\"@id\":\"https:\/\/projekt.vombat.ee\/eco\/fi\/myym%C3%A4l%C3%A4\/sahkopotkulaudat\/kaupungin-sahkopotkulaudat\/kugoo-g-booster-85-km\/#primaryimage\"},\"thumbnailUrl\":\"https:\/\/projekt.vombat.ee\/eco\/wp-content\/uploads\/2023\/04\/927342_0.jpg\",\"datePublished\":\"2023-04-07T20:55:24+00:00\",\"dateModified\":\"2024-06-26T13:54:44+00:00\",\"description\":\"KUGOO G-BOOSTER on kokoontaittuva s\u00e4hk\u00f6skootteri kahdella 800 W moottorilla, 3 nopeustilaa Max 55 km\/h\",\"breadcrumb\":{\"@id\":\"https:\/\/projekt.vombat.ee\/eco\/fi\/myym%C3%A4l%C3%A4\/sahkopotkulaudat\/kaupungin-sahkopotkulaudat\/kugoo-g-booster-85-km\/#breadcrumb\"},\"inLanguage\":\"en-GB\",\"potentialAction\":[{\"@type\":\"ReadAction\",\"target\":[\"https:\/\/projekt.vombat.ee\/eco\/fi\/myym%C3%A4l%C3%A4\/sahkopotkulaudat\/kaupungin-sahkopotkulaudat\/kugoo-g-booster-85-km\/\"]}]},{\"@type\":\"ImageObject\",\"inLanguage\":\"en-GB\",\"@id\":\"https:\/\/projekt.vombat.ee\/eco\/fi\/myym%C3%A4l%C3%A4\/sahkopotkulaudat\/kaupungin-sahkopotkulaudat\/kugoo-g-booster-85-km\/#primaryimage\",\"url\":\"https:\/\/projekt.vombat.ee\/eco\/wp-content\/uploads\/2023\/04\/927342_0.jpg\",\"contentUrl\":\"https:\/\/projekt.vombat.ee\/eco\/wp-content\/uploads\/2023\/04\/927342_0.jpg\",\"width\":1500,\"height\":1500,\"caption\":\"KUGOO G BOOSTER\"},{\"@type\":\"BreadcrumbList\",\"@id\":\"https:\/\/projekt.vombat.ee\/eco\/fi\/myym%C3%A4l%C3%A4\/sahkopotkulaudat\/kaupungin-sahkopotkulaudat\/kugoo-g-booster-85-km\/#breadcrumb\",\"itemListElement\":[{\"@type\":\"ListItem\",\"position\":1,\"name\":\"Home\",\"item\":\"https:\/\/projekt.vombat.ee\/eco\/\"},{\"@type\":\"ListItem\",\"position\":2,\"name\":\"Pood\",\"item\":\"https:\/\/projekt.vombat.ee\/eco\/pood\/\"},{\"@type\":\"ListItem\",\"position\":3,\"name\":\"KUGOO G BOOSTER, 85 km\"}]},{\"@type\":\"WebSite\",\"@id\":\"https:\/\/projekt.vombat.ee\/eco\/#website\",\"url\":\"https:\/\/projekt.vombat.ee\/eco\/\",\"name\":\"Ecocruiser\",\"description\":\"\",\"publisher\":{\"@id\":\"https:\/\/projekt.vombat.ee\/eco\/#organization\"},\"potentialAction\":[{\"@type\":\"SearchAction\",\"target\":{\"@type\":\"EntryPoint\",\"urlTemplate\":\"https:\/\/projekt.vombat.ee\/eco\/?s={search_term_string}\"},\"query-input\":{\"@type\":\"PropertyValueSpecification\",\"valueRequired\":true,\"valueName\":\"search_term_string\"}}],\"inLanguage\":\"en-GB\"},{\"@type\":\"Organization\",\"@id\":\"https:\/\/projekt.vombat.ee\/eco\/#organization\",\"name\":\"Ecocruiser\",\"url\":\"https:\/\/projekt.vombat.ee\/eco\/\",\"logo\":{\"@type\":\"ImageObject\",\"inLanguage\":\"en-GB\",\"@id\":\"https:\/\/projekt.vombat.ee\/eco\/#\/schema\/logo\/image\/\",\"url\":\"https:\/\/projekt.vombat.ee\/eco\/wp-content\/uploads\/2023\/03\/ECOCRUISER_5.png\",\"contentUrl\":\"https:\/\/projekt.vombat.ee\/eco\/wp-content\/uploads\/2023\/03\/ECOCRUISER_5.png\",\"width\":234,\"height\":91,\"caption\":\"Ecocruiser\"},\"image\":{\"@id\":\"https:\/\/projekt.vombat.ee\/eco\/#\/schema\/logo\/image\/\"}}]}<\/script>\n<!-- \/ Yoast SEO plugin. -->","yoast_head_json":{"title":"KUGOO G BOOSTER, 85 km - Ecocruiser","description":"KUGOO G-BOOSTER on kokoontaittuva s\u00e4hk\u00f6skootteri kahdella 800 W moottorilla, 3 nopeustilaa Max 55 km\/h","robots":{"index":"noindex","follow":"follow","max-snippet":"max-snippet:-1","max-image-preview":"max-image-preview:large","max-video-preview":"max-video-preview:-1"},"og_locale":"en_GB","og_type":"article","og_title":"KUGOO G BOOSTER, 85 km - Ecocruiser","og_description":"KUGOO G-BOOSTER on kokoontaittuva s\u00e4hk\u00f6skootteri kahdella 800 W moottorilla, 3 nopeustilaa Max 55 km\/h","og_url":"https:\/\/projekt.vombat.ee\/eco\/fi\/myym\u00e4l\u00e4\/sahkopotkulaudat\/kaupungin-sahkopotkulaudat\/kugoo-g-booster-85-km\/","og_site_name":"Ecocruiser","article_modified_time":"2024-06-26T13:54:44+00:00","og_image":[{"width":1500,"height":1500,"url":"https:\/\/projekt.vombat.ee\/eco\/wp-content\/uploads\/2023\/04\/927342_0.jpg","type":"image\/jpeg"}],"twitter_card":"summary_large_image","twitter_misc":{"Estimated reading time":"1 minute"},"schema":{"@context":"https:\/\/schema.org","@graph":[{"@type":"WebPage","@id":"https:\/\/projekt.vombat.ee\/eco\/fi\/myym%C3%A4l%C3%A4\/sahkopotkulaudat\/kaupungin-sahkopotkulaudat\/kugoo-g-booster-85-km\/","url":"https:\/\/projekt.vombat.ee\/eco\/fi\/myym%C3%A4l%C3%A4\/sahkopotkulaudat\/kaupungin-sahkopotkulaudat\/kugoo-g-booster-85-km\/","name":"KUGOO G BOOSTER, 85 km - Ecocruiser","isPartOf":{"@id":"https:\/\/projekt.vombat.ee\/eco\/#website"},"primaryImageOfPage":{"@id":"https:\/\/projekt.vombat.ee\/eco\/fi\/myym%C3%A4l%C3%A4\/sahkopotkulaudat\/kaupungin-sahkopotkulaudat\/kugoo-g-booster-85-km\/#primaryimage"},"image":{"@id":"https:\/\/projekt.vombat.ee\/eco\/fi\/myym%C3%A4l%C3%A4\/sahkopotkulaudat\/kaupungin-sahkopotkulaudat\/kugoo-g-booster-85-km\/#primaryimage"},"thumbnailUrl":"https:\/\/projekt.vombat.ee\/eco\/wp-content\/uploads\/2023\/04\/927342_0.jpg","datePublished":"2023-04-07T20:55:24+00:00","dateModified":"2024-06-26T13:54:44+00:00","description":"KUGOO G-BOOSTER on kokoontaittuva s\u00e4hk\u00f6skootteri kahdella 800 W moottorilla, 3 nopeustilaa Max 55 km\/h","breadcrumb":{"@id":"https:\/\/projekt.vombat.ee\/eco\/fi\/myym%C3%A4l%C3%A4\/sahkopotkulaudat\/kaupungin-sahkopotkulaudat\/kugoo-g-booster-85-km\/#breadcrumb"},"inLanguage":"en-GB","potentialAction":[{"@type":"ReadAction","target":["https:\/\/projekt.vombat.ee\/eco\/fi\/myym%C3%A4l%C3%A4\/sahkopotkulaudat\/kaupungin-sahkopotkulaudat\/kugoo-g-booster-85-km\/"]}]},{"@type":"ImageObject","inLanguage":"en-GB","@id":"https:\/\/projekt.vombat.ee\/eco\/fi\/myym%C3%A4l%C3%A4\/sahkopotkulaudat\/kaupungin-sahkopotkulaudat\/kugoo-g-booster-85-km\/#primaryimage","url":"https:\/\/projekt.vombat.ee\/eco\/wp-content\/uploads\/2023\/04\/927342_0.jpg","contentUrl":"https:\/\/projekt.vombat.ee\/eco\/wp-content\/uploads\/2023\/04\/927342_0.jpg","width":1500,"height":1500,"caption":"KUGOO G BOOSTER"},{"@type":"BreadcrumbList","@id":"https:\/\/projekt.vombat.ee\/eco\/fi\/myym%C3%A4l%C3%A4\/sahkopotkulaudat\/kaupungin-sahkopotkulaudat\/kugoo-g-booster-85-km\/#breadcrumb","itemListElement":[{"@type":"ListItem","position":1,"name":"Home","item":"https:\/\/projekt.vombat.ee\/eco\/"},{"@type":"ListItem","position":2,"name":"Pood","item":"https:\/\/projekt.vombat.ee\/eco\/pood\/"},{"@type":"ListItem","position":3,"name":"KUGOO G BOOSTER, 85 km"}]},{"@type":"WebSite","@id":"https:\/\/projekt.vombat.ee\/eco\/#website","url":"https:\/\/projekt.vombat.ee\/eco\/","name":"Ecocruiser","description":"","publisher":{"@id":"https:\/\/projekt.vombat.ee\/eco\/#organization"},"potentialAction":[{"@type":"SearchAction","target":{"@type":"EntryPoint","urlTemplate":"https:\/\/projekt.vombat.ee\/eco\/?s={search_term_string}"},"query-input":{"@type":"PropertyValueSpecification","valueRequired":true,"valueName":"search_term_string"}}],"inLanguage":"en-GB"},{"@type":"Organization","@id":"https:\/\/projekt.vombat.ee\/eco\/#organization","name":"Ecocruiser","url":"https:\/\/projekt.vombat.ee\/eco\/","logo":{"@type":"ImageObject","inLanguage":"en-GB","@id":"https:\/\/projekt.vombat.ee\/eco\/#\/schema\/logo\/image\/","url":"https:\/\/projekt.vombat.ee\/eco\/wp-content\/uploads\/2023\/03\/ECOCRUISER_5.png","contentUrl":"https:\/\/projekt.vombat.ee\/eco\/wp-content\/uploads\/2023\/03\/ECOCRUISER_5.png","width":234,"height":91,"caption":"Ecocruiser"},"image":{"@id":"https:\/\/projekt.vombat.ee\/eco\/#\/schema\/logo\/image\/"}}]}},"lang":"fi","translations":{"fi":8572,"et":8558,"en":15959,"ru":16055,"fr":16941},"pll_sync_post":[],"_links":{"self":[{"href":"https:\/\/projekt.vombat.ee\/eco\/wp-json\/wp\/v2\/product\/8572"}],"collection":[{"href":"https:\/\/projekt.vombat.ee\/eco\/wp-json\/wp\/v2\/product"}],"about":[{"href":"https:\/\/projekt.vombat.ee\/eco\/wp-json\/wp\/v2\/types\/product"}],"version-history":[{"count":1,"href":"https:\/\/projekt.vombat.ee\/eco\/wp-json\/wp\/v2\/product\/8572\/revisions"}],"predecessor-version":[{"id":8585,"href":"https:\/\/projekt.vombat.ee\/eco\/wp-json\/wp\/v2\/product\/8572\/revisions\/8585"}],"wp:featuredmedia":[{"embeddable":true,"href":"https:\/\/projekt.vombat.ee\/eco\/wp-json\/wp\/v2\/media\/8573"}],"wp:attachment":[{"href":"https:\/\/projekt.vombat.ee\/eco\/wp-json\/wp\/v2\/media?parent=8572"}],"wp:term":[{"taxonomy":"product_cat","embeddable":true,"href":"https:\/\/projekt.vombat.ee\/eco\/wp-json\/wp\/v2\/product_cat?post=8572"},{"taxonomy":"product_tag","embeddable":true,"href":"https:\/\/projekt.vombat.ee\/eco\/wp-json\/wp\/v2\/product_tag?post=8572"}],"curies":[{"name":"wp","href":"https:\/\/api.w.org\/{rel}","templated":true}]}}