{"id":8327,"date":"2023-04-06T18:05:00","date_gmt":"2023-04-06T18:05:00","guid":{"rendered":"https:\/\/projekt.vombat.ee\/eco\/?post_type=product&#038;p=8327"},"modified":"2024-05-26T18:57:08","modified_gmt":"2024-05-26T18:57:08","slug":"estepon-s9-plus-70-km","status":"publish","type":"product","link":"https:\/\/projekt.vombat.ee\/eco\/fi\/myym%C3%A4l%C3%A4\/tuotemerkit\/estepon\/estepon-s9-plus-70-km\/","title":{"rendered":"Estepon S9 Plus, 70 km"},"content":{"rendered":"<h1><img decoding=\"async\" src=\"https:\/\/i.gyazo.com\/c5afb036311898db471b141341c39d31.jpg\" \/><\/h1>\n<h3>Estepon S9 Plus<\/h3>\n<p>Estepon S9 PLUS:ssa on 800 W (max 1400 W) moottori. Yhdess\u00e4 ohjaimen kanssa ne mahdollistavat ajamisen rampilla &#8211; jopa 35 astetta nopeuden menett\u00e4m\u00e4tt\u00e4.<\/p>\n<h3>10 tuuman py\u00f6r\u00e4t, kaksoisiskunvaimentimet<\/h3>\n<p>Vahvat 10 tuuman puhallettavat py\u00f6r\u00e4t, jousivaimentimet ja luistamaton alusta ovat vastuussa ajomukavuudestasi ja turvallisuudestasi.<\/p>\n<h3>Kaksoislevyjarrut<\/h3>\n<p>Kest\u00e4v\u00e4t kaksoislevyjarrut takaavat lyhyen jarrutusmatkan ja antavat turvallisuuden tunteen.<\/p>\n<p>&nbsp;<\/p>\n<h3>T\u00e4ysi hallinta<\/h3>\n<p>LCD-n\u00e4yt\u00f6lt\u00e4 p\u00e4\u00e4set k\u00e4siksi kaikkiin t\u00e4rkeimpiin parametreihin, mukaan lukien: akun varaustaso, nykyinen nopeus, mittarilukema ja vaihteiden s\u00e4\u00e4t\u00f6. Lis\u00e4ksi n\u00e4yt\u00f6ss\u00e4 on monia vaihtoehtoja parametrien, kuten kiihtyvyyden, maksiminopeuden tai vakionopeudens\u00e4\u00e4timen, s\u00e4\u00e4t\u00e4miseen.<\/p>\n<h3>Ajomatka jopa 70 km yhdell\u00e4 latauksella<\/h3>\n<p>\u00c4lykk\u00e4\u00e4n ohjauksen ansiosta 15 Ah:n litiumioniakku k\u00e4ytt\u00e4\u00e4 energiaa tehokkaammin. Pikalataustekniikan ansiosta skootterin lataaminen t\u00e4yteen kest\u00e4\u00e4 vain 7-9 tuntia.<\/p>\n<h3>Taita se yl\u00f6s ja vie se minne haluat<\/h3>\n<p>S9 PLUS:ssa on taitettava ohjauspy\u00f6r\u00e4, jonka ansiosta se on helppo ottaa mukaan mm. autosi takakonttiin.<\/p>\n<p>&nbsp;<\/p>\n<h3>Tiedot<\/h3>\n<p>Merkki: Estepon<br \/>\nMalli: S9 Plus<br \/>\nPy\u00f6rien lukum\u00e4\u00e4r\u00e4: 2<br \/>\nPaino: 22 kg<br \/>\nV\u00e4ri musta<br \/>\nPy\u00f6r\u00e4n halkaisija: (tuumaa) 10&#8243;<br \/>\nT\u00e4ysi poistot<br \/>\nMoottorin teho: 800W<br \/>\nSuurin kaltevuuskulma: 35\u00b0<br \/>\nAjomatka: 70 km<br \/>\nSuurin nopeus: 25\/45 km\/h<br \/>\nK\u00e4ytt\u00e4j\u00e4n enimm\u00e4ispaino: 120 kg<br \/>\nLis\u00e4ominaisuudet: bluetooth, erikoissovellus, laskuri, valaistus, nopeusmittari, kokoontaitettava, jalusta, vakionopeudens\u00e4\u00e4din, vedenpit\u00e4v\u00e4<br \/>\nJarrut: elektroniset, levyjarrut<\/p>\n","protected":false},"excerpt":{"rendered":"<p><strong>Estepon S9 Plus<\/strong> on eritt\u00e4in mahtava s\u00e4hk\u00f6skootteri, joka tarjoaa sinulle mukavan ja turvallisen ajon.<\/p>\n<p>LCD-n\u00e4ytt\u00f6 varmistaa t\u00e4yden hallinnan ja 15 Ah:n akun ansiosta voit matkustaa jopa 70 km.<\/p>\n<p>Lis\u00e4ksi kokoontaitettavan ohjauspy\u00f6r\u00e4n ansiosta se on helppo ottaa mukaan minne tahansa.<\/p>\n<p>Ihanteellinen ajoon kaupungissa ja mets\u00e4teill\u00e4.<\/p>\n<p>&nbsp;<\/p>\n<ul>\n<li>Ajomatka: 70 km<\/li>\n<li>Moottorin teho: 800W<\/li>\n<li>Akku: 15Ah<\/li>\n<li>Suurin nopeus: 25\/45 km\/h<\/li>\n<\/ul>\n<p>&nbsp;<\/p>\n<p><strong>\u2666 Toimitusaika 3-7 p\u00e4iv\u00e4\u00e4<\/strong><br \/>\n<strong>\u2666 Varastossa<\/strong><\/p>\n","protected":false},"featured_media":8328,"template":"","meta":[],"product_cat":[1304,971,1343,975],"product_tag":[],"class_list":{"0":"post-8327","1":"product","2":"type-product","3":"status-publish","4":"has-post-thumbnail","6":"product_cat-estepon","7":"product_cat-sahkopotkulaudat","8":"product_cat-top-5-sahkopotkulaudat","9":"product_cat-voimakas-sahkopotkulaudat","10":"product_shipping_class-suured-pakid","12":"first","13":"instock","14":"sale","15":"taxable","16":"shipping-taxable","17":"purchasable","18":"product-type-variable"},"yoast_head":"<!-- This site is optimized with the Yoast SEO plugin v23.8 - https:\/\/yoast.com\/wordpress\/plugins\/seo\/ -->\n<title>Estepon S9 Plus, 70 km - Ecocruiser<\/title>\n<meta name=\"robots\" content=\"noindex, follow, max-snippet:-1, max-image-preview:large, max-video-preview:-1\" \/>\n<meta property=\"og:locale\" content=\"en_GB\" \/>\n<meta property=\"og:type\" content=\"article\" \/>\n<meta property=\"og:title\" content=\"Estepon S9 Plus, 70 km - Ecocruiser\" \/>\n<meta property=\"og:description\" content=\"Estepon S9 Plus on eritt\u00e4in mahtava s\u00e4hk\u00f6skootteri, joka tarjoaa sinulle mukavan ja turvallisen ajon.  LCD-n\u00e4ytt\u00f6 varmistaa t\u00e4yden hallinnan ja 15 Ah:n akun ansiosta voit matkustaa jopa 70 km.  Lis\u00e4ksi kokoontaitettavan ohjauspy\u00f6r\u00e4n ansiosta se on helppo ottaa mukaan minne tahansa.  Ihanteellinen ajoon kaupungissa ja mets\u00e4teill\u00e4.  &nbsp;   Ajomatka: 70 km  Moottorin teho: 800W  Akku: 15Ah  Suurin nopeus: 25\/45 km\/h  &nbsp;  \u2666 Toimitusaika 3-7 p\u00e4iv\u00e4\u00e4 \u2666 Varastossa\" \/>\n<meta property=\"og:url\" content=\"https:\/\/projekt.vombat.ee\/eco\/fi\/myym\u00e4l\u00e4\/tuotemerkit\/estepon\/estepon-s9-plus-70-km\/\" \/>\n<meta property=\"og:site_name\" content=\"Ecocruiser\" \/>\n<meta property=\"article:modified_time\" content=\"2024-05-26T18:57:08+00:00\" \/>\n<meta property=\"og:image\" content=\"https:\/\/projekt.vombat.ee\/eco\/wp-content\/uploads\/2023\/03\/007-2.jpg\" \/>\n\t<meta property=\"og:image:width\" content=\"800\" \/>\n\t<meta property=\"og:image:height\" content=\"800\" \/>\n\t<meta property=\"og:image:type\" content=\"image\/jpeg\" \/>\n<meta name=\"twitter:card\" content=\"summary_large_image\" \/>\n<meta name=\"twitter:label1\" content=\"Estimated reading time\" \/>\n\t<meta name=\"twitter:data1\" content=\"2 minutes\" \/>\n<script type=\"application\/ld+json\" class=\"yoast-schema-graph\">{\"@context\":\"https:\/\/schema.org\",\"@graph\":[{\"@type\":\"WebPage\",\"@id\":\"https:\/\/projekt.vombat.ee\/eco\/fi\/myym%C3%A4l%C3%A4\/tuotemerkit\/estepon\/estepon-s9-plus-70-km\/\",\"url\":\"https:\/\/projekt.vombat.ee\/eco\/fi\/myym%C3%A4l%C3%A4\/tuotemerkit\/estepon\/estepon-s9-plus-70-km\/\",\"name\":\"Estepon S9 Plus, 70 km - Ecocruiser\",\"isPartOf\":{\"@id\":\"https:\/\/projekt.vombat.ee\/eco\/#website\"},\"primaryImageOfPage\":{\"@id\":\"https:\/\/projekt.vombat.ee\/eco\/fi\/myym%C3%A4l%C3%A4\/tuotemerkit\/estepon\/estepon-s9-plus-70-km\/#primaryimage\"},\"image\":{\"@id\":\"https:\/\/projekt.vombat.ee\/eco\/fi\/myym%C3%A4l%C3%A4\/tuotemerkit\/estepon\/estepon-s9-plus-70-km\/#primaryimage\"},\"thumbnailUrl\":\"https:\/\/projekt.vombat.ee\/eco\/wp-content\/uploads\/2023\/03\/007-2.jpg\",\"datePublished\":\"2023-04-06T18:05:00+00:00\",\"dateModified\":\"2024-05-26T18:57:08+00:00\",\"breadcrumb\":{\"@id\":\"https:\/\/projekt.vombat.ee\/eco\/fi\/myym%C3%A4l%C3%A4\/tuotemerkit\/estepon\/estepon-s9-plus-70-km\/#breadcrumb\"},\"inLanguage\":\"en-GB\",\"potentialAction\":[{\"@type\":\"ReadAction\",\"target\":[\"https:\/\/projekt.vombat.ee\/eco\/fi\/myym%C3%A4l%C3%A4\/tuotemerkit\/estepon\/estepon-s9-plus-70-km\/\"]}]},{\"@type\":\"ImageObject\",\"inLanguage\":\"en-GB\",\"@id\":\"https:\/\/projekt.vombat.ee\/eco\/fi\/myym%C3%A4l%C3%A4\/tuotemerkit\/estepon\/estepon-s9-plus-70-km\/#primaryimage\",\"url\":\"https:\/\/projekt.vombat.ee\/eco\/wp-content\/uploads\/2023\/03\/007-2.jpg\",\"contentUrl\":\"https:\/\/projekt.vombat.ee\/eco\/wp-content\/uploads\/2023\/03\/007-2.jpg\",\"width\":800,\"height\":800},{\"@type\":\"BreadcrumbList\",\"@id\":\"https:\/\/projekt.vombat.ee\/eco\/fi\/myym%C3%A4l%C3%A4\/tuotemerkit\/estepon\/estepon-s9-plus-70-km\/#breadcrumb\",\"itemListElement\":[{\"@type\":\"ListItem\",\"position\":1,\"name\":\"Home\",\"item\":\"https:\/\/projekt.vombat.ee\/eco\/\"},{\"@type\":\"ListItem\",\"position\":2,\"name\":\"Pood\",\"item\":\"https:\/\/projekt.vombat.ee\/eco\/pood\/\"},{\"@type\":\"ListItem\",\"position\":3,\"name\":\"Estepon S9 Plus, 70 km\"}]},{\"@type\":\"WebSite\",\"@id\":\"https:\/\/projekt.vombat.ee\/eco\/#website\",\"url\":\"https:\/\/projekt.vombat.ee\/eco\/\",\"name\":\"Ecocruiser\",\"description\":\"\",\"publisher\":{\"@id\":\"https:\/\/projekt.vombat.ee\/eco\/#organization\"},\"potentialAction\":[{\"@type\":\"SearchAction\",\"target\":{\"@type\":\"EntryPoint\",\"urlTemplate\":\"https:\/\/projekt.vombat.ee\/eco\/?s={search_term_string}\"},\"query-input\":{\"@type\":\"PropertyValueSpecification\",\"valueRequired\":true,\"valueName\":\"search_term_string\"}}],\"inLanguage\":\"en-GB\"},{\"@type\":\"Organization\",\"@id\":\"https:\/\/projekt.vombat.ee\/eco\/#organization\",\"name\":\"Ecocruiser\",\"url\":\"https:\/\/projekt.vombat.ee\/eco\/\",\"logo\":{\"@type\":\"ImageObject\",\"inLanguage\":\"en-GB\",\"@id\":\"https:\/\/projekt.vombat.ee\/eco\/#\/schema\/logo\/image\/\",\"url\":\"https:\/\/projekt.vombat.ee\/eco\/wp-content\/uploads\/2023\/03\/ECOCRUISER_5.png\",\"contentUrl\":\"https:\/\/projekt.vombat.ee\/eco\/wp-content\/uploads\/2023\/03\/ECOCRUISER_5.png\",\"width\":234,\"height\":91,\"caption\":\"Ecocruiser\"},\"image\":{\"@id\":\"https:\/\/projekt.vombat.ee\/eco\/#\/schema\/logo\/image\/\"}}]}<\/script>\n<!-- \/ Yoast SEO plugin. -->","yoast_head_json":{"title":"Estepon S9 Plus, 70 km - Ecocruiser","robots":{"index":"noindex","follow":"follow","max-snippet":"max-snippet:-1","max-image-preview":"max-image-preview:large","max-video-preview":"max-video-preview:-1"},"og_locale":"en_GB","og_type":"article","og_title":"Estepon S9 Plus, 70 km - Ecocruiser","og_description":"Estepon S9 Plus on eritt\u00e4in mahtava s\u00e4hk\u00f6skootteri, joka tarjoaa sinulle mukavan ja turvallisen ajon.  LCD-n\u00e4ytt\u00f6 varmistaa t\u00e4yden hallinnan ja 15 Ah:n akun ansiosta voit matkustaa jopa 70 km.  Lis\u00e4ksi kokoontaitettavan ohjauspy\u00f6r\u00e4n ansiosta se on helppo ottaa mukaan minne tahansa.  Ihanteellinen ajoon kaupungissa ja mets\u00e4teill\u00e4.  &nbsp;   Ajomatka: 70 km  Moottorin teho: 800W  Akku: 15Ah  Suurin nopeus: 25\/45 km\/h  &nbsp;  \u2666 Toimitusaika 3-7 p\u00e4iv\u00e4\u00e4 \u2666 Varastossa","og_url":"https:\/\/projekt.vombat.ee\/eco\/fi\/myym\u00e4l\u00e4\/tuotemerkit\/estepon\/estepon-s9-plus-70-km\/","og_site_name":"Ecocruiser","article_modified_time":"2024-05-26T18:57:08+00:00","og_image":[{"width":800,"height":800,"url":"https:\/\/projekt.vombat.ee\/eco\/wp-content\/uploads\/2023\/03\/007-2.jpg","type":"image\/jpeg"}],"twitter_card":"summary_large_image","twitter_misc":{"Estimated reading time":"2 minutes"},"schema":{"@context":"https:\/\/schema.org","@graph":[{"@type":"WebPage","@id":"https:\/\/projekt.vombat.ee\/eco\/fi\/myym%C3%A4l%C3%A4\/tuotemerkit\/estepon\/estepon-s9-plus-70-km\/","url":"https:\/\/projekt.vombat.ee\/eco\/fi\/myym%C3%A4l%C3%A4\/tuotemerkit\/estepon\/estepon-s9-plus-70-km\/","name":"Estepon S9 Plus, 70 km - Ecocruiser","isPartOf":{"@id":"https:\/\/projekt.vombat.ee\/eco\/#website"},"primaryImageOfPage":{"@id":"https:\/\/projekt.vombat.ee\/eco\/fi\/myym%C3%A4l%C3%A4\/tuotemerkit\/estepon\/estepon-s9-plus-70-km\/#primaryimage"},"image":{"@id":"https:\/\/projekt.vombat.ee\/eco\/fi\/myym%C3%A4l%C3%A4\/tuotemerkit\/estepon\/estepon-s9-plus-70-km\/#primaryimage"},"thumbnailUrl":"https:\/\/projekt.vombat.ee\/eco\/wp-content\/uploads\/2023\/03\/007-2.jpg","datePublished":"2023-04-06T18:05:00+00:00","dateModified":"2024-05-26T18:57:08+00:00","breadcrumb":{"@id":"https:\/\/projekt.vombat.ee\/eco\/fi\/myym%C3%A4l%C3%A4\/tuotemerkit\/estepon\/estepon-s9-plus-70-km\/#breadcrumb"},"inLanguage":"en-GB","potentialAction":[{"@type":"ReadAction","target":["https:\/\/projekt.vombat.ee\/eco\/fi\/myym%C3%A4l%C3%A4\/tuotemerkit\/estepon\/estepon-s9-plus-70-km\/"]}]},{"@type":"ImageObject","inLanguage":"en-GB","@id":"https:\/\/projekt.vombat.ee\/eco\/fi\/myym%C3%A4l%C3%A4\/tuotemerkit\/estepon\/estepon-s9-plus-70-km\/#primaryimage","url":"https:\/\/projekt.vombat.ee\/eco\/wp-content\/uploads\/2023\/03\/007-2.jpg","contentUrl":"https:\/\/projekt.vombat.ee\/eco\/wp-content\/uploads\/2023\/03\/007-2.jpg","width":800,"height":800},{"@type":"BreadcrumbList","@id":"https:\/\/projekt.vombat.ee\/eco\/fi\/myym%C3%A4l%C3%A4\/tuotemerkit\/estepon\/estepon-s9-plus-70-km\/#breadcrumb","itemListElement":[{"@type":"ListItem","position":1,"name":"Home","item":"https:\/\/projekt.vombat.ee\/eco\/"},{"@type":"ListItem","position":2,"name":"Pood","item":"https:\/\/projekt.vombat.ee\/eco\/pood\/"},{"@type":"ListItem","position":3,"name":"Estepon S9 Plus, 70 km"}]},{"@type":"WebSite","@id":"https:\/\/projekt.vombat.ee\/eco\/#website","url":"https:\/\/projekt.vombat.ee\/eco\/","name":"Ecocruiser","description":"","publisher":{"@id":"https:\/\/projekt.vombat.ee\/eco\/#organization"},"potentialAction":[{"@type":"SearchAction","target":{"@type":"EntryPoint","urlTemplate":"https:\/\/projekt.vombat.ee\/eco\/?s={search_term_string}"},"query-input":{"@type":"PropertyValueSpecification","valueRequired":true,"valueName":"search_term_string"}}],"inLanguage":"en-GB"},{"@type":"Organization","@id":"https:\/\/projekt.vombat.ee\/eco\/#organization","name":"Ecocruiser","url":"https:\/\/projekt.vombat.ee\/eco\/","logo":{"@type":"ImageObject","inLanguage":"en-GB","@id":"https:\/\/projekt.vombat.ee\/eco\/#\/schema\/logo\/image\/","url":"https:\/\/projekt.vombat.ee\/eco\/wp-content\/uploads\/2023\/03\/ECOCRUISER_5.png","contentUrl":"https:\/\/projekt.vombat.ee\/eco\/wp-content\/uploads\/2023\/03\/ECOCRUISER_5.png","width":234,"height":91,"caption":"Ecocruiser"},"image":{"@id":"https:\/\/projekt.vombat.ee\/eco\/#\/schema\/logo\/image\/"}}]}},"lang":"fi","translations":{"fi":8327,"ru":6719,"et":6173},"pll_sync_post":[],"_links":{"self":[{"href":"https:\/\/projekt.vombat.ee\/eco\/wp-json\/wp\/v2\/product\/8327"}],"collection":[{"href":"https:\/\/projekt.vombat.ee\/eco\/wp-json\/wp\/v2\/product"}],"about":[{"href":"https:\/\/projekt.vombat.ee\/eco\/wp-json\/wp\/v2\/types\/product"}],"version-history":[{"count":1,"href":"https:\/\/projekt.vombat.ee\/eco\/wp-json\/wp\/v2\/product\/8327\/revisions"}],"predecessor-version":[{"id":8329,"href":"https:\/\/projekt.vombat.ee\/eco\/wp-json\/wp\/v2\/product\/8327\/revisions\/8329"}],"wp:featuredmedia":[{"embeddable":true,"href":"https:\/\/projekt.vombat.ee\/eco\/wp-json\/wp\/v2\/media\/8328"}],"wp:attachment":[{"href":"https:\/\/projekt.vombat.ee\/eco\/wp-json\/wp\/v2\/media?parent=8327"}],"wp:term":[{"taxonomy":"product_cat","embeddable":true,"href":"https:\/\/projekt.vombat.ee\/eco\/wp-json\/wp\/v2\/product_cat?post=8327"},{"taxonomy":"product_tag","embeddable":true,"href":"https:\/\/projekt.vombat.ee\/eco\/wp-json\/wp\/v2\/product_tag?post=8327"}],"curies":[{"name":"wp","href":"https:\/\/api.w.org\/{rel}","templated":true}]}}