{"id":8291,"date":"2023-04-06T17:27:23","date_gmt":"2023-04-06T17:27:23","guid":{"rendered":"https:\/\/projekt.vombat.ee\/eco\/?post_type=product&#038;p=8291"},"modified":"2023-04-06T17:27:24","modified_gmt":"2023-04-06T17:27:24","slug":"randride-y90-90-km","status":"publish","type":"product","link":"https:\/\/projekt.vombat.ee\/eco\/fi\/myym%C3%A4l%C3%A4\/sahkopyorat\/sahkomaastopyora\/randride-y90-90-km\/","title":{"rendered":"RANDRIDE Y90, 90 km"},"content":{"rendered":"<h1>RANDRIDE Y90<\/h1>\n<p>RANDRIDE Y90 on maastopy\u00f6r\u00e4, joka tarjoaa mukavuutta ja vertaansa vailla olevan ajokokemuksen.<\/p>\n<p><img fetchpriority=\"high\" decoding=\"async\" class=\"\" src=\"https:\/\/cdn.shopify.com\/s\/files\/1\/0631\/1434\/6755\/products\/hardtailebike_1800x1800.jpg?v=1653449787\" width=\"825\" height=\"825\" \/><\/p>\n<h3>Levyjarrut<\/h3>\n<ul>\n<li>100 % kaksoislevyjarrut<\/li>\n<li>Jarrutus- ja j\u00e4\u00e4hdytysteho<\/li>\n<li>Nopea ja vakaa jarrutus turvalliseen ajoon<\/li>\n<\/ul>\n<h3>500W moottori<\/h3>\n<p>Korkeatasoinen magneettiter\u00e4s, korkean l\u00e4mp\u00f6tilan kest\u00e4vyys ilman demagnetointia, IP54 vedenpit\u00e4v\u00e4, v\u00e4\u00e4nt\u00f6momentti 60-70 Nm<\/p>\n<p><img decoding=\"async\" class=\"msub_k4 mupj_5k mjru_k4 mse2_k4 mp7g_f6 mq1m_0 mj7u_0 m7er_k4 lazyloaded\" src=\"https:\/\/a.allegroimg.com\/original\/1131ae\/c0fd21b149a7a1308c40f5cdbe2e\/Elektryczny-Rower-Gorskie-500W-45KM-H-27-5CALI-Weight-26-kg\" sizes=\"(min-width: 1200px) 560px, (min-width: 992px) 50vw, 100vw\" srcset=\"https:\/\/a.allegroimg.com\/s360\/1131ae\/c0fd21b149a7a1308c40f5cdbe2e\/Elektryczny-Rower-Gorskie-500W-45KM-H-27-5CALI-Weight-26-kg 298w,https:\/\/a.allegroimg.com\/s720\/1131ae\/c0fd21b149a7a1308c40f5cdbe2e\/Elektryczny-Rower-Gorskie-500W-45KM-H-27-5CALI-Weight-26-kg 597w,https:\/\/a.allegroimg.com\/s1024\/1131ae\/c0fd21b149a7a1308c40f5cdbe2e\/Elektryczny-Rower-Gorskie-500W-45KM-H-27-5CALI-Weight-26-kg 849w,https:\/\/a.allegroimg.com\/s1440\/1131ae\/c0fd21b149a7a1308c40f5cdbe2e\/Elektryczny-Rower-Gorskie-500W-45KM-H-27-5CALI-Weight-26-kg 1000w,https:\/\/a.allegroimg.com\/original\/1131ae\/c0fd21b149a7a1308c40f5cdbe2e\/Elektryczny-Rower-Gorskie-500W-45KM-H-27-5CALI-Weight-26-kg 1000w\" alt=\"Elektryczny Rower G\u00f3rskie 500W 45KM\/H 27.5CALI Weight 26 kg\" width=\"600\" height=\"723\" data-src=\"https:\/\/a.allegroimg.com\/original\/1131ae\/c0fd21b149a7a1308c40f5cdbe2e\/Elektryczny-Rower-Gorskie-500W-45KM-H-27-5CALI-Weight-26-kg\" data-srcset=\"https:\/\/a.allegroimg.com\/s360\/1131ae\/c0fd21b149a7a1308c40f5cdbe2e\/Elektryczny-Rower-Gorskie-500W-45KM-H-27-5CALI-Weight-26-kg 298w,https:\/\/a.allegroimg.com\/s720\/1131ae\/c0fd21b149a7a1308c40f5cdbe2e\/Elektryczny-Rower-Gorskie-500W-45KM-H-27-5CALI-Weight-26-kg 597w,https:\/\/a.allegroimg.com\/s1024\/1131ae\/c0fd21b149a7a1308c40f5cdbe2e\/Elektryczny-Rower-Gorskie-500W-45KM-H-27-5CALI-Weight-26-kg 849w,https:\/\/a.allegroimg.com\/s1440\/1131ae\/c0fd21b149a7a1308c40f5cdbe2e\/Elektryczny-Rower-Gorskie-500W-45KM-H-27-5CALI-Weight-26-kg 1000w,https:\/\/a.allegroimg.com\/original\/1131ae\/c0fd21b149a7a1308c40f5cdbe2e\/Elektryczny-Rower-Gorskie-500W-45KM-H-27-5CALI-Weight-26-kg 1000w\" \/><\/p>\n<h3>Irrotettava litiumakku<\/h3>\n<ul>\n<li>48V 13,5Ah litiumakku<\/li>\n<li>Vaihdettava akku<\/li>\n<\/ul>\n<p><img decoding=\"async\" class=\"msub_k4 mupj_5k mjru_k4 mse2_k4 mp7g_f6 mq1m_0 mj7u_0 m7er_k4 lazyloaded\" src=\"https:\/\/a.allegroimg.com\/original\/11857b\/f0c35def4f2ca69883ae7b3daf4a\/Elektryczny-Rower-Gorskie-500W-45KM-H-27-5CALI-Frame-Material-aluminum\" sizes=\"(min-width: 1200px) 560px, (min-width: 992px) 50vw, 100vw\" srcset=\"https:\/\/a.allegroimg.com\/s360\/11857b\/f0c35def4f2ca69883ae7b3daf4a\/Elektryczny-Rower-Gorskie-500W-45KM-H-27-5CALI-Frame-Material-aluminum 214w,https:\/\/a.allegroimg.com\/s720\/11857b\/f0c35def4f2ca69883ae7b3daf4a\/Elektryczny-Rower-Gorskie-500W-45KM-H-27-5CALI-Frame-Material-aluminum 429w,https:\/\/a.allegroimg.com\/s1024\/11857b\/f0c35def4f2ca69883ae7b3daf4a\/Elektryczny-Rower-Gorskie-500W-45KM-H-27-5CALI-Frame-Material-aluminum 610w,https:\/\/a.allegroimg.com\/s1440\/11857b\/f0c35def4f2ca69883ae7b3daf4a\/Elektryczny-Rower-Gorskie-500W-45KM-H-27-5CALI-Frame-Material-aluminum 858w,https:\/\/a.allegroimg.com\/original\/11857b\/f0c35def4f2ca69883ae7b3daf4a\/Elektryczny-Rower-Gorskie-500W-45KM-H-27-5CALI-Frame-Material-aluminum 1000w\" alt=\"Elektryczny Rower G\u00f3rskie 500W 45KM\/H 27.5CALI Frame Material aluminum\" width=\"607\" height=\"1019\" data-src=\"https:\/\/a.allegroimg.com\/original\/11857b\/f0c35def4f2ca69883ae7b3daf4a\/Elektryczny-Rower-Gorskie-500W-45KM-H-27-5CALI-Frame-Material-aluminum\" data-srcset=\"https:\/\/a.allegroimg.com\/s360\/11857b\/f0c35def4f2ca69883ae7b3daf4a\/Elektryczny-Rower-Gorskie-500W-45KM-H-27-5CALI-Frame-Material-aluminum 214w,https:\/\/a.allegroimg.com\/s720\/11857b\/f0c35def4f2ca69883ae7b3daf4a\/Elektryczny-Rower-Gorskie-500W-45KM-H-27-5CALI-Frame-Material-aluminum 429w,https:\/\/a.allegroimg.com\/s1024\/11857b\/f0c35def4f2ca69883ae7b3daf4a\/Elektryczny-Rower-Gorskie-500W-45KM-H-27-5CALI-Frame-Material-aluminum 610w,https:\/\/a.allegroimg.com\/s1440\/11857b\/f0c35def4f2ca69883ae7b3daf4a\/Elektryczny-Rower-Gorskie-500W-45KM-H-27-5CALI-Frame-Material-aluminum 858w,https:\/\/a.allegroimg.com\/original\/11857b\/f0c35def4f2ca69883ae7b3daf4a\/Elektryczny-Rower-Gorskie-500W-45KM-H-27-5CALI-Frame-Material-aluminum 1000w\" \/><\/p>\n<p><img loading=\"lazy\" decoding=\"async\" class=\"msub_k4 mupj_5k mjru_k4 mse2_k4 mp7g_f6 mq1m_0 mj7u_0 m7er_k4 lazyloaded\" src=\"https:\/\/a.allegroimg.com\/original\/1187a5\/71bb10e54fafab3ea8560f58aacb\/Elektryczny-Rower-Gorskie-500W-45KM-H-27-5CALI-Brand-other\" sizes=\"(min-width: 1200px) 560px, (min-width: 992px) 50vw, 100vw\" srcset=\"https:\/\/a.allegroimg.com\/s360\/1187a5\/71bb10e54fafab3ea8560f58aacb\/Elektryczny-Rower-Gorskie-500W-45KM-H-27-5CALI-Brand-other 209w,https:\/\/a.allegroimg.com\/s720\/1187a5\/71bb10e54fafab3ea8560f58aacb\/Elektryczny-Rower-Gorskie-500W-45KM-H-27-5CALI-Brand-other 418w,https:\/\/a.allegroimg.com\/s1024\/1187a5\/71bb10e54fafab3ea8560f58aacb\/Elektryczny-Rower-Gorskie-500W-45KM-H-27-5CALI-Brand-other 595w,https:\/\/a.allegroimg.com\/s1440\/1187a5\/71bb10e54fafab3ea8560f58aacb\/Elektryczny-Rower-Gorskie-500W-45KM-H-27-5CALI-Brand-other 837w,https:\/\/a.allegroimg.com\/original\/1187a5\/71bb10e54fafab3ea8560f58aacb\/Elektryczny-Rower-Gorskie-500W-45KM-H-27-5CALI-Brand-other 1000w\" alt=\"Elektryczny Rower G\u00f3rskie 500W 45KM\/H 27.5CALI Brand other\" width=\"609\" height=\"1048\" data-src=\"https:\/\/a.allegroimg.com\/original\/1187a5\/71bb10e54fafab3ea8560f58aacb\/Elektryczny-Rower-Gorskie-500W-45KM-H-27-5CALI-Brand-other\" data-srcset=\"https:\/\/a.allegroimg.com\/s360\/1187a5\/71bb10e54fafab3ea8560f58aacb\/Elektryczny-Rower-Gorskie-500W-45KM-H-27-5CALI-Brand-other 209w,https:\/\/a.allegroimg.com\/s720\/1187a5\/71bb10e54fafab3ea8560f58aacb\/Elektryczny-Rower-Gorskie-500W-45KM-H-27-5CALI-Brand-other 418w,https:\/\/a.allegroimg.com\/s1024\/1187a5\/71bb10e54fafab3ea8560f58aacb\/Elektryczny-Rower-Gorskie-500W-45KM-H-27-5CALI-Brand-other 595w,https:\/\/a.allegroimg.com\/s1440\/1187a5\/71bb10e54fafab3ea8560f58aacb\/Elektryczny-Rower-Gorskie-500W-45KM-H-27-5CALI-Brand-other 837w,https:\/\/a.allegroimg.com\/original\/1187a5\/71bb10e54fafab3ea8560f58aacb\/Elektryczny-Rower-Gorskie-500W-45KM-H-27-5CALI-Brand-other 1000w\" \/><\/p>\n<h3>Alumiiniseoshaarukka<\/h3>\n<p>100mm lukolla<\/p>\n<p><img loading=\"lazy\" decoding=\"async\" class=\"msub_k4 mupj_5k mjru_k4 mse2_k4 mp7g_f6 mq1m_0 mj7u_0 m7er_k4 lazyloaded\" src=\"https:\/\/a.allegroimg.com\/original\/11f5c7\/0e32f42d448190d0f27dbbfc01bd\/Elektryczny-Rower-Gorskie-500W-45KM-H-27-5CALI-Frame-Size-bigger\" sizes=\"100vw\" srcset=\"https:\/\/a.allegroimg.com\/s360\/11f5c7\/0e32f42d448190d0f27dbbfc01bd\/Elektryczny-Rower-Gorskie-500W-45KM-H-27-5CALI-Frame-Size-bigger 333w,https:\/\/a.allegroimg.com\/s720\/11f5c7\/0e32f42d448190d0f27dbbfc01bd\/Elektryczny-Rower-Gorskie-500W-45KM-H-27-5CALI-Frame-Size-bigger 666w,https:\/\/a.allegroimg.com\/s1024\/11f5c7\/0e32f42d448190d0f27dbbfc01bd\/Elektryczny-Rower-Gorskie-500W-45KM-H-27-5CALI-Frame-Size-bigger 947w,https:\/\/a.allegroimg.com\/s1440\/11f5c7\/0e32f42d448190d0f27dbbfc01bd\/Elektryczny-Rower-Gorskie-500W-45KM-H-27-5CALI-Frame-Size-bigger 1000w,https:\/\/a.allegroimg.com\/original\/11f5c7\/0e32f42d448190d0f27dbbfc01bd\/Elektryczny-Rower-Gorskie-500W-45KM-H-27-5CALI-Frame-Size-bigger 1000w\" alt=\"Elektryczny Rower G\u00f3rskie 500W 45KM\/H 27.5CALI Frame Size bigger\" width=\"530\" height=\"573\" data-src=\"https:\/\/a.allegroimg.com\/original\/11f5c7\/0e32f42d448190d0f27dbbfc01bd\/Elektryczny-Rower-Gorskie-500W-45KM-H-27-5CALI-Frame-Size-bigger\" data-srcset=\"https:\/\/a.allegroimg.com\/s360\/11f5c7\/0e32f42d448190d0f27dbbfc01bd\/Elektryczny-Rower-Gorskie-500W-45KM-H-27-5CALI-Frame-Size-bigger 333w,https:\/\/a.allegroimg.com\/s720\/11f5c7\/0e32f42d448190d0f27dbbfc01bd\/Elektryczny-Rower-Gorskie-500W-45KM-H-27-5CALI-Frame-Size-bigger 666w,https:\/\/a.allegroimg.com\/s1024\/11f5c7\/0e32f42d448190d0f27dbbfc01bd\/Elektryczny-Rower-Gorskie-500W-45KM-H-27-5CALI-Frame-Size-bigger 947w,https:\/\/a.allegroimg.com\/s1440\/11f5c7\/0e32f42d448190d0f27dbbfc01bd\/Elektryczny-Rower-Gorskie-500W-45KM-H-27-5CALI-Frame-Size-bigger 1000w,https:\/\/a.allegroimg.com\/original\/11f5c7\/0e32f42d448190d0f27dbbfc01bd\/Elektryczny-Rower-Gorskie-500W-45KM-H-27-5CALI-Frame-Size-bigger 1000w\" \/><\/p>\n<h3>Tiedot<\/h3>\n<p>Py\u00f6r\u00e4n koko: 27,5&#8243;<br \/>\nV\u00e4ri: hopea<br \/>\nPaino: 26 kg<br \/>\nRungon materiaali: alumiini<br \/>\nVaihteiden lukum\u00e4\u00e4r\u00e4: 27<br \/>\nJarrut: mekaaniset levyjarrut<br \/>\nAkku: 48V 13,6Ah litiumioniakku<br \/>\nMoottorin teho: 500 W<br \/>\nEt\u00e4isyys: 90 km<br \/>\nLatausaika: 5 h<br \/>\nMaksimikuorma: 180 kg<br \/>\nValmistusvuosi: 2022<br \/>\nLis\u00e4varusteet, lokasuojat, mittari, valaistus, pumppu, jalusta, kyp\u00e4r\u00e4<\/p>\n<p><img decoding=\"async\" class=\"msub_k4 mupj_5k mjru_k4 mse2_k4 mp7g_f6 mq1m_0 mj7u_0 m7er_k4 lazyloaded\" src=\"https:\/\/a.allegroimg.com\/original\/1157a4\/3e63e3764888a04d387989db9f76\/Elektryczny-Rower-Gorskie-500W-45KM-H-27-5CALI-Engine-Power-500-W\" sizes=\"100vw\" srcset=\"https:\/\/a.allegroimg.com\/s360\/1157a4\/3e63e3764888a04d387989db9f76\/Elektryczny-Rower-Gorskie-500W-45KM-H-27-5CALI-Engine-Power-500-W 352w,https:\/\/a.allegroimg.com\/s720\/1157a4\/3e63e3764888a04d387989db9f76\/Elektryczny-Rower-Gorskie-500W-45KM-H-27-5CALI-Engine-Power-500-W 704w,https:\/\/a.allegroimg.com\/s1024\/1157a4\/3e63e3764888a04d387989db9f76\/Elektryczny-Rower-Gorskie-500W-45KM-H-27-5CALI-Engine-Power-500-W 750w,https:\/\/a.allegroimg.com\/original\/1157a4\/3e63e3764888a04d387989db9f76\/Elektryczny-Rower-Gorskie-500W-45KM-H-27-5CALI-Engine-Power-500-W 750w\" alt=\"Elektryczny Rower G\u00f3rskie 500W 45KM\/H 27.5CALI Engine Power 500 W\" width=\"750px\" data-src=\"https:\/\/a.allegroimg.com\/original\/1157a4\/3e63e3764888a04d387989db9f76\/Elektryczny-Rower-Gorskie-500W-45KM-H-27-5CALI-Engine-Power-500-W\" data-srcset=\"https:\/\/a.allegroimg.com\/s360\/1157a4\/3e63e3764888a04d387989db9f76\/Elektryczny-Rower-Gorskie-500W-45KM-H-27-5CALI-Engine-Power-500-W 352w,https:\/\/a.allegroimg.com\/s720\/1157a4\/3e63e3764888a04d387989db9f76\/Elektryczny-Rower-Gorskie-500W-45KM-H-27-5CALI-Engine-Power-500-W 704w,https:\/\/a.allegroimg.com\/s1024\/1157a4\/3e63e3764888a04d387989db9f76\/Elektryczny-Rower-Gorskie-500W-45KM-H-27-5CALI-Engine-Power-500-W 750w,https:\/\/a.allegroimg.com\/original\/1157a4\/3e63e3764888a04d387989db9f76\/Elektryczny-Rower-Gorskie-500W-45KM-H-27-5CALI-Engine-Power-500-W 750w\" \/><\/p>\n","protected":false},"excerpt":{"rendered":"<p><strong>RANDRIDE Y90<\/strong><\/p>\n<p>&nbsp;<\/p>\n<ul>\n<li>Ajomatka: 90 km<\/li>\n<li>Akku: 48V 13,6Ah<\/li>\n<li>Latausaika: 5 h<\/li>\n<li>Maksimikuorma: 180 kg<\/li>\n<\/ul>\n<p>&nbsp;<\/p>\n<p><strong>\u2666 Toimitusaika 3-8 p\u00e4iv\u00e4\u00e4<\/strong><br \/>\n<strong>\u2666 Varastossa<\/strong><\/p>\n","protected":false},"featured_media":8292,"template":"","meta":[],"product_cat":[985,979],"product_tag":[],"class_list":{"0":"post-8291","1":"product","2":"type-product","3":"status-publish","4":"has-post-thumbnail","6":"product_cat-sahkomaastopyora","7":"product_cat-sahkopyorat","8":"product_shipping_class-suured-pakid","10":"first","11":"instock","12":"taxable","13":"shipping-taxable","14":"purchasable","15":"product-type-simple"},"yoast_head":"<!-- This site is optimized with the Yoast SEO plugin v23.8 - https:\/\/yoast.com\/wordpress\/plugins\/seo\/ -->\n<title>RANDRIDE Y90, 90 km - Ecocruiser<\/title>\n<meta name=\"description\" content=\"RANDRIDE Y90 Ajomatka: 90 km Akku: 48V 13,6Ah Latausaika: 5 h Maksimikuormitus: 180 kg \u2666 Toimitusaika 3-8 p\u00e4iv\u00e4\u00e4 \u2666 Varastossa\" \/>\n<meta name=\"robots\" content=\"noindex, follow, max-snippet:-1, max-image-preview:large, max-video-preview:-1\" \/>\n<meta property=\"og:locale\" content=\"en_GB\" \/>\n<meta property=\"og:type\" content=\"article\" \/>\n<meta property=\"og:title\" content=\"RANDRIDE Y90, 90 km - Ecocruiser\" \/>\n<meta property=\"og:description\" content=\"RANDRIDE Y90 Ajomatka: 90 km Akku: 48V 13,6Ah Latausaika: 5 h Maksimikuormitus: 180 kg \u2666 Toimitusaika 3-8 p\u00e4iv\u00e4\u00e4 \u2666 Varastossa\" \/>\n<meta property=\"og:url\" content=\"https:\/\/projekt.vombat.ee\/eco\/fi\/myym\u00e4l\u00e4\/sahkopyorat\/sahkomaastopyora\/randride-y90-90-km\/\" \/>\n<meta property=\"og:site_name\" content=\"Ecocruiser\" \/>\n<meta property=\"article:modified_time\" content=\"2023-04-06T17:27:24+00:00\" \/>\n<meta property=\"og:image\" content=\"https:\/\/projekt.vombat.ee\/eco\/wp-content\/uploads\/2023\/03\/1-9.jpg\" \/>\n\t<meta property=\"og:image:width\" content=\"1000\" \/>\n\t<meta property=\"og:image:height\" content=\"1000\" \/>\n\t<meta property=\"og:image:type\" content=\"image\/jpeg\" \/>\n<meta name=\"twitter:card\" content=\"summary_large_image\" \/>\n<meta name=\"twitter:label1\" content=\"Estimated reading time\" \/>\n\t<meta name=\"twitter:data1\" content=\"2 minutes\" \/>\n<script type=\"application\/ld+json\" class=\"yoast-schema-graph\">{\"@context\":\"https:\/\/schema.org\",\"@graph\":[{\"@type\":\"WebPage\",\"@id\":\"https:\/\/projekt.vombat.ee\/eco\/fi\/myym%C3%A4l%C3%A4\/sahkopyorat\/sahkomaastopyora\/randride-y90-90-km\/\",\"url\":\"https:\/\/projekt.vombat.ee\/eco\/fi\/myym%C3%A4l%C3%A4\/sahkopyorat\/sahkomaastopyora\/randride-y90-90-km\/\",\"name\":\"RANDRIDE Y90, 90 km - Ecocruiser\",\"isPartOf\":{\"@id\":\"https:\/\/projekt.vombat.ee\/eco\/#website\"},\"primaryImageOfPage\":{\"@id\":\"https:\/\/projekt.vombat.ee\/eco\/fi\/myym%C3%A4l%C3%A4\/sahkopyorat\/sahkomaastopyora\/randride-y90-90-km\/#primaryimage\"},\"image\":{\"@id\":\"https:\/\/projekt.vombat.ee\/eco\/fi\/myym%C3%A4l%C3%A4\/sahkopyorat\/sahkomaastopyora\/randride-y90-90-km\/#primaryimage\"},\"thumbnailUrl\":\"https:\/\/projekt.vombat.ee\/eco\/wp-content\/uploads\/2023\/03\/1-9.jpg\",\"datePublished\":\"2023-04-06T17:27:23+00:00\",\"dateModified\":\"2023-04-06T17:27:24+00:00\",\"description\":\"RANDRIDE Y90 Ajomatka: 90 km Akku: 48V 13,6Ah Latausaika: 5 h Maksimikuormitus: 180 kg \u2666 Toimitusaika 3-8 p\u00e4iv\u00e4\u00e4 \u2666 Varastossa\",\"breadcrumb\":{\"@id\":\"https:\/\/projekt.vombat.ee\/eco\/fi\/myym%C3%A4l%C3%A4\/sahkopyorat\/sahkomaastopyora\/randride-y90-90-km\/#breadcrumb\"},\"inLanguage\":\"en-GB\",\"potentialAction\":[{\"@type\":\"ReadAction\",\"target\":[\"https:\/\/projekt.vombat.ee\/eco\/fi\/myym%C3%A4l%C3%A4\/sahkopyorat\/sahkomaastopyora\/randride-y90-90-km\/\"]}]},{\"@type\":\"ImageObject\",\"inLanguage\":\"en-GB\",\"@id\":\"https:\/\/projekt.vombat.ee\/eco\/fi\/myym%C3%A4l%C3%A4\/sahkopyorat\/sahkomaastopyora\/randride-y90-90-km\/#primaryimage\",\"url\":\"https:\/\/projekt.vombat.ee\/eco\/wp-content\/uploads\/2023\/03\/1-9.jpg\",\"contentUrl\":\"https:\/\/projekt.vombat.ee\/eco\/wp-content\/uploads\/2023\/03\/1-9.jpg\",\"width\":1000,\"height\":1000,\"caption\":\"RANDRIDE Y90\"},{\"@type\":\"BreadcrumbList\",\"@id\":\"https:\/\/projekt.vombat.ee\/eco\/fi\/myym%C3%A4l%C3%A4\/sahkopyorat\/sahkomaastopyora\/randride-y90-90-km\/#breadcrumb\",\"itemListElement\":[{\"@type\":\"ListItem\",\"position\":1,\"name\":\"Home\",\"item\":\"https:\/\/projekt.vombat.ee\/eco\/\"},{\"@type\":\"ListItem\",\"position\":2,\"name\":\"Pood\",\"item\":\"https:\/\/projekt.vombat.ee\/eco\/pood\/\"},{\"@type\":\"ListItem\",\"position\":3,\"name\":\"RANDRIDE Y90, 90 km\"}]},{\"@type\":\"WebSite\",\"@id\":\"https:\/\/projekt.vombat.ee\/eco\/#website\",\"url\":\"https:\/\/projekt.vombat.ee\/eco\/\",\"name\":\"Ecocruiser\",\"description\":\"\",\"publisher\":{\"@id\":\"https:\/\/projekt.vombat.ee\/eco\/#organization\"},\"potentialAction\":[{\"@type\":\"SearchAction\",\"target\":{\"@type\":\"EntryPoint\",\"urlTemplate\":\"https:\/\/projekt.vombat.ee\/eco\/?s={search_term_string}\"},\"query-input\":{\"@type\":\"PropertyValueSpecification\",\"valueRequired\":true,\"valueName\":\"search_term_string\"}}],\"inLanguage\":\"en-GB\"},{\"@type\":\"Organization\",\"@id\":\"https:\/\/projekt.vombat.ee\/eco\/#organization\",\"name\":\"Ecocruiser\",\"url\":\"https:\/\/projekt.vombat.ee\/eco\/\",\"logo\":{\"@type\":\"ImageObject\",\"inLanguage\":\"en-GB\",\"@id\":\"https:\/\/projekt.vombat.ee\/eco\/#\/schema\/logo\/image\/\",\"url\":\"https:\/\/projekt.vombat.ee\/eco\/wp-content\/uploads\/2023\/03\/ECOCRUISER_5.png\",\"contentUrl\":\"https:\/\/projekt.vombat.ee\/eco\/wp-content\/uploads\/2023\/03\/ECOCRUISER_5.png\",\"width\":234,\"height\":91,\"caption\":\"Ecocruiser\"},\"image\":{\"@id\":\"https:\/\/projekt.vombat.ee\/eco\/#\/schema\/logo\/image\/\"}}]}<\/script>\n<!-- \/ Yoast SEO plugin. -->","yoast_head_json":{"title":"RANDRIDE Y90, 90 km - Ecocruiser","description":"RANDRIDE Y90 Ajomatka: 90 km Akku: 48V 13,6Ah Latausaika: 5 h Maksimikuormitus: 180 kg \u2666 Toimitusaika 3-8 p\u00e4iv\u00e4\u00e4 \u2666 Varastossa","robots":{"index":"noindex","follow":"follow","max-snippet":"max-snippet:-1","max-image-preview":"max-image-preview:large","max-video-preview":"max-video-preview:-1"},"og_locale":"en_GB","og_type":"article","og_title":"RANDRIDE Y90, 90 km - Ecocruiser","og_description":"RANDRIDE Y90 Ajomatka: 90 km Akku: 48V 13,6Ah Latausaika: 5 h Maksimikuormitus: 180 kg \u2666 Toimitusaika 3-8 p\u00e4iv\u00e4\u00e4 \u2666 Varastossa","og_url":"https:\/\/projekt.vombat.ee\/eco\/fi\/myym\u00e4l\u00e4\/sahkopyorat\/sahkomaastopyora\/randride-y90-90-km\/","og_site_name":"Ecocruiser","article_modified_time":"2023-04-06T17:27:24+00:00","og_image":[{"width":1000,"height":1000,"url":"https:\/\/projekt.vombat.ee\/eco\/wp-content\/uploads\/2023\/03\/1-9.jpg","type":"image\/jpeg"}],"twitter_card":"summary_large_image","twitter_misc":{"Estimated reading time":"2 minutes"},"schema":{"@context":"https:\/\/schema.org","@graph":[{"@type":"WebPage","@id":"https:\/\/projekt.vombat.ee\/eco\/fi\/myym%C3%A4l%C3%A4\/sahkopyorat\/sahkomaastopyora\/randride-y90-90-km\/","url":"https:\/\/projekt.vombat.ee\/eco\/fi\/myym%C3%A4l%C3%A4\/sahkopyorat\/sahkomaastopyora\/randride-y90-90-km\/","name":"RANDRIDE Y90, 90 km - Ecocruiser","isPartOf":{"@id":"https:\/\/projekt.vombat.ee\/eco\/#website"},"primaryImageOfPage":{"@id":"https:\/\/projekt.vombat.ee\/eco\/fi\/myym%C3%A4l%C3%A4\/sahkopyorat\/sahkomaastopyora\/randride-y90-90-km\/#primaryimage"},"image":{"@id":"https:\/\/projekt.vombat.ee\/eco\/fi\/myym%C3%A4l%C3%A4\/sahkopyorat\/sahkomaastopyora\/randride-y90-90-km\/#primaryimage"},"thumbnailUrl":"https:\/\/projekt.vombat.ee\/eco\/wp-content\/uploads\/2023\/03\/1-9.jpg","datePublished":"2023-04-06T17:27:23+00:00","dateModified":"2023-04-06T17:27:24+00:00","description":"RANDRIDE Y90 Ajomatka: 90 km Akku: 48V 13,6Ah Latausaika: 5 h Maksimikuormitus: 180 kg \u2666 Toimitusaika 3-8 p\u00e4iv\u00e4\u00e4 \u2666 Varastossa","breadcrumb":{"@id":"https:\/\/projekt.vombat.ee\/eco\/fi\/myym%C3%A4l%C3%A4\/sahkopyorat\/sahkomaastopyora\/randride-y90-90-km\/#breadcrumb"},"inLanguage":"en-GB","potentialAction":[{"@type":"ReadAction","target":["https:\/\/projekt.vombat.ee\/eco\/fi\/myym%C3%A4l%C3%A4\/sahkopyorat\/sahkomaastopyora\/randride-y90-90-km\/"]}]},{"@type":"ImageObject","inLanguage":"en-GB","@id":"https:\/\/projekt.vombat.ee\/eco\/fi\/myym%C3%A4l%C3%A4\/sahkopyorat\/sahkomaastopyora\/randride-y90-90-km\/#primaryimage","url":"https:\/\/projekt.vombat.ee\/eco\/wp-content\/uploads\/2023\/03\/1-9.jpg","contentUrl":"https:\/\/projekt.vombat.ee\/eco\/wp-content\/uploads\/2023\/03\/1-9.jpg","width":1000,"height":1000,"caption":"RANDRIDE Y90"},{"@type":"BreadcrumbList","@id":"https:\/\/projekt.vombat.ee\/eco\/fi\/myym%C3%A4l%C3%A4\/sahkopyorat\/sahkomaastopyora\/randride-y90-90-km\/#breadcrumb","itemListElement":[{"@type":"ListItem","position":1,"name":"Home","item":"https:\/\/projekt.vombat.ee\/eco\/"},{"@type":"ListItem","position":2,"name":"Pood","item":"https:\/\/projekt.vombat.ee\/eco\/pood\/"},{"@type":"ListItem","position":3,"name":"RANDRIDE Y90, 90 km"}]},{"@type":"WebSite","@id":"https:\/\/projekt.vombat.ee\/eco\/#website","url":"https:\/\/projekt.vombat.ee\/eco\/","name":"Ecocruiser","description":"","publisher":{"@id":"https:\/\/projekt.vombat.ee\/eco\/#organization"},"potentialAction":[{"@type":"SearchAction","target":{"@type":"EntryPoint","urlTemplate":"https:\/\/projekt.vombat.ee\/eco\/?s={search_term_string}"},"query-input":{"@type":"PropertyValueSpecification","valueRequired":true,"valueName":"search_term_string"}}],"inLanguage":"en-GB"},{"@type":"Organization","@id":"https:\/\/projekt.vombat.ee\/eco\/#organization","name":"Ecocruiser","url":"https:\/\/projekt.vombat.ee\/eco\/","logo":{"@type":"ImageObject","inLanguage":"en-GB","@id":"https:\/\/projekt.vombat.ee\/eco\/#\/schema\/logo\/image\/","url":"https:\/\/projekt.vombat.ee\/eco\/wp-content\/uploads\/2023\/03\/ECOCRUISER_5.png","contentUrl":"https:\/\/projekt.vombat.ee\/eco\/wp-content\/uploads\/2023\/03\/ECOCRUISER_5.png","width":234,"height":91,"caption":"Ecocruiser"},"image":{"@id":"https:\/\/projekt.vombat.ee\/eco\/#\/schema\/logo\/image\/"}}]}},"lang":"fi","translations":{"fi":8291,"ru":7982,"et":7785},"pll_sync_post":[],"_links":{"self":[{"href":"https:\/\/projekt.vombat.ee\/eco\/wp-json\/wp\/v2\/product\/8291"}],"collection":[{"href":"https:\/\/projekt.vombat.ee\/eco\/wp-json\/wp\/v2\/product"}],"about":[{"href":"https:\/\/projekt.vombat.ee\/eco\/wp-json\/wp\/v2\/types\/product"}],"version-history":[{"count":1,"href":"https:\/\/projekt.vombat.ee\/eco\/wp-json\/wp\/v2\/product\/8291\/revisions"}],"predecessor-version":[{"id":8295,"href":"https:\/\/projekt.vombat.ee\/eco\/wp-json\/wp\/v2\/product\/8291\/revisions\/8295"}],"wp:featuredmedia":[{"embeddable":true,"href":"https:\/\/projekt.vombat.ee\/eco\/wp-json\/wp\/v2\/media\/8292"}],"wp:attachment":[{"href":"https:\/\/projekt.vombat.ee\/eco\/wp-json\/wp\/v2\/media?parent=8291"}],"wp:term":[{"taxonomy":"product_cat","embeddable":true,"href":"https:\/\/projekt.vombat.ee\/eco\/wp-json\/wp\/v2\/product_cat?post=8291"},{"taxonomy":"product_tag","embeddable":true,"href":"https:\/\/projekt.vombat.ee\/eco\/wp-json\/wp\/v2\/product_tag?post=8291"}],"curies":[{"name":"wp","href":"https:\/\/api.w.org\/{rel}","templated":true}]}}