{"id":8230,"date":"2023-04-04T20:09:54","date_gmt":"2023-04-04T20:09:54","guid":{"rendered":"https:\/\/projekt.vombat.ee\/eco\/?post_type=product&#038;p=8230"},"modified":"2023-09-27T12:05:45","modified_gmt":"2023-09-27T12:05:45","slug":"obarter-x5-5600w-elektriline-toukeratas-120km","status":"publish","type":"product","link":"https:\/\/projekt.vombat.ee\/eco\/pood\/brandid\/obarter\/obarter-x5-5600w-elektriline-toukeratas-120km\/","title":{"rendered":"Obarter X5 5600W elektriline t\u00f5ukeratas, 120km"},"content":{"rendered":"<h3>Obarter X5 elektriline t\u00f5ukeratas<\/h3>\n<h3><img fetchpriority=\"high\" decoding=\"async\" class=\"\" src=\"https:\/\/ae01.alicdn.com\/kf\/H08df070dfb6946688cb03c6482fa36366\/OBARTER-X5-13inch-fat-wheel-Electric-Scooter-with-60V-5600w-powerful-Motor-for-Adults-E-Scooter.jpg\" alt=\"Obarter X5 13inch Fat Wheel Electric Scooter With 60v 5600w Powerful Motor For Adults E Scooter - Electric Scooters - AliExpress\" width=\"646\" height=\"646\" \/><\/h3>\n<p><strong>Parema k\u00e4epideme funktsioon:<\/strong> tagapidur + elektriline ukselukk + esitulede l\u00fcliti<\/p>\n<p><strong>Vasaku k\u00e4epideme funktsioon:<\/strong> esipidur + gaasipedaal + k\u00f5rge ja madala k\u00e4igu \u00fche- ja topeltl\u00fcliti<\/p>\n<h3>Info<\/h3>\n<p>Rolleri mudel: X5<\/p>\n<p>Tippkiirus (km\/h): 85<\/p>\n<p>Kiirusjooksud: kokku kolm jooksu<\/p>\n<p>Maximum s\u00f5iduulatus (km): 120<\/p>\n<p>Kasutatav maastik: m\u00e4gi<\/p>\n<p>T\u00f6\u00f6temperatuur: miinus 20 kuni 100 kraadi<\/p>\n<p>Maksimaalne ronimisaste: 55<\/p>\n<p>Kruiisifunktsioon: jah<\/p>\n<p>Piduri t\u00fc\u00fcp: \u00f5lipidur<\/p>\n<p>Pidurdusfunktsioon ja -asend: v\u00e4ljas, esi- ja tagapidurid<\/p>\n<p>Piduri funktsioon ja asend: \u00f5lipidur, esi- ja tagapidurid<\/p>\n<p>Veekindel: IP54<\/p>\n<p>Korpuse materjal: raud + alumiinium<\/p>\n<p>Korpuse v\u00e4rv: must + punane<\/p>\n<p>S\u00f5iduki m\u00f5\u00f5tmed (pikkus, laius ja k\u00f5rgus cm): 142 * 70 * 151,8<\/p>\n<p>Kokkupandud suurus (pikkus, laius ja k\u00f5rgus cm): 147 * 37 * 66<\/p>\n<p>Netokaal (KG): 56,2<\/p>\n<p>T\u00e4iskaal (KG): 59<\/p>\n<p>Maksimaalne kehakaal (KG): 20-160<\/p>\n<p>Pedaali kaugus maapinnast (cm): 33,5 mm<\/p>\n<p>Kohaldatav k\u00f5rgus (cm): 180<\/p>\n<p>Amortisatsioonifunktsioon: eesmine \u00f5lisummutus, tagumine vedru summutus<\/p>\n<p>Mootori mudel: 13 tolli<\/p>\n<p>Nimipinge (V): 60V<\/p>\n<p>Nimiv\u00f5imsus (W): 2*2800W<\/p>\n<p>Nimivool (A): 13A<\/p>\n<p>T\u00fchjendusvool (A): 2,1A<\/p>\n<p>Koormusvaba kiirus (1min): 1650 p\u00f6\u00f6ret minutis<\/p>\n<p>Mootorite arv: 2<\/p>\n<p>Mootori asend: ees ja taga<\/p>\n<p>Mootori suurus (mm): 180mm<\/p>\n<p>Esiratta suurus (mm): 320 mm<\/p>\n<p>Tagaratta suurus (mm): 320 mm<\/p>\n<h3>Aku parameetrid<\/h3>\n<p>Aku mudel: HA256-01<\/p>\n<p>Aku mahutavus (AH): 30<\/p>\n<p>Nimipinge (V): 60<\/p>\n<p>Nimiv\u00f5imsus (W): 1800<\/p>\n<p>Laadimise sisendpinge (V): 67,2<\/p>\n<p>Nutikas BMS: jah<\/p>\n<p>Aku laadimisajad: 300<\/p>\n<p>Laadimisaeg (H): 11<\/p>\n<h3>Laadija parameetrid<\/h3>\n<p>Laadija mudel: 67.2V2A<\/p>\n<p>Nimisisendpinge (V): 100-240V<\/p>\n<p>Nimiv\u00e4ljundpinge (V): 67,2 V (pluss v\u00f5i miinus 1,5 V)<\/p>\n<p>Nimivool (A): 2,0 A (pluss v\u00f5i miinus 0,2 A)<\/p>\n<p>T\u00f6\u00f6pinge (V): 50-67,2V<\/p>\n<div class=\"mp4t_16_s mryx_16_s mr3m_1 mli2_1 mh85_56 mh85_0_l\">\n<div class=\"mg9e_8 mg9e_0_s mvrt_0_s mj7a_8 mj7a_0_s mh36_0_s mzmg_6m munh_16_l m3h2_16_l\">\n<div class=\"mp4t_0 mryx_0 munh_56 m3h2_56\">\n<div class=\"mp7g_oh\"><img decoding=\"async\" class=\"msub_k4 mupj_5k mjru_k4 mse2_k4 mp7g_f6 mq1m_0 mj7u_0 m7er_k4 lazyloaded\" src=\"https:\/\/a.allegroimg.com\/original\/11038a\/cf81158f422ca930ba93b6fbcca1\/OBARTER-X5-Hulajnoga-Elektryczna-5600W-13-85KM-H-Model-X5-5600W-13-85KM-H\" sizes=\"(min-width: 1200px) 560px, (min-width: 992px) 50vw, 100vw\" srcset=\"https:\/\/a.allegroimg.com\/s360\/11038a\/cf81158f422ca930ba93b6fbcca1\/OBARTER-X5-Hulajnoga-Elektryczna-5600W-13-85KM-H-Model-X5-5600W-13-85KM-H 271w,https:\/\/a.allegroimg.com\/s720\/11038a\/cf81158f422ca930ba93b6fbcca1\/OBARTER-X5-Hulajnoga-Elektryczna-5600W-13-85KM-H-Model-X5-5600W-13-85KM-H 542w,https:\/\/a.allegroimg.com\/s1024\/11038a\/cf81158f422ca930ba93b6fbcca1\/OBARTER-X5-Hulajnoga-Elektryczna-5600W-13-85KM-H-Model-X5-5600W-13-85KM-H 641w,https:\/\/a.allegroimg.com\/original\/11038a\/cf81158f422ca930ba93b6fbcca1\/OBARTER-X5-Hulajnoga-Elektryczna-5600W-13-85KM-H-Model-X5-5600W-13-85KM-H 641w\" alt=\"OBARTER X5 Hulajnoga Elektryczna 5600W 13&amp;quot; 85KM\/H Model X5 5600W 13&quot; 85KM\/H\" width=\"641px\" data-src=\"https:\/\/a.allegroimg.com\/original\/11038a\/cf81158f422ca930ba93b6fbcca1\/OBARTER-X5-Hulajnoga-Elektryczna-5600W-13-85KM-H-Model-X5-5600W-13-85KM-H\" data-srcset=\"https:\/\/a.allegroimg.com\/s360\/11038a\/cf81158f422ca930ba93b6fbcca1\/OBARTER-X5-Hulajnoga-Elektryczna-5600W-13-85KM-H-Model-X5-5600W-13-85KM-H 271w,https:\/\/a.allegroimg.com\/s720\/11038a\/cf81158f422ca930ba93b6fbcca1\/OBARTER-X5-Hulajnoga-Elektryczna-5600W-13-85KM-H-Model-X5-5600W-13-85KM-H 542w,https:\/\/a.allegroimg.com\/s1024\/11038a\/cf81158f422ca930ba93b6fbcca1\/OBARTER-X5-Hulajnoga-Elektryczna-5600W-13-85KM-H-Model-X5-5600W-13-85KM-H 641w,https:\/\/a.allegroimg.com\/original\/11038a\/cf81158f422ca930ba93b6fbcca1\/OBARTER-X5-Hulajnoga-Elektryczna-5600W-13-85KM-H-Model-X5-5600W-13-85KM-H 641w\" \/><\/div>\n<\/div>\n<\/div>\n<\/div>\n<div class=\"mp4t_16_s mryx_16_s mr3m_1 mli2_1 mh85_56 mh85_0_l\">\n<div class=\"mg9e_8 mg9e_0_s mvrt_0_s mj7a_8 mj7a_0_s mh36_0_s mzmg_6m munh_16_l m3h2_16_l\">\n<div class=\"mp4t_0 mryx_0 munh_56 m3h2_56\">\n<div class=\"mp7g_oh\"><img decoding=\"async\" class=\"msub_k4 mupj_5k mjru_k4 mse2_k4 mp7g_f6 mq1m_0 mj7u_0 m7er_k4 lazyloaded\" src=\"https:\/\/a.allegroimg.com\/original\/11c023\/a2994fc747ac87f536e369107691\/OBARTER-X5-Hulajnoga-Elektryczna-5600W-13-85KM-H-Color-black\" sizes=\"(min-width: 1200px) 560px, (min-width: 992px) 50vw, 100vw\" srcset=\"https:\/\/a.allegroimg.com\/s360\/11c023\/a2994fc747ac87f536e369107691\/OBARTER-X5-Hulajnoga-Elektryczna-5600W-13-85KM-H-Color-black 360w,https:\/\/a.allegroimg.com\/s720\/11c023\/a2994fc747ac87f536e369107691\/OBARTER-X5-Hulajnoga-Elektryczna-5600W-13-85KM-H-Color-black 720w,https:\/\/a.allegroimg.com\/s1024\/11c023\/a2994fc747ac87f536e369107691\/OBARTER-X5-Hulajnoga-Elektryczna-5600W-13-85KM-H-Color-black 1024w,https:\/\/a.allegroimg.com\/s1440\/11c023\/a2994fc747ac87f536e369107691\/OBARTER-X5-Hulajnoga-Elektryczna-5600W-13-85KM-H-Color-black 1285w,https:\/\/a.allegroimg.com\/original\/11c023\/a2994fc747ac87f536e369107691\/OBARTER-X5-Hulajnoga-Elektryczna-5600W-13-85KM-H-Color-black 1285w\" alt=\"OBARTER X5 Hulajnoga Elektryczna 5600W 13&amp;quot; 85KM\/H Color black\" width=\"650\" height=\"381\" data-src=\"https:\/\/a.allegroimg.com\/original\/11c023\/a2994fc747ac87f536e369107691\/OBARTER-X5-Hulajnoga-Elektryczna-5600W-13-85KM-H-Color-black\" data-srcset=\"https:\/\/a.allegroimg.com\/s360\/11c023\/a2994fc747ac87f536e369107691\/OBARTER-X5-Hulajnoga-Elektryczna-5600W-13-85KM-H-Color-black 360w,https:\/\/a.allegroimg.com\/s720\/11c023\/a2994fc747ac87f536e369107691\/OBARTER-X5-Hulajnoga-Elektryczna-5600W-13-85KM-H-Color-black 720w,https:\/\/a.allegroimg.com\/s1024\/11c023\/a2994fc747ac87f536e369107691\/OBARTER-X5-Hulajnoga-Elektryczna-5600W-13-85KM-H-Color-black 1024w,https:\/\/a.allegroimg.com\/s1440\/11c023\/a2994fc747ac87f536e369107691\/OBARTER-X5-Hulajnoga-Elektryczna-5600W-13-85KM-H-Color-black 1285w,https:\/\/a.allegroimg.com\/original\/11c023\/a2994fc747ac87f536e369107691\/OBARTER-X5-Hulajnoga-Elektryczna-5600W-13-85KM-H-Color-black 1285w\" \/><\/div>\n<\/div>\n<\/div>\n<\/div>\n","protected":false},"excerpt":{"rendered":"<p><strong>Obarter X5 5600W <\/strong><\/p>\n<ul>\n<li>Aku: 30Ah<\/li>\n<li>Netokaal: 56,2kg<\/li>\n<li>Maximum s\u00f5iduulatus: 120km<\/li>\n<li>Tippkiirus: 85 km\/h<\/li>\n<li>V\u00f5imsus: 2*2800W<\/li>\n<\/ul>\n<p>&nbsp;<\/p>\n<p><strong>\u2666 Tarneaeg 3-7 p\u00e4eva<\/strong><br \/>\n<strong>\u2666 Laos<\/strong><\/p>\n","protected":false},"featured_media":9890,"template":"","meta":[],"product_cat":[1279,53,911],"product_tag":[],"class_list":{"0":"post-8230","1":"product","2":"type-product","3":"status-publish","4":"has-post-thumbnail","6":"product_cat-obarter","7":"product_cat-elektritoukerattad","8":"product_cat-voimsad-toukerattad","9":"product_shipping_class-suured-pakid","11":"first","12":"instock","13":"sale","14":"taxable","15":"shipping-taxable","16":"purchasable","17":"product-type-simple"},"yoast_head":"<!-- This site is optimized with the Yoast SEO plugin v23.8 - https:\/\/yoast.com\/wordpress\/plugins\/seo\/ -->\n<title>Obarter X5 5600W elektriline t\u00f5ukeratas, 120km - Ecocruiser<\/title>\n<meta name=\"description\" content=\"Obarter X5 5600W Aku: 30Ah Netokaal: 56,2kg Maximum s\u00f5iduulatus: 120km Tippkiirus: 85 km\/h V\u00f5imsus: 2*2800W\" \/>\n<meta name=\"robots\" content=\"noindex, follow, max-snippet:-1, max-image-preview:large, max-video-preview:-1\" \/>\n<meta property=\"og:locale\" content=\"en_GB\" \/>\n<meta property=\"og:type\" content=\"article\" \/>\n<meta property=\"og:title\" content=\"Obarter X5 5600W elektriline t\u00f5ukeratas, 120km - Ecocruiser\" \/>\n<meta property=\"og:description\" content=\"Obarter X5 5600W Aku: 30Ah Netokaal: 56,2kg Maximum s\u00f5iduulatus: 120km Tippkiirus: 85 km\/h V\u00f5imsus: 2*2800W\" \/>\n<meta property=\"og:url\" content=\"https:\/\/projekt.vombat.ee\/eco\/pood\/brandid\/obarter\/obarter-x5-5600w-elektriline-toukeratas-120km\/\" \/>\n<meta property=\"og:site_name\" content=\"Ecocruiser\" \/>\n<meta property=\"article:modified_time\" content=\"2023-09-27T12:05:45+00:00\" \/>\n<meta property=\"og:image\" content=\"https:\/\/projekt.vombat.ee\/eco\/wp-content\/uploads\/2023\/04\/1-7.jpg\" \/>\n\t<meta property=\"og:image:width\" content=\"1000\" \/>\n\t<meta property=\"og:image:height\" content=\"1000\" \/>\n\t<meta property=\"og:image:type\" content=\"image\/jpeg\" \/>\n<meta name=\"twitter:card\" content=\"summary_large_image\" \/>\n<meta name=\"twitter:label1\" content=\"Estimated reading time\" \/>\n\t<meta name=\"twitter:data1\" content=\"2 minutes\" \/>\n<script type=\"application\/ld+json\" class=\"yoast-schema-graph\">{\"@context\":\"https:\/\/schema.org\",\"@graph\":[{\"@type\":\"WebPage\",\"@id\":\"https:\/\/projekt.vombat.ee\/eco\/pood\/brandid\/obarter\/obarter-x5-5600w-elektriline-toukeratas-120km\/\",\"url\":\"https:\/\/projekt.vombat.ee\/eco\/pood\/brandid\/obarter\/obarter-x5-5600w-elektriline-toukeratas-120km\/\",\"name\":\"Obarter X5 5600W elektriline t\u00f5ukeratas, 120km - Ecocruiser\",\"isPartOf\":{\"@id\":\"https:\/\/projekt.vombat.ee\/eco\/#website\"},\"primaryImageOfPage\":{\"@id\":\"https:\/\/projekt.vombat.ee\/eco\/pood\/brandid\/obarter\/obarter-x5-5600w-elektriline-toukeratas-120km\/#primaryimage\"},\"image\":{\"@id\":\"https:\/\/projekt.vombat.ee\/eco\/pood\/brandid\/obarter\/obarter-x5-5600w-elektriline-toukeratas-120km\/#primaryimage\"},\"thumbnailUrl\":\"https:\/\/projekt.vombat.ee\/eco\/wp-content\/uploads\/2023\/04\/1-7.jpg\",\"datePublished\":\"2023-04-04T20:09:54+00:00\",\"dateModified\":\"2023-09-27T12:05:45+00:00\",\"description\":\"Obarter X5 5600W Aku: 30Ah Netokaal: 56,2kg Maximum s\u00f5iduulatus: 120km Tippkiirus: 85 km\/h V\u00f5imsus: 2*2800W\",\"breadcrumb\":{\"@id\":\"https:\/\/projekt.vombat.ee\/eco\/pood\/brandid\/obarter\/obarter-x5-5600w-elektriline-toukeratas-120km\/#breadcrumb\"},\"inLanguage\":\"en-GB\",\"potentialAction\":[{\"@type\":\"ReadAction\",\"target\":[\"https:\/\/projekt.vombat.ee\/eco\/pood\/brandid\/obarter\/obarter-x5-5600w-elektriline-toukeratas-120km\/\"]}]},{\"@type\":\"ImageObject\",\"inLanguage\":\"en-GB\",\"@id\":\"https:\/\/projekt.vombat.ee\/eco\/pood\/brandid\/obarter\/obarter-x5-5600w-elektriline-toukeratas-120km\/#primaryimage\",\"url\":\"https:\/\/projekt.vombat.ee\/eco\/wp-content\/uploads\/2023\/04\/1-7.jpg\",\"contentUrl\":\"https:\/\/projekt.vombat.ee\/eco\/wp-content\/uploads\/2023\/04\/1-7.jpg\",\"width\":1000,\"height\":1000},{\"@type\":\"BreadcrumbList\",\"@id\":\"https:\/\/projekt.vombat.ee\/eco\/pood\/brandid\/obarter\/obarter-x5-5600w-elektriline-toukeratas-120km\/#breadcrumb\",\"itemListElement\":[{\"@type\":\"ListItem\",\"position\":1,\"name\":\"Home\",\"item\":\"https:\/\/projekt.vombat.ee\/eco\/\"},{\"@type\":\"ListItem\",\"position\":2,\"name\":\"Pood\",\"item\":\"https:\/\/projekt.vombat.ee\/eco\/pood\/\"},{\"@type\":\"ListItem\",\"position\":3,\"name\":\"Obarter X5 5600W elektriline t\u00f5ukeratas, 120km\"}]},{\"@type\":\"WebSite\",\"@id\":\"https:\/\/projekt.vombat.ee\/eco\/#website\",\"url\":\"https:\/\/projekt.vombat.ee\/eco\/\",\"name\":\"Ecocruiser\",\"description\":\"\",\"publisher\":{\"@id\":\"https:\/\/projekt.vombat.ee\/eco\/#organization\"},\"potentialAction\":[{\"@type\":\"SearchAction\",\"target\":{\"@type\":\"EntryPoint\",\"urlTemplate\":\"https:\/\/projekt.vombat.ee\/eco\/?s={search_term_string}\"},\"query-input\":{\"@type\":\"PropertyValueSpecification\",\"valueRequired\":true,\"valueName\":\"search_term_string\"}}],\"inLanguage\":\"en-GB\"},{\"@type\":\"Organization\",\"@id\":\"https:\/\/projekt.vombat.ee\/eco\/#organization\",\"name\":\"Ecocruiser\",\"url\":\"https:\/\/projekt.vombat.ee\/eco\/\",\"logo\":{\"@type\":\"ImageObject\",\"inLanguage\":\"en-GB\",\"@id\":\"https:\/\/projekt.vombat.ee\/eco\/#\/schema\/logo\/image\/\",\"url\":\"https:\/\/projekt.vombat.ee\/eco\/wp-content\/uploads\/2023\/03\/ECOCRUISER_5.png\",\"contentUrl\":\"https:\/\/projekt.vombat.ee\/eco\/wp-content\/uploads\/2023\/03\/ECOCRUISER_5.png\",\"width\":234,\"height\":91,\"caption\":\"Ecocruiser\"},\"image\":{\"@id\":\"https:\/\/projekt.vombat.ee\/eco\/#\/schema\/logo\/image\/\"}}]}<\/script>\n<!-- \/ Yoast SEO plugin. -->","yoast_head_json":{"title":"Obarter X5 5600W elektriline t\u00f5ukeratas, 120km - Ecocruiser","description":"Obarter X5 5600W Aku: 30Ah Netokaal: 56,2kg Maximum s\u00f5iduulatus: 120km Tippkiirus: 85 km\/h V\u00f5imsus: 2*2800W","robots":{"index":"noindex","follow":"follow","max-snippet":"max-snippet:-1","max-image-preview":"max-image-preview:large","max-video-preview":"max-video-preview:-1"},"og_locale":"en_GB","og_type":"article","og_title":"Obarter X5 5600W elektriline t\u00f5ukeratas, 120km - Ecocruiser","og_description":"Obarter X5 5600W Aku: 30Ah Netokaal: 56,2kg Maximum s\u00f5iduulatus: 120km Tippkiirus: 85 km\/h V\u00f5imsus: 2*2800W","og_url":"https:\/\/projekt.vombat.ee\/eco\/pood\/brandid\/obarter\/obarter-x5-5600w-elektriline-toukeratas-120km\/","og_site_name":"Ecocruiser","article_modified_time":"2023-09-27T12:05:45+00:00","og_image":[{"width":1000,"height":1000,"url":"https:\/\/projekt.vombat.ee\/eco\/wp-content\/uploads\/2023\/04\/1-7.jpg","type":"image\/jpeg"}],"twitter_card":"summary_large_image","twitter_misc":{"Estimated reading time":"2 minutes"},"schema":{"@context":"https:\/\/schema.org","@graph":[{"@type":"WebPage","@id":"https:\/\/projekt.vombat.ee\/eco\/pood\/brandid\/obarter\/obarter-x5-5600w-elektriline-toukeratas-120km\/","url":"https:\/\/projekt.vombat.ee\/eco\/pood\/brandid\/obarter\/obarter-x5-5600w-elektriline-toukeratas-120km\/","name":"Obarter X5 5600W elektriline t\u00f5ukeratas, 120km - Ecocruiser","isPartOf":{"@id":"https:\/\/projekt.vombat.ee\/eco\/#website"},"primaryImageOfPage":{"@id":"https:\/\/projekt.vombat.ee\/eco\/pood\/brandid\/obarter\/obarter-x5-5600w-elektriline-toukeratas-120km\/#primaryimage"},"image":{"@id":"https:\/\/projekt.vombat.ee\/eco\/pood\/brandid\/obarter\/obarter-x5-5600w-elektriline-toukeratas-120km\/#primaryimage"},"thumbnailUrl":"https:\/\/projekt.vombat.ee\/eco\/wp-content\/uploads\/2023\/04\/1-7.jpg","datePublished":"2023-04-04T20:09:54+00:00","dateModified":"2023-09-27T12:05:45+00:00","description":"Obarter X5 5600W Aku: 30Ah Netokaal: 56,2kg Maximum s\u00f5iduulatus: 120km Tippkiirus: 85 km\/h V\u00f5imsus: 2*2800W","breadcrumb":{"@id":"https:\/\/projekt.vombat.ee\/eco\/pood\/brandid\/obarter\/obarter-x5-5600w-elektriline-toukeratas-120km\/#breadcrumb"},"inLanguage":"en-GB","potentialAction":[{"@type":"ReadAction","target":["https:\/\/projekt.vombat.ee\/eco\/pood\/brandid\/obarter\/obarter-x5-5600w-elektriline-toukeratas-120km\/"]}]},{"@type":"ImageObject","inLanguage":"en-GB","@id":"https:\/\/projekt.vombat.ee\/eco\/pood\/brandid\/obarter\/obarter-x5-5600w-elektriline-toukeratas-120km\/#primaryimage","url":"https:\/\/projekt.vombat.ee\/eco\/wp-content\/uploads\/2023\/04\/1-7.jpg","contentUrl":"https:\/\/projekt.vombat.ee\/eco\/wp-content\/uploads\/2023\/04\/1-7.jpg","width":1000,"height":1000},{"@type":"BreadcrumbList","@id":"https:\/\/projekt.vombat.ee\/eco\/pood\/brandid\/obarter\/obarter-x5-5600w-elektriline-toukeratas-120km\/#breadcrumb","itemListElement":[{"@type":"ListItem","position":1,"name":"Home","item":"https:\/\/projekt.vombat.ee\/eco\/"},{"@type":"ListItem","position":2,"name":"Pood","item":"https:\/\/projekt.vombat.ee\/eco\/pood\/"},{"@type":"ListItem","position":3,"name":"Obarter X5 5600W elektriline t\u00f5ukeratas, 120km"}]},{"@type":"WebSite","@id":"https:\/\/projekt.vombat.ee\/eco\/#website","url":"https:\/\/projekt.vombat.ee\/eco\/","name":"Ecocruiser","description":"","publisher":{"@id":"https:\/\/projekt.vombat.ee\/eco\/#organization"},"potentialAction":[{"@type":"SearchAction","target":{"@type":"EntryPoint","urlTemplate":"https:\/\/projekt.vombat.ee\/eco\/?s={search_term_string}"},"query-input":{"@type":"PropertyValueSpecification","valueRequired":true,"valueName":"search_term_string"}}],"inLanguage":"en-GB"},{"@type":"Organization","@id":"https:\/\/projekt.vombat.ee\/eco\/#organization","name":"Ecocruiser","url":"https:\/\/projekt.vombat.ee\/eco\/","logo":{"@type":"ImageObject","inLanguage":"en-GB","@id":"https:\/\/projekt.vombat.ee\/eco\/#\/schema\/logo\/image\/","url":"https:\/\/projekt.vombat.ee\/eco\/wp-content\/uploads\/2023\/03\/ECOCRUISER_5.png","contentUrl":"https:\/\/projekt.vombat.ee\/eco\/wp-content\/uploads\/2023\/03\/ECOCRUISER_5.png","width":234,"height":91,"caption":"Ecocruiser"},"image":{"@id":"https:\/\/projekt.vombat.ee\/eco\/#\/schema\/logo\/image\/"}}]}},"lang":"et","translations":{"et":8230,"fi":8435,"ru":10511},"pll_sync_post":[],"_links":{"self":[{"href":"https:\/\/projekt.vombat.ee\/eco\/wp-json\/wp\/v2\/product\/8230"}],"collection":[{"href":"https:\/\/projekt.vombat.ee\/eco\/wp-json\/wp\/v2\/product"}],"about":[{"href":"https:\/\/projekt.vombat.ee\/eco\/wp-json\/wp\/v2\/types\/product"}],"version-history":[{"count":3,"href":"https:\/\/projekt.vombat.ee\/eco\/wp-json\/wp\/v2\/product\/8230\/revisions"}],"predecessor-version":[{"id":9893,"href":"https:\/\/projekt.vombat.ee\/eco\/wp-json\/wp\/v2\/product\/8230\/revisions\/9893"}],"wp:featuredmedia":[{"embeddable":true,"href":"https:\/\/projekt.vombat.ee\/eco\/wp-json\/wp\/v2\/media\/9890"}],"wp:attachment":[{"href":"https:\/\/projekt.vombat.ee\/eco\/wp-json\/wp\/v2\/media?parent=8230"}],"wp:term":[{"taxonomy":"product_cat","embeddable":true,"href":"https:\/\/projekt.vombat.ee\/eco\/wp-json\/wp\/v2\/product_cat?post=8230"},{"taxonomy":"product_tag","embeddable":true,"href":"https:\/\/projekt.vombat.ee\/eco\/wp-json\/wp\/v2\/product_tag?post=8230"}],"curies":[{"name":"wp","href":"https:\/\/api.w.org\/{rel}","templated":true}]}}