{"id":7499,"date":"2023-03-26T16:51:25","date_gmt":"2023-03-26T16:51:25","guid":{"rendered":"https:\/\/projekt.vombat.ee\/eco\/?post_type=product&#038;p=7499"},"modified":"2024-03-17T19:24:22","modified_gmt":"2024-03-17T19:24:22","slug":"keteles-kf9-100-km","status":"publish","type":"product","link":"https:\/\/projekt.vombat.ee\/eco\/fi\/myym%C3%A4l%C3%A4\/sahkopyorat\/taitettavat-sahkopyorat\/keteles-kf9-100-km\/","title":{"rendered":"KETELES KF9, 100 km"},"content":{"rendered":"<h1>KETELES KF9<\/h1>\n<p><img fetchpriority=\"high\" decoding=\"async\" class=\"msub_k4 mupj_5k mjru_k4 mse2_k4 mp7g_f6 mq1m_0 mj7u_0 m7er_k4 lazyloaded\" src=\"https:\/\/a.allegroimg.com\/original\/1163bd\/bd35b3004094ae72d062e1d38b08\/Rower-Elektryczny-1000W-18A-45km-h-Hamulec-olejowy-EAN-GTIN-4537365607286\" sizes=\"(min-width: 1200px) 560px, (min-width: 992px) 50vw, 100vw\" srcset=\"https:\/\/a.allegroimg.com\/s360\/1163bd\/bd35b3004094ae72d062e1d38b08\/Rower-Elektryczny-1000W-18A-45km-h-Hamulec-olejowy-EAN-GTIN-4537365607286 360w,https:\/\/a.allegroimg.com\/s720\/1163bd\/bd35b3004094ae72d062e1d38b08\/Rower-Elektryczny-1000W-18A-45km-h-Hamulec-olejowy-EAN-GTIN-4537365607286 720w,https:\/\/a.allegroimg.com\/s1024\/1163bd\/bd35b3004094ae72d062e1d38b08\/Rower-Elektryczny-1000W-18A-45km-h-Hamulec-olejowy-EAN-GTIN-4537365607286 1000w,https:\/\/a.allegroimg.com\/original\/1163bd\/bd35b3004094ae72d062e1d38b08\/Rower-Elektryczny-1000W-18A-45km-h-Hamulec-olejowy-EAN-GTIN-4537365607286 1000w\" alt=\"Rower Elektryczny 1000W 18A 45km\/h Hamulec olejowy EAN (GTIN) 4537365607286\" width=\"732\" height=\"732\" data-src=\"https:\/\/a.allegroimg.com\/original\/1163bd\/bd35b3004094ae72d062e1d38b08\/Rower-Elektryczny-1000W-18A-45km-h-Hamulec-olejowy-EAN-GTIN-4537365607286\" data-srcset=\"https:\/\/a.allegroimg.com\/s360\/1163bd\/bd35b3004094ae72d062e1d38b08\/Rower-Elektryczny-1000W-18A-45km-h-Hamulec-olejowy-EAN-GTIN-4537365607286 360w,https:\/\/a.allegroimg.com\/s720\/1163bd\/bd35b3004094ae72d062e1d38b08\/Rower-Elektryczny-1000W-18A-45km-h-Hamulec-olejowy-EAN-GTIN-4537365607286 720w,https:\/\/a.allegroimg.com\/s1024\/1163bd\/bd35b3004094ae72d062e1d38b08\/Rower-Elektryczny-1000W-18A-45km-h-Hamulec-olejowy-EAN-GTIN-4537365607286 1000w,https:\/\/a.allegroimg.com\/original\/1163bd\/bd35b3004094ae72d062e1d38b08\/Rower-Elektryczny-1000W-18A-45km-h-Hamulec-olejowy-EAN-GTIN-4537365607286 1000w\" \/><\/p>\n<h3>Hydrauliset jarrut<\/h3>\n<p>Vaihdoimme KF9-jarrut hydraulisiksi parantaaksemme turvallisuutta ja sujuvuutta. Levyjarruihin verrattuna hydraulijarruilla on pidempi k\u00e4ytt\u00f6ik\u00e4 ja parempi vaste. Voit s\u00e4\u00e4t\u00e4\u00e4 hydraulisten jarrujen joustavuutta tarpeidesi mukaan.<\/p>\n<p><img decoding=\"async\" class=\"msub_k4 mupj_5k mjru_k4 mse2_k4 mp7g_f6 mq1m_0 mj7u_0 m7er_k4 lazyloaded\" src=\"https:\/\/a.allegroimg.com\/original\/1194c8\/4bc42d56488e939e53e3978e6e03\/Rower-Elektryczny-1000W-18A-45km-h-Hamulec-olejowy-Wheel-Size-20\" sizes=\"100vw\" srcset=\"https:\/\/a.allegroimg.com\/s360\/1194c8\/4bc42d56488e939e53e3978e6e03\/Rower-Elektryczny-1000W-18A-45km-h-Hamulec-olejowy-Wheel-Size-20 360w,https:\/\/a.allegroimg.com\/s720\/1194c8\/4bc42d56488e939e53e3978e6e03\/Rower-Elektryczny-1000W-18A-45km-h-Hamulec-olejowy-Wheel-Size-20 720w,https:\/\/a.allegroimg.com\/s1024\/1194c8\/4bc42d56488e939e53e3978e6e03\/Rower-Elektryczny-1000W-18A-45km-h-Hamulec-olejowy-Wheel-Size-20 1000w,https:\/\/a.allegroimg.com\/original\/1194c8\/4bc42d56488e939e53e3978e6e03\/Rower-Elektryczny-1000W-18A-45km-h-Hamulec-olejowy-Wheel-Size-20 1000w\" alt=\"Rower Elektryczny 1000W 18A 45km\/h Hamulec olejowy Wheel Size (&quot;) 20\" width=\"738\" height=\"738\" data-src=\"https:\/\/a.allegroimg.com\/original\/1194c8\/4bc42d56488e939e53e3978e6e03\/Rower-Elektryczny-1000W-18A-45km-h-Hamulec-olejowy-Wheel-Size-20\" data-srcset=\"https:\/\/a.allegroimg.com\/s360\/1194c8\/4bc42d56488e939e53e3978e6e03\/Rower-Elektryczny-1000W-18A-45km-h-Hamulec-olejowy-Wheel-Size-20 360w,https:\/\/a.allegroimg.com\/s720\/1194c8\/4bc42d56488e939e53e3978e6e03\/Rower-Elektryczny-1000W-18A-45km-h-Hamulec-olejowy-Wheel-Size-20 720w,https:\/\/a.allegroimg.com\/s1024\/1194c8\/4bc42d56488e939e53e3978e6e03\/Rower-Elektryczny-1000W-18A-45km-h-Hamulec-olejowy-Wheel-Size-20 1000w,https:\/\/a.allegroimg.com\/original\/1194c8\/4bc42d56488e939e53e3978e6e03\/Rower-Elektryczny-1000W-18A-45km-h-Hamulec-olejowy-Wheel-Size-20 1000w\" \/><\/p>\n<h3>18AH suurikapasiteettinen litiumakku<\/h3>\n<p>T\u00e4m\u00e4 s\u00e4hk\u00f6inen maastopy\u00f6r\u00e4 on varustettu 48V\/18Ah litiumakulla. Puhtaasti s\u00e4hk\u00f6k\u00e4yt\u00f6ss\u00e4 ajomatka on 50-60 kilometri\u00e4. Kokoontaitettava keskiakseli ja vaihdettava akku mahdollistavat helpon purkamisen ja lataamisen.<\/p>\n<h3>Latausaika on 4-7 tuntia.<\/h3>\n<p>Nopea harjaton moottori: Varustettu 48 V:n moottorilla, joka on nopea, hiljainen ja tehokas. Suurin nopeus on rajoitettu 25 km\/h. Tietysti voit my\u00f6s s\u00e4\u00e4t\u00e4\u00e4 nopeutta nopeammaksi.<\/p>\n<h3>Kaikki on avuksesi<\/h3>\n<p>3 ty\u00f6tilaa: s\u00e4hk\u00f6py\u00f6riss\u00e4 on puhdas s\u00e4hk\u00f6tila, tukitila ja henkil\u00f6kohtainen tila. 20 tuuman alumiinivanteet ja 4 tuuman paksut renkaat sopivat kaupunki- ja maastoymp\u00e4rist\u00f6ihin hyviss\u00e4 tieolosuhteissa.<\/p>\n<h3><img decoding=\"async\" class=\"msub_k4 mupj_5k mjru_k4 mse2_k4 mp7g_f6 mq1m_0 mj7u_0 m7er_k4 lazyloaded\" src=\"https:\/\/a.allegroimg.com\/original\/118c93\/06a72b2945c39aac8b5bed365c08\/Rower-Elektryczny-1000W-18A-45km-h-Hamulec-olejowy-Color-blue\" sizes=\"(min-width: 1200px) 560px, (min-width: 992px) 50vw, 100vw\" srcset=\"https:\/\/a.allegroimg.com\/s360\/118c93\/06a72b2945c39aac8b5bed365c08\/Rower-Elektryczny-1000W-18A-45km-h-Hamulec-olejowy-Color-blue 360w,https:\/\/a.allegroimg.com\/s720\/118c93\/06a72b2945c39aac8b5bed365c08\/Rower-Elektryczny-1000W-18A-45km-h-Hamulec-olejowy-Color-blue 720w,https:\/\/a.allegroimg.com\/s1024\/118c93\/06a72b2945c39aac8b5bed365c08\/Rower-Elektryczny-1000W-18A-45km-h-Hamulec-olejowy-Color-blue 1000w,https:\/\/a.allegroimg.com\/original\/118c93\/06a72b2945c39aac8b5bed365c08\/Rower-Elektryczny-1000W-18A-45km-h-Hamulec-olejowy-Color-blue 1000w\" alt=\"Rower Elektryczny 1000W 18A 45km\/h Hamulec olejowy Color blue\" width=\"747\" height=\"629\" data-src=\"https:\/\/a.allegroimg.com\/original\/118c93\/06a72b2945c39aac8b5bed365c08\/Rower-Elektryczny-1000W-18A-45km-h-Hamulec-olejowy-Color-blue\" data-srcset=\"https:\/\/a.allegroimg.com\/s360\/118c93\/06a72b2945c39aac8b5bed365c08\/Rower-Elektryczny-1000W-18A-45km-h-Hamulec-olejowy-Color-blue 360w,https:\/\/a.allegroimg.com\/s720\/118c93\/06a72b2945c39aac8b5bed365c08\/Rower-Elektryczny-1000W-18A-45km-h-Hamulec-olejowy-Color-blue 720w,https:\/\/a.allegroimg.com\/s1024\/118c93\/06a72b2945c39aac8b5bed365c08\/Rower-Elektryczny-1000W-18A-45km-h-Hamulec-olejowy-Color-blue 1000w,https:\/\/a.allegroimg.com\/original\/118c93\/06a72b2945c39aac8b5bed365c08\/Rower-Elektryczny-1000W-18A-45km-h-Hamulec-olejowy-Color-blue 1000w\" \/><\/h3>\n<h3>Tiedot<\/h3>\n<p>Malli: KF9<br \/>\nMoottori: 1000W<br \/>\nAkku: 48V 18AH Samsung<br \/>\nMittari: LCD p\u00f6ly- ja vesitiivis<br \/>\nOhjain: 48 V \u00e4lyk\u00e4s harjaton ylivirtasuoja<br \/>\nLaturi: 48V 2A litiumakku \u00e4lyk\u00e4s laturi<br \/>\nKaasu: Kolmen pisteen tehon kierrosluvun ilmaisin.<br \/>\nVahvistin: Eritt\u00e4in herkk\u00e4 induktiivinen vahvistin helpottaa ajamista ja s\u00e4\u00e4st\u00e4\u00e4 energiaa<br \/>\nValo: LED-valo ja \u00e4\u00e4nimerkki<br \/>\nJarrut: Jetcon etu- ja takajarrukytkin<br \/>\nNopeus: n. 50 km\/h<br \/>\nPuhdas s\u00e4hk\u00f6k\u00e4ytt\u00f6inen kantama: n. 60 km<br \/>\nS\u00e4hk\u00f6inen kantama: n. 100 km<br \/>\nLatausaika: 7-9 tuntia<br \/>\nKantavuus: 200 kg<br \/>\nRunko: erityinen alumiiniseosrunko litiumakulla<br \/>\nKellotaulu: Tuotu Shimano tx30 -asentovalitsin<br \/>\nTakavaihtoehto: Tuotu Shimano tz50 takasatula<br \/>\nPy\u00f6r\u00e4n koko: 20 tuumaa<br \/>\nPy\u00f6r\u00e4t: 20 tuuman kevytmetallivanteet<br \/>\nRenkaat: 20&#8243; 20*4.0 renkaat<br \/>\nEtuhaarukka: t\u00e4ysalumiinia s\u00e4\u00e4dett\u00e4v\u00e4ll\u00e4 vaimennuksena.<br \/>\nJarrutyyppi: \u00f6ljyjarru<br \/>\nVauhtipy\u00f6r\u00e4: maahantuotu Shimano mf-tz500-7 asemointivauhtipy\u00f6r\u00e4<br \/>\nNettopaino: 31 kg<br \/>\nKoko (PxLxK): 180x43x116 cm<\/p>\n","protected":false},"excerpt":{"rendered":"<p><strong>KETELES KF9<\/strong><\/p>\n<ul>\n<li>Moottori: 1000W<\/li>\n<li>Akku: 48V 18AH<\/li>\n<li>Ajomatka: 100 km<\/li>\n<li>Latausaika: 7-9 tuntia<\/li>\n<li>Kantavuus: 200 kg<\/li>\n<\/ul>\n<p>&nbsp;<\/p>\n<p><strong>\u2666 Toimitusaika 3-7 p\u00e4iv\u00e4\u00e4<\/strong><br \/>\n<strong>\u2666 Varastossa<\/strong><\/p>\n","protected":false},"featured_media":7500,"template":"","meta":[],"product_cat":[983,985,979,981],"product_tag":[],"class_list":{"0":"post-7499","1":"product","2":"type-product","3":"status-publish","4":"has-post-thumbnail","6":"product_cat-sahkokaupunkipyorat","7":"product_cat-sahkomaastopyora","8":"product_cat-sahkopyorat","9":"product_cat-taitettavat-sahkopyorat","10":"product_shipping_class-suured-pakid","12":"first","13":"instock","14":"taxable","15":"shipping-taxable","16":"purchasable","17":"product-type-simple"},"yoast_head":"<!-- This site is optimized with the Yoast SEO plugin v23.8 - https:\/\/yoast.com\/wordpress\/plugins\/seo\/ -->\n<title>KETELES KF9, 100 km - Ecocruiser<\/title>\n<meta name=\"description\" content=\"KATTILAT KF9. Moottori: 1000W Akku: 48V 18AH Ajomatka: 100 km Latausaika: 7-9 tuntia Kantavuus: 200KG\" \/>\n<meta name=\"robots\" content=\"noindex, follow, max-snippet:-1, max-image-preview:large, max-video-preview:-1\" \/>\n<meta property=\"og:locale\" content=\"en_GB\" \/>\n<meta property=\"og:type\" content=\"article\" \/>\n<meta property=\"og:title\" content=\"KETELES KF9, 100 km - Ecocruiser\" \/>\n<meta property=\"og:description\" content=\"KATTILAT KF9. Moottori: 1000W Akku: 48V 18AH Ajomatka: 100 km Latausaika: 7-9 tuntia Kantavuus: 200KG\" \/>\n<meta property=\"og:url\" content=\"https:\/\/projekt.vombat.ee\/eco\/fi\/myym\u00e4l\u00e4\/sahkopyorat\/taitettavat-sahkopyorat\/keteles-kf9-100-km\/\" \/>\n<meta property=\"og:site_name\" content=\"Ecocruiser\" \/>\n<meta property=\"article:modified_time\" content=\"2024-03-17T19:24:22+00:00\" \/>\n<meta property=\"og:image\" content=\"https:\/\/projekt.vombat.ee\/eco\/wp-content\/uploads\/2023\/03\/1-7.jpg\" \/>\n\t<meta property=\"og:image:width\" content=\"800\" \/>\n\t<meta property=\"og:image:height\" content=\"800\" \/>\n\t<meta property=\"og:image:type\" content=\"image\/jpeg\" \/>\n<meta name=\"twitter:card\" content=\"summary_large_image\" \/>\n<meta name=\"twitter:label1\" content=\"Estimated reading time\" \/>\n\t<meta name=\"twitter:data1\" content=\"2 minutes\" \/>\n<script type=\"application\/ld+json\" class=\"yoast-schema-graph\">{\"@context\":\"https:\/\/schema.org\",\"@graph\":[{\"@type\":\"WebPage\",\"@id\":\"https:\/\/projekt.vombat.ee\/eco\/fi\/myym%C3%A4l%C3%A4\/sahkopyorat\/taitettavat-sahkopyorat\/keteles-kf9-100-km\/\",\"url\":\"https:\/\/projekt.vombat.ee\/eco\/fi\/myym%C3%A4l%C3%A4\/sahkopyorat\/taitettavat-sahkopyorat\/keteles-kf9-100-km\/\",\"name\":\"KETELES KF9, 100 km - Ecocruiser\",\"isPartOf\":{\"@id\":\"https:\/\/projekt.vombat.ee\/eco\/#website\"},\"primaryImageOfPage\":{\"@id\":\"https:\/\/projekt.vombat.ee\/eco\/fi\/myym%C3%A4l%C3%A4\/sahkopyorat\/taitettavat-sahkopyorat\/keteles-kf9-100-km\/#primaryimage\"},\"image\":{\"@id\":\"https:\/\/projekt.vombat.ee\/eco\/fi\/myym%C3%A4l%C3%A4\/sahkopyorat\/taitettavat-sahkopyorat\/keteles-kf9-100-km\/#primaryimage\"},\"thumbnailUrl\":\"https:\/\/projekt.vombat.ee\/eco\/wp-content\/uploads\/2023\/03\/1-7.jpg\",\"datePublished\":\"2023-03-26T16:51:25+00:00\",\"dateModified\":\"2024-03-17T19:24:22+00:00\",\"description\":\"KATTILAT KF9. Moottori: 1000W Akku: 48V 18AH Ajomatka: 100 km Latausaika: 7-9 tuntia Kantavuus: 200KG\",\"breadcrumb\":{\"@id\":\"https:\/\/projekt.vombat.ee\/eco\/fi\/myym%C3%A4l%C3%A4\/sahkopyorat\/taitettavat-sahkopyorat\/keteles-kf9-100-km\/#breadcrumb\"},\"inLanguage\":\"en-GB\",\"potentialAction\":[{\"@type\":\"ReadAction\",\"target\":[\"https:\/\/projekt.vombat.ee\/eco\/fi\/myym%C3%A4l%C3%A4\/sahkopyorat\/taitettavat-sahkopyorat\/keteles-kf9-100-km\/\"]}]},{\"@type\":\"ImageObject\",\"inLanguage\":\"en-GB\",\"@id\":\"https:\/\/projekt.vombat.ee\/eco\/fi\/myym%C3%A4l%C3%A4\/sahkopyorat\/taitettavat-sahkopyorat\/keteles-kf9-100-km\/#primaryimage\",\"url\":\"https:\/\/projekt.vombat.ee\/eco\/wp-content\/uploads\/2023\/03\/1-7.jpg\",\"contentUrl\":\"https:\/\/projekt.vombat.ee\/eco\/wp-content\/uploads\/2023\/03\/1-7.jpg\",\"width\":800,\"height\":800},{\"@type\":\"BreadcrumbList\",\"@id\":\"https:\/\/projekt.vombat.ee\/eco\/fi\/myym%C3%A4l%C3%A4\/sahkopyorat\/taitettavat-sahkopyorat\/keteles-kf9-100-km\/#breadcrumb\",\"itemListElement\":[{\"@type\":\"ListItem\",\"position\":1,\"name\":\"Home\",\"item\":\"https:\/\/projekt.vombat.ee\/eco\/\"},{\"@type\":\"ListItem\",\"position\":2,\"name\":\"Pood\",\"item\":\"https:\/\/projekt.vombat.ee\/eco\/pood\/\"},{\"@type\":\"ListItem\",\"position\":3,\"name\":\"KETELES KF9, 100 km\"}]},{\"@type\":\"WebSite\",\"@id\":\"https:\/\/projekt.vombat.ee\/eco\/#website\",\"url\":\"https:\/\/projekt.vombat.ee\/eco\/\",\"name\":\"Ecocruiser\",\"description\":\"\",\"publisher\":{\"@id\":\"https:\/\/projekt.vombat.ee\/eco\/#organization\"},\"potentialAction\":[{\"@type\":\"SearchAction\",\"target\":{\"@type\":\"EntryPoint\",\"urlTemplate\":\"https:\/\/projekt.vombat.ee\/eco\/?s={search_term_string}\"},\"query-input\":{\"@type\":\"PropertyValueSpecification\",\"valueRequired\":true,\"valueName\":\"search_term_string\"}}],\"inLanguage\":\"en-GB\"},{\"@type\":\"Organization\",\"@id\":\"https:\/\/projekt.vombat.ee\/eco\/#organization\",\"name\":\"Ecocruiser\",\"url\":\"https:\/\/projekt.vombat.ee\/eco\/\",\"logo\":{\"@type\":\"ImageObject\",\"inLanguage\":\"en-GB\",\"@id\":\"https:\/\/projekt.vombat.ee\/eco\/#\/schema\/logo\/image\/\",\"url\":\"https:\/\/projekt.vombat.ee\/eco\/wp-content\/uploads\/2023\/03\/ECOCRUISER_5.png\",\"contentUrl\":\"https:\/\/projekt.vombat.ee\/eco\/wp-content\/uploads\/2023\/03\/ECOCRUISER_5.png\",\"width\":234,\"height\":91,\"caption\":\"Ecocruiser\"},\"image\":{\"@id\":\"https:\/\/projekt.vombat.ee\/eco\/#\/schema\/logo\/image\/\"}}]}<\/script>\n<!-- \/ Yoast SEO plugin. -->","yoast_head_json":{"title":"KETELES KF9, 100 km - Ecocruiser","description":"KATTILAT KF9. Moottori: 1000W Akku: 48V 18AH Ajomatka: 100 km Latausaika: 7-9 tuntia Kantavuus: 200KG","robots":{"index":"noindex","follow":"follow","max-snippet":"max-snippet:-1","max-image-preview":"max-image-preview:large","max-video-preview":"max-video-preview:-1"},"og_locale":"en_GB","og_type":"article","og_title":"KETELES KF9, 100 km - Ecocruiser","og_description":"KATTILAT KF9. Moottori: 1000W Akku: 48V 18AH Ajomatka: 100 km Latausaika: 7-9 tuntia Kantavuus: 200KG","og_url":"https:\/\/projekt.vombat.ee\/eco\/fi\/myym\u00e4l\u00e4\/sahkopyorat\/taitettavat-sahkopyorat\/keteles-kf9-100-km\/","og_site_name":"Ecocruiser","article_modified_time":"2024-03-17T19:24:22+00:00","og_image":[{"width":800,"height":800,"url":"https:\/\/projekt.vombat.ee\/eco\/wp-content\/uploads\/2023\/03\/1-7.jpg","type":"image\/jpeg"}],"twitter_card":"summary_large_image","twitter_misc":{"Estimated reading time":"2 minutes"},"schema":{"@context":"https:\/\/schema.org","@graph":[{"@type":"WebPage","@id":"https:\/\/projekt.vombat.ee\/eco\/fi\/myym%C3%A4l%C3%A4\/sahkopyorat\/taitettavat-sahkopyorat\/keteles-kf9-100-km\/","url":"https:\/\/projekt.vombat.ee\/eco\/fi\/myym%C3%A4l%C3%A4\/sahkopyorat\/taitettavat-sahkopyorat\/keteles-kf9-100-km\/","name":"KETELES KF9, 100 km - Ecocruiser","isPartOf":{"@id":"https:\/\/projekt.vombat.ee\/eco\/#website"},"primaryImageOfPage":{"@id":"https:\/\/projekt.vombat.ee\/eco\/fi\/myym%C3%A4l%C3%A4\/sahkopyorat\/taitettavat-sahkopyorat\/keteles-kf9-100-km\/#primaryimage"},"image":{"@id":"https:\/\/projekt.vombat.ee\/eco\/fi\/myym%C3%A4l%C3%A4\/sahkopyorat\/taitettavat-sahkopyorat\/keteles-kf9-100-km\/#primaryimage"},"thumbnailUrl":"https:\/\/projekt.vombat.ee\/eco\/wp-content\/uploads\/2023\/03\/1-7.jpg","datePublished":"2023-03-26T16:51:25+00:00","dateModified":"2024-03-17T19:24:22+00:00","description":"KATTILAT KF9. Moottori: 1000W Akku: 48V 18AH Ajomatka: 100 km Latausaika: 7-9 tuntia Kantavuus: 200KG","breadcrumb":{"@id":"https:\/\/projekt.vombat.ee\/eco\/fi\/myym%C3%A4l%C3%A4\/sahkopyorat\/taitettavat-sahkopyorat\/keteles-kf9-100-km\/#breadcrumb"},"inLanguage":"en-GB","potentialAction":[{"@type":"ReadAction","target":["https:\/\/projekt.vombat.ee\/eco\/fi\/myym%C3%A4l%C3%A4\/sahkopyorat\/taitettavat-sahkopyorat\/keteles-kf9-100-km\/"]}]},{"@type":"ImageObject","inLanguage":"en-GB","@id":"https:\/\/projekt.vombat.ee\/eco\/fi\/myym%C3%A4l%C3%A4\/sahkopyorat\/taitettavat-sahkopyorat\/keteles-kf9-100-km\/#primaryimage","url":"https:\/\/projekt.vombat.ee\/eco\/wp-content\/uploads\/2023\/03\/1-7.jpg","contentUrl":"https:\/\/projekt.vombat.ee\/eco\/wp-content\/uploads\/2023\/03\/1-7.jpg","width":800,"height":800},{"@type":"BreadcrumbList","@id":"https:\/\/projekt.vombat.ee\/eco\/fi\/myym%C3%A4l%C3%A4\/sahkopyorat\/taitettavat-sahkopyorat\/keteles-kf9-100-km\/#breadcrumb","itemListElement":[{"@type":"ListItem","position":1,"name":"Home","item":"https:\/\/projekt.vombat.ee\/eco\/"},{"@type":"ListItem","position":2,"name":"Pood","item":"https:\/\/projekt.vombat.ee\/eco\/pood\/"},{"@type":"ListItem","position":3,"name":"KETELES KF9, 100 km"}]},{"@type":"WebSite","@id":"https:\/\/projekt.vombat.ee\/eco\/#website","url":"https:\/\/projekt.vombat.ee\/eco\/","name":"Ecocruiser","description":"","publisher":{"@id":"https:\/\/projekt.vombat.ee\/eco\/#organization"},"potentialAction":[{"@type":"SearchAction","target":{"@type":"EntryPoint","urlTemplate":"https:\/\/projekt.vombat.ee\/eco\/?s={search_term_string}"},"query-input":{"@type":"PropertyValueSpecification","valueRequired":true,"valueName":"search_term_string"}}],"inLanguage":"en-GB"},{"@type":"Organization","@id":"https:\/\/projekt.vombat.ee\/eco\/#organization","name":"Ecocruiser","url":"https:\/\/projekt.vombat.ee\/eco\/","logo":{"@type":"ImageObject","inLanguage":"en-GB","@id":"https:\/\/projekt.vombat.ee\/eco\/#\/schema\/logo\/image\/","url":"https:\/\/projekt.vombat.ee\/eco\/wp-content\/uploads\/2023\/03\/ECOCRUISER_5.png","contentUrl":"https:\/\/projekt.vombat.ee\/eco\/wp-content\/uploads\/2023\/03\/ECOCRUISER_5.png","width":234,"height":91,"caption":"Ecocruiser"},"image":{"@id":"https:\/\/projekt.vombat.ee\/eco\/#\/schema\/logo\/image\/"}}]}},"lang":"fi","translations":{"fi":7499,"et":7050,"ru":8020},"pll_sync_post":[],"_links":{"self":[{"href":"https:\/\/projekt.vombat.ee\/eco\/wp-json\/wp\/v2\/product\/7499"}],"collection":[{"href":"https:\/\/projekt.vombat.ee\/eco\/wp-json\/wp\/v2\/product"}],"about":[{"href":"https:\/\/projekt.vombat.ee\/eco\/wp-json\/wp\/v2\/types\/product"}],"version-history":[{"count":1,"href":"https:\/\/projekt.vombat.ee\/eco\/wp-json\/wp\/v2\/product\/7499\/revisions"}],"predecessor-version":[{"id":7503,"href":"https:\/\/projekt.vombat.ee\/eco\/wp-json\/wp\/v2\/product\/7499\/revisions\/7503"}],"wp:featuredmedia":[{"embeddable":true,"href":"https:\/\/projekt.vombat.ee\/eco\/wp-json\/wp\/v2\/media\/7500"}],"wp:attachment":[{"href":"https:\/\/projekt.vombat.ee\/eco\/wp-json\/wp\/v2\/media?parent=7499"}],"wp:term":[{"taxonomy":"product_cat","embeddable":true,"href":"https:\/\/projekt.vombat.ee\/eco\/wp-json\/wp\/v2\/product_cat?post=7499"},{"taxonomy":"product_tag","embeddable":true,"href":"https:\/\/projekt.vombat.ee\/eco\/wp-json\/wp\/v2\/product_tag?post=7499"}],"curies":[{"name":"wp","href":"https:\/\/api.w.org\/{rel}","templated":true}]}}