{"id":7480,"date":"2023-03-26T16:35:49","date_gmt":"2023-03-26T16:35:49","guid":{"rendered":"https:\/\/projekt.vombat.ee\/eco\/?post_type=product&#038;p=7480"},"modified":"2023-03-26T16:36:58","modified_gmt":"2023-03-26T16:36:58","slug":"lovelec-naos-17-165-km","status":"publish","type":"product","link":"https:\/\/projekt.vombat.ee\/eco\/fi\/myym%C3%A4l%C3%A4\/sahkopyorat\/sahkomaastopyora\/lovelec-naos-17-165-km\/","title":{"rendered":"LOVELEC Naos 17&#8243;, 165 km"},"content":{"rendered":"<h1>LOVELEC Naos 17 maasto s\u00e4hk\u00f6py\u00f6r\u00e4 (17 tuuman runko)<\/h1>\n<p>LOVELEC NAOS 17 s\u00e4hk\u00f6py\u00f6r\u00e4 sopii maastopy\u00f6r\u00e4ilij\u00f6ille, jotka pit\u00e4v\u00e4t aktiivisesta lomasta tai jotka rakastavat intensiivist\u00e4 py\u00f6r\u00e4ily\u00e4, joka arvostaa my\u00f6s upeaa muotoilua. M\u00e4kikiipeily tarjoaa heille maksimaalisen ajonautinnon.<\/p>\n<h3>S\u00e4hk\u00f6isten maastopy\u00f6rien edut<\/h3>\n<p>LOVELEC-maastopy\u00f6rien tehokas moottori auttaa sinua ajamaan jopa jyrkiss\u00e4 nousuissa.<\/p>\n<p>Suuren akkukapasiteetin ansiosta LOVELEC-maastopy\u00f6r\u00e4t sopivat pitkille matkoille mets\u00e4- ja peltoteill\u00e4. Voit siis ajaa enemm\u00e4n ja nauttia kyydist\u00e4si t\u00e4ysill\u00e4.<\/p>\n<h3>e-MTB LOVELECin tekniset edut<\/h3>\n<p>LOVELEC-s\u00e4hk\u00f6py\u00f6riss\u00e4 on vahva, kokonaan alumiininen runkorakenne, jolla on elinik\u00e4inen takuu.<\/p>\n<p>Keskitarkka japanilainen DAPU-moottori, jonka v\u00e4\u00e4nt\u00f6momentti on jopa 95 Nm, antaa miellytt\u00e4v\u00e4n avun tunteen ajon aikana.<\/p>\n<p>Akku, jonka toimintas\u00e4de on jopa 165 km, tarjoaa tarpeeksi energiaa pitkillekin matkoille. Takaamme akkujen luotettavuuden, mink\u00e4 vuoksi annamme niille 2 vuoden takuun.<\/p>\n<p>Jousitushaarukka ei pet\u00e4 sinua vuoristopoluilla tai kovissa laskuissa.<\/p>\n<p>Jarrujen luotettavuus on meille etusijalla, mink\u00e4 vuoksi varustamme maastopy\u00f6r\u00e4t tinkim\u00e4tt\u00f6mill\u00e4 hydraulisilla levyjarruilla.<\/p>\n<p>Moottoriavun voimakkuuden s\u00e4\u00e4t\u00e4miseksi e-MTB:t on varustettu n\u00e4yt\u00f6ll\u00e4, joka helpottaa niiden k\u00e4ytt\u00f6\u00e4.<\/p>\n<p>&nbsp;<\/p>\n<h3>Tiedot<\/h3>\n<p>akku: Samsung (21700), litiumioni, 15 Ah (540 Wh) \/ 20 Ah (720 Wh), integroitu<br \/>\nmoottori: DAPU, 36 V, 250 W \/ 750 W, keskus, 95 Nm<br \/>\nv\u00e4\u00e4nt\u00f6momentin anturi: kyll\u00e4<br \/>\nrunko: 17&#8221;, alumiini (6061)<br \/>\npy\u00f6r\u00e4t: 29&#8221;<br \/>\nhuippunopeus: 25\/45 km\/h (rajoittimen vapauttamisen j\u00e4lkeen)<br \/>\najomatka yhdell\u00e4 latauksella: 130 km &#8211; 165 km<br \/>\npy\u00f6r\u00e4n paino: 21,5 kg (+ 3 kg akku)<br \/>\nsallittu kuorma: 140 kg<br \/>\nlaturi: EN, CE, 36 V, 2 A, latausaika 4-6 tuntia<br \/>\nhaarukka: Suntour X1 Coil, jousitus, s\u00e4\u00e4dett\u00e4v\u00e4, ohjaustangon lukko, liikematka 100 mm<br \/>\nsilta: Promax<br \/>\nsijainti: Selle Royal<br \/>\nohjaustanko: Promax, 720 mm<br \/>\nVaihde: Shimano Deore<br \/>\nTakavaihtaja: Shimano Deore, 10 vaihdetta<br \/>\nKasetti: SunRace CSMS2 11-42T<br \/>\nHammaspy\u00f6r\u00e4: 38T<br \/>\nkammet: Prowheel, 175 mm<br \/>\nJarrut: Tektro HD-T275, levy, hydrauliset, 180 mm<br \/>\npolkimet: alumiinia, heijastimilla, tapeilla, liukueste<br \/>\nvanteet: alumiinia, kaksisein\u00e4iset<br \/>\nKeskitin: Modus<br \/>\nrenkaat: Maxxis Ardent, 29 \u00d7 2,4<br \/>\npinnat: ter\u00e4s, korroosionesto<br \/>\nKetju: KMC, X10<br \/>\nhammaspy\u00f6r\u00e4n kansi: kyll\u00e4<br \/>\nn\u00e4ytt\u00f6: DAPU P, LCD, tietokoneella<br \/>\nohjauspaneeli: vedenpit\u00e4v\u00e4, 5 tukitasoa, k\u00e4velytoiminto<br \/>\nseisova jalka: kyll\u00e4<br \/>\nosoitteessa: kyll\u00e4<\/p>\n","protected":false},"excerpt":{"rendered":"<p><strong>LOVELEC Naos 17&#8243;<\/strong><\/p>\n<ul>\n<li>T\u00e4m\u00e4 malli sopii ihmisille, joiden pituus on 175-188 cm<\/li>\n<li>Latausaika: 4-6 tuntia<\/li>\n<li>Maksimikuorma: 140 kg<\/li>\n<li>Huippunopeus: 25\/45 km\/h<\/li>\n<li>Ajomatka yhdell\u00e4 latauksella: 130 km-165 km<\/li>\n<\/ul>\n<p>&nbsp;<\/p>\n<p><strong>\u2666 Toimitusaika 3-8 p\u00e4iv\u00e4\u00e4<\/strong><br \/>\n<strong>\u2666 Varastossa<\/strong><\/p>\n","protected":false},"featured_media":7481,"template":"","meta":[],"product_cat":[985,979],"product_tag":[],"class_list":{"0":"post-7480","1":"product","2":"type-product","3":"status-publish","4":"has-post-thumbnail","6":"product_cat-sahkomaastopyora","7":"product_cat-sahkopyorat","9":"first","10":"instock","11":"taxable","12":"shipping-taxable","13":"purchasable","14":"product-type-simple"},"yoast_head":"<!-- This site is optimized with the Yoast SEO plugin v23.8 - https:\/\/yoast.com\/wordpress\/plugins\/seo\/ -->\n<title>LOVELEC Naos 17&quot;, 165 km - Ecocruiser<\/title>\n<meta name=\"description\" content=\"LOVELEC NAOS 17 s\u00e4hk\u00f6py\u00f6r\u00e4 sopii maastopy\u00f6r\u00e4ilij\u00f6ille, jotka pit\u00e4v\u00e4t aktiivisesta lomasta tai jotka rakastavat intensiivist\u00e4 py\u00f6r\u00e4ily\u00e4, joka arvostaa my\u00f6s upeaa muotoilua. M\u00e4kikiipeily tarjoaa heille maksimaalisen ajonautinnon.\" \/>\n<meta name=\"robots\" content=\"noindex, follow, max-snippet:-1, max-image-preview:large, max-video-preview:-1\" \/>\n<meta property=\"og:locale\" content=\"en_GB\" \/>\n<meta property=\"og:type\" content=\"article\" \/>\n<meta property=\"og:title\" content=\"LOVELEC Naos 17&quot;, 165 km - Ecocruiser\" \/>\n<meta property=\"og:description\" content=\"LOVELEC NAOS 17 s\u00e4hk\u00f6py\u00f6r\u00e4 sopii maastopy\u00f6r\u00e4ilij\u00f6ille, jotka pit\u00e4v\u00e4t aktiivisesta lomasta tai jotka rakastavat intensiivist\u00e4 py\u00f6r\u00e4ily\u00e4, joka arvostaa my\u00f6s upeaa muotoilua. M\u00e4kikiipeily tarjoaa heille maksimaalisen ajonautinnon.\" \/>\n<meta property=\"og:url\" content=\"https:\/\/projekt.vombat.ee\/eco\/fi\/myym\u00e4l\u00e4\/sahkopyorat\/sahkomaastopyora\/lovelec-naos-17-165-km\/\" \/>\n<meta property=\"og:site_name\" content=\"Ecocruiser\" \/>\n<meta property=\"article:modified_time\" content=\"2023-03-26T16:36:58+00:00\" \/>\n<meta property=\"og:image\" content=\"https:\/\/projekt.vombat.ee\/eco\/wp-content\/uploads\/2023\/03\/LOVELEC-Naos-17.jpg\" \/>\n\t<meta property=\"og:image:width\" content=\"1600\" \/>\n\t<meta property=\"og:image:height\" content=\"1600\" \/>\n\t<meta property=\"og:image:type\" content=\"image\/jpeg\" \/>\n<meta name=\"twitter:card\" content=\"summary_large_image\" \/>\n<meta name=\"twitter:label1\" content=\"Estimated reading time\" \/>\n\t<meta name=\"twitter:data1\" content=\"2 minutes\" \/>\n<script type=\"application\/ld+json\" class=\"yoast-schema-graph\">{\"@context\":\"https:\/\/schema.org\",\"@graph\":[{\"@type\":\"WebPage\",\"@id\":\"https:\/\/projekt.vombat.ee\/eco\/fi\/myym%C3%A4l%C3%A4\/sahkopyorat\/sahkomaastopyora\/lovelec-naos-17-165-km\/\",\"url\":\"https:\/\/projekt.vombat.ee\/eco\/fi\/myym%C3%A4l%C3%A4\/sahkopyorat\/sahkomaastopyora\/lovelec-naos-17-165-km\/\",\"name\":\"LOVELEC Naos 17\\\", 165 km - Ecocruiser\",\"isPartOf\":{\"@id\":\"https:\/\/projekt.vombat.ee\/eco\/#website\"},\"primaryImageOfPage\":{\"@id\":\"https:\/\/projekt.vombat.ee\/eco\/fi\/myym%C3%A4l%C3%A4\/sahkopyorat\/sahkomaastopyora\/lovelec-naos-17-165-km\/#primaryimage\"},\"image\":{\"@id\":\"https:\/\/projekt.vombat.ee\/eco\/fi\/myym%C3%A4l%C3%A4\/sahkopyorat\/sahkomaastopyora\/lovelec-naos-17-165-km\/#primaryimage\"},\"thumbnailUrl\":\"https:\/\/projekt.vombat.ee\/eco\/wp-content\/uploads\/2023\/03\/LOVELEC-Naos-17.jpg\",\"datePublished\":\"2023-03-26T16:35:49+00:00\",\"dateModified\":\"2023-03-26T16:36:58+00:00\",\"description\":\"LOVELEC NAOS 17 s\u00e4hk\u00f6py\u00f6r\u00e4 sopii maastopy\u00f6r\u00e4ilij\u00f6ille, jotka pit\u00e4v\u00e4t aktiivisesta lomasta tai jotka rakastavat intensiivist\u00e4 py\u00f6r\u00e4ily\u00e4, joka arvostaa my\u00f6s upeaa muotoilua. M\u00e4kikiipeily tarjoaa heille maksimaalisen ajonautinnon.\",\"breadcrumb\":{\"@id\":\"https:\/\/projekt.vombat.ee\/eco\/fi\/myym%C3%A4l%C3%A4\/sahkopyorat\/sahkomaastopyora\/lovelec-naos-17-165-km\/#breadcrumb\"},\"inLanguage\":\"en-GB\",\"potentialAction\":[{\"@type\":\"ReadAction\",\"target\":[\"https:\/\/projekt.vombat.ee\/eco\/fi\/myym%C3%A4l%C3%A4\/sahkopyorat\/sahkomaastopyora\/lovelec-naos-17-165-km\/\"]}]},{\"@type\":\"ImageObject\",\"inLanguage\":\"en-GB\",\"@id\":\"https:\/\/projekt.vombat.ee\/eco\/fi\/myym%C3%A4l%C3%A4\/sahkopyorat\/sahkomaastopyora\/lovelec-naos-17-165-km\/#primaryimage\",\"url\":\"https:\/\/projekt.vombat.ee\/eco\/wp-content\/uploads\/2023\/03\/LOVELEC-Naos-17.jpg\",\"contentUrl\":\"https:\/\/projekt.vombat.ee\/eco\/wp-content\/uploads\/2023\/03\/LOVELEC-Naos-17.jpg\",\"width\":1600,\"height\":1600,\"caption\":\"LOVELEC Naos 17\"},{\"@type\":\"BreadcrumbList\",\"@id\":\"https:\/\/projekt.vombat.ee\/eco\/fi\/myym%C3%A4l%C3%A4\/sahkopyorat\/sahkomaastopyora\/lovelec-naos-17-165-km\/#breadcrumb\",\"itemListElement\":[{\"@type\":\"ListItem\",\"position\":1,\"name\":\"Home\",\"item\":\"https:\/\/projekt.vombat.ee\/eco\/\"},{\"@type\":\"ListItem\",\"position\":2,\"name\":\"Pood\",\"item\":\"https:\/\/projekt.vombat.ee\/eco\/pood\/\"},{\"@type\":\"ListItem\",\"position\":3,\"name\":\"LOVELEC Naos 17&#8243;, 165 km\"}]},{\"@type\":\"WebSite\",\"@id\":\"https:\/\/projekt.vombat.ee\/eco\/#website\",\"url\":\"https:\/\/projekt.vombat.ee\/eco\/\",\"name\":\"Ecocruiser\",\"description\":\"\",\"publisher\":{\"@id\":\"https:\/\/projekt.vombat.ee\/eco\/#organization\"},\"potentialAction\":[{\"@type\":\"SearchAction\",\"target\":{\"@type\":\"EntryPoint\",\"urlTemplate\":\"https:\/\/projekt.vombat.ee\/eco\/?s={search_term_string}\"},\"query-input\":{\"@type\":\"PropertyValueSpecification\",\"valueRequired\":true,\"valueName\":\"search_term_string\"}}],\"inLanguage\":\"en-GB\"},{\"@type\":\"Organization\",\"@id\":\"https:\/\/projekt.vombat.ee\/eco\/#organization\",\"name\":\"Ecocruiser\",\"url\":\"https:\/\/projekt.vombat.ee\/eco\/\",\"logo\":{\"@type\":\"ImageObject\",\"inLanguage\":\"en-GB\",\"@id\":\"https:\/\/projekt.vombat.ee\/eco\/#\/schema\/logo\/image\/\",\"url\":\"https:\/\/projekt.vombat.ee\/eco\/wp-content\/uploads\/2023\/03\/ECOCRUISER_5.png\",\"contentUrl\":\"https:\/\/projekt.vombat.ee\/eco\/wp-content\/uploads\/2023\/03\/ECOCRUISER_5.png\",\"width\":234,\"height\":91,\"caption\":\"Ecocruiser\"},\"image\":{\"@id\":\"https:\/\/projekt.vombat.ee\/eco\/#\/schema\/logo\/image\/\"}}]}<\/script>\n<!-- \/ Yoast SEO plugin. -->","yoast_head_json":{"title":"LOVELEC Naos 17\", 165 km - Ecocruiser","description":"LOVELEC NAOS 17 s\u00e4hk\u00f6py\u00f6r\u00e4 sopii maastopy\u00f6r\u00e4ilij\u00f6ille, jotka pit\u00e4v\u00e4t aktiivisesta lomasta tai jotka rakastavat intensiivist\u00e4 py\u00f6r\u00e4ily\u00e4, joka arvostaa my\u00f6s upeaa muotoilua. M\u00e4kikiipeily tarjoaa heille maksimaalisen ajonautinnon.","robots":{"index":"noindex","follow":"follow","max-snippet":"max-snippet:-1","max-image-preview":"max-image-preview:large","max-video-preview":"max-video-preview:-1"},"og_locale":"en_GB","og_type":"article","og_title":"LOVELEC Naos 17\", 165 km - Ecocruiser","og_description":"LOVELEC NAOS 17 s\u00e4hk\u00f6py\u00f6r\u00e4 sopii maastopy\u00f6r\u00e4ilij\u00f6ille, jotka pit\u00e4v\u00e4t aktiivisesta lomasta tai jotka rakastavat intensiivist\u00e4 py\u00f6r\u00e4ily\u00e4, joka arvostaa my\u00f6s upeaa muotoilua. M\u00e4kikiipeily tarjoaa heille maksimaalisen ajonautinnon.","og_url":"https:\/\/projekt.vombat.ee\/eco\/fi\/myym\u00e4l\u00e4\/sahkopyorat\/sahkomaastopyora\/lovelec-naos-17-165-km\/","og_site_name":"Ecocruiser","article_modified_time":"2023-03-26T16:36:58+00:00","og_image":[{"width":1600,"height":1600,"url":"https:\/\/projekt.vombat.ee\/eco\/wp-content\/uploads\/2023\/03\/LOVELEC-Naos-17.jpg","type":"image\/jpeg"}],"twitter_card":"summary_large_image","twitter_misc":{"Estimated reading time":"2 minutes"},"schema":{"@context":"https:\/\/schema.org","@graph":[{"@type":"WebPage","@id":"https:\/\/projekt.vombat.ee\/eco\/fi\/myym%C3%A4l%C3%A4\/sahkopyorat\/sahkomaastopyora\/lovelec-naos-17-165-km\/","url":"https:\/\/projekt.vombat.ee\/eco\/fi\/myym%C3%A4l%C3%A4\/sahkopyorat\/sahkomaastopyora\/lovelec-naos-17-165-km\/","name":"LOVELEC Naos 17\", 165 km - Ecocruiser","isPartOf":{"@id":"https:\/\/projekt.vombat.ee\/eco\/#website"},"primaryImageOfPage":{"@id":"https:\/\/projekt.vombat.ee\/eco\/fi\/myym%C3%A4l%C3%A4\/sahkopyorat\/sahkomaastopyora\/lovelec-naos-17-165-km\/#primaryimage"},"image":{"@id":"https:\/\/projekt.vombat.ee\/eco\/fi\/myym%C3%A4l%C3%A4\/sahkopyorat\/sahkomaastopyora\/lovelec-naos-17-165-km\/#primaryimage"},"thumbnailUrl":"https:\/\/projekt.vombat.ee\/eco\/wp-content\/uploads\/2023\/03\/LOVELEC-Naos-17.jpg","datePublished":"2023-03-26T16:35:49+00:00","dateModified":"2023-03-26T16:36:58+00:00","description":"LOVELEC NAOS 17 s\u00e4hk\u00f6py\u00f6r\u00e4 sopii maastopy\u00f6r\u00e4ilij\u00f6ille, jotka pit\u00e4v\u00e4t aktiivisesta lomasta tai jotka rakastavat intensiivist\u00e4 py\u00f6r\u00e4ily\u00e4, joka arvostaa my\u00f6s upeaa muotoilua. M\u00e4kikiipeily tarjoaa heille maksimaalisen ajonautinnon.","breadcrumb":{"@id":"https:\/\/projekt.vombat.ee\/eco\/fi\/myym%C3%A4l%C3%A4\/sahkopyorat\/sahkomaastopyora\/lovelec-naos-17-165-km\/#breadcrumb"},"inLanguage":"en-GB","potentialAction":[{"@type":"ReadAction","target":["https:\/\/projekt.vombat.ee\/eco\/fi\/myym%C3%A4l%C3%A4\/sahkopyorat\/sahkomaastopyora\/lovelec-naos-17-165-km\/"]}]},{"@type":"ImageObject","inLanguage":"en-GB","@id":"https:\/\/projekt.vombat.ee\/eco\/fi\/myym%C3%A4l%C3%A4\/sahkopyorat\/sahkomaastopyora\/lovelec-naos-17-165-km\/#primaryimage","url":"https:\/\/projekt.vombat.ee\/eco\/wp-content\/uploads\/2023\/03\/LOVELEC-Naos-17.jpg","contentUrl":"https:\/\/projekt.vombat.ee\/eco\/wp-content\/uploads\/2023\/03\/LOVELEC-Naos-17.jpg","width":1600,"height":1600,"caption":"LOVELEC Naos 17"},{"@type":"BreadcrumbList","@id":"https:\/\/projekt.vombat.ee\/eco\/fi\/myym%C3%A4l%C3%A4\/sahkopyorat\/sahkomaastopyora\/lovelec-naos-17-165-km\/#breadcrumb","itemListElement":[{"@type":"ListItem","position":1,"name":"Home","item":"https:\/\/projekt.vombat.ee\/eco\/"},{"@type":"ListItem","position":2,"name":"Pood","item":"https:\/\/projekt.vombat.ee\/eco\/pood\/"},{"@type":"ListItem","position":3,"name":"LOVELEC Naos 17&#8243;, 165 km"}]},{"@type":"WebSite","@id":"https:\/\/projekt.vombat.ee\/eco\/#website","url":"https:\/\/projekt.vombat.ee\/eco\/","name":"Ecocruiser","description":"","publisher":{"@id":"https:\/\/projekt.vombat.ee\/eco\/#organization"},"potentialAction":[{"@type":"SearchAction","target":{"@type":"EntryPoint","urlTemplate":"https:\/\/projekt.vombat.ee\/eco\/?s={search_term_string}"},"query-input":{"@type":"PropertyValueSpecification","valueRequired":true,"valueName":"search_term_string"}}],"inLanguage":"en-GB"},{"@type":"Organization","@id":"https:\/\/projekt.vombat.ee\/eco\/#organization","name":"Ecocruiser","url":"https:\/\/projekt.vombat.ee\/eco\/","logo":{"@type":"ImageObject","inLanguage":"en-GB","@id":"https:\/\/projekt.vombat.ee\/eco\/#\/schema\/logo\/image\/","url":"https:\/\/projekt.vombat.ee\/eco\/wp-content\/uploads\/2023\/03\/ECOCRUISER_5.png","contentUrl":"https:\/\/projekt.vombat.ee\/eco\/wp-content\/uploads\/2023\/03\/ECOCRUISER_5.png","width":234,"height":91,"caption":"Ecocruiser"},"image":{"@id":"https:\/\/projekt.vombat.ee\/eco\/#\/schema\/logo\/image\/"}}]}},"lang":"fi","translations":{"fi":7480},"pll_sync_post":[],"_links":{"self":[{"href":"https:\/\/projekt.vombat.ee\/eco\/wp-json\/wp\/v2\/product\/7480"}],"collection":[{"href":"https:\/\/projekt.vombat.ee\/eco\/wp-json\/wp\/v2\/product"}],"about":[{"href":"https:\/\/projekt.vombat.ee\/eco\/wp-json\/wp\/v2\/types\/product"}],"version-history":[{"count":2,"href":"https:\/\/projekt.vombat.ee\/eco\/wp-json\/wp\/v2\/product\/7480\/revisions"}],"predecessor-version":[{"id":7486,"href":"https:\/\/projekt.vombat.ee\/eco\/wp-json\/wp\/v2\/product\/7480\/revisions\/7486"}],"wp:featuredmedia":[{"embeddable":true,"href":"https:\/\/projekt.vombat.ee\/eco\/wp-json\/wp\/v2\/media\/7481"}],"wp:attachment":[{"href":"https:\/\/projekt.vombat.ee\/eco\/wp-json\/wp\/v2\/media?parent=7480"}],"wp:term":[{"taxonomy":"product_cat","embeddable":true,"href":"https:\/\/projekt.vombat.ee\/eco\/wp-json\/wp\/v2\/product_cat?post=7480"},{"taxonomy":"product_tag","embeddable":true,"href":"https:\/\/projekt.vombat.ee\/eco\/wp-json\/wp\/v2\/product_tag?post=7480"}],"curies":[{"name":"wp","href":"https:\/\/api.w.org\/{rel}","templated":true}]}}