{"id":7452,"date":"2023-03-26T16:15:09","date_gmt":"2023-03-26T16:15:09","guid":{"rendered":"https:\/\/projekt.vombat.ee\/eco\/?post_type=product&#038;p=7452"},"modified":"2024-04-12T19:26:43","modified_gmt":"2024-04-12T19:26:43","slug":"legrand-e-lille-1-70km","status":"publish","type":"product","link":"https:\/\/projekt.vombat.ee\/eco\/fi\/myym%C3%A4l%C3%A4\/sahkopyorat\/sahkokaupunkipyorat\/legrand-e-lille-1-70km\/","title":{"rendered":"LeGrand E-Lille 1, 70km"},"content":{"rendered":"<h1>LeGrand E-Lille 1<\/h1>\n<p><img decoding=\"async\" src=\"https:\/\/cdn.shopify.com\/s\/files\/1\/0049\/1431\/5336\/files\/000_11902529_1697761193792551_5245275494459740239_n_2048x2048.png?v=1663242402\" alt=\"\" \/><\/p>\n<p><img decoding=\"async\" class=\"msub_k4 mupj_5k mjru_k4 mse2_k4 mp7g_f6 mq1m_0 mj7u_0 m7er_k4 lazyloaded\" src=\"https:\/\/a.allegroimg.com\/original\/11a3a9\/d92377c348e69e8f3a6b22605c75\/Le-Grand-elille-1-grafitowy-seledynowy\" sizes=\"(min-width: 1200px) 560px, (min-width: 992px) 50vw, 100vw\" srcset=\"https:\/\/a.allegroimg.com\/s360\/11a3a9\/d92377c348e69e8f3a6b22605c75\/Le-Grand-elille-1-grafitowy-seledynowy 360w,https:\/\/a.allegroimg.com\/s720\/11a3a9\/d92377c348e69e8f3a6b22605c75\/Le-Grand-elille-1-grafitowy-seledynowy 704w,https:\/\/a.allegroimg.com\/original\/11a3a9\/d92377c348e69e8f3a6b22605c75\/Le-Grand-elille-1-grafitowy-seledynowy 704w\" alt=\"Le Grand elille 1 grafitowy \/ seledynowy\" width=\"704px\" data-src=\"https:\/\/a.allegroimg.com\/original\/11a3a9\/d92377c348e69e8f3a6b22605c75\/Le-Grand-elille-1-grafitowy-seledynowy\" data-srcset=\"https:\/\/a.allegroimg.com\/s360\/11a3a9\/d92377c348e69e8f3a6b22605c75\/Le-Grand-elille-1-grafitowy-seledynowy 360w,https:\/\/a.allegroimg.com\/s720\/11a3a9\/d92377c348e69e8f3a6b22605c75\/Le-Grand-elille-1-grafitowy-seledynowy 704w,https:\/\/a.allegroimg.com\/original\/11a3a9\/d92377c348e69e8f3a6b22605c75\/Le-Grand-elille-1-grafitowy-seledynowy 704w\" \/><\/p>\n<p>&nbsp;<\/p>\n<h3>\nS\u00e4hk\u00f6py\u00f6r\u00e4t ovat tulevaisuutta<\/h3>\n<p>LeGrand e-Lille 1:n ansiosta huomaat, ett\u00e4 liikkuminen kaupungissa on nopeaa, helppoa ja mik\u00e4 t\u00e4rkeint\u00e4, mukavaa. Le Grand eLille 1:n ansiosta et ole v\u00e4synyt edes pitki\u00e4 matkoja ajaessasi, sill\u00e4 s\u00e4hk\u00f6inen apu auttaa sinua suorittamaan jokaisen reitin! T\u00e4m\u00e4 on t\u00e4ydellinen py\u00f6r\u00e4 naiselle, joka arvostaa matkustusmukavuutta.<\/p>\n<p>Le Grand eLille 1:ss\u00e4 on kevyt alumiinirunko, jossa on jousitushaarukka, joka auttaa ylitt\u00e4m\u00e4\u00e4n py\u00f6r\u00e4teiden kolhuja, kuten reunakiveyksi\u00e4 tai ulkonevia mukulakivi\u00e4. Shimano Nexus -napavaihteistossa on 3 nopeutta, kun taas V-jarrut auttavat pys\u00e4ytt\u00e4m\u00e4\u00e4n py\u00f6r\u00e4n miss\u00e4 tahansa tilanteessa. Suuret 28 tuuman py\u00f6r\u00e4t leveill\u00e4 renkailla auttavat py\u00f6r\u00e4\u00e4 rullaamaan tasaisesti.<\/p>\n<p>LeGrand eLille 1:ss\u00e4 on Bafangin toimittama s\u00e4hk\u00f6k\u00e4ytt\u00f6. Se sijaitsee etummaisessa navassa. S\u00e4hk\u00f6vetoa k\u00e4ytt\u00e4v\u00e4 akku sijoitettiin takakonttiin helppop\u00e4\u00e4sy\u00e4 varten, joten voit ottaa sen mukaasi lataukseen ilman, ett\u00e4 sinun tarvitsee kantaa koko py\u00f6r\u00e4\u00e4.<\/p>\n<p>T\u00e4yteen lataaminen kest\u00e4\u00e4 noin 4,5 tuntia ja ajomatka on noin 100 km. Ohjaustangossa on kaukos\u00e4\u00e4din, joka ohjaa sek\u00e4 ajoparametreja ett\u00e4 asetuksia yhdell\u00e4 viidest\u00e4 k\u00e4ytett\u00e4viss\u00e4 olevasta alueesta, joita vetolaitteen on tuettava. Se vastaa my\u00f6s py\u00f6r\u00e4n valaistuksen ohjauksesta, jota hallitsee oletusarvoisesti h\u00e4m\u00e4r\u00e4anturi. LeGrand eLille 1 on t\u00e4ydellinen valinta jokaiselle modernille naiselle.<\/p>\n<h3>Tiedot<\/h3>\n<p>Teho: 250 W<br \/>\nSuurin nopeus: 20 km\/h<br \/>\nMaksimimatka latauksen j\u00e4lkeen: 70 km<br \/>\nAkku: 7,8 Ah<br \/>\nAkun j\u00e4nnite: 43V<br \/>\nLatausaika: 300 min<br \/>\nPy\u00f6r\u00e4n tyyppi: S\u00e4hk\u00f6inen<br \/>\nPolkupy\u00f6r\u00e4suunnittelu naisille<br \/>\nMinimikorkeus: 166 cm<br \/>\nMax korkeus: 175 cm<br \/>\nRungon materiaali: Alumiini<br \/>\nRunkomalli Alumiininen suorituskyky<br \/>\nKehyksen koko: 19&#8243; (48,26 cm)<br \/>\nEtupy\u00f6r\u00e4n koko: 28&#8243;<br \/>\nTakakoko: \/ &#8211; niiden py\u00f6r\u00e4t \/ &#8211; 28&#8243;<br \/>\nRenkaat: 28&#8243; x 1,75&#8243;<br \/>\nKeskittimet: Bafang FM G310.250.V<br \/>\nTakanapa: Shimano Nexus SG-3R40<\/p>\n<p>Haarukan liike: 50 mm<br \/>\nHaarukkamalli: Zoom HL 730 AMS<br \/>\nEtujarrun tyyppi: V-tyyppi, mekaaninen<br \/>\nTakajarru, tyyppi: V, mekaaninen<br \/>\nVaihteiden lukum\u00e4\u00e4r\u00e4: 3<br \/>\nShimano Nexus SG-3R40 takavaihtaja<br \/>\nSatula: VELO VL-6049<br \/>\nLokasuojat: Kyll\u00e4<br \/>\nMatkatavarateline: Kyll\u00e4<br \/>\nPaino: 25 kg<\/p>\n","protected":false},"excerpt":{"rendered":"<p><strong>LeGrand E-Lille 1<\/strong> on t\u00e4ydellinen py\u00f6r\u00e4 naisille, jotka arvostavat matkustusmukavuutta.<\/p>\n<p>&nbsp;<\/p>\n<ul>\n<li>Teho: 250 W<\/li>\n<li>Suurin nopeus: 20 km\/h<\/li>\n<li>Maksimimatka latauksen j\u00e4lkeen: 70 km<\/li>\n<li>Latausaika: 5 h<\/li>\n<li>Maksimikuorma: 120 kg<\/li>\n<\/ul>\n<p>&nbsp;<\/p>\n<p><strong>\u2666 Toimitusaika 3-7 p\u00e4iv\u00e4\u00e4<\/strong><br \/>\n<strong>\u2666 Varastossa<\/strong><\/p>\n","protected":false},"featured_media":15711,"template":"","meta":[],"product_cat":[983,979],"product_tag":[],"class_list":{"0":"post-7452","1":"product","2":"type-product","3":"status-publish","4":"has-post-thumbnail","6":"product_cat-sahkokaupunkipyorat","7":"product_cat-sahkopyorat","8":"product_shipping_class-suured-pakid","10":"first","11":"instock","12":"sale","13":"taxable","14":"shipping-taxable","15":"purchasable","16":"product-type-simple"},"yoast_head":"<!-- This site is optimized with the Yoast SEO plugin v23.8 - https:\/\/yoast.com\/wordpress\/plugins\/seo\/ -->\n<title>LeGrand E-Lille 1, 70km - Ecocruiser<\/title>\n<meta name=\"description\" content=\"LeGrand E-Lille 1 on t\u00e4ydellinen py\u00f6r\u00e4 naisille, jotka arvostavat matkustusmukavuutta. Teho: 250 W Maksiminopeus: 20 km\/h Maksimimatka latauksen j\u00e4lkeen: 70 km Latausaika: 5 h Maksimikuormitus: 120 kg \u2666 Toimitusaika 3-7 p\u00e4iv\u00e4\u00e4 \u2666 Varastossa\" \/>\n<meta name=\"robots\" content=\"noindex, follow, max-snippet:-1, max-image-preview:large, max-video-preview:-1\" \/>\n<meta property=\"og:locale\" content=\"en_GB\" \/>\n<meta property=\"og:type\" content=\"article\" \/>\n<meta property=\"og:title\" content=\"LeGrand E-Lille 1, 70km - Ecocruiser\" \/>\n<meta property=\"og:description\" content=\"LeGrand E-Lille 1 on t\u00e4ydellinen py\u00f6r\u00e4 naisille, jotka arvostavat matkustusmukavuutta. Teho: 250 W Maksiminopeus: 20 km\/h Maksimimatka latauksen j\u00e4lkeen: 70 km Latausaika: 5 h Maksimikuormitus: 120 kg \u2666 Toimitusaika 3-7 p\u00e4iv\u00e4\u00e4 \u2666 Varastossa\" \/>\n<meta property=\"og:url\" content=\"https:\/\/projekt.vombat.ee\/eco\/fi\/myym\u00e4l\u00e4\/sahkopyorat\/sahkokaupunkipyorat\/legrand-e-lille-1-70km\/\" \/>\n<meta property=\"og:site_name\" content=\"Ecocruiser\" \/>\n<meta property=\"article:modified_time\" content=\"2024-04-12T19:26:43+00:00\" \/>\n<meta property=\"og:image\" content=\"https:\/\/projekt.vombat.ee\/eco\/wp-content\/uploads\/2023\/03\/1-16.webp\" \/>\n\t<meta property=\"og:image:width\" content=\"1000\" \/>\n\t<meta property=\"og:image:height\" content=\"604\" \/>\n\t<meta property=\"og:image:type\" content=\"image\/webp\" \/>\n<meta name=\"twitter:card\" content=\"summary_large_image\" \/>\n<meta name=\"twitter:label1\" content=\"Estimated reading time\" \/>\n\t<meta name=\"twitter:data1\" content=\"2 minutes\" \/>\n<script type=\"application\/ld+json\" class=\"yoast-schema-graph\">{\"@context\":\"https:\/\/schema.org\",\"@graph\":[{\"@type\":\"WebPage\",\"@id\":\"https:\/\/projekt.vombat.ee\/eco\/fi\/myym%C3%A4l%C3%A4\/sahkopyorat\/sahkokaupunkipyorat\/legrand-e-lille-1-70km\/\",\"url\":\"https:\/\/projekt.vombat.ee\/eco\/fi\/myym%C3%A4l%C3%A4\/sahkopyorat\/sahkokaupunkipyorat\/legrand-e-lille-1-70km\/\",\"name\":\"LeGrand E-Lille 1, 70km - Ecocruiser\",\"isPartOf\":{\"@id\":\"https:\/\/projekt.vombat.ee\/eco\/#website\"},\"primaryImageOfPage\":{\"@id\":\"https:\/\/projekt.vombat.ee\/eco\/fi\/myym%C3%A4l%C3%A4\/sahkopyorat\/sahkokaupunkipyorat\/legrand-e-lille-1-70km\/#primaryimage\"},\"image\":{\"@id\":\"https:\/\/projekt.vombat.ee\/eco\/fi\/myym%C3%A4l%C3%A4\/sahkopyorat\/sahkokaupunkipyorat\/legrand-e-lille-1-70km\/#primaryimage\"},\"thumbnailUrl\":\"https:\/\/projekt.vombat.ee\/eco\/wp-content\/uploads\/2023\/03\/Untitled-design-2024-04-12T222436.925.png\",\"datePublished\":\"2023-03-26T16:15:09+00:00\",\"dateModified\":\"2024-04-12T19:26:43+00:00\",\"description\":\"LeGrand E-Lille 1 on t\u00e4ydellinen py\u00f6r\u00e4 naisille, jotka arvostavat matkustusmukavuutta. Teho: 250 W Maksiminopeus: 20 km\/h Maksimimatka latauksen j\u00e4lkeen: 70 km Latausaika: 5 h Maksimikuormitus: 120 kg \u2666 Toimitusaika 3-7 p\u00e4iv\u00e4\u00e4 \u2666 Varastossa\",\"breadcrumb\":{\"@id\":\"https:\/\/projekt.vombat.ee\/eco\/fi\/myym%C3%A4l%C3%A4\/sahkopyorat\/sahkokaupunkipyorat\/legrand-e-lille-1-70km\/#breadcrumb\"},\"inLanguage\":\"en-GB\",\"potentialAction\":[{\"@type\":\"ReadAction\",\"target\":[\"https:\/\/projekt.vombat.ee\/eco\/fi\/myym%C3%A4l%C3%A4\/sahkopyorat\/sahkokaupunkipyorat\/legrand-e-lille-1-70km\/\"]}]},{\"@type\":\"ImageObject\",\"inLanguage\":\"en-GB\",\"@id\":\"https:\/\/projekt.vombat.ee\/eco\/fi\/myym%C3%A4l%C3%A4\/sahkopyorat\/sahkokaupunkipyorat\/legrand-e-lille-1-70km\/#primaryimage\",\"url\":\"https:\/\/projekt.vombat.ee\/eco\/wp-content\/uploads\/2023\/03\/Untitled-design-2024-04-12T222436.925.png\",\"contentUrl\":\"https:\/\/projekt.vombat.ee\/eco\/wp-content\/uploads\/2023\/03\/Untitled-design-2024-04-12T222436.925.png\",\"width\":1000,\"height\":1000},{\"@type\":\"BreadcrumbList\",\"@id\":\"https:\/\/projekt.vombat.ee\/eco\/fi\/myym%C3%A4l%C3%A4\/sahkopyorat\/sahkokaupunkipyorat\/legrand-e-lille-1-70km\/#breadcrumb\",\"itemListElement\":[{\"@type\":\"ListItem\",\"position\":1,\"name\":\"Home\",\"item\":\"https:\/\/projekt.vombat.ee\/eco\/\"},{\"@type\":\"ListItem\",\"position\":2,\"name\":\"Pood\",\"item\":\"https:\/\/projekt.vombat.ee\/eco\/pood\/\"},{\"@type\":\"ListItem\",\"position\":3,\"name\":\"LeGrand E-Lille 1, 70km\"}]},{\"@type\":\"WebSite\",\"@id\":\"https:\/\/projekt.vombat.ee\/eco\/#website\",\"url\":\"https:\/\/projekt.vombat.ee\/eco\/\",\"name\":\"Ecocruiser\",\"description\":\"\",\"publisher\":{\"@id\":\"https:\/\/projekt.vombat.ee\/eco\/#organization\"},\"potentialAction\":[{\"@type\":\"SearchAction\",\"target\":{\"@type\":\"EntryPoint\",\"urlTemplate\":\"https:\/\/projekt.vombat.ee\/eco\/?s={search_term_string}\"},\"query-input\":{\"@type\":\"PropertyValueSpecification\",\"valueRequired\":true,\"valueName\":\"search_term_string\"}}],\"inLanguage\":\"en-GB\"},{\"@type\":\"Organization\",\"@id\":\"https:\/\/projekt.vombat.ee\/eco\/#organization\",\"name\":\"Ecocruiser\",\"url\":\"https:\/\/projekt.vombat.ee\/eco\/\",\"logo\":{\"@type\":\"ImageObject\",\"inLanguage\":\"en-GB\",\"@id\":\"https:\/\/projekt.vombat.ee\/eco\/#\/schema\/logo\/image\/\",\"url\":\"https:\/\/projekt.vombat.ee\/eco\/wp-content\/uploads\/2023\/03\/ECOCRUISER_5.png\",\"contentUrl\":\"https:\/\/projekt.vombat.ee\/eco\/wp-content\/uploads\/2023\/03\/ECOCRUISER_5.png\",\"width\":234,\"height\":91,\"caption\":\"Ecocruiser\"},\"image\":{\"@id\":\"https:\/\/projekt.vombat.ee\/eco\/#\/schema\/logo\/image\/\"}}]}<\/script>\n<!-- \/ Yoast SEO plugin. -->","yoast_head_json":{"title":"LeGrand E-Lille 1, 70km - Ecocruiser","description":"LeGrand E-Lille 1 on t\u00e4ydellinen py\u00f6r\u00e4 naisille, jotka arvostavat matkustusmukavuutta. Teho: 250 W Maksiminopeus: 20 km\/h Maksimimatka latauksen j\u00e4lkeen: 70 km Latausaika: 5 h Maksimikuormitus: 120 kg \u2666 Toimitusaika 3-7 p\u00e4iv\u00e4\u00e4 \u2666 Varastossa","robots":{"index":"noindex","follow":"follow","max-snippet":"max-snippet:-1","max-image-preview":"max-image-preview:large","max-video-preview":"max-video-preview:-1"},"og_locale":"en_GB","og_type":"article","og_title":"LeGrand E-Lille 1, 70km - Ecocruiser","og_description":"LeGrand E-Lille 1 on t\u00e4ydellinen py\u00f6r\u00e4 naisille, jotka arvostavat matkustusmukavuutta. Teho: 250 W Maksiminopeus: 20 km\/h Maksimimatka latauksen j\u00e4lkeen: 70 km Latausaika: 5 h Maksimikuormitus: 120 kg \u2666 Toimitusaika 3-7 p\u00e4iv\u00e4\u00e4 \u2666 Varastossa","og_url":"https:\/\/projekt.vombat.ee\/eco\/fi\/myym\u00e4l\u00e4\/sahkopyorat\/sahkokaupunkipyorat\/legrand-e-lille-1-70km\/","og_site_name":"Ecocruiser","article_modified_time":"2024-04-12T19:26:43+00:00","og_image":[{"width":1000,"height":604,"url":"https:\/\/projekt.vombat.ee\/eco\/wp-content\/uploads\/2023\/03\/1-16.webp","type":"image\/webp"}],"twitter_card":"summary_large_image","twitter_misc":{"Estimated reading time":"2 minutes"},"schema":{"@context":"https:\/\/schema.org","@graph":[{"@type":"WebPage","@id":"https:\/\/projekt.vombat.ee\/eco\/fi\/myym%C3%A4l%C3%A4\/sahkopyorat\/sahkokaupunkipyorat\/legrand-e-lille-1-70km\/","url":"https:\/\/projekt.vombat.ee\/eco\/fi\/myym%C3%A4l%C3%A4\/sahkopyorat\/sahkokaupunkipyorat\/legrand-e-lille-1-70km\/","name":"LeGrand E-Lille 1, 70km - Ecocruiser","isPartOf":{"@id":"https:\/\/projekt.vombat.ee\/eco\/#website"},"primaryImageOfPage":{"@id":"https:\/\/projekt.vombat.ee\/eco\/fi\/myym%C3%A4l%C3%A4\/sahkopyorat\/sahkokaupunkipyorat\/legrand-e-lille-1-70km\/#primaryimage"},"image":{"@id":"https:\/\/projekt.vombat.ee\/eco\/fi\/myym%C3%A4l%C3%A4\/sahkopyorat\/sahkokaupunkipyorat\/legrand-e-lille-1-70km\/#primaryimage"},"thumbnailUrl":"https:\/\/projekt.vombat.ee\/eco\/wp-content\/uploads\/2023\/03\/Untitled-design-2024-04-12T222436.925.png","datePublished":"2023-03-26T16:15:09+00:00","dateModified":"2024-04-12T19:26:43+00:00","description":"LeGrand E-Lille 1 on t\u00e4ydellinen py\u00f6r\u00e4 naisille, jotka arvostavat matkustusmukavuutta. Teho: 250 W Maksiminopeus: 20 km\/h Maksimimatka latauksen j\u00e4lkeen: 70 km Latausaika: 5 h Maksimikuormitus: 120 kg \u2666 Toimitusaika 3-7 p\u00e4iv\u00e4\u00e4 \u2666 Varastossa","breadcrumb":{"@id":"https:\/\/projekt.vombat.ee\/eco\/fi\/myym%C3%A4l%C3%A4\/sahkopyorat\/sahkokaupunkipyorat\/legrand-e-lille-1-70km\/#breadcrumb"},"inLanguage":"en-GB","potentialAction":[{"@type":"ReadAction","target":["https:\/\/projekt.vombat.ee\/eco\/fi\/myym%C3%A4l%C3%A4\/sahkopyorat\/sahkokaupunkipyorat\/legrand-e-lille-1-70km\/"]}]},{"@type":"ImageObject","inLanguage":"en-GB","@id":"https:\/\/projekt.vombat.ee\/eco\/fi\/myym%C3%A4l%C3%A4\/sahkopyorat\/sahkokaupunkipyorat\/legrand-e-lille-1-70km\/#primaryimage","url":"https:\/\/projekt.vombat.ee\/eco\/wp-content\/uploads\/2023\/03\/Untitled-design-2024-04-12T222436.925.png","contentUrl":"https:\/\/projekt.vombat.ee\/eco\/wp-content\/uploads\/2023\/03\/Untitled-design-2024-04-12T222436.925.png","width":1000,"height":1000},{"@type":"BreadcrumbList","@id":"https:\/\/projekt.vombat.ee\/eco\/fi\/myym%C3%A4l%C3%A4\/sahkopyorat\/sahkokaupunkipyorat\/legrand-e-lille-1-70km\/#breadcrumb","itemListElement":[{"@type":"ListItem","position":1,"name":"Home","item":"https:\/\/projekt.vombat.ee\/eco\/"},{"@type":"ListItem","position":2,"name":"Pood","item":"https:\/\/projekt.vombat.ee\/eco\/pood\/"},{"@type":"ListItem","position":3,"name":"LeGrand E-Lille 1, 70km"}]},{"@type":"WebSite","@id":"https:\/\/projekt.vombat.ee\/eco\/#website","url":"https:\/\/projekt.vombat.ee\/eco\/","name":"Ecocruiser","description":"","publisher":{"@id":"https:\/\/projekt.vombat.ee\/eco\/#organization"},"potentialAction":[{"@type":"SearchAction","target":{"@type":"EntryPoint","urlTemplate":"https:\/\/projekt.vombat.ee\/eco\/?s={search_term_string}"},"query-input":{"@type":"PropertyValueSpecification","valueRequired":true,"valueName":"search_term_string"}}],"inLanguage":"en-GB"},{"@type":"Organization","@id":"https:\/\/projekt.vombat.ee\/eco\/#organization","name":"Ecocruiser","url":"https:\/\/projekt.vombat.ee\/eco\/","logo":{"@type":"ImageObject","inLanguage":"en-GB","@id":"https:\/\/projekt.vombat.ee\/eco\/#\/schema\/logo\/image\/","url":"https:\/\/projekt.vombat.ee\/eco\/wp-content\/uploads\/2023\/03\/ECOCRUISER_5.png","contentUrl":"https:\/\/projekt.vombat.ee\/eco\/wp-content\/uploads\/2023\/03\/ECOCRUISER_5.png","width":234,"height":91,"caption":"Ecocruiser"},"image":{"@id":"https:\/\/projekt.vombat.ee\/eco\/#\/schema\/logo\/image\/"}}]}},"lang":"fi","translations":{"fi":7452,"et":7101,"ru":8051},"pll_sync_post":[],"_links":{"self":[{"href":"https:\/\/projekt.vombat.ee\/eco\/wp-json\/wp\/v2\/product\/7452"}],"collection":[{"href":"https:\/\/projekt.vombat.ee\/eco\/wp-json\/wp\/v2\/product"}],"about":[{"href":"https:\/\/projekt.vombat.ee\/eco\/wp-json\/wp\/v2\/types\/product"}],"version-history":[{"count":1,"href":"https:\/\/projekt.vombat.ee\/eco\/wp-json\/wp\/v2\/product\/7452\/revisions"}],"predecessor-version":[{"id":7454,"href":"https:\/\/projekt.vombat.ee\/eco\/wp-json\/wp\/v2\/product\/7452\/revisions\/7454"}],"wp:featuredmedia":[{"embeddable":true,"href":"https:\/\/projekt.vombat.ee\/eco\/wp-json\/wp\/v2\/media\/15711"}],"wp:attachment":[{"href":"https:\/\/projekt.vombat.ee\/eco\/wp-json\/wp\/v2\/media?parent=7452"}],"wp:term":[{"taxonomy":"product_cat","embeddable":true,"href":"https:\/\/projekt.vombat.ee\/eco\/wp-json\/wp\/v2\/product_cat?post=7452"},{"taxonomy":"product_tag","embeddable":true,"href":"https:\/\/projekt.vombat.ee\/eco\/wp-json\/wp\/v2\/product_tag?post=7452"}],"curies":[{"name":"wp","href":"https:\/\/api.w.org\/{rel}","templated":true}]}}