{"id":7101,"date":"2023-03-22T12:52:56","date_gmt":"2023-03-22T12:52:56","guid":{"rendered":"https:\/\/projekt.vombat.ee\/eco\/?post_type=product&#038;p=7101"},"modified":"2024-04-12T19:26:43","modified_gmt":"2024-04-12T19:26:43","slug":"legrand-e-lille-1-elektriratas-70km","status":"publish","type":"product","link":"https:\/\/projekt.vombat.ee\/eco\/pood\/elektrirattad\/linnarattad\/legrand-e-lille-1-elektriratas-70km\/","title":{"rendered":"LeGrand E-Lille 1 Elektriratas, 70km"},"content":{"rendered":"<h1>LeGrand E-Lille 1<\/h1>\n<p><img decoding=\"async\" src=\"https:\/\/cdn.shopify.com\/s\/files\/1\/0049\/1431\/5336\/files\/000_11902529_1697761193792551_5245275494459740239_n_2048x2048.png?v=1663242402\" alt=\"\" \/><\/p>\n<p><img decoding=\"async\" class=\"msub_k4 mupj_5k mjru_k4 mse2_k4 mp7g_f6 mq1m_0 mj7u_0 m7er_k4 lazyloaded\" src=\"https:\/\/a.allegroimg.com\/original\/11a3a9\/d92377c348e69e8f3a6b22605c75\/Le-Grand-elille-1-grafitowy-seledynowy\" sizes=\"(min-width: 1200px) 560px, (min-width: 992px) 50vw, 100vw\" srcset=\"https:\/\/a.allegroimg.com\/s360\/11a3a9\/d92377c348e69e8f3a6b22605c75\/Le-Grand-elille-1-grafitowy-seledynowy 360w,https:\/\/a.allegroimg.com\/s720\/11a3a9\/d92377c348e69e8f3a6b22605c75\/Le-Grand-elille-1-grafitowy-seledynowy 704w,https:\/\/a.allegroimg.com\/original\/11a3a9\/d92377c348e69e8f3a6b22605c75\/Le-Grand-elille-1-grafitowy-seledynowy 704w\" alt=\"Le Grand elille 1 grafitowy \/ seledynowy\" width=\"704px\" data-src=\"https:\/\/a.allegroimg.com\/original\/11a3a9\/d92377c348e69e8f3a6b22605c75\/Le-Grand-elille-1-grafitowy-seledynowy\" data-srcset=\"https:\/\/a.allegroimg.com\/s360\/11a3a9\/d92377c348e69e8f3a6b22605c75\/Le-Grand-elille-1-grafitowy-seledynowy 360w,https:\/\/a.allegroimg.com\/s720\/11a3a9\/d92377c348e69e8f3a6b22605c75\/Le-Grand-elille-1-grafitowy-seledynowy 704w,https:\/\/a.allegroimg.com\/original\/11a3a9\/d92377c348e69e8f3a6b22605c75\/Le-Grand-elille-1-grafitowy-seledynowy 704w\" \/><\/p>\n<p>&nbsp;<\/p>\n<h3>Elektrijalgrattad on tulevik<\/h3>\n<p>T\u00e4nu LeGrand e-Lille 1-le avastate, et linnas liikumine on kiire, lihtne ja mis k\u00f5ige t\u00e4htsam &#8211; mugav. T\u00e4nu Le Grand eLille 1-le ei tunne sa v\u00e4simust isegi pikki vahemaid l\u00e4bides, sest elektriline abi aitab sul l\u00e4bida iga marsruudi! See on ideaalne jalgratas naisele, kes hindab reisimise mugavust.<\/p>\n<p>Le Grand eLille 1-l on kerge alumiiniumraam koos vedrustushargiga, mis aitab \u00fcletada ebatasasusi, nagu \u00e4\u00e4rekivid v\u00f5i v\u00e4ljaulatuvad munakivid jalgrattateedel. Shimano Nexuse rummus asuv k\u00e4iguvahetaja on 3 k\u00e4iguga, samas kui V-pidurid aitavad teil ratta igas olukorras peatada. Suured 28-tollised laiade rehvidega rattad aitavad rattal sujuvalt veereda.<\/p>\n<p>LeGrand eLille 1-l on elektriajam, mida tarnib Bafang. See asub eesmises jaoturis. Elektriajamit toidav aku paigutati tagumisele pagasiruumile, tagades lihtsa juurdep\u00e4\u00e4su, nii et saate selle laadimiseks kaasa v\u00f5tta, ilma et peaksite kogu ratast kaasas kandma.<\/p>\n<p>T\u00e4ielikuks laadimiseks kulub umbes 4,5 tundi ja s\u00f5iduulatus on umbes 100 km. Juhtraual on kaugjuhtimispult, mis juhib nii s\u00f5iduparameetreid kui ka seadistusi \u00fches viiest saadaolevast vahemikust, mida ajam teid toetama peab. Samuti vastutab see jalgratta valgustuse juhtimise eest, mida vaikimisi haldab h\u00e4maruseandur. LeGrand eLille 1 on ideaalne valik igale kaasaegsele naisele.<\/p>\n<h3>Info<\/h3>\n<p>V\u00f5imsus: 250 W(piirajaga)<br \/>\nMaksimaalne kiirus: 25 km\/h<br \/>\nMaksimaalne vahemaa p\u00e4rast laadimist: 70 km<br \/>\nAku: 7,8 Ah<br \/>\nAku pinge: 43V<br \/>\nLaadimisaeg: 300 min<br \/>\nJalgratta t\u00fc\u00fcp: Elektriline<br \/>\nJalgratta disainiga naiste<br \/>\nMinimaalne k\u00f5rgus: 166 cm<br \/>\nMax k\u00f5rgus: 175 cm<br \/>\nRaami materjal: Alumiinium<br \/>\nRaammudel Alumiiniumist j\u00f5udlus<br \/>\nRaami suurus: 19&#8243; (48,26 cm)<br \/>\nEsiratta suurus: 28&#8243;<br \/>\nTagumine suurus: \/ &#8211; nende rattad \/ &#8211; 28&#8243;<br \/>\nRehvid: 28&#8243; x 1,75&#8243;<br \/>\nRummud: Bafang FM G310.250.V<br \/>\nTagumine rumm: Shimano Nexus SG-3R40<\/p>\n<p>Kahvli k\u00e4ik: 50 mm<br \/>\nKahvli mudel: Zoom HL 730 AMS<br \/>\nEsipiduri t\u00fc\u00fcp: V t\u00fc\u00fcp, mehaaniline<br \/>\nTagapidur, t\u00fc\u00fcp: V, mehaaniline<br \/>\nK\u00e4ikude arv: 3<br \/>\nShimano Nexus SG-3R40 tagumine k\u00e4iguvahetaja<br \/>\nSadul: VELO VL-6049<br \/>\nPoritiivad: Jah<br \/>\nPakiraam: Jah<br \/>\nKaal: 25 kg<\/p>\n<p>Garantii: 24 kuud<\/p>\n","protected":false},"excerpt":{"rendered":"<p><strong>LeGrand E-Lille 1 <\/strong>on ideaalne jalgratas naisele, kes hindavad reisimise mugavust.<\/p>\n<p>&nbsp;<\/p>\n<ul>\n<li>V\u00f5imsus: 250 W<\/li>\n<li>Maksimaalne kiirus: 20 km\/h<\/li>\n<li>Maksimaalne vahemaa p\u00e4rast laadimist: 70km<\/li>\n<li>Laadimisaeg: 5 h<\/li>\n<li>Maksimaalne koormus: 120 kg<\/li>\n<\/ul>\n<p>&nbsp;<\/p>\n<p>\u2666 Tarneaeg 3-7 p\u00e4eva<br \/>\n\u2666 Laos<\/p>\n","protected":false},"featured_media":15709,"template":"","meta":[],"product_cat":[52,903],"product_tag":[],"class_list":{"0":"post-7101","1":"product","2":"type-product","3":"status-publish","4":"has-post-thumbnail","6":"product_cat-elektrirattad","7":"product_cat-linnarattad","8":"product_shipping_class-suured-pakid","10":"first","11":"instock","12":"sale","13":"taxable","14":"shipping-taxable","15":"purchasable","16":"product-type-simple"},"yoast_head":"<!-- This site is optimized with the Yoast SEO plugin v23.8 - https:\/\/yoast.com\/wordpress\/plugins\/seo\/ -->\n<title>LeGrand E-Lille 1 Elektriratas, 70km - Ecocruiser<\/title>\n<meta name=\"description\" content=\"LeGrand E-Lille 1 on ideaalne jalgratas naisele, kes hindavad reisimise mugavust. V\u00f5imsus: 250 W Maksimaalne kiirus: 20 km\/h Maksimaalne vahemaa p\u00e4rast laadimist: 70km Laadimisaeg: 5 h Maksimaalne koormus: 120 kg \u2666 Tarneaeg 3-7 p\u00e4eva \u2666 Laos\" \/>\n<meta name=\"robots\" content=\"noindex, follow, max-snippet:-1, max-image-preview:large, max-video-preview:-1\" \/>\n<meta property=\"og:locale\" content=\"en_GB\" \/>\n<meta property=\"og:type\" content=\"article\" \/>\n<meta property=\"og:title\" content=\"LeGrand E-Lille 1 Elektriratas, 70km - Ecocruiser\" \/>\n<meta property=\"og:description\" content=\"LeGrand E-Lille 1 on ideaalne jalgratas naisele, kes hindavad reisimise mugavust. V\u00f5imsus: 250 W Maksimaalne kiirus: 20 km\/h Maksimaalne vahemaa p\u00e4rast laadimist: 70km Laadimisaeg: 5 h Maksimaalne koormus: 120 kg \u2666 Tarneaeg 3-7 p\u00e4eva \u2666 Laos\" \/>\n<meta property=\"og:url\" content=\"https:\/\/projekt.vombat.ee\/eco\/pood\/elektrirattad\/linnarattad\/legrand-e-lille-1-elektriratas-70km\/\" \/>\n<meta property=\"og:site_name\" content=\"Ecocruiser\" \/>\n<meta property=\"article:modified_time\" content=\"2024-04-12T19:26:43+00:00\" \/>\n<meta property=\"og:image\" content=\"https:\/\/projekt.vombat.ee\/eco\/wp-content\/uploads\/2023\/03\/Untitled-design-2024-04-12T222436.925.png\" \/>\n\t<meta property=\"og:image:width\" content=\"1000\" \/>\n\t<meta property=\"og:image:height\" content=\"1000\" \/>\n\t<meta property=\"og:image:type\" content=\"image\/png\" \/>\n<meta name=\"twitter:card\" content=\"summary_large_image\" \/>\n<meta name=\"twitter:label1\" content=\"Estimated reading time\" \/>\n\t<meta name=\"twitter:data1\" content=\"3 minutes\" \/>\n<script type=\"application\/ld+json\" class=\"yoast-schema-graph\">{\"@context\":\"https:\/\/schema.org\",\"@graph\":[{\"@type\":\"WebPage\",\"@id\":\"https:\/\/projekt.vombat.ee\/eco\/pood\/elektrirattad\/linnarattad\/legrand-e-lille-1-elektriratas-70km\/\",\"url\":\"https:\/\/projekt.vombat.ee\/eco\/pood\/elektrirattad\/linnarattad\/legrand-e-lille-1-elektriratas-70km\/\",\"name\":\"LeGrand E-Lille 1 Elektriratas, 70km - Ecocruiser\",\"isPartOf\":{\"@id\":\"https:\/\/projekt.vombat.ee\/eco\/#website\"},\"primaryImageOfPage\":{\"@id\":\"https:\/\/projekt.vombat.ee\/eco\/pood\/elektrirattad\/linnarattad\/legrand-e-lille-1-elektriratas-70km\/#primaryimage\"},\"image\":{\"@id\":\"https:\/\/projekt.vombat.ee\/eco\/pood\/elektrirattad\/linnarattad\/legrand-e-lille-1-elektriratas-70km\/#primaryimage\"},\"thumbnailUrl\":\"https:\/\/projekt.vombat.ee\/eco\/wp-content\/uploads\/2023\/03\/Untitled-design-2024-04-12T222436.925.png\",\"datePublished\":\"2023-03-22T12:52:56+00:00\",\"dateModified\":\"2024-04-12T19:26:43+00:00\",\"description\":\"LeGrand E-Lille 1 on ideaalne jalgratas naisele, kes hindavad reisimise mugavust. V\u00f5imsus: 250 W Maksimaalne kiirus: 20 km\/h Maksimaalne vahemaa p\u00e4rast laadimist: 70km Laadimisaeg: 5 h Maksimaalne koormus: 120 kg \u2666 Tarneaeg 3-7 p\u00e4eva \u2666 Laos\",\"breadcrumb\":{\"@id\":\"https:\/\/projekt.vombat.ee\/eco\/pood\/elektrirattad\/linnarattad\/legrand-e-lille-1-elektriratas-70km\/#breadcrumb\"},\"inLanguage\":\"en-GB\",\"potentialAction\":[{\"@type\":\"ReadAction\",\"target\":[\"https:\/\/projekt.vombat.ee\/eco\/pood\/elektrirattad\/linnarattad\/legrand-e-lille-1-elektriratas-70km\/\"]}]},{\"@type\":\"ImageObject\",\"inLanguage\":\"en-GB\",\"@id\":\"https:\/\/projekt.vombat.ee\/eco\/pood\/elektrirattad\/linnarattad\/legrand-e-lille-1-elektriratas-70km\/#primaryimage\",\"url\":\"https:\/\/projekt.vombat.ee\/eco\/wp-content\/uploads\/2023\/03\/Untitled-design-2024-04-12T222436.925.png\",\"contentUrl\":\"https:\/\/projekt.vombat.ee\/eco\/wp-content\/uploads\/2023\/03\/Untitled-design-2024-04-12T222436.925.png\",\"width\":1000,\"height\":1000},{\"@type\":\"BreadcrumbList\",\"@id\":\"https:\/\/projekt.vombat.ee\/eco\/pood\/elektrirattad\/linnarattad\/legrand-e-lille-1-elektriratas-70km\/#breadcrumb\",\"itemListElement\":[{\"@type\":\"ListItem\",\"position\":1,\"name\":\"Home\",\"item\":\"https:\/\/projekt.vombat.ee\/eco\/\"},{\"@type\":\"ListItem\",\"position\":2,\"name\":\"Pood\",\"item\":\"https:\/\/projekt.vombat.ee\/eco\/pood\/\"},{\"@type\":\"ListItem\",\"position\":3,\"name\":\"LeGrand E-Lille 1 Elektriratas, 70km\"}]},{\"@type\":\"WebSite\",\"@id\":\"https:\/\/projekt.vombat.ee\/eco\/#website\",\"url\":\"https:\/\/projekt.vombat.ee\/eco\/\",\"name\":\"Ecocruiser\",\"description\":\"\",\"publisher\":{\"@id\":\"https:\/\/projekt.vombat.ee\/eco\/#organization\"},\"potentialAction\":[{\"@type\":\"SearchAction\",\"target\":{\"@type\":\"EntryPoint\",\"urlTemplate\":\"https:\/\/projekt.vombat.ee\/eco\/?s={search_term_string}\"},\"query-input\":{\"@type\":\"PropertyValueSpecification\",\"valueRequired\":true,\"valueName\":\"search_term_string\"}}],\"inLanguage\":\"en-GB\"},{\"@type\":\"Organization\",\"@id\":\"https:\/\/projekt.vombat.ee\/eco\/#organization\",\"name\":\"Ecocruiser\",\"url\":\"https:\/\/projekt.vombat.ee\/eco\/\",\"logo\":{\"@type\":\"ImageObject\",\"inLanguage\":\"en-GB\",\"@id\":\"https:\/\/projekt.vombat.ee\/eco\/#\/schema\/logo\/image\/\",\"url\":\"https:\/\/projekt.vombat.ee\/eco\/wp-content\/uploads\/2023\/03\/ECOCRUISER_5.png\",\"contentUrl\":\"https:\/\/projekt.vombat.ee\/eco\/wp-content\/uploads\/2023\/03\/ECOCRUISER_5.png\",\"width\":234,\"height\":91,\"caption\":\"Ecocruiser\"},\"image\":{\"@id\":\"https:\/\/projekt.vombat.ee\/eco\/#\/schema\/logo\/image\/\"}}]}<\/script>\n<!-- \/ Yoast SEO plugin. -->","yoast_head_json":{"title":"LeGrand E-Lille 1 Elektriratas, 70km - Ecocruiser","description":"LeGrand E-Lille 1 on ideaalne jalgratas naisele, kes hindavad reisimise mugavust. V\u00f5imsus: 250 W Maksimaalne kiirus: 20 km\/h Maksimaalne vahemaa p\u00e4rast laadimist: 70km Laadimisaeg: 5 h Maksimaalne koormus: 120 kg \u2666 Tarneaeg 3-7 p\u00e4eva \u2666 Laos","robots":{"index":"noindex","follow":"follow","max-snippet":"max-snippet:-1","max-image-preview":"max-image-preview:large","max-video-preview":"max-video-preview:-1"},"og_locale":"en_GB","og_type":"article","og_title":"LeGrand E-Lille 1 Elektriratas, 70km - Ecocruiser","og_description":"LeGrand E-Lille 1 on ideaalne jalgratas naisele, kes hindavad reisimise mugavust. V\u00f5imsus: 250 W Maksimaalne kiirus: 20 km\/h Maksimaalne vahemaa p\u00e4rast laadimist: 70km Laadimisaeg: 5 h Maksimaalne koormus: 120 kg \u2666 Tarneaeg 3-7 p\u00e4eva \u2666 Laos","og_url":"https:\/\/projekt.vombat.ee\/eco\/pood\/elektrirattad\/linnarattad\/legrand-e-lille-1-elektriratas-70km\/","og_site_name":"Ecocruiser","article_modified_time":"2024-04-12T19:26:43+00:00","og_image":[{"width":1000,"height":1000,"url":"https:\/\/projekt.vombat.ee\/eco\/wp-content\/uploads\/2023\/03\/Untitled-design-2024-04-12T222436.925.png","type":"image\/png"}],"twitter_card":"summary_large_image","twitter_misc":{"Estimated reading time":"3 minutes"},"schema":{"@context":"https:\/\/schema.org","@graph":[{"@type":"WebPage","@id":"https:\/\/projekt.vombat.ee\/eco\/pood\/elektrirattad\/linnarattad\/legrand-e-lille-1-elektriratas-70km\/","url":"https:\/\/projekt.vombat.ee\/eco\/pood\/elektrirattad\/linnarattad\/legrand-e-lille-1-elektriratas-70km\/","name":"LeGrand E-Lille 1 Elektriratas, 70km - Ecocruiser","isPartOf":{"@id":"https:\/\/projekt.vombat.ee\/eco\/#website"},"primaryImageOfPage":{"@id":"https:\/\/projekt.vombat.ee\/eco\/pood\/elektrirattad\/linnarattad\/legrand-e-lille-1-elektriratas-70km\/#primaryimage"},"image":{"@id":"https:\/\/projekt.vombat.ee\/eco\/pood\/elektrirattad\/linnarattad\/legrand-e-lille-1-elektriratas-70km\/#primaryimage"},"thumbnailUrl":"https:\/\/projekt.vombat.ee\/eco\/wp-content\/uploads\/2023\/03\/Untitled-design-2024-04-12T222436.925.png","datePublished":"2023-03-22T12:52:56+00:00","dateModified":"2024-04-12T19:26:43+00:00","description":"LeGrand E-Lille 1 on ideaalne jalgratas naisele, kes hindavad reisimise mugavust. V\u00f5imsus: 250 W Maksimaalne kiirus: 20 km\/h Maksimaalne vahemaa p\u00e4rast laadimist: 70km Laadimisaeg: 5 h Maksimaalne koormus: 120 kg \u2666 Tarneaeg 3-7 p\u00e4eva \u2666 Laos","breadcrumb":{"@id":"https:\/\/projekt.vombat.ee\/eco\/pood\/elektrirattad\/linnarattad\/legrand-e-lille-1-elektriratas-70km\/#breadcrumb"},"inLanguage":"en-GB","potentialAction":[{"@type":"ReadAction","target":["https:\/\/projekt.vombat.ee\/eco\/pood\/elektrirattad\/linnarattad\/legrand-e-lille-1-elektriratas-70km\/"]}]},{"@type":"ImageObject","inLanguage":"en-GB","@id":"https:\/\/projekt.vombat.ee\/eco\/pood\/elektrirattad\/linnarattad\/legrand-e-lille-1-elektriratas-70km\/#primaryimage","url":"https:\/\/projekt.vombat.ee\/eco\/wp-content\/uploads\/2023\/03\/Untitled-design-2024-04-12T222436.925.png","contentUrl":"https:\/\/projekt.vombat.ee\/eco\/wp-content\/uploads\/2023\/03\/Untitled-design-2024-04-12T222436.925.png","width":1000,"height":1000},{"@type":"BreadcrumbList","@id":"https:\/\/projekt.vombat.ee\/eco\/pood\/elektrirattad\/linnarattad\/legrand-e-lille-1-elektriratas-70km\/#breadcrumb","itemListElement":[{"@type":"ListItem","position":1,"name":"Home","item":"https:\/\/projekt.vombat.ee\/eco\/"},{"@type":"ListItem","position":2,"name":"Pood","item":"https:\/\/projekt.vombat.ee\/eco\/pood\/"},{"@type":"ListItem","position":3,"name":"LeGrand E-Lille 1 Elektriratas, 70km"}]},{"@type":"WebSite","@id":"https:\/\/projekt.vombat.ee\/eco\/#website","url":"https:\/\/projekt.vombat.ee\/eco\/","name":"Ecocruiser","description":"","publisher":{"@id":"https:\/\/projekt.vombat.ee\/eco\/#organization"},"potentialAction":[{"@type":"SearchAction","target":{"@type":"EntryPoint","urlTemplate":"https:\/\/projekt.vombat.ee\/eco\/?s={search_term_string}"},"query-input":{"@type":"PropertyValueSpecification","valueRequired":true,"valueName":"search_term_string"}}],"inLanguage":"en-GB"},{"@type":"Organization","@id":"https:\/\/projekt.vombat.ee\/eco\/#organization","name":"Ecocruiser","url":"https:\/\/projekt.vombat.ee\/eco\/","logo":{"@type":"ImageObject","inLanguage":"en-GB","@id":"https:\/\/projekt.vombat.ee\/eco\/#\/schema\/logo\/image\/","url":"https:\/\/projekt.vombat.ee\/eco\/wp-content\/uploads\/2023\/03\/ECOCRUISER_5.png","contentUrl":"https:\/\/projekt.vombat.ee\/eco\/wp-content\/uploads\/2023\/03\/ECOCRUISER_5.png","width":234,"height":91,"caption":"Ecocruiser"},"image":{"@id":"https:\/\/projekt.vombat.ee\/eco\/#\/schema\/logo\/image\/"}}]}},"lang":"et","translations":{"et":7101,"fi":7452,"ru":8051},"pll_sync_post":[],"_links":{"self":[{"href":"https:\/\/projekt.vombat.ee\/eco\/wp-json\/wp\/v2\/product\/7101"}],"collection":[{"href":"https:\/\/projekt.vombat.ee\/eco\/wp-json\/wp\/v2\/product"}],"about":[{"href":"https:\/\/projekt.vombat.ee\/eco\/wp-json\/wp\/v2\/types\/product"}],"version-history":[{"count":3,"href":"https:\/\/projekt.vombat.ee\/eco\/wp-json\/wp\/v2\/product\/7101\/revisions"}],"predecessor-version":[{"id":15707,"href":"https:\/\/projekt.vombat.ee\/eco\/wp-json\/wp\/v2\/product\/7101\/revisions\/15707"}],"wp:featuredmedia":[{"embeddable":true,"href":"https:\/\/projekt.vombat.ee\/eco\/wp-json\/wp\/v2\/media\/15709"}],"wp:attachment":[{"href":"https:\/\/projekt.vombat.ee\/eco\/wp-json\/wp\/v2\/media?parent=7101"}],"wp:term":[{"taxonomy":"product_cat","embeddable":true,"href":"https:\/\/projekt.vombat.ee\/eco\/wp-json\/wp\/v2\/product_cat?post=7101"},{"taxonomy":"product_tag","embeddable":true,"href":"https:\/\/projekt.vombat.ee\/eco\/wp-json\/wp\/v2\/product_tag?post=7101"}],"curies":[{"name":"wp","href":"https:\/\/api.w.org\/{rel}","templated":true}]}}