{"id":6279,"date":"2023-03-11T14:07:54","date_gmt":"2023-03-11T14:07:54","guid":{"rendered":"https:\/\/projekt.vombat.ee\/eco\/?post_type=product&#038;p=6279"},"modified":"2024-05-19T15:11:41","modified_gmt":"2024-05-19T15:11:41","slug":"kugoo-kukirin-g2-max-elektriline-toukeratas-80km","status":"publish","type":"product","link":"https:\/\/projekt.vombat.ee\/eco\/pood\/elektritoukerattad\/voimsad-toukerattad\/kugoo-kukirin-g2-max-elektriline-toukeratas-80km\/","title":{"rendered":"KuKirin G2 MAX elektriline t\u00f5ukeratas 80km"},"content":{"rendered":"<h1>KUGOO KIRIN G2 MAX ELEKTRILINE T\u00d5UKERATAS<\/h1>\n<p><img decoding=\"async\" src=\"https:\/\/cdn.shopify.com\/s\/files\/1\/0291\/3422\/5501\/files\/KuKirin_G2_Max_Desktop_Detail_16_1920x.jpg?v=1677829610%20alt=\" \/><\/p>\n<p>&nbsp;<\/p>\n<h3>V\u00d5IMAS MOOTOR JA AKU<\/h3>\n<p>Kugoo Kirin G2 max kahekordse soojuse hajutusega 1000 W mootor tagab tugeva v\u00f5imsuse ja v\u00f5imaldab maksimaalset kiirust 55 km\/h ja maksimaalset t\u00f5usunurka 30\u00b0, v\u00f5imaldades v\u00f5imsat, vastupidavat ja p\u00f5nevat s\u00f5itu. 20Ah suure akuga suudab Kirin G2 Max t\u00e4islaadimisel joosta kuni 80 km, mis on teie edasi-tagasi- ja p\u00e4evareiside jaoks piisavalt pikk.<\/p>\n<p>&nbsp;<\/p>\n<h3>KUGOO KIRIN G2 MAX- TURVALINE JA STABIILNE<\/h3>\n<p>G2 Max t\u00f5ukerattal on kaks ketaspidurit, mis v\u00f5imaldavad teil ohutult pidurdada, ja 6 eredat tuld, mis valgustavad teid edasi, pakkudes teile igak\u00fclgset kaitset.<\/p>\n<p>Nutika ekraaniga Kirin G2 Maxi on lihtne juhtida. Saate mitte ainult lugeda ekraanilt erinevat teavet, vaid aktiveerida ka mitmeid funktsioone, et rahuldada rohkem n\u00f5udmisi.<\/p>\n<p>Tugevate amortisaatoritega ees ja taga on G2 Max mudelil suurep\u00e4rane l\u00f6\u00f6gisummutus, pakkudes sujuvat ja mugavat s\u00f5itu ka konarlikul maastikul.<\/p>\n<p>10-tollised maastikurehvid on kulumis- ja p\u00f5rutuskindlad ning kohanduvad erinevatel maastikel, pakkudes teile mugavat maastikus\u00f5itu.<\/p>\n<p>&nbsp;<\/p>\n<h3>EEMALDATAV ISTE<\/h3>\n<p>Mugava eemaldatava istmega saate kas t\u00f5ukerattal seista v\u00f5i sellel istuda, et s\u00f5ita oleks mugavam ja nauditavam.<\/p>\n<p>&nbsp;<\/p>\n<h3>KUGOO KIRIN G2 MAX SPETSIFIKATSIOON<\/h3>\n<p>Maksimaalne koormus: 120 kg<br \/>\nJuhtraua laius: 25,4 mm<br \/>\n\u0160assii k\u00f5rgus: 230 mm<br \/>\nPedaali suurus: 545*211mm<br \/>\nKiirus: 25\/60 km\/h<br \/>\nL\u00e4bis\u00f5it: 80km<br \/>\nKalle: 30\u00b0<br \/>\nPiduris\u00fcsteem: ketaspidur, E-pidur<br \/>\nPidurdusteekond: 8-12M<br \/>\nVeekindel: IP54<br \/>\nRaami materjal: Al<br \/>\nMaterjal: PU<br \/>\nV\u00f5imsus: 1000W<br \/>\nHetkeline maksimaalne v\u00f5imsus: 1200W<br \/>\nMaksimaalne p\u00f6\u00f6rete arv: 1250 p\u00f6\u00f6ret minutis<br \/>\nMaksimaalne p\u00f6\u00f6rdemoment: 25 N.M\/S<br \/>\nAku: 48V 20Ah<br \/>\nLaadimisaeg: 10-11h<br \/>\nLED Light Bean: 4 tk<br \/>\nV\u00f5imsus (W): 8W<br \/>\nKiire nurk: 45\u00b0<br \/>\nRehv: 255 * 80 mm koormuseta \u00f5hkrehv<\/p>\n<p>Kaal ja suurus<\/p>\n<p>Netokaal: 31 kg<br \/>\nKokkuvoldimata suurus: 1260*605*1300 MM<br \/>\nKokkuvolditud suurus: 1260*605*580 MM<\/p>\n<p>&nbsp;<\/p>\n<p><strong>NB!<\/strong> Elektrit\u00f5ukerattaga s\u00f5ites soovitame alati kanda <a href=\"https:\/\/projekt.vombat.ee\/eco\/pood\/?product-cata=707\">kiivrit<\/a>. Alla 16 aastase kergliikuri jaoks on elektrit\u00f5uksiga s\u00f5idu ajal kiivri kandmine\u00a0<a href=\"https:\/\/www.riigiteataja.ee\/akt\/113112020001\">seaduse<\/a>\u00a0j\u00e4rgi kohustuslik<\/p>\n","protected":false},"excerpt":{"rendered":"<p><strong>Kugoo Kirin G2 Max<\/strong> elektriline t\u00f5ukeratas<\/p>\n<ul>\n<li>Aku: 48V 20Ah<\/li>\n<li>L\u00e4bis\u00f5it: 80km<\/li>\n<li>Maksimaalne koormus: 120 kg<\/li>\n<li>V\u00f5imsus: 1000W<\/li>\n<\/ul>\n<p>&nbsp;<\/p>\n<p>\u2666 Tarneaeg 3-7 p\u00e4eva<br \/>\n\u2666 Laos<\/p>\n","protected":false},"featured_media":6377,"template":"","meta":[],"product_cat":[1381,53,911,59],"product_tag":[],"class_list":{"0":"post-6279","1":"product","2":"type-product","3":"status-publish","4":"has-post-thumbnail","6":"product_cat-top-5-populaarsemat-elektritoukeratast","7":"product_cat-elektritoukerattad","8":"product_cat-voimsad-toukerattad","9":"product_cat-kugoo-elektritoukerattad","10":"product_shipping_class-suured-pakid","12":"first","13":"instock","14":"sale","15":"taxable","16":"shipping-taxable","17":"purchasable","18":"product-type-simple"},"yoast_head":"<!-- This site is optimized with the Yoast SEO plugin v23.8 - https:\/\/yoast.com\/wordpress\/plugins\/seo\/ -->\n<title>KuKirin G2 MAX elektriline t\u00f5ukeratas 80km - Ecocruiser<\/title>\n<meta name=\"description\" content=\"KuKirin G2 MAX elektriline t\u00f5ukeratas 80km - Kvaliteetsed br\u00e4ndid, lai valik - Ecocruiser.ee - K\u00fcsimuste korral v\u00f5ta \u00fchendust info@projekt.vombat.ee\" \/>\n<meta name=\"robots\" content=\"noindex, follow, max-snippet:-1, max-image-preview:large, max-video-preview:-1\" \/>\n<meta property=\"og:locale\" content=\"en_GB\" \/>\n<meta property=\"og:type\" content=\"article\" \/>\n<meta property=\"og:title\" content=\"KuKirin G2 MAX elektriline t\u00f5ukeratas 80km - Ecocruiser\" \/>\n<meta property=\"og:description\" content=\"KuKirin G2 MAX elektriline t\u00f5ukeratas 80km - Kvaliteetsed br\u00e4ndid, lai valik - Ecocruiser.ee - K\u00fcsimuste korral v\u00f5ta \u00fchendust info@projekt.vombat.ee\" \/>\n<meta property=\"og:url\" content=\"https:\/\/projekt.vombat.ee\/eco\/pood\/elektritoukerattad\/voimsad-toukerattad\/kugoo-kukirin-g2-max-elektriline-toukeratas-80km\/\" \/>\n<meta property=\"og:site_name\" content=\"Ecocruiser\" \/>\n<meta property=\"article:modified_time\" content=\"2024-05-19T15:11:41+00:00\" \/>\n<meta property=\"og:image\" content=\"https:\/\/projekt.vombat.ee\/eco\/wp-content\/uploads\/2023\/03\/Untitled-design-2023-03-11T160502.849.png\" \/>\n\t<meta property=\"og:image:width\" content=\"1000\" \/>\n\t<meta property=\"og:image:height\" content=\"1000\" \/>\n\t<meta property=\"og:image:type\" content=\"image\/png\" \/>\n<meta name=\"twitter:card\" content=\"summary_large_image\" \/>\n<meta name=\"twitter:label1\" content=\"Estimated reading time\" \/>\n\t<meta name=\"twitter:data1\" content=\"2 minutes\" \/>\n<script type=\"application\/ld+json\" class=\"yoast-schema-graph\">{\"@context\":\"https:\/\/schema.org\",\"@graph\":[{\"@type\":\"WebPage\",\"@id\":\"https:\/\/projekt.vombat.ee\/eco\/pood\/elektritoukerattad\/voimsad-toukerattad\/kugoo-kukirin-g2-max-elektriline-toukeratas-80km\/\",\"url\":\"https:\/\/projekt.vombat.ee\/eco\/pood\/elektritoukerattad\/voimsad-toukerattad\/kugoo-kukirin-g2-max-elektriline-toukeratas-80km\/\",\"name\":\"KuKirin G2 MAX elektriline t\u00f5ukeratas 80km - Ecocruiser\",\"isPartOf\":{\"@id\":\"https:\/\/projekt.vombat.ee\/eco\/#website\"},\"primaryImageOfPage\":{\"@id\":\"https:\/\/projekt.vombat.ee\/eco\/pood\/elektritoukerattad\/voimsad-toukerattad\/kugoo-kukirin-g2-max-elektriline-toukeratas-80km\/#primaryimage\"},\"image\":{\"@id\":\"https:\/\/projekt.vombat.ee\/eco\/pood\/elektritoukerattad\/voimsad-toukerattad\/kugoo-kukirin-g2-max-elektriline-toukeratas-80km\/#primaryimage\"},\"thumbnailUrl\":\"https:\/\/projekt.vombat.ee\/eco\/wp-content\/uploads\/2023\/03\/Untitled-design-2023-03-11T160502.849.png\",\"datePublished\":\"2023-03-11T14:07:54+00:00\",\"dateModified\":\"2024-05-19T15:11:41+00:00\",\"description\":\"KuKirin G2 MAX elektriline t\u00f5ukeratas 80km - Kvaliteetsed br\u00e4ndid, lai valik - Ecocruiser.ee - K\u00fcsimuste korral v\u00f5ta \u00fchendust info@projekt.vombat.ee\",\"breadcrumb\":{\"@id\":\"https:\/\/projekt.vombat.ee\/eco\/pood\/elektritoukerattad\/voimsad-toukerattad\/kugoo-kukirin-g2-max-elektriline-toukeratas-80km\/#breadcrumb\"},\"inLanguage\":\"en-GB\",\"potentialAction\":[{\"@type\":\"ReadAction\",\"target\":[\"https:\/\/projekt.vombat.ee\/eco\/pood\/elektritoukerattad\/voimsad-toukerattad\/kugoo-kukirin-g2-max-elektriline-toukeratas-80km\/\"]}]},{\"@type\":\"ImageObject\",\"inLanguage\":\"en-GB\",\"@id\":\"https:\/\/projekt.vombat.ee\/eco\/pood\/elektritoukerattad\/voimsad-toukerattad\/kugoo-kukirin-g2-max-elektriline-toukeratas-80km\/#primaryimage\",\"url\":\"https:\/\/projekt.vombat.ee\/eco\/wp-content\/uploads\/2023\/03\/Untitled-design-2023-03-11T160502.849.png\",\"contentUrl\":\"https:\/\/projekt.vombat.ee\/eco\/wp-content\/uploads\/2023\/03\/Untitled-design-2023-03-11T160502.849.png\",\"width\":1000,\"height\":1000,\"caption\":\"Kugoo KuKirin G2 max\"},{\"@type\":\"BreadcrumbList\",\"@id\":\"https:\/\/projekt.vombat.ee\/eco\/pood\/elektritoukerattad\/voimsad-toukerattad\/kugoo-kukirin-g2-max-elektriline-toukeratas-80km\/#breadcrumb\",\"itemListElement\":[{\"@type\":\"ListItem\",\"position\":1,\"name\":\"Home\",\"item\":\"https:\/\/projekt.vombat.ee\/eco\/\"},{\"@type\":\"ListItem\",\"position\":2,\"name\":\"Pood\",\"item\":\"https:\/\/projekt.vombat.ee\/eco\/pood\/\"},{\"@type\":\"ListItem\",\"position\":3,\"name\":\"KuKirin G2 MAX elektriline t\u00f5ukeratas 80km\"}]},{\"@type\":\"WebSite\",\"@id\":\"https:\/\/projekt.vombat.ee\/eco\/#website\",\"url\":\"https:\/\/projekt.vombat.ee\/eco\/\",\"name\":\"Ecocruiser\",\"description\":\"\",\"publisher\":{\"@id\":\"https:\/\/projekt.vombat.ee\/eco\/#organization\"},\"potentialAction\":[{\"@type\":\"SearchAction\",\"target\":{\"@type\":\"EntryPoint\",\"urlTemplate\":\"https:\/\/projekt.vombat.ee\/eco\/?s={search_term_string}\"},\"query-input\":{\"@type\":\"PropertyValueSpecification\",\"valueRequired\":true,\"valueName\":\"search_term_string\"}}],\"inLanguage\":\"en-GB\"},{\"@type\":\"Organization\",\"@id\":\"https:\/\/projekt.vombat.ee\/eco\/#organization\",\"name\":\"Ecocruiser\",\"url\":\"https:\/\/projekt.vombat.ee\/eco\/\",\"logo\":{\"@type\":\"ImageObject\",\"inLanguage\":\"en-GB\",\"@id\":\"https:\/\/projekt.vombat.ee\/eco\/#\/schema\/logo\/image\/\",\"url\":\"https:\/\/projekt.vombat.ee\/eco\/wp-content\/uploads\/2023\/03\/ECOCRUISER_5.png\",\"contentUrl\":\"https:\/\/projekt.vombat.ee\/eco\/wp-content\/uploads\/2023\/03\/ECOCRUISER_5.png\",\"width\":234,\"height\":91,\"caption\":\"Ecocruiser\"},\"image\":{\"@id\":\"https:\/\/projekt.vombat.ee\/eco\/#\/schema\/logo\/image\/\"}}]}<\/script>\n<!-- \/ Yoast SEO plugin. -->","yoast_head_json":{"title":"KuKirin G2 MAX elektriline t\u00f5ukeratas 80km - Ecocruiser","description":"KuKirin G2 MAX elektriline t\u00f5ukeratas 80km - Kvaliteetsed br\u00e4ndid, lai valik - Ecocruiser.ee - K\u00fcsimuste korral v\u00f5ta \u00fchendust info@projekt.vombat.ee","robots":{"index":"noindex","follow":"follow","max-snippet":"max-snippet:-1","max-image-preview":"max-image-preview:large","max-video-preview":"max-video-preview:-1"},"og_locale":"en_GB","og_type":"article","og_title":"KuKirin G2 MAX elektriline t\u00f5ukeratas 80km - Ecocruiser","og_description":"KuKirin G2 MAX elektriline t\u00f5ukeratas 80km - Kvaliteetsed br\u00e4ndid, lai valik - Ecocruiser.ee - K\u00fcsimuste korral v\u00f5ta \u00fchendust info@projekt.vombat.ee","og_url":"https:\/\/projekt.vombat.ee\/eco\/pood\/elektritoukerattad\/voimsad-toukerattad\/kugoo-kukirin-g2-max-elektriline-toukeratas-80km\/","og_site_name":"Ecocruiser","article_modified_time":"2024-05-19T15:11:41+00:00","og_image":[{"width":1000,"height":1000,"url":"https:\/\/projekt.vombat.ee\/eco\/wp-content\/uploads\/2023\/03\/Untitled-design-2023-03-11T160502.849.png","type":"image\/png"}],"twitter_card":"summary_large_image","twitter_misc":{"Estimated reading time":"2 minutes"},"schema":{"@context":"https:\/\/schema.org","@graph":[{"@type":"WebPage","@id":"https:\/\/projekt.vombat.ee\/eco\/pood\/elektritoukerattad\/voimsad-toukerattad\/kugoo-kukirin-g2-max-elektriline-toukeratas-80km\/","url":"https:\/\/projekt.vombat.ee\/eco\/pood\/elektritoukerattad\/voimsad-toukerattad\/kugoo-kukirin-g2-max-elektriline-toukeratas-80km\/","name":"KuKirin G2 MAX elektriline t\u00f5ukeratas 80km - Ecocruiser","isPartOf":{"@id":"https:\/\/projekt.vombat.ee\/eco\/#website"},"primaryImageOfPage":{"@id":"https:\/\/projekt.vombat.ee\/eco\/pood\/elektritoukerattad\/voimsad-toukerattad\/kugoo-kukirin-g2-max-elektriline-toukeratas-80km\/#primaryimage"},"image":{"@id":"https:\/\/projekt.vombat.ee\/eco\/pood\/elektritoukerattad\/voimsad-toukerattad\/kugoo-kukirin-g2-max-elektriline-toukeratas-80km\/#primaryimage"},"thumbnailUrl":"https:\/\/projekt.vombat.ee\/eco\/wp-content\/uploads\/2023\/03\/Untitled-design-2023-03-11T160502.849.png","datePublished":"2023-03-11T14:07:54+00:00","dateModified":"2024-05-19T15:11:41+00:00","description":"KuKirin G2 MAX elektriline t\u00f5ukeratas 80km - Kvaliteetsed br\u00e4ndid, lai valik - Ecocruiser.ee - K\u00fcsimuste korral v\u00f5ta \u00fchendust info@projekt.vombat.ee","breadcrumb":{"@id":"https:\/\/projekt.vombat.ee\/eco\/pood\/elektritoukerattad\/voimsad-toukerattad\/kugoo-kukirin-g2-max-elektriline-toukeratas-80km\/#breadcrumb"},"inLanguage":"en-GB","potentialAction":[{"@type":"ReadAction","target":["https:\/\/projekt.vombat.ee\/eco\/pood\/elektritoukerattad\/voimsad-toukerattad\/kugoo-kukirin-g2-max-elektriline-toukeratas-80km\/"]}]},{"@type":"ImageObject","inLanguage":"en-GB","@id":"https:\/\/projekt.vombat.ee\/eco\/pood\/elektritoukerattad\/voimsad-toukerattad\/kugoo-kukirin-g2-max-elektriline-toukeratas-80km\/#primaryimage","url":"https:\/\/projekt.vombat.ee\/eco\/wp-content\/uploads\/2023\/03\/Untitled-design-2023-03-11T160502.849.png","contentUrl":"https:\/\/projekt.vombat.ee\/eco\/wp-content\/uploads\/2023\/03\/Untitled-design-2023-03-11T160502.849.png","width":1000,"height":1000,"caption":"Kugoo KuKirin G2 max"},{"@type":"BreadcrumbList","@id":"https:\/\/projekt.vombat.ee\/eco\/pood\/elektritoukerattad\/voimsad-toukerattad\/kugoo-kukirin-g2-max-elektriline-toukeratas-80km\/#breadcrumb","itemListElement":[{"@type":"ListItem","position":1,"name":"Home","item":"https:\/\/projekt.vombat.ee\/eco\/"},{"@type":"ListItem","position":2,"name":"Pood","item":"https:\/\/projekt.vombat.ee\/eco\/pood\/"},{"@type":"ListItem","position":3,"name":"KuKirin G2 MAX elektriline t\u00f5ukeratas 80km"}]},{"@type":"WebSite","@id":"https:\/\/projekt.vombat.ee\/eco\/#website","url":"https:\/\/projekt.vombat.ee\/eco\/","name":"Ecocruiser","description":"","publisher":{"@id":"https:\/\/projekt.vombat.ee\/eco\/#organization"},"potentialAction":[{"@type":"SearchAction","target":{"@type":"EntryPoint","urlTemplate":"https:\/\/projekt.vombat.ee\/eco\/?s={search_term_string}"},"query-input":{"@type":"PropertyValueSpecification","valueRequired":true,"valueName":"search_term_string"}}],"inLanguage":"en-GB"},{"@type":"Organization","@id":"https:\/\/projekt.vombat.ee\/eco\/#organization","name":"Ecocruiser","url":"https:\/\/projekt.vombat.ee\/eco\/","logo":{"@type":"ImageObject","inLanguage":"en-GB","@id":"https:\/\/projekt.vombat.ee\/eco\/#\/schema\/logo\/image\/","url":"https:\/\/projekt.vombat.ee\/eco\/wp-content\/uploads\/2023\/03\/ECOCRUISER_5.png","contentUrl":"https:\/\/projekt.vombat.ee\/eco\/wp-content\/uploads\/2023\/03\/ECOCRUISER_5.png","width":234,"height":91,"caption":"Ecocruiser"},"image":{"@id":"https:\/\/projekt.vombat.ee\/eco\/#\/schema\/logo\/image\/"}}]}},"lang":"et","translations":{"et":6279,"ru":6775,"fi":7580},"pll_sync_post":[],"_links":{"self":[{"href":"https:\/\/projekt.vombat.ee\/eco\/wp-json\/wp\/v2\/product\/6279"}],"collection":[{"href":"https:\/\/projekt.vombat.ee\/eco\/wp-json\/wp\/v2\/product"}],"about":[{"href":"https:\/\/projekt.vombat.ee\/eco\/wp-json\/wp\/v2\/types\/product"}],"version-history":[{"count":10,"href":"https:\/\/projekt.vombat.ee\/eco\/wp-json\/wp\/v2\/product\/6279\/revisions"}],"predecessor-version":[{"id":16603,"href":"https:\/\/projekt.vombat.ee\/eco\/wp-json\/wp\/v2\/product\/6279\/revisions\/16603"}],"wp:featuredmedia":[{"embeddable":true,"href":"https:\/\/projekt.vombat.ee\/eco\/wp-json\/wp\/v2\/media\/6377"}],"wp:attachment":[{"href":"https:\/\/projekt.vombat.ee\/eco\/wp-json\/wp\/v2\/media?parent=6279"}],"wp:term":[{"taxonomy":"product_cat","embeddable":true,"href":"https:\/\/projekt.vombat.ee\/eco\/wp-json\/wp\/v2\/product_cat?post=6279"},{"taxonomy":"product_tag","embeddable":true,"href":"https:\/\/projekt.vombat.ee\/eco\/wp-json\/wp\/v2\/product_tag?post=6279"}],"curies":[{"name":"wp","href":"https:\/\/api.w.org\/{rel}","templated":true}]}}