{"id":6261,"date":"2023-03-10T15:01:14","date_gmt":"2023-03-10T15:01:14","guid":{"rendered":"https:\/\/projekt.vombat.ee\/eco\/?post_type=product&#038;p=6261"},"modified":"2024-07-30T07:05:19","modified_gmt":"2024-07-30T07:05:19","slug":"kugoo-kirin-m5-pro-elektriline-toukeratas-70-km","status":"publish","type":"product","link":"https:\/\/projekt.vombat.ee\/eco\/pood\/elektritoukerattad\/voimsad-toukerattad\/kugoo-kirin-m5-pro-elektriline-toukeratas-70-km\/","title":{"rendered":"Kukirin M5 Pro elektriline t\u00f5ukeratas 70 km"},"content":{"rendered":"<h1>KUGOO KIRIN M5 PRO ELEKTRILINE T\u00d5UKERATAS<\/h1>\n<p>&nbsp;<\/p>\n<p><img decoding=\"async\" class=\"\" src=\"https:\/\/cdn.shopify.com\/s\/files\/1\/0291\/3422\/5501\/files\/Kukirin_M5_Pro_Desktop_Detail_16_1920x.jpg?v=1677837700%20alt=\" \/><\/p>\n<h2>V\u00d5IMAS MOOTOR &amp; AKU<\/h2>\n<p>1000 W mootoriga t\u00f6\u00f6tav Kugoo Kirin M5 Pro saavutab maksimaalse kiiruse 25 km\/h, v\u00f5imaldades teil nautida v\u00f5imsat ja p\u00f5nevat maastikus\u00f5itu. M5 Pro on kooslus elektriliste t\u00f5ukerataste parimatest omadustest. Antud mudeliga sobib s\u00f5ita nii linnas, parkides, maastikul kui ka krossirajal. V\u00f5imas 1000W mootor ning 70km s\u00f5iduulatust teevad s\u00f5itmise nauditavaks ja muretuks.<\/p>\n<p><span style=\"font-size: inherit;\">Kirin M5 Pro on varustatud 960 Wh akuga, mis v\u00f5imaldab t\u00e4islaadimisel l\u00e4bida maksimaalselt 70 km, mis on pikem kui enamikul maastikut\u00f5ukeratastel ja piisavalt pikk \u00fchep\u00e4evareiside jaoks.<\/span><\/p>\n<h3>PREMIUM S\u00d5IDUMUGAVUS<\/h3>\n<p>M5 Pro sisaldab eesmisi ja tagumisi ketaspidureid ohutuks pidurdamiseks. Sellel on t\u00e4isvedrustus koos nelja amortisaatoriga, mis v\u00e4hendavad t\u00f5husalt l\u00f6\u00f6ki, pakkudes teile mugavat s\u00f5itu.<\/p>\n<p>Nutika LCD-armatuurlauaga saate kontrollida mitut teavet, sealhulgas kiirust, aku taset, vahemaad, kiiruse hooba jne. Samuti saate h\u00f5lpsalt vahetada kolme kiiruse taseme vahel.<\/p>\n<h3>KUGOO KIRIN M5 PRO &#8211; TURVALINE JA STABIILNE<\/h3>\n<p>M5 Pro-l on 7 tuld, sealhulgas 2 esituld, 2 eesmist k\u00fcljetuld, 2 tagumist k\u00fcljetuld ja tagumine pidurituli. Uuenduslik valgustuss\u00fcsteem muudab teie s\u00f5idu turvalisemaks.<\/p>\n<p>11-tollise esi- ja 10-tollise tagarehviga kohandub M5 Pro erinevat t\u00fc\u00fcpi maastikuga ja s\u00f5idab sujuvamalt. 255 mm jalalaud on piisavalt lai, et saaksite kindlalt ja mugavalt seista.<\/p>\n<p>Kirin M5 Pro-l on 3 kiirusre\u017eiimi, mis vastavad teie erinevatele vajadustele. Madala kiirusega re\u017eiim v\u00f5imaldab teil s\u00f5idu ajal nautida tee\u00e4\u00e4rset maastikku. Keskmine re\u017eiim v\u00f5imaldab teil nautida s\u00f5idur\u00f5\u00f5mu. L\u00fclituge kiirre\u017eiimile ja teil on kiirem ja p\u00f5nevam maastikus\u00f5it.<\/p>\n<p>&nbsp;<\/p>\n<h3>KUGOO KIRIN M5 PRO SPETSIFIKATSIOON<\/h3>\n<p>Tippkiirus 25 km\/h (piirajaga)<br \/>\nS\u00f5iduulatus: 60-70km<\/p>\n<p>Mootori v\u00f5imsus: 1000W<br \/>\nM\u00e4kke ronimine: 15\u00b0<br \/>\nPiduris\u00fcsteem: Kahekordne ketaspidur<br \/>\nRehvid: Eesmine 11&#8221; ja tagumine 10&#8221;<br \/>\nSuurus: 1187 * 620 * 1315 mm<br \/>\nKaal: 36,2 kg<br \/>\nMaksimaalne koormus: 120 kg<br \/>\nLaadimisaeg: 8-10h<\/p>\n<p>&nbsp;<\/p>\n<p><strong>NB!<\/strong> Elektrit\u00f5ukerattaga s\u00f5ites soovitame alati kanda <a href=\"https:\/\/projekt.vombat.ee\/eco\/pood\/?product-cata=707\">kiivrit<\/a>. Alla 16 aastase kergliikuri jaoks on elektrit\u00f5uksiga s\u00f5idu ajal kiivri kandmine\u00a0<a href=\"https:\/\/www.riigiteataja.ee\/akt\/113112020001\">seaduse<\/a>\u00a0j\u00e4rgi kohustuslik<\/p>\n","protected":false},"excerpt":{"rendered":"<p><strong>KUGOO KIRIN M5 PRO ELEKTRILINE T\u00d5UKERATAS<\/strong><\/p>\n<ul>\n<li><strong>S\u00f5iduulatus<\/strong>: 60-70km<\/li>\n<li><strong>Aku<\/strong>: 48V 20Ah<\/li>\n<li><strong>Kandev\u00f5ime<\/strong>: 120 kg<\/li>\n<li><strong>Laadimisaeg<\/strong>: 8-10h<\/li>\n<li><strong>Max kiirus<\/strong>: 25km\/h (piirajaga)<\/li>\n<li><strong>Iste ei kuulu komplekti<\/strong><\/li>\n<\/ul>\n<p>\u2666 J\u00e4reltellimisel<\/p>\n","protected":false},"featured_media":16527,"template":"","meta":[],"product_cat":[53,911,59],"product_tag":[],"class_list":{"0":"post-6261","1":"product","2":"type-product","3":"status-publish","4":"has-post-thumbnail","6":"product_cat-elektritoukerattad","7":"product_cat-voimsad-toukerattad","8":"product_cat-kugoo-elektritoukerattad","9":"product_shipping_class-suured-pakid","11":"first","12":"onbackorder","13":"sale","14":"taxable","15":"shipping-taxable","16":"purchasable","17":"product-type-simple"},"yoast_head":"<!-- This site is optimized with the Yoast SEO plugin v23.8 - https:\/\/yoast.com\/wordpress\/plugins\/seo\/ -->\n<title>Kukirin M5 Pro elektriline t\u00f5ukeratas 70 km - Ecocruiser<\/title>\n<meta name=\"description\" content=\"Kukirin M5 Pro elektriline t\u00f5ukeratas 70 km - Kvaliteetsed br\u00e4ndid, lai valik - Ecocruiser.ee - K\u00fcsimuste korral v\u00f5ta \u00fchendust info@projekt.vombat.ee\" \/>\n<meta name=\"robots\" content=\"noindex, follow, max-snippet:-1, max-image-preview:large, max-video-preview:-1\" \/>\n<meta property=\"og:locale\" content=\"en_GB\" \/>\n<meta property=\"og:type\" content=\"article\" \/>\n<meta property=\"og:title\" content=\"Kukirin M5 Pro elektriline t\u00f5ukeratas 70 km - Ecocruiser\" \/>\n<meta property=\"og:description\" content=\"Kukirin M5 Pro elektriline t\u00f5ukeratas 70 km - Kvaliteetsed br\u00e4ndid, lai valik - Ecocruiser.ee - K\u00fcsimuste korral v\u00f5ta \u00fchendust info@projekt.vombat.ee\" \/>\n<meta property=\"og:url\" content=\"https:\/\/projekt.vombat.ee\/eco\/pood\/elektritoukerattad\/voimsad-toukerattad\/kugoo-kirin-m5-pro-elektriline-toukeratas-70-km\/\" \/>\n<meta property=\"og:site_name\" content=\"Ecocruiser\" \/>\n<meta property=\"article:modified_time\" content=\"2024-07-30T07:05:19+00:00\" \/>\n<meta property=\"og:image\" content=\"https:\/\/projekt.vombat.ee\/eco\/wp-content\/uploads\/2023\/03\/9c8dffb7a1a95230986c848140016261.png\" \/>\n\t<meta property=\"og:image:width\" content=\"892\" \/>\n\t<meta property=\"og:image:height\" content=\"848\" \/>\n\t<meta property=\"og:image:type\" content=\"image\/png\" \/>\n<meta name=\"twitter:card\" content=\"summary_large_image\" \/>\n<meta name=\"twitter:label1\" content=\"Estimated reading time\" \/>\n\t<meta name=\"twitter:data1\" content=\"2 minutes\" \/>\n<script type=\"application\/ld+json\" class=\"yoast-schema-graph\">{\"@context\":\"https:\/\/schema.org\",\"@graph\":[{\"@type\":\"WebPage\",\"@id\":\"https:\/\/projekt.vombat.ee\/eco\/pood\/elektritoukerattad\/voimsad-toukerattad\/kugoo-kirin-m5-pro-elektriline-toukeratas-70-km\/\",\"url\":\"https:\/\/projekt.vombat.ee\/eco\/pood\/elektritoukerattad\/voimsad-toukerattad\/kugoo-kirin-m5-pro-elektriline-toukeratas-70-km\/\",\"name\":\"Kukirin M5 Pro elektriline t\u00f5ukeratas 70 km - Ecocruiser\",\"isPartOf\":{\"@id\":\"https:\/\/projekt.vombat.ee\/eco\/#website\"},\"primaryImageOfPage\":{\"@id\":\"https:\/\/projekt.vombat.ee\/eco\/pood\/elektritoukerattad\/voimsad-toukerattad\/kugoo-kirin-m5-pro-elektriline-toukeratas-70-km\/#primaryimage\"},\"image\":{\"@id\":\"https:\/\/projekt.vombat.ee\/eco\/pood\/elektritoukerattad\/voimsad-toukerattad\/kugoo-kirin-m5-pro-elektriline-toukeratas-70-km\/#primaryimage\"},\"thumbnailUrl\":\"https:\/\/projekt.vombat.ee\/eco\/wp-content\/uploads\/2023\/03\/9c8dffb7a1a95230986c848140016261.png\",\"datePublished\":\"2023-03-10T15:01:14+00:00\",\"dateModified\":\"2024-07-30T07:05:19+00:00\",\"description\":\"Kukirin M5 Pro elektriline t\u00f5ukeratas 70 km - Kvaliteetsed br\u00e4ndid, lai valik - Ecocruiser.ee - K\u00fcsimuste korral v\u00f5ta \u00fchendust info@projekt.vombat.ee\",\"breadcrumb\":{\"@id\":\"https:\/\/projekt.vombat.ee\/eco\/pood\/elektritoukerattad\/voimsad-toukerattad\/kugoo-kirin-m5-pro-elektriline-toukeratas-70-km\/#breadcrumb\"},\"inLanguage\":\"en-GB\",\"potentialAction\":[{\"@type\":\"ReadAction\",\"target\":[\"https:\/\/projekt.vombat.ee\/eco\/pood\/elektritoukerattad\/voimsad-toukerattad\/kugoo-kirin-m5-pro-elektriline-toukeratas-70-km\/\"]}]},{\"@type\":\"ImageObject\",\"inLanguage\":\"en-GB\",\"@id\":\"https:\/\/projekt.vombat.ee\/eco\/pood\/elektritoukerattad\/voimsad-toukerattad\/kugoo-kirin-m5-pro-elektriline-toukeratas-70-km\/#primaryimage\",\"url\":\"https:\/\/projekt.vombat.ee\/eco\/wp-content\/uploads\/2023\/03\/9c8dffb7a1a95230986c848140016261.png\",\"contentUrl\":\"https:\/\/projekt.vombat.ee\/eco\/wp-content\/uploads\/2023\/03\/9c8dffb7a1a95230986c848140016261.png\",\"width\":892,\"height\":848},{\"@type\":\"BreadcrumbList\",\"@id\":\"https:\/\/projekt.vombat.ee\/eco\/pood\/elektritoukerattad\/voimsad-toukerattad\/kugoo-kirin-m5-pro-elektriline-toukeratas-70-km\/#breadcrumb\",\"itemListElement\":[{\"@type\":\"ListItem\",\"position\":1,\"name\":\"Home\",\"item\":\"https:\/\/projekt.vombat.ee\/eco\/\"},{\"@type\":\"ListItem\",\"position\":2,\"name\":\"Pood\",\"item\":\"https:\/\/projekt.vombat.ee\/eco\/pood\/\"},{\"@type\":\"ListItem\",\"position\":3,\"name\":\"Kukirin M5 Pro elektriline t\u00f5ukeratas 70 km\"}]},{\"@type\":\"WebSite\",\"@id\":\"https:\/\/projekt.vombat.ee\/eco\/#website\",\"url\":\"https:\/\/projekt.vombat.ee\/eco\/\",\"name\":\"Ecocruiser\",\"description\":\"\",\"publisher\":{\"@id\":\"https:\/\/projekt.vombat.ee\/eco\/#organization\"},\"potentialAction\":[{\"@type\":\"SearchAction\",\"target\":{\"@type\":\"EntryPoint\",\"urlTemplate\":\"https:\/\/projekt.vombat.ee\/eco\/?s={search_term_string}\"},\"query-input\":{\"@type\":\"PropertyValueSpecification\",\"valueRequired\":true,\"valueName\":\"search_term_string\"}}],\"inLanguage\":\"en-GB\"},{\"@type\":\"Organization\",\"@id\":\"https:\/\/projekt.vombat.ee\/eco\/#organization\",\"name\":\"Ecocruiser\",\"url\":\"https:\/\/projekt.vombat.ee\/eco\/\",\"logo\":{\"@type\":\"ImageObject\",\"inLanguage\":\"en-GB\",\"@id\":\"https:\/\/projekt.vombat.ee\/eco\/#\/schema\/logo\/image\/\",\"url\":\"https:\/\/projekt.vombat.ee\/eco\/wp-content\/uploads\/2023\/03\/ECOCRUISER_5.png\",\"contentUrl\":\"https:\/\/projekt.vombat.ee\/eco\/wp-content\/uploads\/2023\/03\/ECOCRUISER_5.png\",\"width\":234,\"height\":91,\"caption\":\"Ecocruiser\"},\"image\":{\"@id\":\"https:\/\/projekt.vombat.ee\/eco\/#\/schema\/logo\/image\/\"}}]}<\/script>\n<!-- \/ Yoast SEO plugin. -->","yoast_head_json":{"title":"Kukirin M5 Pro elektriline t\u00f5ukeratas 70 km - Ecocruiser","description":"Kukirin M5 Pro elektriline t\u00f5ukeratas 70 km - Kvaliteetsed br\u00e4ndid, lai valik - Ecocruiser.ee - K\u00fcsimuste korral v\u00f5ta \u00fchendust info@projekt.vombat.ee","robots":{"index":"noindex","follow":"follow","max-snippet":"max-snippet:-1","max-image-preview":"max-image-preview:large","max-video-preview":"max-video-preview:-1"},"og_locale":"en_GB","og_type":"article","og_title":"Kukirin M5 Pro elektriline t\u00f5ukeratas 70 km - Ecocruiser","og_description":"Kukirin M5 Pro elektriline t\u00f5ukeratas 70 km - Kvaliteetsed br\u00e4ndid, lai valik - Ecocruiser.ee - K\u00fcsimuste korral v\u00f5ta \u00fchendust info@projekt.vombat.ee","og_url":"https:\/\/projekt.vombat.ee\/eco\/pood\/elektritoukerattad\/voimsad-toukerattad\/kugoo-kirin-m5-pro-elektriline-toukeratas-70-km\/","og_site_name":"Ecocruiser","article_modified_time":"2024-07-30T07:05:19+00:00","og_image":[{"width":892,"height":848,"url":"https:\/\/projekt.vombat.ee\/eco\/wp-content\/uploads\/2023\/03\/9c8dffb7a1a95230986c848140016261.png","type":"image\/png"}],"twitter_card":"summary_large_image","twitter_misc":{"Estimated reading time":"2 minutes"},"schema":{"@context":"https:\/\/schema.org","@graph":[{"@type":"WebPage","@id":"https:\/\/projekt.vombat.ee\/eco\/pood\/elektritoukerattad\/voimsad-toukerattad\/kugoo-kirin-m5-pro-elektriline-toukeratas-70-km\/","url":"https:\/\/projekt.vombat.ee\/eco\/pood\/elektritoukerattad\/voimsad-toukerattad\/kugoo-kirin-m5-pro-elektriline-toukeratas-70-km\/","name":"Kukirin M5 Pro elektriline t\u00f5ukeratas 70 km - Ecocruiser","isPartOf":{"@id":"https:\/\/projekt.vombat.ee\/eco\/#website"},"primaryImageOfPage":{"@id":"https:\/\/projekt.vombat.ee\/eco\/pood\/elektritoukerattad\/voimsad-toukerattad\/kugoo-kirin-m5-pro-elektriline-toukeratas-70-km\/#primaryimage"},"image":{"@id":"https:\/\/projekt.vombat.ee\/eco\/pood\/elektritoukerattad\/voimsad-toukerattad\/kugoo-kirin-m5-pro-elektriline-toukeratas-70-km\/#primaryimage"},"thumbnailUrl":"https:\/\/projekt.vombat.ee\/eco\/wp-content\/uploads\/2023\/03\/9c8dffb7a1a95230986c848140016261.png","datePublished":"2023-03-10T15:01:14+00:00","dateModified":"2024-07-30T07:05:19+00:00","description":"Kukirin M5 Pro elektriline t\u00f5ukeratas 70 km - Kvaliteetsed br\u00e4ndid, lai valik - Ecocruiser.ee - K\u00fcsimuste korral v\u00f5ta \u00fchendust info@projekt.vombat.ee","breadcrumb":{"@id":"https:\/\/projekt.vombat.ee\/eco\/pood\/elektritoukerattad\/voimsad-toukerattad\/kugoo-kirin-m5-pro-elektriline-toukeratas-70-km\/#breadcrumb"},"inLanguage":"en-GB","potentialAction":[{"@type":"ReadAction","target":["https:\/\/projekt.vombat.ee\/eco\/pood\/elektritoukerattad\/voimsad-toukerattad\/kugoo-kirin-m5-pro-elektriline-toukeratas-70-km\/"]}]},{"@type":"ImageObject","inLanguage":"en-GB","@id":"https:\/\/projekt.vombat.ee\/eco\/pood\/elektritoukerattad\/voimsad-toukerattad\/kugoo-kirin-m5-pro-elektriline-toukeratas-70-km\/#primaryimage","url":"https:\/\/projekt.vombat.ee\/eco\/wp-content\/uploads\/2023\/03\/9c8dffb7a1a95230986c848140016261.png","contentUrl":"https:\/\/projekt.vombat.ee\/eco\/wp-content\/uploads\/2023\/03\/9c8dffb7a1a95230986c848140016261.png","width":892,"height":848},{"@type":"BreadcrumbList","@id":"https:\/\/projekt.vombat.ee\/eco\/pood\/elektritoukerattad\/voimsad-toukerattad\/kugoo-kirin-m5-pro-elektriline-toukeratas-70-km\/#breadcrumb","itemListElement":[{"@type":"ListItem","position":1,"name":"Home","item":"https:\/\/projekt.vombat.ee\/eco\/"},{"@type":"ListItem","position":2,"name":"Pood","item":"https:\/\/projekt.vombat.ee\/eco\/pood\/"},{"@type":"ListItem","position":3,"name":"Kukirin M5 Pro elektriline t\u00f5ukeratas 70 km"}]},{"@type":"WebSite","@id":"https:\/\/projekt.vombat.ee\/eco\/#website","url":"https:\/\/projekt.vombat.ee\/eco\/","name":"Ecocruiser","description":"","publisher":{"@id":"https:\/\/projekt.vombat.ee\/eco\/#organization"},"potentialAction":[{"@type":"SearchAction","target":{"@type":"EntryPoint","urlTemplate":"https:\/\/projekt.vombat.ee\/eco\/?s={search_term_string}"},"query-input":{"@type":"PropertyValueSpecification","valueRequired":true,"valueName":"search_term_string"}}],"inLanguage":"en-GB"},{"@type":"Organization","@id":"https:\/\/projekt.vombat.ee\/eco\/#organization","name":"Ecocruiser","url":"https:\/\/projekt.vombat.ee\/eco\/","logo":{"@type":"ImageObject","inLanguage":"en-GB","@id":"https:\/\/projekt.vombat.ee\/eco\/#\/schema\/logo\/image\/","url":"https:\/\/projekt.vombat.ee\/eco\/wp-content\/uploads\/2023\/03\/ECOCRUISER_5.png","contentUrl":"https:\/\/projekt.vombat.ee\/eco\/wp-content\/uploads\/2023\/03\/ECOCRUISER_5.png","width":234,"height":91,"caption":"Ecocruiser"},"image":{"@id":"https:\/\/projekt.vombat.ee\/eco\/#\/schema\/logo\/image\/"}}]}},"lang":"et","translations":{"et":6261,"ru":6270,"fi":7778,"lv":10882,"en":15934,"fr":16961},"pll_sync_post":[],"_links":{"self":[{"href":"https:\/\/projekt.vombat.ee\/eco\/wp-json\/wp\/v2\/product\/6261"}],"collection":[{"href":"https:\/\/projekt.vombat.ee\/eco\/wp-json\/wp\/v2\/product"}],"about":[{"href":"https:\/\/projekt.vombat.ee\/eco\/wp-json\/wp\/v2\/types\/product"}],"version-history":[{"count":13,"href":"https:\/\/projekt.vombat.ee\/eco\/wp-json\/wp\/v2\/product\/6261\/revisions"}],"predecessor-version":[{"id":20824,"href":"https:\/\/projekt.vombat.ee\/eco\/wp-json\/wp\/v2\/product\/6261\/revisions\/20824"}],"wp:featuredmedia":[{"embeddable":true,"href":"https:\/\/projekt.vombat.ee\/eco\/wp-json\/wp\/v2\/media\/16527"}],"wp:attachment":[{"href":"https:\/\/projekt.vombat.ee\/eco\/wp-json\/wp\/v2\/media?parent=6261"}],"wp:term":[{"taxonomy":"product_cat","embeddable":true,"href":"https:\/\/projekt.vombat.ee\/eco\/wp-json\/wp\/v2\/product_cat?post=6261"},{"taxonomy":"product_tag","embeddable":true,"href":"https:\/\/projekt.vombat.ee\/eco\/wp-json\/wp\/v2\/product_tag?post=6261"}],"curies":[{"name":"wp","href":"https:\/\/api.w.org\/{rel}","templated":true}]}}