{"id":6032,"date":"2023-03-05T18:46:39","date_gmt":"2023-03-05T18:46:39","guid":{"rendered":"https:\/\/projekt.vombat.ee\/eco\/?post_type=product&#038;p=6032"},"modified":"2024-05-01T20:00:29","modified_gmt":"2024-05-01T20:00:29","slug":"iscooter-i9-pro-elektriline-toukeratas","status":"publish","type":"product","link":"https:\/\/projekt.vombat.ee\/eco\/pood\/brandid\/iscooter\/iscooter-i9-pro-elektriline-toukeratas\/","title":{"rendered":"Isinwheel S9 Pro elektriline t\u00f5ukeratas, 30km"},"content":{"rendered":"<h1>Isinwheel S9 PRO ELEKTRILINE T\u00d5UKERATAS<\/h1>\n<div class=\"youtube responsive-embed wp-embed\"><iframe title=\"isinwheel S9Pro 350W foldable electric scooter\" width=\"1778\" height=\"1000\" src=\"https:\/\/www.youtube.com\/embed\/mnuJDrE9Nu8?feature=oembed&#038;enablejsapi=1&#038;rel=0&#038;showinfo=0&#038;color=white\" frameborder=\"0\" allow=\"accelerometer; autoplay; clipboard-write; encrypted-media; gyroscope; picture-in-picture; web-share\" referrerpolicy=\"strict-origin-when-cross-origin\" allowfullscreen><\/iframe><\/div>\n<h5><span style=\"font-size: inherit;\">K\u00f5rgelt hinnatud Isinwheel t\u00f5ukeratta firma sai just t\u00e4iendust S9 Pro n\u00e4ol. Tegemist on t\u00f5ukerattaga, milega saab s\u00f5ita nii linnaliikluses kui maastikul. T\u00f5ukerattale on paigaldatud v\u00f5imekas 350W mootor, mis tagab hea kiirenduse ja piisava j\u00f5udluse t\u00f5usude l\u00e4bimiseks. Suure mahutavusega aku v\u00f5imaldab \u00fche laadimisega l\u00e4bida kuni 30km<\/span><\/h5>\n<p><img fetchpriority=\"high\" decoding=\"async\" class=\"\" src=\"https:\/\/www.iscooterglobal.eu\/cdn\/shop\/files\/2_a12c3706-5561-4369-8f55-5142dbfc04ec_1800x1800.jpg?v=1704786736\" width=\"799\" height=\"799\" \/><\/p>\n<h3>S9pro parameetrid<\/h3>\n<p>Max kiirus: 25 km\/h<br \/>\nMaksimaalne s\u00f5iduulatus: 30 km<br \/>\nRonimisnurk 15%<br \/>\nVeekindlus IPX4<\/p>\n<p><strong>M\u00f5\u00f5dud ja kaal<\/strong><\/p>\n<p>Toote m\u00f5\u00f5tmed \u2013 voltimata 108*43*112cm<br \/>\nToote m\u00f5\u00f5dud &#8211; Kokkupanduna 108*43*50 cm<br \/>\nNetokaal 11,8 kg<\/p>\n<p>Aku: 36V 7,5Ah<br \/>\nLaadimisaeg: 3-6 h<br \/>\nNutikas akuhalduss\u00fcsteem: Jah<\/p>\n<p><strong>Mootor<\/strong><\/p>\n<p>Maksimaalne v\u00f5imsus: 350W<br \/>\nRattavedu: Esiratas<\/p>\n<p><strong>Pidurid<\/strong><\/p>\n<p>Esipidur: Mehaaniline ketaspidur + elektriline pidur<br \/>\nTagumine pidur: Mehaaniline ketaspidur<\/p>\n<p><strong>Valgus<\/strong><\/p>\n<p>Esituled: LED + tagatuli<br \/>\nPidurituled: Jah (vilguvad)<\/p>\n<p><strong>Rehvid<\/strong><\/p>\n<p>Rehvide t\u00fc\u00fcp: \u00d5hkrehvid<br \/>\nRehvim\u00f5\u00f5t: 8,5 tolli\/21,6 cm<\/p>\n<p><strong>\u00dchenduvus<\/strong><\/p>\n<p>Rakenduse monitor: Jah, inwheel App<br \/>\nBluetooth: Jah<br \/>\nMax s\u00f5itja kaal: 100 kg<\/p>\n<p><strong>Muud funktsioonid<\/strong><\/p>\n<p>Kokkupandav mehhanism: Lihtne kaheastmeline kokkuklapitav (vajalik k\u00e4si)<br \/>\nInfoekraan: T\u00e4isv\u00e4rviline teabe armatuurlaua ekraan<br \/>\nTeave: LED-ekraani hetkekiiruse, aku taseme, p\u00fcsikiiruse hoidja, esitulede, aktiveeritud re\u017eiimi, hoolduse, temperatuuri, suunatulede esitulede sisse\/v\u00e4lja, s\u00f5idukauguse jne kohta<\/p>\n<p>S\u00f5idure\u017eiimid: 3 s\u00f5idure\u017eiimi (6\/15\/25 km\/h)<br \/>\nP\u00fcsikiiruse hoidja: Jah<br \/>\nSignaal: Jah<br \/>\nSertifitseeritud helkurid: Jah (eesmised, tagumised ja k\u00fclgmised E-MARK helkurid)<\/p>\n","protected":false},"excerpt":{"rendered":"<p><strong>Isinwheel S9 Pro elektriline t\u00f5ukeratas<\/strong><\/p>\n<p>&nbsp;<\/p>\n<ul>\n<li><strong>Mootor<\/strong>:350W<\/li>\n<li><strong>Kandev\u00f5ime<\/strong>: 120KG<\/li>\n<li><strong>Max kiirus<\/strong>: 30KM\/H<\/li>\n<li><strong>S\u00f5iduulatus<\/strong>: kuni 25KM<\/li>\n<li><strong>Laadimisaeg<\/strong>: 4-5H<\/li>\n<li><strong>Rehvid:<\/strong> 8.5\u2033 \u00f5hkrehv<\/li>\n<li><strong>Aku:<\/strong> 36V 7,5Ah<\/li>\n<\/ul>\n<p>&nbsp;<\/p>\n<p>\u2666\u00a0<strong>Tarneaeg 2-6 p\u00e4eva<\/strong><br \/>\n\u2666\u00a0<strong>Laos<\/strong><\/p>\n","protected":false},"featured_media":16018,"template":"","meta":[],"product_cat":[53,643,909],"product_tag":[],"class_list":{"0":"post-6032","1":"product","2":"type-product","3":"status-publish","4":"has-post-thumbnail","6":"product_cat-elektritoukerattad","7":"product_cat-iscooter","8":"product_cat-linna-toukerattad","9":"product_shipping_class-suured-pakid","11":"first","12":"instock","13":"sale","14":"taxable","15":"shipping-taxable","16":"purchasable","17":"product-type-simple"},"yoast_head":"<!-- This site is optimized with the Yoast SEO plugin v23.8 - https:\/\/yoast.com\/wordpress\/plugins\/seo\/ -->\n<title>Isinwheel S9 Pro elektriline t\u00f5ukeratas, 30km - Ecocruiser<\/title>\n<meta name=\"description\" content=\"Isinwheel S9 Pro elektriline t\u00f5ukeratas, 30km - Kvaliteetsed br\u00e4ndid, lai valik - Ecocruiser.ee - K\u00fcsimuste korral v\u00f5ta \u00fchendust info@projekt.vombat.ee\" \/>\n<meta name=\"robots\" content=\"noindex, follow, max-snippet:-1, max-image-preview:large, max-video-preview:-1\" \/>\n<meta property=\"og:locale\" content=\"en_GB\" \/>\n<meta property=\"og:type\" content=\"article\" \/>\n<meta property=\"og:title\" content=\"Isinwheel S9 Pro elektriline t\u00f5ukeratas, 30km - Ecocruiser\" \/>\n<meta property=\"og:description\" content=\"Isinwheel S9 Pro elektriline t\u00f5ukeratas, 30km - Kvaliteetsed br\u00e4ndid, lai valik - Ecocruiser.ee - K\u00fcsimuste korral v\u00f5ta \u00fchendust info@projekt.vombat.ee\" \/>\n<meta property=\"og:url\" content=\"https:\/\/projekt.vombat.ee\/eco\/pood\/brandid\/iscooter\/iscooter-i9-pro-elektriline-toukeratas\/\" \/>\n<meta property=\"og:site_name\" content=\"Ecocruiser\" \/>\n<meta property=\"article:modified_time\" content=\"2024-05-01T20:00:29+00:00\" \/>\n<meta property=\"og:image\" content=\"https:\/\/projekt.vombat.ee\/eco\/wp-content\/uploads\/2023\/03\/1_0d33982e-5854-444f-a748-0e4293507e01_1800x1800.webp\" \/>\n\t<meta property=\"og:image:width\" content=\"1500\" \/>\n\t<meta property=\"og:image:height\" content=\"1500\" \/>\n\t<meta property=\"og:image:type\" content=\"image\/webp\" \/>\n<meta name=\"twitter:card\" content=\"summary_large_image\" \/>\n<meta name=\"twitter:label1\" content=\"Estimated reading time\" \/>\n\t<meta name=\"twitter:data1\" content=\"2 minutes\" \/>\n<script type=\"application\/ld+json\" class=\"yoast-schema-graph\">{\"@context\":\"https:\/\/schema.org\",\"@graph\":[{\"@type\":\"WebPage\",\"@id\":\"https:\/\/projekt.vombat.ee\/eco\/pood\/brandid\/iscooter\/iscooter-i9-pro-elektriline-toukeratas\/\",\"url\":\"https:\/\/projekt.vombat.ee\/eco\/pood\/brandid\/iscooter\/iscooter-i9-pro-elektriline-toukeratas\/\",\"name\":\"Isinwheel S9 Pro elektriline t\u00f5ukeratas, 30km - Ecocruiser\",\"isPartOf\":{\"@id\":\"https:\/\/projekt.vombat.ee\/eco\/#website\"},\"primaryImageOfPage\":{\"@id\":\"https:\/\/projekt.vombat.ee\/eco\/pood\/brandid\/iscooter\/iscooter-i9-pro-elektriline-toukeratas\/#primaryimage\"},\"image\":{\"@id\":\"https:\/\/projekt.vombat.ee\/eco\/pood\/brandid\/iscooter\/iscooter-i9-pro-elektriline-toukeratas\/#primaryimage\"},\"thumbnailUrl\":\"https:\/\/projekt.vombat.ee\/eco\/wp-content\/uploads\/2023\/03\/1_0d33982e-5854-444f-a748-0e4293507e01_1800x1800.webp\",\"datePublished\":\"2023-03-05T18:46:39+00:00\",\"dateModified\":\"2024-05-01T20:00:29+00:00\",\"description\":\"Isinwheel S9 Pro elektriline t\u00f5ukeratas, 30km - Kvaliteetsed br\u00e4ndid, lai valik - Ecocruiser.ee - K\u00fcsimuste korral v\u00f5ta \u00fchendust info@projekt.vombat.ee\",\"breadcrumb\":{\"@id\":\"https:\/\/projekt.vombat.ee\/eco\/pood\/brandid\/iscooter\/iscooter-i9-pro-elektriline-toukeratas\/#breadcrumb\"},\"inLanguage\":\"en-GB\",\"potentialAction\":[{\"@type\":\"ReadAction\",\"target\":[\"https:\/\/projekt.vombat.ee\/eco\/pood\/brandid\/iscooter\/iscooter-i9-pro-elektriline-toukeratas\/\"]}]},{\"@type\":\"ImageObject\",\"inLanguage\":\"en-GB\",\"@id\":\"https:\/\/projekt.vombat.ee\/eco\/pood\/brandid\/iscooter\/iscooter-i9-pro-elektriline-toukeratas\/#primaryimage\",\"url\":\"https:\/\/projekt.vombat.ee\/eco\/wp-content\/uploads\/2023\/03\/1_0d33982e-5854-444f-a748-0e4293507e01_1800x1800.webp\",\"contentUrl\":\"https:\/\/projekt.vombat.ee\/eco\/wp-content\/uploads\/2023\/03\/1_0d33982e-5854-444f-a748-0e4293507e01_1800x1800.webp\",\"width\":1500,\"height\":1500},{\"@type\":\"BreadcrumbList\",\"@id\":\"https:\/\/projekt.vombat.ee\/eco\/pood\/brandid\/iscooter\/iscooter-i9-pro-elektriline-toukeratas\/#breadcrumb\",\"itemListElement\":[{\"@type\":\"ListItem\",\"position\":1,\"name\":\"Home\",\"item\":\"https:\/\/projekt.vombat.ee\/eco\/\"},{\"@type\":\"ListItem\",\"position\":2,\"name\":\"Pood\",\"item\":\"https:\/\/projekt.vombat.ee\/eco\/pood\/\"},{\"@type\":\"ListItem\",\"position\":3,\"name\":\"Isinwheel S9 Pro elektriline t\u00f5ukeratas, 30km\"}]},{\"@type\":\"WebSite\",\"@id\":\"https:\/\/projekt.vombat.ee\/eco\/#website\",\"url\":\"https:\/\/projekt.vombat.ee\/eco\/\",\"name\":\"Ecocruiser\",\"description\":\"\",\"publisher\":{\"@id\":\"https:\/\/projekt.vombat.ee\/eco\/#organization\"},\"potentialAction\":[{\"@type\":\"SearchAction\",\"target\":{\"@type\":\"EntryPoint\",\"urlTemplate\":\"https:\/\/projekt.vombat.ee\/eco\/?s={search_term_string}\"},\"query-input\":{\"@type\":\"PropertyValueSpecification\",\"valueRequired\":true,\"valueName\":\"search_term_string\"}}],\"inLanguage\":\"en-GB\"},{\"@type\":\"Organization\",\"@id\":\"https:\/\/projekt.vombat.ee\/eco\/#organization\",\"name\":\"Ecocruiser\",\"url\":\"https:\/\/projekt.vombat.ee\/eco\/\",\"logo\":{\"@type\":\"ImageObject\",\"inLanguage\":\"en-GB\",\"@id\":\"https:\/\/projekt.vombat.ee\/eco\/#\/schema\/logo\/image\/\",\"url\":\"https:\/\/projekt.vombat.ee\/eco\/wp-content\/uploads\/2023\/03\/ECOCRUISER_5.png\",\"contentUrl\":\"https:\/\/projekt.vombat.ee\/eco\/wp-content\/uploads\/2023\/03\/ECOCRUISER_5.png\",\"width\":234,\"height\":91,\"caption\":\"Ecocruiser\"},\"image\":{\"@id\":\"https:\/\/projekt.vombat.ee\/eco\/#\/schema\/logo\/image\/\"}}]}<\/script>\n<!-- \/ Yoast SEO plugin. -->","yoast_head_json":{"title":"Isinwheel S9 Pro elektriline t\u00f5ukeratas, 30km - Ecocruiser","description":"Isinwheel S9 Pro elektriline t\u00f5ukeratas, 30km - Kvaliteetsed br\u00e4ndid, lai valik - Ecocruiser.ee - K\u00fcsimuste korral v\u00f5ta \u00fchendust info@projekt.vombat.ee","robots":{"index":"noindex","follow":"follow","max-snippet":"max-snippet:-1","max-image-preview":"max-image-preview:large","max-video-preview":"max-video-preview:-1"},"og_locale":"en_GB","og_type":"article","og_title":"Isinwheel S9 Pro elektriline t\u00f5ukeratas, 30km - Ecocruiser","og_description":"Isinwheel S9 Pro elektriline t\u00f5ukeratas, 30km - Kvaliteetsed br\u00e4ndid, lai valik - Ecocruiser.ee - K\u00fcsimuste korral v\u00f5ta \u00fchendust info@projekt.vombat.ee","og_url":"https:\/\/projekt.vombat.ee\/eco\/pood\/brandid\/iscooter\/iscooter-i9-pro-elektriline-toukeratas\/","og_site_name":"Ecocruiser","article_modified_time":"2024-05-01T20:00:29+00:00","og_image":[{"width":1500,"height":1500,"url":"https:\/\/projekt.vombat.ee\/eco\/wp-content\/uploads\/2023\/03\/1_0d33982e-5854-444f-a748-0e4293507e01_1800x1800.webp","type":"image\/webp"}],"twitter_card":"summary_large_image","twitter_misc":{"Estimated reading time":"2 minutes"},"schema":{"@context":"https:\/\/schema.org","@graph":[{"@type":"WebPage","@id":"https:\/\/projekt.vombat.ee\/eco\/pood\/brandid\/iscooter\/iscooter-i9-pro-elektriline-toukeratas\/","url":"https:\/\/projekt.vombat.ee\/eco\/pood\/brandid\/iscooter\/iscooter-i9-pro-elektriline-toukeratas\/","name":"Isinwheel S9 Pro elektriline t\u00f5ukeratas, 30km - Ecocruiser","isPartOf":{"@id":"https:\/\/projekt.vombat.ee\/eco\/#website"},"primaryImageOfPage":{"@id":"https:\/\/projekt.vombat.ee\/eco\/pood\/brandid\/iscooter\/iscooter-i9-pro-elektriline-toukeratas\/#primaryimage"},"image":{"@id":"https:\/\/projekt.vombat.ee\/eco\/pood\/brandid\/iscooter\/iscooter-i9-pro-elektriline-toukeratas\/#primaryimage"},"thumbnailUrl":"https:\/\/projekt.vombat.ee\/eco\/wp-content\/uploads\/2023\/03\/1_0d33982e-5854-444f-a748-0e4293507e01_1800x1800.webp","datePublished":"2023-03-05T18:46:39+00:00","dateModified":"2024-05-01T20:00:29+00:00","description":"Isinwheel S9 Pro elektriline t\u00f5ukeratas, 30km - Kvaliteetsed br\u00e4ndid, lai valik - Ecocruiser.ee - K\u00fcsimuste korral v\u00f5ta \u00fchendust info@projekt.vombat.ee","breadcrumb":{"@id":"https:\/\/projekt.vombat.ee\/eco\/pood\/brandid\/iscooter\/iscooter-i9-pro-elektriline-toukeratas\/#breadcrumb"},"inLanguage":"en-GB","potentialAction":[{"@type":"ReadAction","target":["https:\/\/projekt.vombat.ee\/eco\/pood\/brandid\/iscooter\/iscooter-i9-pro-elektriline-toukeratas\/"]}]},{"@type":"ImageObject","inLanguage":"en-GB","@id":"https:\/\/projekt.vombat.ee\/eco\/pood\/brandid\/iscooter\/iscooter-i9-pro-elektriline-toukeratas\/#primaryimage","url":"https:\/\/projekt.vombat.ee\/eco\/wp-content\/uploads\/2023\/03\/1_0d33982e-5854-444f-a748-0e4293507e01_1800x1800.webp","contentUrl":"https:\/\/projekt.vombat.ee\/eco\/wp-content\/uploads\/2023\/03\/1_0d33982e-5854-444f-a748-0e4293507e01_1800x1800.webp","width":1500,"height":1500},{"@type":"BreadcrumbList","@id":"https:\/\/projekt.vombat.ee\/eco\/pood\/brandid\/iscooter\/iscooter-i9-pro-elektriline-toukeratas\/#breadcrumb","itemListElement":[{"@type":"ListItem","position":1,"name":"Home","item":"https:\/\/projekt.vombat.ee\/eco\/"},{"@type":"ListItem","position":2,"name":"Pood","item":"https:\/\/projekt.vombat.ee\/eco\/pood\/"},{"@type":"ListItem","position":3,"name":"Isinwheel S9 Pro elektriline t\u00f5ukeratas, 30km"}]},{"@type":"WebSite","@id":"https:\/\/projekt.vombat.ee\/eco\/#website","url":"https:\/\/projekt.vombat.ee\/eco\/","name":"Ecocruiser","description":"","publisher":{"@id":"https:\/\/projekt.vombat.ee\/eco\/#organization"},"potentialAction":[{"@type":"SearchAction","target":{"@type":"EntryPoint","urlTemplate":"https:\/\/projekt.vombat.ee\/eco\/?s={search_term_string}"},"query-input":{"@type":"PropertyValueSpecification","valueRequired":true,"valueName":"search_term_string"}}],"inLanguage":"en-GB"},{"@type":"Organization","@id":"https:\/\/projekt.vombat.ee\/eco\/#organization","name":"Ecocruiser","url":"https:\/\/projekt.vombat.ee\/eco\/","logo":{"@type":"ImageObject","inLanguage":"en-GB","@id":"https:\/\/projekt.vombat.ee\/eco\/#\/schema\/logo\/image\/","url":"https:\/\/projekt.vombat.ee\/eco\/wp-content\/uploads\/2023\/03\/ECOCRUISER_5.png","contentUrl":"https:\/\/projekt.vombat.ee\/eco\/wp-content\/uploads\/2023\/03\/ECOCRUISER_5.png","width":234,"height":91,"caption":"Ecocruiser"},"image":{"@id":"https:\/\/projekt.vombat.ee\/eco\/#\/schema\/logo\/image\/"}}]}},"lang":"et","translations":{"et":6032},"pll_sync_post":[],"_links":{"self":[{"href":"https:\/\/projekt.vombat.ee\/eco\/wp-json\/wp\/v2\/product\/6032"}],"collection":[{"href":"https:\/\/projekt.vombat.ee\/eco\/wp-json\/wp\/v2\/product"}],"about":[{"href":"https:\/\/projekt.vombat.ee\/eco\/wp-json\/wp\/v2\/types\/product"}],"version-history":[{"count":5,"href":"https:\/\/projekt.vombat.ee\/eco\/wp-json\/wp\/v2\/product\/6032\/revisions"}],"predecessor-version":[{"id":16025,"href":"https:\/\/projekt.vombat.ee\/eco\/wp-json\/wp\/v2\/product\/6032\/revisions\/16025"}],"wp:featuredmedia":[{"embeddable":true,"href":"https:\/\/projekt.vombat.ee\/eco\/wp-json\/wp\/v2\/media\/16018"}],"wp:attachment":[{"href":"https:\/\/projekt.vombat.ee\/eco\/wp-json\/wp\/v2\/media?parent=6032"}],"wp:term":[{"taxonomy":"product_cat","embeddable":true,"href":"https:\/\/projekt.vombat.ee\/eco\/wp-json\/wp\/v2\/product_cat?post=6032"},{"taxonomy":"product_tag","embeddable":true,"href":"https:\/\/projekt.vombat.ee\/eco\/wp-json\/wp\/v2\/product_tag?post=6032"}],"curies":[{"name":"wp","href":"https:\/\/api.w.org\/{rel}","templated":true}]}}