{"id":19272,"date":"2024-06-30T19:15:11","date_gmt":"2024-06-30T19:15:11","guid":{"rendered":"https:\/\/projekt.vombat.ee\/eco\/?post_type=product&#038;p=19272"},"modified":"2024-08-03T17:40:36","modified_gmt":"2024-08-03T17:40:36","slug":"elektriline-toukeratas-vsett-11-super-125km","status":"publish","type":"product","link":"https:\/\/projekt.vombat.ee\/eco\/pood\/elektritoukerattad\/voimsad-toukerattad\/elektriline-toukeratas-vsett-11-super-125km\/","title":{"rendered":"VSETT 11+ Super elektriline t\u00f5ukeratas , 125km"},"content":{"rendered":"<div class=\"flex flex-grow flex-col max-w-full\">\n<div class=\"min-h-[20px] text-message flex flex-col items-start whitespace-pre-wrap break-words [.text-message+&amp;]:mt-5 juice:w-full juice:items-end overflow-x-auto gap-2\" dir=\"auto\" data-message-author-role=\"assistant\" data-message-id=\"a0ea1a6f-e893-46f2-9c4a-ca80d4a144a7\">\n<div class=\"flex w-full flex-col gap-1 juice:empty:hidden juice:first:pt-[3px]\">\n<div class=\"markdown prose w-full break-words dark:prose-invert light\">\n<p>VSETT 11+ Super on t\u00f5eline meistriteos, mis on loodud suurest kirest elektris\u00f5idukite vastu. See elektrit\u00f5ukeratas on m\u00f5eldud k\u00f5ige n\u00f5udlikumatele klientidele, pakkudes kompromissitut valikut hinna, kvaliteedi ja ohutuse vahel. Vali oma marsruut ja s\u00f5ida! Aastatepikkune kogemus elektrit\u00f5ukerataste tootmises v\u00f5imaldab VSETT-il luua pikema s\u00f5iduulatusega mudeli. Seet\u00f5ttu on VSETT 11+ Super varustatud 72V\/32Ah LI-Ion akuga, mis v\u00f5imaldab \u00fche laadimisega s\u00f5ita 125 km!<\/p>\n<p>Ole h\u00e4sti n\u00e4htav koos VSETT 11+ Superiga, millel on suur LED-valgusti, mis on spetsiaalselt loodud kiireks maastikus\u00f5iduks. Ere valguskiir, mis kasutab SMD-dioode, tagab suurep\u00e4rase n\u00e4htavuse eesoleval teel. VSETT elektrit\u00f5ukeratta saab aktiveerida spetsiaalse NFC kiibiga. Mugavus ja turvalisus on tagatud ka karmil maastikul. Laiad 11-tollised rehvid tagavad turvalisuse, samal ajal kui topelth\u00fcdrauliline vedrustus silub k\u00f5ik teekonarused. H\u00fcdraulilised pidurid v\u00e4hendavad oluliselt pidurdusteekonda.<\/p>\n<p>J\u00e4lgi k\u00f5iki parameetreid lihtsalt &#8211; t\u00f5ukerattal on LED-ekraan, mis kuvab olulist teavet nagu kiirus, k\u00e4ik, aku tase, l\u00e4bitud vahemaa ja tulede indikaatorid.<\/p>\n<p><strong>Peamised omadused<\/strong>:<\/p>\n<ul>\n<li>Kvaliteetne, pika elueaga LG aku<\/li>\n<li>NFC kiibiga sisse- ja v\u00e4ljal\u00fclitamine<\/li>\n<li>Patenteeritud voltimiss\u00fcsteem, mis pakub k\u00f5ige tugevamat ja paremat lahendust v\u00f5rreldes teiste elektrit\u00f5ukeratastega<\/li>\n<li>IP54 veekindlus<\/li>\n<li>Maksimaalne kandev\u00f5ime kuni 150 kg<\/li>\n<li>Amortisaatorid tagavad stabiilse ja turvalise s\u00f5idu<\/li>\n<li>LCD-ekraan, mis kuvab kiirust, k\u00e4iku, aku olekut ja l\u00e4bis\u00f5itu<\/li>\n<li>Kokkuvolditavad k\u00e4epidemed mugavuseks<\/li>\n<li>Suunatule l\u00fcliti k\u00e4epidemel<\/li>\n<li>V\u00e4ga mugav ja keskkonnas\u00f5bralik liikumisvahend<\/li>\n<li>Lihtne ja kiire kokku voltida<\/li>\n<li>Elektrilise t\u00f5ukerattaga s\u00f5ites on soovitatav kanda kaitsevarustust ja alati kiivrit!<\/li>\n<\/ul>\n<\/div>\n<\/div>\n<\/div>\n<\/div>\n<div class=\"mt-1 flex gap-3 empty:hidden juice:-ml-3\"><\/div>\n","protected":false},"excerpt":{"rendered":"<h6><strong>V<\/strong><strong>SETT 11+ ELEKTRILINE T\u00d5UKERATA<\/strong><strong>S<\/strong><\/h6>\n<ul>\n<li><strong>Max s\u00f5iduulatus<\/strong>: 125 KM<\/li>\n<li><strong>Kandev\u00f5ime<\/strong>: 150 kg<\/li>\n<li><strong>Mootori v\u00f5imsus<\/strong>: 1000W<\/li>\n<li><strong>Laadimisaeg<\/strong>: 8-16h<\/li>\n<li><strong>Aku<\/strong>: 72V 32Ah<\/li>\n<li><strong>Max kiirus<\/strong>: 25km\/h<\/li>\n<\/ul>\n","protected":false},"featured_media":19274,"template":"","meta":[],"product_cat":[53,911,939],"product_tag":[],"class_list":{"0":"post-19272","1":"product","2":"type-product","3":"status-publish","4":"has-post-thumbnail","6":"product_cat-elektritoukerattad","7":"product_cat-voimsad-toukerattad","8":"product_cat-brandid","10":"first","11":"instock","12":"sale","13":"taxable","14":"shipping-taxable","15":"purchasable","16":"product-type-simple"},"yoast_head":"<!-- This site is optimized with the Yoast SEO plugin v23.8 - https:\/\/yoast.com\/wordpress\/plugins\/seo\/ -->\n<title>VSETT 11+ Super elektriline t\u00f5ukeratas , 125km - Ecocruiser<\/title>\n<meta name=\"description\" content=\"VSETT 11+ Super elektriline t\u00f5ukeratas , 125km - Kvaliteetsed br\u00e4ndid, lai valik - Ecocruiser.ee - K\u00fcsimuste korral v\u00f5ta \u00fchendust info@projekt.vombat.ee\" \/>\n<meta name=\"robots\" content=\"noindex, follow, max-snippet:-1, max-image-preview:large, max-video-preview:-1\" \/>\n<meta property=\"og:locale\" content=\"en_GB\" \/>\n<meta property=\"og:type\" content=\"article\" \/>\n<meta property=\"og:title\" content=\"VSETT 11+ Super elektriline t\u00f5ukeratas , 125km - Ecocruiser\" \/>\n<meta property=\"og:description\" content=\"VSETT 11+ Super elektriline t\u00f5ukeratas , 125km - Kvaliteetsed br\u00e4ndid, lai valik - Ecocruiser.ee - K\u00fcsimuste korral v\u00f5ta \u00fchendust info@projekt.vombat.ee\" \/>\n<meta property=\"og:url\" content=\"https:\/\/projekt.vombat.ee\/eco\/pood\/elektritoukerattad\/voimsad-toukerattad\/elektriline-toukeratas-vsett-11-super-125km\/\" \/>\n<meta property=\"og:site_name\" content=\"Ecocruiser\" \/>\n<meta property=\"article:modified_time\" content=\"2024-08-03T17:40:36+00:00\" \/>\n<meta property=\"og:image\" content=\"https:\/\/projekt.vombat.ee\/eco\/wp-content\/uploads\/2024\/06\/img_VSETT-11-plus-super-LG_d1690103d1e34dbf46723c664ad35668.jpg\" \/>\n\t<meta property=\"og:image:width\" content=\"1000\" \/>\n\t<meta property=\"og:image:height\" content=\"1000\" \/>\n\t<meta property=\"og:image:type\" content=\"image\/jpeg\" \/>\n<meta name=\"twitter:card\" content=\"summary_large_image\" \/>\n<meta name=\"twitter:label1\" content=\"Estimated reading time\" \/>\n\t<meta name=\"twitter:data1\" content=\"2 minutes\" \/>\n<script type=\"application\/ld+json\" class=\"yoast-schema-graph\">{\"@context\":\"https:\/\/schema.org\",\"@graph\":[{\"@type\":\"WebPage\",\"@id\":\"https:\/\/projekt.vombat.ee\/eco\/pood\/elektritoukerattad\/voimsad-toukerattad\/elektriline-toukeratas-vsett-11-super-125km\/\",\"url\":\"https:\/\/projekt.vombat.ee\/eco\/pood\/elektritoukerattad\/voimsad-toukerattad\/elektriline-toukeratas-vsett-11-super-125km\/\",\"name\":\"VSETT 11+ Super elektriline t\u00f5ukeratas , 125km - Ecocruiser\",\"isPartOf\":{\"@id\":\"https:\/\/projekt.vombat.ee\/eco\/#website\"},\"primaryImageOfPage\":{\"@id\":\"https:\/\/projekt.vombat.ee\/eco\/pood\/elektritoukerattad\/voimsad-toukerattad\/elektriline-toukeratas-vsett-11-super-125km\/#primaryimage\"},\"image\":{\"@id\":\"https:\/\/projekt.vombat.ee\/eco\/pood\/elektritoukerattad\/voimsad-toukerattad\/elektriline-toukeratas-vsett-11-super-125km\/#primaryimage\"},\"thumbnailUrl\":\"https:\/\/projekt.vombat.ee\/eco\/wp-content\/uploads\/2024\/06\/img_VSETT-11-plus-super-LG_d1690103d1e34dbf46723c664ad35668.jpg\",\"datePublished\":\"2024-06-30T19:15:11+00:00\",\"dateModified\":\"2024-08-03T17:40:36+00:00\",\"description\":\"VSETT 11+ Super elektriline t\u00f5ukeratas , 125km - Kvaliteetsed br\u00e4ndid, lai valik - Ecocruiser.ee - K\u00fcsimuste korral v\u00f5ta \u00fchendust info@projekt.vombat.ee\",\"breadcrumb\":{\"@id\":\"https:\/\/projekt.vombat.ee\/eco\/pood\/elektritoukerattad\/voimsad-toukerattad\/elektriline-toukeratas-vsett-11-super-125km\/#breadcrumb\"},\"inLanguage\":\"en-GB\",\"potentialAction\":[{\"@type\":\"ReadAction\",\"target\":[\"https:\/\/projekt.vombat.ee\/eco\/pood\/elektritoukerattad\/voimsad-toukerattad\/elektriline-toukeratas-vsett-11-super-125km\/\"]}]},{\"@type\":\"ImageObject\",\"inLanguage\":\"en-GB\",\"@id\":\"https:\/\/projekt.vombat.ee\/eco\/pood\/elektritoukerattad\/voimsad-toukerattad\/elektriline-toukeratas-vsett-11-super-125km\/#primaryimage\",\"url\":\"https:\/\/projekt.vombat.ee\/eco\/wp-content\/uploads\/2024\/06\/img_VSETT-11-plus-super-LG_d1690103d1e34dbf46723c664ad35668.jpg\",\"contentUrl\":\"https:\/\/projekt.vombat.ee\/eco\/wp-content\/uploads\/2024\/06\/img_VSETT-11-plus-super-LG_d1690103d1e34dbf46723c664ad35668.jpg\",\"width\":1000,\"height\":1000},{\"@type\":\"BreadcrumbList\",\"@id\":\"https:\/\/projekt.vombat.ee\/eco\/pood\/elektritoukerattad\/voimsad-toukerattad\/elektriline-toukeratas-vsett-11-super-125km\/#breadcrumb\",\"itemListElement\":[{\"@type\":\"ListItem\",\"position\":1,\"name\":\"Home\",\"item\":\"https:\/\/projekt.vombat.ee\/eco\/\"},{\"@type\":\"ListItem\",\"position\":2,\"name\":\"Pood\",\"item\":\"https:\/\/projekt.vombat.ee\/eco\/pood\/\"},{\"@type\":\"ListItem\",\"position\":3,\"name\":\"VSETT 11+ Super elektriline t\u00f5ukeratas , 125km\"}]},{\"@type\":\"WebSite\",\"@id\":\"https:\/\/projekt.vombat.ee\/eco\/#website\",\"url\":\"https:\/\/projekt.vombat.ee\/eco\/\",\"name\":\"Ecocruiser\",\"description\":\"\",\"publisher\":{\"@id\":\"https:\/\/projekt.vombat.ee\/eco\/#organization\"},\"potentialAction\":[{\"@type\":\"SearchAction\",\"target\":{\"@type\":\"EntryPoint\",\"urlTemplate\":\"https:\/\/projekt.vombat.ee\/eco\/?s={search_term_string}\"},\"query-input\":{\"@type\":\"PropertyValueSpecification\",\"valueRequired\":true,\"valueName\":\"search_term_string\"}}],\"inLanguage\":\"en-GB\"},{\"@type\":\"Organization\",\"@id\":\"https:\/\/projekt.vombat.ee\/eco\/#organization\",\"name\":\"Ecocruiser\",\"url\":\"https:\/\/projekt.vombat.ee\/eco\/\",\"logo\":{\"@type\":\"ImageObject\",\"inLanguage\":\"en-GB\",\"@id\":\"https:\/\/projekt.vombat.ee\/eco\/#\/schema\/logo\/image\/\",\"url\":\"https:\/\/projekt.vombat.ee\/eco\/wp-content\/uploads\/2023\/03\/ECOCRUISER_5.png\",\"contentUrl\":\"https:\/\/projekt.vombat.ee\/eco\/wp-content\/uploads\/2023\/03\/ECOCRUISER_5.png\",\"width\":234,\"height\":91,\"caption\":\"Ecocruiser\"},\"image\":{\"@id\":\"https:\/\/projekt.vombat.ee\/eco\/#\/schema\/logo\/image\/\"}}]}<\/script>\n<!-- \/ Yoast SEO plugin. -->","yoast_head_json":{"title":"VSETT 11+ Super elektriline t\u00f5ukeratas , 125km - Ecocruiser","description":"VSETT 11+ Super elektriline t\u00f5ukeratas , 125km - Kvaliteetsed br\u00e4ndid, lai valik - Ecocruiser.ee - K\u00fcsimuste korral v\u00f5ta \u00fchendust info@projekt.vombat.ee","robots":{"index":"noindex","follow":"follow","max-snippet":"max-snippet:-1","max-image-preview":"max-image-preview:large","max-video-preview":"max-video-preview:-1"},"og_locale":"en_GB","og_type":"article","og_title":"VSETT 11+ Super elektriline t\u00f5ukeratas , 125km - Ecocruiser","og_description":"VSETT 11+ Super elektriline t\u00f5ukeratas , 125km - Kvaliteetsed br\u00e4ndid, lai valik - Ecocruiser.ee - K\u00fcsimuste korral v\u00f5ta \u00fchendust info@projekt.vombat.ee","og_url":"https:\/\/projekt.vombat.ee\/eco\/pood\/elektritoukerattad\/voimsad-toukerattad\/elektriline-toukeratas-vsett-11-super-125km\/","og_site_name":"Ecocruiser","article_modified_time":"2024-08-03T17:40:36+00:00","og_image":[{"width":1000,"height":1000,"url":"https:\/\/projekt.vombat.ee\/eco\/wp-content\/uploads\/2024\/06\/img_VSETT-11-plus-super-LG_d1690103d1e34dbf46723c664ad35668.jpg","type":"image\/jpeg"}],"twitter_card":"summary_large_image","twitter_misc":{"Estimated reading time":"2 minutes"},"schema":{"@context":"https:\/\/schema.org","@graph":[{"@type":"WebPage","@id":"https:\/\/projekt.vombat.ee\/eco\/pood\/elektritoukerattad\/voimsad-toukerattad\/elektriline-toukeratas-vsett-11-super-125km\/","url":"https:\/\/projekt.vombat.ee\/eco\/pood\/elektritoukerattad\/voimsad-toukerattad\/elektriline-toukeratas-vsett-11-super-125km\/","name":"VSETT 11+ Super elektriline t\u00f5ukeratas , 125km - Ecocruiser","isPartOf":{"@id":"https:\/\/projekt.vombat.ee\/eco\/#website"},"primaryImageOfPage":{"@id":"https:\/\/projekt.vombat.ee\/eco\/pood\/elektritoukerattad\/voimsad-toukerattad\/elektriline-toukeratas-vsett-11-super-125km\/#primaryimage"},"image":{"@id":"https:\/\/projekt.vombat.ee\/eco\/pood\/elektritoukerattad\/voimsad-toukerattad\/elektriline-toukeratas-vsett-11-super-125km\/#primaryimage"},"thumbnailUrl":"https:\/\/projekt.vombat.ee\/eco\/wp-content\/uploads\/2024\/06\/img_VSETT-11-plus-super-LG_d1690103d1e34dbf46723c664ad35668.jpg","datePublished":"2024-06-30T19:15:11+00:00","dateModified":"2024-08-03T17:40:36+00:00","description":"VSETT 11+ Super elektriline t\u00f5ukeratas , 125km - Kvaliteetsed br\u00e4ndid, lai valik - Ecocruiser.ee - K\u00fcsimuste korral v\u00f5ta \u00fchendust info@projekt.vombat.ee","breadcrumb":{"@id":"https:\/\/projekt.vombat.ee\/eco\/pood\/elektritoukerattad\/voimsad-toukerattad\/elektriline-toukeratas-vsett-11-super-125km\/#breadcrumb"},"inLanguage":"en-GB","potentialAction":[{"@type":"ReadAction","target":["https:\/\/projekt.vombat.ee\/eco\/pood\/elektritoukerattad\/voimsad-toukerattad\/elektriline-toukeratas-vsett-11-super-125km\/"]}]},{"@type":"ImageObject","inLanguage":"en-GB","@id":"https:\/\/projekt.vombat.ee\/eco\/pood\/elektritoukerattad\/voimsad-toukerattad\/elektriline-toukeratas-vsett-11-super-125km\/#primaryimage","url":"https:\/\/projekt.vombat.ee\/eco\/wp-content\/uploads\/2024\/06\/img_VSETT-11-plus-super-LG_d1690103d1e34dbf46723c664ad35668.jpg","contentUrl":"https:\/\/projekt.vombat.ee\/eco\/wp-content\/uploads\/2024\/06\/img_VSETT-11-plus-super-LG_d1690103d1e34dbf46723c664ad35668.jpg","width":1000,"height":1000},{"@type":"BreadcrumbList","@id":"https:\/\/projekt.vombat.ee\/eco\/pood\/elektritoukerattad\/voimsad-toukerattad\/elektriline-toukeratas-vsett-11-super-125km\/#breadcrumb","itemListElement":[{"@type":"ListItem","position":1,"name":"Home","item":"https:\/\/projekt.vombat.ee\/eco\/"},{"@type":"ListItem","position":2,"name":"Pood","item":"https:\/\/projekt.vombat.ee\/eco\/pood\/"},{"@type":"ListItem","position":3,"name":"VSETT 11+ Super elektriline t\u00f5ukeratas , 125km"}]},{"@type":"WebSite","@id":"https:\/\/projekt.vombat.ee\/eco\/#website","url":"https:\/\/projekt.vombat.ee\/eco\/","name":"Ecocruiser","description":"","publisher":{"@id":"https:\/\/projekt.vombat.ee\/eco\/#organization"},"potentialAction":[{"@type":"SearchAction","target":{"@type":"EntryPoint","urlTemplate":"https:\/\/projekt.vombat.ee\/eco\/?s={search_term_string}"},"query-input":{"@type":"PropertyValueSpecification","valueRequired":true,"valueName":"search_term_string"}}],"inLanguage":"en-GB"},{"@type":"Organization","@id":"https:\/\/projekt.vombat.ee\/eco\/#organization","name":"Ecocruiser","url":"https:\/\/projekt.vombat.ee\/eco\/","logo":{"@type":"ImageObject","inLanguage":"en-GB","@id":"https:\/\/projekt.vombat.ee\/eco\/#\/schema\/logo\/image\/","url":"https:\/\/projekt.vombat.ee\/eco\/wp-content\/uploads\/2023\/03\/ECOCRUISER_5.png","contentUrl":"https:\/\/projekt.vombat.ee\/eco\/wp-content\/uploads\/2023\/03\/ECOCRUISER_5.png","width":234,"height":91,"caption":"Ecocruiser"},"image":{"@id":"https:\/\/projekt.vombat.ee\/eco\/#\/schema\/logo\/image\/"}}]}},"lang":"et","translations":{"et":19272,"fr":20977},"pll_sync_post":[],"_links":{"self":[{"href":"https:\/\/projekt.vombat.ee\/eco\/wp-json\/wp\/v2\/product\/19272"}],"collection":[{"href":"https:\/\/projekt.vombat.ee\/eco\/wp-json\/wp\/v2\/product"}],"about":[{"href":"https:\/\/projekt.vombat.ee\/eco\/wp-json\/wp\/v2\/types\/product"}],"version-history":[{"count":4,"href":"https:\/\/projekt.vombat.ee\/eco\/wp-json\/wp\/v2\/product\/19272\/revisions"}],"predecessor-version":[{"id":19283,"href":"https:\/\/projekt.vombat.ee\/eco\/wp-json\/wp\/v2\/product\/19272\/revisions\/19283"}],"wp:featuredmedia":[{"embeddable":true,"href":"https:\/\/projekt.vombat.ee\/eco\/wp-json\/wp\/v2\/media\/19274"}],"wp:attachment":[{"href":"https:\/\/projekt.vombat.ee\/eco\/wp-json\/wp\/v2\/media?parent=19272"}],"wp:term":[{"taxonomy":"product_cat","embeddable":true,"href":"https:\/\/projekt.vombat.ee\/eco\/wp-json\/wp\/v2\/product_cat?post=19272"},{"taxonomy":"product_tag","embeddable":true,"href":"https:\/\/projekt.vombat.ee\/eco\/wp-json\/wp\/v2\/product_tag?post=19272"}],"curies":[{"name":"wp","href":"https:\/\/api.w.org\/{rel}","templated":true}]}}