{"id":18564,"date":"2024-06-08T14:41:42","date_gmt":"2024-06-08T14:41:42","guid":{"rendered":"https:\/\/projekt.vombat.ee\/eco\/?post_type=product&#038;p=18564"},"modified":"2024-06-13T08:14:11","modified_gmt":"2024-06-13T08:14:11","slug":"ecocruiser-e3-pro-elektriline-jalgratas-80km-2","status":"publish","type":"product","link":"https:\/\/projekt.vombat.ee\/eco\/pood\/elektrirattad\/linnarattad\/ecocruiser-e3-pro-elektriline-jalgratas-80km-2\/","title":{"rendered":"Ecocruiser E3 Pro Elektriline jalgratas, 80km"},"content":{"rendered":"<h1>Ecocruiser E3 Pro Elektriline jalgratas<\/h1>\n<p><img fetchpriority=\"high\" decoding=\"async\" class=\"alignnone wp-image-18588 \" src=\"https:\/\/projekt.vombat.ee\/eco\/wp-content\/uploads\/2024\/06\/Untitled-design-2024-06-08T212225.488.png\" alt=\"\" width=\"576\" height=\"576\" srcset=\"https:\/\/projekt.vombat.ee\/eco\/wp-content\/uploads\/2024\/06\/Untitled-design-2024-06-08T212225.488.png 1080w, https:\/\/projekt.vombat.ee\/eco\/wp-content\/uploads\/2024\/06\/Untitled-design-2024-06-08T212225.488-300x300.png 300w, https:\/\/projekt.vombat.ee\/eco\/wp-content\/uploads\/2024\/06\/Untitled-design-2024-06-08T212225.488-1024x1024.png 1024w, https:\/\/projekt.vombat.ee\/eco\/wp-content\/uploads\/2024\/06\/Untitled-design-2024-06-08T212225.488-150x150.png 150w, https:\/\/projekt.vombat.ee\/eco\/wp-content\/uploads\/2024\/06\/Untitled-design-2024-06-08T212225.488-768x768.png 768w, https:\/\/projekt.vombat.ee\/eco\/wp-content\/uploads\/2024\/06\/Untitled-design-2024-06-08T212225.488-500x500.png 500w, https:\/\/projekt.vombat.ee\/eco\/wp-content\/uploads\/2024\/06\/Untitled-design-2024-06-08T212225.488-800x800.png 800w, https:\/\/projekt.vombat.ee\/eco\/wp-content\/uploads\/2024\/06\/Untitled-design-2024-06-08T212225.488-50x50.png 50w, https:\/\/projekt.vombat.ee\/eco\/wp-content\/uploads\/2024\/06\/Untitled-design-2024-06-08T212225.488-100x100.png 100w, https:\/\/projekt.vombat.ee\/eco\/wp-content\/uploads\/2024\/06\/Untitled-design-2024-06-08T212225.488-370x370.png 370w, https:\/\/projekt.vombat.ee\/eco\/wp-content\/uploads\/2024\/06\/Untitled-design-2024-06-08T212225.488-75x75.png 75w, https:\/\/projekt.vombat.ee\/eco\/wp-content\/uploads\/2024\/06\/Untitled-design-2024-06-08T212225.488-760x760.png 760w\" sizes=\"(max-width: 767px) 100vw, 576px\" \/><\/p>\n<h3>Spetsifikatsioon<\/h3>\n<table class=\"ke-zeroborder\" style=\"height: 761px;\" border=\"0\" width=\"716\" cellspacing=\"0\" cellpadding=\"0\">\n<tbody>\n<tr>\n<td class=\"et7\" width=\"116\" height=\"20\">Mootor<\/td>\n<td class=\"et8\" width=\"328\"><span class=\"font3\">48V250W(Piirajaga)<\/span><span class=\"font4\">\u00a0tagarummu mootor<\/span><\/td>\n<\/tr>\n<tr>\n<td class=\"et7\" width=\"116\" height=\"20\">V\u00e4rvid<\/td>\n<td class=\"et8\" width=\"328\">Hall, kohvipruun, must<\/td>\n<\/tr>\n<tr>\n<td class=\"et7\" width=\"116\" height=\"20\">Raami suurus<\/td>\n<td class=\"et9\" width=\"328\">165*150cm<\/td>\n<\/tr>\n<tr>\n<td class=\"et7\" width=\"116\" height=\"20\">Pakendi suurus<\/td>\n<td class=\"et9\" width=\"328\">150*29.5*73cm<\/td>\n<\/tr>\n<tr>\n<td class=\"et7\" width=\"116\" height=\"20\">Displei<\/td>\n<td class=\"et10\" width=\"328\">LCD displei<\/td>\n<\/tr>\n<tr>\n<td class=\"et7\" width=\"116\" height=\"20\">Kontroller<\/td>\n<td class=\"et11\" width=\"328\">\u00a048V harjasteta kontroller<\/td>\n<\/tr>\n<tr>\n<td class=\"et7\" width=\"116\" height=\"20\">Laadija<\/td>\n<td class=\"et10\" width=\"328\">\u00a0AC 100V-240V,2 amps smart laadija<\/td>\n<\/tr>\n<tr>\n<td class=\"et7\" width=\"116\" height=\"20\">Aku<\/td>\n<td class=\"et10\" width=\"328\">48V\/15 Ah Li-ion aku<\/td>\n<\/tr>\n<tr>\n<td class=\"et7\" width=\"116\" height=\"20\">Laadimisaeg<\/td>\n<td class=\"et10\" width=\"328\">\u00a06.5 tundi<\/td>\n<\/tr>\n<tr>\n<td class=\"et7\" width=\"116\" height=\"20\">Max kiirus<\/td>\n<td class=\"et8\" width=\"328\">25Km\/h (Piirajaga)<\/td>\n<\/tr>\n<tr>\n<td class=\"et7\" width=\"116\" height=\"20\">K\u00e4igud<\/td>\n<td class=\"et10\" width=\"328\">\u00a0SHIMANO 7 k\u00e4iku<\/td>\n<\/tr>\n<tr>\n<td class=\"et7\" width=\"116\" height=\"20\">Kandev\u00f5ime<\/td>\n<td class=\"et10\" width=\"328\">120KG<\/td>\n<\/tr>\n<tr>\n<td class=\"et7\" width=\"116\" height=\"20\">Max s\u00f5iduulatus<\/td>\n<td class=\"et10\" width=\"328\">80km<\/td>\n<\/tr>\n<tr>\n<td class=\"et7\" width=\"116\" height=\"20\">Raam ja lenks<\/td>\n<td class=\"et10\" width=\"328\">Alumiiniumist<\/td>\n<\/tr>\n<tr>\n<td class=\"et7\" width=\"116\" height=\"29\">Pidurid<\/td>\n<td class=\"et10\" width=\"328\">H\u00fcdraulik pidur v\u00f5i ketas<\/td>\n<\/tr>\n<tr>\n<td class=\"et7\" width=\"116\" height=\"20\">Rehvi suurus<\/td>\n<td class=\"et10\" width=\"328\">20&#8243;<\/td>\n<\/tr>\n<tr>\n<td class=\"et7\" width=\"116\" height=\"20\">Amordid<\/td>\n<td class=\"et10\" width=\"328\">\u00a0Ees kahvelamort &amp; tagaamort<\/td>\n<\/tr>\n<\/tbody>\n<\/table>\n<h2><img decoding=\"async\" class=\"alignnone wp-image-18589 \" src=\"https:\/\/projekt.vombat.ee\/eco\/wp-content\/uploads\/2024\/06\/Untitled-design-2024-06-08T211830.393.png\" alt=\"\" width=\"599\" height=\"599\" srcset=\"https:\/\/projekt.vombat.ee\/eco\/wp-content\/uploads\/2024\/06\/Untitled-design-2024-06-08T211830.393.png 1080w, https:\/\/projekt.vombat.ee\/eco\/wp-content\/uploads\/2024\/06\/Untitled-design-2024-06-08T211830.393-300x300.png 300w, https:\/\/projekt.vombat.ee\/eco\/wp-content\/uploads\/2024\/06\/Untitled-design-2024-06-08T211830.393-1024x1024.png 1024w, https:\/\/projekt.vombat.ee\/eco\/wp-content\/uploads\/2024\/06\/Untitled-design-2024-06-08T211830.393-150x150.png 150w, https:\/\/projekt.vombat.ee\/eco\/wp-content\/uploads\/2024\/06\/Untitled-design-2024-06-08T211830.393-768x768.png 768w, https:\/\/projekt.vombat.ee\/eco\/wp-content\/uploads\/2024\/06\/Untitled-design-2024-06-08T211830.393-500x500.png 500w, https:\/\/projekt.vombat.ee\/eco\/wp-content\/uploads\/2024\/06\/Untitled-design-2024-06-08T211830.393-800x800.png 800w, https:\/\/projekt.vombat.ee\/eco\/wp-content\/uploads\/2024\/06\/Untitled-design-2024-06-08T211830.393-50x50.png 50w, https:\/\/projekt.vombat.ee\/eco\/wp-content\/uploads\/2024\/06\/Untitled-design-2024-06-08T211830.393-100x100.png 100w, https:\/\/projekt.vombat.ee\/eco\/wp-content\/uploads\/2024\/06\/Untitled-design-2024-06-08T211830.393-370x370.png 370w, https:\/\/projekt.vombat.ee\/eco\/wp-content\/uploads\/2024\/06\/Untitled-design-2024-06-08T211830.393-75x75.png 75w, https:\/\/projekt.vombat.ee\/eco\/wp-content\/uploads\/2024\/06\/Untitled-design-2024-06-08T211830.393-760x760.png 760w\" sizes=\"(max-width: 767px) 100vw, 599px\" \/><\/h2>\n<h2><img decoding=\"async\" class=\"alignnone wp-image-17768 \" src=\"https:\/\/projekt.vombat.ee\/eco\/wp-content\/uploads\/2024\/05\/WhatsAppi-pilt-2024-05-31-kell-11.39.07_2ce022eb-1024x1024.jpg\" alt=\"\" width=\"533\" height=\"533\" srcset=\"https:\/\/projekt.vombat.ee\/eco\/wp-content\/uploads\/2024\/05\/WhatsAppi-pilt-2024-05-31-kell-11.39.07_2ce022eb-1024x1024.jpg 1024w, https:\/\/projekt.vombat.ee\/eco\/wp-content\/uploads\/2024\/05\/WhatsAppi-pilt-2024-05-31-kell-11.39.07_2ce022eb-300x300.jpg 300w, https:\/\/projekt.vombat.ee\/eco\/wp-content\/uploads\/2024\/05\/WhatsAppi-pilt-2024-05-31-kell-11.39.07_2ce022eb-150x150.jpg 150w, https:\/\/projekt.vombat.ee\/eco\/wp-content\/uploads\/2024\/05\/WhatsAppi-pilt-2024-05-31-kell-11.39.07_2ce022eb-768x768.jpg 768w, https:\/\/projekt.vombat.ee\/eco\/wp-content\/uploads\/2024\/05\/WhatsAppi-pilt-2024-05-31-kell-11.39.07_2ce022eb-500x500.jpg 500w, https:\/\/projekt.vombat.ee\/eco\/wp-content\/uploads\/2024\/05\/WhatsAppi-pilt-2024-05-31-kell-11.39.07_2ce022eb-800x800.jpg 800w, https:\/\/projekt.vombat.ee\/eco\/wp-content\/uploads\/2024\/05\/WhatsAppi-pilt-2024-05-31-kell-11.39.07_2ce022eb-50x50.jpg 50w, https:\/\/projekt.vombat.ee\/eco\/wp-content\/uploads\/2024\/05\/WhatsAppi-pilt-2024-05-31-kell-11.39.07_2ce022eb-100x100.jpg 100w, https:\/\/projekt.vombat.ee\/eco\/wp-content\/uploads\/2024\/05\/WhatsAppi-pilt-2024-05-31-kell-11.39.07_2ce022eb-370x370.jpg 370w, https:\/\/projekt.vombat.ee\/eco\/wp-content\/uploads\/2024\/05\/WhatsAppi-pilt-2024-05-31-kell-11.39.07_2ce022eb-75x75.jpg 75w, https:\/\/projekt.vombat.ee\/eco\/wp-content\/uploads\/2024\/05\/WhatsAppi-pilt-2024-05-31-kell-11.39.07_2ce022eb-760x760.jpg 760w, https:\/\/projekt.vombat.ee\/eco\/wp-content\/uploads\/2024\/05\/WhatsAppi-pilt-2024-05-31-kell-11.39.07_2ce022eb.jpg 1067w\" sizes=\"(max-width: 767px) 100vw, 533px\" \/><\/h2>\n","protected":false},"excerpt":{"rendered":"<h5><strong>ELEKTRILINE JALGRATAS ECOCRUISER E3 PRO<\/strong><\/h5>\n<p>Ecocruiseri elektriratas muudab sinu igap\u00e4evase s\u00f5idu lihtsamaks ja l\u00f5busamaks.<\/p>\n<p>Elektrirattaga s\u00f5idad muretult m\u00e4gedest ja kaldteedest \u00fcles ilma lisapingutuseta.<\/p>\n<ul>\n<li><strong>Mootori v\u00f5imus:\u00a0<\/strong>250W (Piirajaga)<\/li>\n<li><strong>Max kiirus:\u00a0<\/strong>25km\/h (Piirajaga)<\/li>\n<li><strong>Max s\u00f5iduulatus \u00fche laadimisega:<\/strong> 80km<\/li>\n<li><strong>Laadimisaeg:\u00a0<\/strong>6-7h<\/li>\n<li><strong>Aku:\u00a0<\/strong>48V, 15Ah<\/li>\n<li><strong>Rehvi suurus:\u00a0<\/strong>20&#8243;<\/li>\n<\/ul>\n<p>&nbsp;<\/p>\n<p>\u2666\u00a0<strong>Tarneaeg 2-6 p\u00e4eva<\/strong><br \/>\n\u2666\u00a0<strong>Laos<\/strong><\/p>\n","protected":false},"featured_media":18568,"template":"","meta":[],"product_cat":[2858,52,907,903,905],"product_tag":[],"class_list":{"0":"post-18564","1":"product","2":"type-product","3":"status-publish","4":"has-post-thumbnail","6":"product_cat-ecocruiseri-elektrirattad","7":"product_cat-elektrirattad","8":"product_cat-kokkupandavad-rattad","9":"product_cat-linnarattad","10":"product_cat-maastikurattad","12":"first","13":"instock","14":"sale","15":"taxable","16":"shipping-taxable","17":"purchasable","18":"product-type-variable"},"yoast_head":"<!-- This site is optimized with the Yoast SEO plugin v23.8 - https:\/\/yoast.com\/wordpress\/plugins\/seo\/ -->\n<title>Ecocruiser E3 Pro Elektriline jalgratas, 80km - Ecocruiser<\/title>\n<meta name=\"description\" content=\"ELEKTRILINE JALGRATAS ECOCRUISER E3 Pro\" \/>\n<meta name=\"robots\" content=\"noindex, follow, max-snippet:-1, max-image-preview:large, max-video-preview:-1\" \/>\n<meta property=\"og:locale\" content=\"en_GB\" \/>\n<meta property=\"og:type\" content=\"article\" \/>\n<meta property=\"og:title\" content=\"Ecocruiser E3 Pro Elektriline jalgratas, 80km - Ecocruiser\" \/>\n<meta property=\"og:description\" content=\"ELEKTRILINE JALGRATAS ECOCRUISER E3 Pro\" \/>\n<meta property=\"og:url\" content=\"https:\/\/projekt.vombat.ee\/eco\/pood\/elektrirattad\/linnarattad\/ecocruiser-e3-pro-elektriline-jalgratas-80km-2\/\" \/>\n<meta property=\"og:site_name\" content=\"Ecocruiser\" \/>\n<meta property=\"article:modified_time\" content=\"2024-06-13T08:14:11+00:00\" \/>\n<meta property=\"og:image\" content=\"https:\/\/projekt.vombat.ee\/eco\/wp-content\/uploads\/2024\/06\/Untitled-design-2024-06-08T171756.462.png\" \/>\n\t<meta property=\"og:image:width\" content=\"1080\" \/>\n\t<meta property=\"og:image:height\" content=\"1080\" \/>\n\t<meta property=\"og:image:type\" content=\"image\/png\" \/>\n<meta name=\"twitter:card\" content=\"summary_large_image\" \/>\n<meta name=\"twitter:label1\" content=\"Estimated reading time\" \/>\n\t<meta name=\"twitter:data1\" content=\"2 minutes\" \/>\n<script type=\"application\/ld+json\" class=\"yoast-schema-graph\">{\"@context\":\"https:\/\/schema.org\",\"@graph\":[{\"@type\":\"WebPage\",\"@id\":\"https:\/\/projekt.vombat.ee\/eco\/pood\/elektrirattad\/linnarattad\/ecocruiser-e3-pro-elektriline-jalgratas-80km-2\/\",\"url\":\"https:\/\/projekt.vombat.ee\/eco\/pood\/elektrirattad\/linnarattad\/ecocruiser-e3-pro-elektriline-jalgratas-80km-2\/\",\"name\":\"Ecocruiser E3 Pro Elektriline jalgratas, 80km - Ecocruiser\",\"isPartOf\":{\"@id\":\"https:\/\/projekt.vombat.ee\/eco\/#website\"},\"primaryImageOfPage\":{\"@id\":\"https:\/\/projekt.vombat.ee\/eco\/pood\/elektrirattad\/linnarattad\/ecocruiser-e3-pro-elektriline-jalgratas-80km-2\/#primaryimage\"},\"image\":{\"@id\":\"https:\/\/projekt.vombat.ee\/eco\/pood\/elektrirattad\/linnarattad\/ecocruiser-e3-pro-elektriline-jalgratas-80km-2\/#primaryimage\"},\"thumbnailUrl\":\"https:\/\/projekt.vombat.ee\/eco\/wp-content\/uploads\/2024\/06\/Untitled-design-2024-06-08T171756.462.png\",\"datePublished\":\"2024-06-08T14:41:42+00:00\",\"dateModified\":\"2024-06-13T08:14:11+00:00\",\"description\":\"ELEKTRILINE JALGRATAS ECOCRUISER E3 Pro\",\"breadcrumb\":{\"@id\":\"https:\/\/projekt.vombat.ee\/eco\/pood\/elektrirattad\/linnarattad\/ecocruiser-e3-pro-elektriline-jalgratas-80km-2\/#breadcrumb\"},\"inLanguage\":\"en-GB\",\"potentialAction\":[{\"@type\":\"ReadAction\",\"target\":[\"https:\/\/projekt.vombat.ee\/eco\/pood\/elektrirattad\/linnarattad\/ecocruiser-e3-pro-elektriline-jalgratas-80km-2\/\"]}]},{\"@type\":\"ImageObject\",\"inLanguage\":\"en-GB\",\"@id\":\"https:\/\/projekt.vombat.ee\/eco\/pood\/elektrirattad\/linnarattad\/ecocruiser-e3-pro-elektriline-jalgratas-80km-2\/#primaryimage\",\"url\":\"https:\/\/projekt.vombat.ee\/eco\/wp-content\/uploads\/2024\/06\/Untitled-design-2024-06-08T171756.462.png\",\"contentUrl\":\"https:\/\/projekt.vombat.ee\/eco\/wp-content\/uploads\/2024\/06\/Untitled-design-2024-06-08T171756.462.png\",\"width\":1080,\"height\":1080},{\"@type\":\"BreadcrumbList\",\"@id\":\"https:\/\/projekt.vombat.ee\/eco\/pood\/elektrirattad\/linnarattad\/ecocruiser-e3-pro-elektriline-jalgratas-80km-2\/#breadcrumb\",\"itemListElement\":[{\"@type\":\"ListItem\",\"position\":1,\"name\":\"Home\",\"item\":\"https:\/\/projekt.vombat.ee\/eco\/\"},{\"@type\":\"ListItem\",\"position\":2,\"name\":\"Pood\",\"item\":\"https:\/\/projekt.vombat.ee\/eco\/pood\/\"},{\"@type\":\"ListItem\",\"position\":3,\"name\":\"Ecocruiser E3 Pro Elektriline jalgratas, 80km\"}]},{\"@type\":\"WebSite\",\"@id\":\"https:\/\/projekt.vombat.ee\/eco\/#website\",\"url\":\"https:\/\/projekt.vombat.ee\/eco\/\",\"name\":\"Ecocruiser\",\"description\":\"\",\"publisher\":{\"@id\":\"https:\/\/projekt.vombat.ee\/eco\/#organization\"},\"potentialAction\":[{\"@type\":\"SearchAction\",\"target\":{\"@type\":\"EntryPoint\",\"urlTemplate\":\"https:\/\/projekt.vombat.ee\/eco\/?s={search_term_string}\"},\"query-input\":{\"@type\":\"PropertyValueSpecification\",\"valueRequired\":true,\"valueName\":\"search_term_string\"}}],\"inLanguage\":\"en-GB\"},{\"@type\":\"Organization\",\"@id\":\"https:\/\/projekt.vombat.ee\/eco\/#organization\",\"name\":\"Ecocruiser\",\"url\":\"https:\/\/projekt.vombat.ee\/eco\/\",\"logo\":{\"@type\":\"ImageObject\",\"inLanguage\":\"en-GB\",\"@id\":\"https:\/\/projekt.vombat.ee\/eco\/#\/schema\/logo\/image\/\",\"url\":\"https:\/\/projekt.vombat.ee\/eco\/wp-content\/uploads\/2023\/03\/ECOCRUISER_5.png\",\"contentUrl\":\"https:\/\/projekt.vombat.ee\/eco\/wp-content\/uploads\/2023\/03\/ECOCRUISER_5.png\",\"width\":234,\"height\":91,\"caption\":\"Ecocruiser\"},\"image\":{\"@id\":\"https:\/\/projekt.vombat.ee\/eco\/#\/schema\/logo\/image\/\"}}]}<\/script>\n<!-- \/ Yoast SEO plugin. -->","yoast_head_json":{"title":"Ecocruiser E3 Pro Elektriline jalgratas, 80km - Ecocruiser","description":"ELEKTRILINE JALGRATAS ECOCRUISER E3 Pro","robots":{"index":"noindex","follow":"follow","max-snippet":"max-snippet:-1","max-image-preview":"max-image-preview:large","max-video-preview":"max-video-preview:-1"},"og_locale":"en_GB","og_type":"article","og_title":"Ecocruiser E3 Pro Elektriline jalgratas, 80km - Ecocruiser","og_description":"ELEKTRILINE JALGRATAS ECOCRUISER E3 Pro","og_url":"https:\/\/projekt.vombat.ee\/eco\/pood\/elektrirattad\/linnarattad\/ecocruiser-e3-pro-elektriline-jalgratas-80km-2\/","og_site_name":"Ecocruiser","article_modified_time":"2024-06-13T08:14:11+00:00","og_image":[{"width":1080,"height":1080,"url":"https:\/\/projekt.vombat.ee\/eco\/wp-content\/uploads\/2024\/06\/Untitled-design-2024-06-08T171756.462.png","type":"image\/png"}],"twitter_card":"summary_large_image","twitter_misc":{"Estimated reading time":"2 minutes"},"schema":{"@context":"https:\/\/schema.org","@graph":[{"@type":"WebPage","@id":"https:\/\/projekt.vombat.ee\/eco\/pood\/elektrirattad\/linnarattad\/ecocruiser-e3-pro-elektriline-jalgratas-80km-2\/","url":"https:\/\/projekt.vombat.ee\/eco\/pood\/elektrirattad\/linnarattad\/ecocruiser-e3-pro-elektriline-jalgratas-80km-2\/","name":"Ecocruiser E3 Pro Elektriline jalgratas, 80km - Ecocruiser","isPartOf":{"@id":"https:\/\/projekt.vombat.ee\/eco\/#website"},"primaryImageOfPage":{"@id":"https:\/\/projekt.vombat.ee\/eco\/pood\/elektrirattad\/linnarattad\/ecocruiser-e3-pro-elektriline-jalgratas-80km-2\/#primaryimage"},"image":{"@id":"https:\/\/projekt.vombat.ee\/eco\/pood\/elektrirattad\/linnarattad\/ecocruiser-e3-pro-elektriline-jalgratas-80km-2\/#primaryimage"},"thumbnailUrl":"https:\/\/projekt.vombat.ee\/eco\/wp-content\/uploads\/2024\/06\/Untitled-design-2024-06-08T171756.462.png","datePublished":"2024-06-08T14:41:42+00:00","dateModified":"2024-06-13T08:14:11+00:00","description":"ELEKTRILINE JALGRATAS ECOCRUISER E3 Pro","breadcrumb":{"@id":"https:\/\/projekt.vombat.ee\/eco\/pood\/elektrirattad\/linnarattad\/ecocruiser-e3-pro-elektriline-jalgratas-80km-2\/#breadcrumb"},"inLanguage":"en-GB","potentialAction":[{"@type":"ReadAction","target":["https:\/\/projekt.vombat.ee\/eco\/pood\/elektrirattad\/linnarattad\/ecocruiser-e3-pro-elektriline-jalgratas-80km-2\/"]}]},{"@type":"ImageObject","inLanguage":"en-GB","@id":"https:\/\/projekt.vombat.ee\/eco\/pood\/elektrirattad\/linnarattad\/ecocruiser-e3-pro-elektriline-jalgratas-80km-2\/#primaryimage","url":"https:\/\/projekt.vombat.ee\/eco\/wp-content\/uploads\/2024\/06\/Untitled-design-2024-06-08T171756.462.png","contentUrl":"https:\/\/projekt.vombat.ee\/eco\/wp-content\/uploads\/2024\/06\/Untitled-design-2024-06-08T171756.462.png","width":1080,"height":1080},{"@type":"BreadcrumbList","@id":"https:\/\/projekt.vombat.ee\/eco\/pood\/elektrirattad\/linnarattad\/ecocruiser-e3-pro-elektriline-jalgratas-80km-2\/#breadcrumb","itemListElement":[{"@type":"ListItem","position":1,"name":"Home","item":"https:\/\/projekt.vombat.ee\/eco\/"},{"@type":"ListItem","position":2,"name":"Pood","item":"https:\/\/projekt.vombat.ee\/eco\/pood\/"},{"@type":"ListItem","position":3,"name":"Ecocruiser E3 Pro Elektriline jalgratas, 80km"}]},{"@type":"WebSite","@id":"https:\/\/projekt.vombat.ee\/eco\/#website","url":"https:\/\/projekt.vombat.ee\/eco\/","name":"Ecocruiser","description":"","publisher":{"@id":"https:\/\/projekt.vombat.ee\/eco\/#organization"},"potentialAction":[{"@type":"SearchAction","target":{"@type":"EntryPoint","urlTemplate":"https:\/\/projekt.vombat.ee\/eco\/?s={search_term_string}"},"query-input":{"@type":"PropertyValueSpecification","valueRequired":true,"valueName":"search_term_string"}}],"inLanguage":"en-GB"},{"@type":"Organization","@id":"https:\/\/projekt.vombat.ee\/eco\/#organization","name":"Ecocruiser","url":"https:\/\/projekt.vombat.ee\/eco\/","logo":{"@type":"ImageObject","inLanguage":"en-GB","@id":"https:\/\/projekt.vombat.ee\/eco\/#\/schema\/logo\/image\/","url":"https:\/\/projekt.vombat.ee\/eco\/wp-content\/uploads\/2023\/03\/ECOCRUISER_5.png","contentUrl":"https:\/\/projekt.vombat.ee\/eco\/wp-content\/uploads\/2023\/03\/ECOCRUISER_5.png","width":234,"height":91,"caption":"Ecocruiser"},"image":{"@id":"https:\/\/projekt.vombat.ee\/eco\/#\/schema\/logo\/image\/"}}]}},"lang":"et","translations":{"et":18564},"pll_sync_post":[],"_links":{"self":[{"href":"https:\/\/projekt.vombat.ee\/eco\/wp-json\/wp\/v2\/product\/18564"}],"collection":[{"href":"https:\/\/projekt.vombat.ee\/eco\/wp-json\/wp\/v2\/product"}],"about":[{"href":"https:\/\/projekt.vombat.ee\/eco\/wp-json\/wp\/v2\/types\/product"}],"version-history":[{"count":6,"href":"https:\/\/projekt.vombat.ee\/eco\/wp-json\/wp\/v2\/product\/18564\/revisions"}],"predecessor-version":[{"id":18601,"href":"https:\/\/projekt.vombat.ee\/eco\/wp-json\/wp\/v2\/product\/18564\/revisions\/18601"}],"wp:featuredmedia":[{"embeddable":true,"href":"https:\/\/projekt.vombat.ee\/eco\/wp-json\/wp\/v2\/media\/18568"}],"wp:attachment":[{"href":"https:\/\/projekt.vombat.ee\/eco\/wp-json\/wp\/v2\/media?parent=18564"}],"wp:term":[{"taxonomy":"product_cat","embeddable":true,"href":"https:\/\/projekt.vombat.ee\/eco\/wp-json\/wp\/v2\/product_cat?post=18564"},{"taxonomy":"product_tag","embeddable":true,"href":"https:\/\/projekt.vombat.ee\/eco\/wp-json\/wp\/v2\/product_tag?post=18564"}],"curies":[{"name":"wp","href":"https:\/\/api.w.org\/{rel}","templated":true}]}}