{"id":16923,"date":"2024-05-14T11:44:07","date_gmt":"2024-05-14T11:44:07","guid":{"rendered":"https:\/\/projekt.vombat.ee\/eco\/?post_type=product&#038;p=16923"},"modified":"2024-05-14T11:44:07","modified_gmt":"2024-05-14T11:44:07","slug":"kukirin-g3-pro","status":"publish","type":"product","link":"https:\/\/projekt.vombat.ee\/eco\/fr\/pood\/scooters-electriques\/kukirin-g3-pro\/","title":{"rendered":"KuKirin G3 Pro"},"content":{"rendered":"<h1>SCOOTER \u00c9LECTRIQUE KUGOO KIRIN G3 PRO<\/h1>\n<p><img decoding=\"async\" class=\"\" src=\"https:\/\/cdn.shopify.com\/s\/files\/1\/0291\/3422\/5501\/files\/KuKirin_G3_Pro_Desktop_Detail_19_1920x.jpg?v=1677832453%20alt=\" \/><\/p>\n<h3>MOTEUR ET BATTERIE PUISSANTS<\/h3>\n<p>Aliment\u00e9 par 2 moteurs de 1200W, le Kirin G3 Pro de Kugoo peut atteindre une puissance maximale de 1500W et une vitesse maximale de 65km\/h, vous permettant de profiter d&#8217;une conduite puissante et excitante. Le Kirin G3 Pro est \u00e9quip\u00e9 d&#8217;une batterie de 1040 Wh qui permet une autonomie maximale de 80 km avec une charge compl\u00e8te, ce qui est plus long que la plupart des scooters tout-terrain et suffisamment long pour des excursions d&#8217;une journ\u00e9e.<\/p>\n<h3>CONFORT DE CONDUITE SUP\u00c9RIEUR<\/h3>\n<p>Le G3 Pro est \u00e9quip\u00e9 de freins \u00e0 huile \u00e0 l&#8217;avant et \u00e0 l&#8217;arri\u00e8re pour un freinage en toute s\u00e9curit\u00e9. Il dispose d&#8217;une suspension compl\u00e8te avec 4 amortisseurs qui r\u00e9duisent efficacement l&#8217;impact, vous offrant une conduite confortable. Gr\u00e2ce au tableau de bord LCD intelligent, vous pouvez v\u00e9rifier de nombreuses informations, notamment la vitesse, le niveau de batterie, la distance, le levier de vitesse, etc. Vous pouvez \u00e9galement passer facilement d&#8217;un niveau de vitesse \u00e0 l&#8217;autre.<\/p>\n<h3>KUGOO KIRIN G3 PRO &#8211; S\u00dbR ET STABLE<\/h3>\n<p>Le G3 Pro est \u00e9quip\u00e9 de 11 feux, dont 4 feux avant, 4 feux lat\u00e9raux et 3 feux arri\u00e8re. Le syst\u00e8me d&#8217;\u00e9clairage innovant rend la conduite plus s\u00fbre.<\/p>\n<p>Gr\u00e2ce \u00e0 ses pneus tout-terrain de 10 pouces, le G3 Pro s&#8217;adapte \u00e0 diff\u00e9rents types de terrain et se conduit plus facilement. En plus, Le marchepied de 199 mm est suffisamment large pour que vous puissiez vous tenir debout en toute s\u00e9curit\u00e9 et confortablement.<\/p>\n<p>kugoo Kirin G3 Pro dispose de plusieurs modes de vitesse pour r\u00e9pondre \u00e0 vos diff\u00e9rents besoins, notamment 25\/45\/55km\/h (conduite simple) et 25\/45\/65km\/h (conduite double). Le mode basse vitesse vous permet d&#8217;appr\u00e9cier les paysages de bord de route tout en conduisant. Un mode moyen vous permet d&#8217;appr\u00e9cier le plaisir de conduire. Passez en mode rapide et vous aurez une conduite hors route plus rapide et plus excitante.<\/p>\n<h3>KUGOO KIRIN G3 PRO SPECIFICATIONS<\/h3>\n<p>Poids net : 39,6 kg<br \/>\nDimensions d\u00e9pli\u00e9es : 1295x630x1360 mm<br \/>\nDimensions pli\u00e9es : 1295x630x595 mm<br \/>\nLongueur du guidon : 650 mm<br \/>\nHauteur de conduite : 180 mm<br \/>\nDimensions du marchepied : 517&#215;199 mm<br \/>\nTaille recommand\u00e9e du conducteur : 150-200 cm (4&#8217;11&#8221;-6&#8217;7&#8243;)<br \/>\nCharge maximale : 120 kg<br \/>\nMont\u00e9e : 35 (avec deux descentes), 25 (avec une descente)<br \/>\nVitesse maximale : 65 km\/h<br \/>\nAutonomie maximale : 80 km<br \/>\nNiveaux de vitesse : 25\/45\/55 km\/h (trajet simple), 25\/45\/65 km\/h (trajet double)<br \/>\nNiveau de r\u00e9sistance \u00e0 l&#8217;eau : IP54<br \/>\nMat\u00e9riau : Alliage d&#8217;aluminium<br \/>\nSyst\u00e8me de freinage : Freins \u00e0 huile avant et arri\u00e8re<\/p>\n<p>Moteur<\/p>\n<p>Puissance et tension : 1200 W, 52 V<br \/>\nPuissance instantan\u00e9e maximale : 1500 W<br \/>\nVitesse de rotation maximale : 1950<br \/>\nCouple de sortie maximal : 30 Nm<\/p>\n<p>Suspension<\/p>\n<p>Amortisseur \u00e0 quatre bras<\/p>\n<p>Batterie<\/p>\n<p>Capacit\u00e9 : 23.2Ah<br \/>\nTension : 52V<br \/>\nTemps de charge : 4h (chargeur 5A), 5-6h (chargeur 4A), 11h (chargeur 2A)<br \/>\nPuissance : 1040 Wh<br \/>\nSyst\u00e8me de d\u00e9fense : oui<\/p>\n<p>Chargeur<\/p>\n<p>Entr\u00e9e : 100-240V, 2.5A<br \/>\nSortie : 58.8, 2A<\/p>\n<p>Pneu<\/p>\n<p>Taille : 10&#8243;<br \/>\nType : pneus tout-terrain en caoutchouc<br \/>\nPression optimale des pneus : 345 KPa<\/p>\n<p>\u00c9cran<\/p>\n<p>Affichage : LCD<br \/>\nDimensions : 133x78x63 mm : 133x78x63 mm<br \/>\nContenu : vitesse, tension, distance, niveau de vitesse, niveau de batterie, lumi\u00e8re, etc.<\/p>\n<p>Dimensions : 1310x300x615 mm 1310x300x615 mm<br \/>\nPoids total : 45 kg<\/p>\n","protected":false},"excerpt":{"rendered":"<p>Le <strong>Kugoo Kirin G3 Pro<\/strong> est le mod\u00e8le le plus r\u00e9cent et le plus puissant. Il offre une autonomie maximale de 80 km avec une charge compl\u00e8te.<\/p>\n<p>Autonomie : 80 km<br \/>\nPuissance : 1200W<br \/>\nBatterie : 23.2Ah<br \/>\nTemps de charge : 4h<\/p>\n<p><strong>\u2666 D\u00e9lai de livraison : 3-7 jours<\/strong><br \/>\n<strong>\u2666 En stock<\/strong><\/p>\n","protected":false},"featured_media":16924,"template":"","meta":[],"product_cat":[2285,2283],"product_tag":[],"class_list":{"0":"post-16923","1":"product","2":"type-product","3":"status-publish","4":"has-post-thumbnail","6":"product_cat-kugoo","7":"product_cat-scooters-electriques","8":"product_shipping_class-suured-pakid","10":"first","11":"instock","12":"sale","13":"taxable","14":"shipping-taxable","15":"purchasable","16":"product-type-simple"},"yoast_head":"<!-- This site is optimized with the Yoast SEO plugin v23.8 - https:\/\/yoast.com\/wordpress\/plugins\/seo\/ -->\n<title>KuKirin G3 Pro - Ecocruiser<\/title>\n<meta name=\"description\" content=\"KuKirin G3 Pro - Des marques de qualit\u00e9, un large choix - Ecocruiser.ee - Si vous avez des questions, veuillez contacter info@projekt.vombat.ee\" \/>\n<meta name=\"robots\" content=\"noindex, follow, max-snippet:-1, max-image-preview:large, max-video-preview:-1\" \/>\n<meta property=\"og:locale\" content=\"en_GB\" \/>\n<meta property=\"og:type\" content=\"article\" \/>\n<meta property=\"og:title\" content=\"KuKirin G3 Pro - Ecocruiser\" \/>\n<meta property=\"og:description\" content=\"KuKirin G3 Pro - Des marques de qualit\u00e9, un large choix - Ecocruiser.ee - Si vous avez des questions, veuillez contacter info@projekt.vombat.ee\" \/>\n<meta property=\"og:url\" content=\"https:\/\/projekt.vombat.ee\/eco\/fr\/pood\/scooters-electriques\/kukirin-g3-pro\/\" \/>\n<meta property=\"og:site_name\" content=\"Ecocruiser\" \/>\n<meta property=\"og:image\" content=\"https:\/\/projekt.vombat.ee\/eco\/wp-content\/uploads\/2023\/03\/Add-a-heading-7.png\" \/>\n\t<meta property=\"og:image:width\" content=\"1000\" \/>\n\t<meta property=\"og:image:height\" content=\"1000\" \/>\n\t<meta property=\"og:image:type\" content=\"image\/png\" \/>\n<meta name=\"twitter:card\" content=\"summary_large_image\" \/>\n<meta name=\"twitter:label1\" content=\"Estimated reading time\" \/>\n\t<meta name=\"twitter:data1\" content=\"3 minutes\" \/>\n<script type=\"application\/ld+json\" class=\"yoast-schema-graph\">{\"@context\":\"https:\/\/schema.org\",\"@graph\":[{\"@type\":\"WebPage\",\"@id\":\"https:\/\/projekt.vombat.ee\/eco\/fr\/pood\/scooters-electriques\/kukirin-g3-pro\/\",\"url\":\"https:\/\/projekt.vombat.ee\/eco\/fr\/pood\/scooters-electriques\/kukirin-g3-pro\/\",\"name\":\"KuKirin G3 Pro - Ecocruiser\",\"isPartOf\":{\"@id\":\"https:\/\/projekt.vombat.ee\/eco\/#website\"},\"primaryImageOfPage\":{\"@id\":\"https:\/\/projekt.vombat.ee\/eco\/fr\/pood\/scooters-electriques\/kukirin-g3-pro\/#primaryimage\"},\"image\":{\"@id\":\"https:\/\/projekt.vombat.ee\/eco\/fr\/pood\/scooters-electriques\/kukirin-g3-pro\/#primaryimage\"},\"thumbnailUrl\":\"https:\/\/projekt.vombat.ee\/eco\/wp-content\/uploads\/2023\/03\/Add-a-heading-7.png\",\"datePublished\":\"2024-05-14T11:44:07+00:00\",\"dateModified\":\"2024-05-14T11:44:07+00:00\",\"description\":\"KuKirin G3 Pro - Des marques de qualit\u00e9, un large choix - Ecocruiser.ee - Si vous avez des questions, veuillez contacter info@projekt.vombat.ee\",\"breadcrumb\":{\"@id\":\"https:\/\/projekt.vombat.ee\/eco\/fr\/pood\/scooters-electriques\/kukirin-g3-pro\/#breadcrumb\"},\"inLanguage\":\"en-GB\",\"potentialAction\":[{\"@type\":\"ReadAction\",\"target\":[\"https:\/\/projekt.vombat.ee\/eco\/fr\/pood\/scooters-electriques\/kukirin-g3-pro\/\"]}]},{\"@type\":\"ImageObject\",\"inLanguage\":\"en-GB\",\"@id\":\"https:\/\/projekt.vombat.ee\/eco\/fr\/pood\/scooters-electriques\/kukirin-g3-pro\/#primaryimage\",\"url\":\"https:\/\/projekt.vombat.ee\/eco\/wp-content\/uploads\/2023\/03\/Add-a-heading-7.png\",\"contentUrl\":\"https:\/\/projekt.vombat.ee\/eco\/wp-content\/uploads\/2023\/03\/Add-a-heading-7.png\",\"width\":1000,\"height\":1000,\"caption\":\"Kugoo G3 Pro\"},{\"@type\":\"BreadcrumbList\",\"@id\":\"https:\/\/projekt.vombat.ee\/eco\/fr\/pood\/scooters-electriques\/kukirin-g3-pro\/#breadcrumb\",\"itemListElement\":[{\"@type\":\"ListItem\",\"position\":1,\"name\":\"Home\",\"item\":\"https:\/\/projekt.vombat.ee\/eco\/\"},{\"@type\":\"ListItem\",\"position\":2,\"name\":\"Pood\",\"item\":\"https:\/\/projekt.vombat.ee\/eco\/pood\/\"},{\"@type\":\"ListItem\",\"position\":3,\"name\":\"KuKirin G3 Pro\"}]},{\"@type\":\"WebSite\",\"@id\":\"https:\/\/projekt.vombat.ee\/eco\/#website\",\"url\":\"https:\/\/projekt.vombat.ee\/eco\/\",\"name\":\"Ecocruiser\",\"description\":\"\",\"publisher\":{\"@id\":\"https:\/\/projekt.vombat.ee\/eco\/#organization\"},\"potentialAction\":[{\"@type\":\"SearchAction\",\"target\":{\"@type\":\"EntryPoint\",\"urlTemplate\":\"https:\/\/projekt.vombat.ee\/eco\/?s={search_term_string}\"},\"query-input\":{\"@type\":\"PropertyValueSpecification\",\"valueRequired\":true,\"valueName\":\"search_term_string\"}}],\"inLanguage\":\"en-GB\"},{\"@type\":\"Organization\",\"@id\":\"https:\/\/projekt.vombat.ee\/eco\/#organization\",\"name\":\"Ecocruiser\",\"url\":\"https:\/\/projekt.vombat.ee\/eco\/\",\"logo\":{\"@type\":\"ImageObject\",\"inLanguage\":\"en-GB\",\"@id\":\"https:\/\/projekt.vombat.ee\/eco\/#\/schema\/logo\/image\/\",\"url\":\"https:\/\/projekt.vombat.ee\/eco\/wp-content\/uploads\/2023\/03\/ECOCRUISER_5.png\",\"contentUrl\":\"https:\/\/projekt.vombat.ee\/eco\/wp-content\/uploads\/2023\/03\/ECOCRUISER_5.png\",\"width\":234,\"height\":91,\"caption\":\"Ecocruiser\"},\"image\":{\"@id\":\"https:\/\/projekt.vombat.ee\/eco\/#\/schema\/logo\/image\/\"}}]}<\/script>\n<!-- \/ Yoast SEO plugin. -->","yoast_head_json":{"title":"KuKirin G3 Pro - Ecocruiser","description":"KuKirin G3 Pro - Des marques de qualit\u00e9, un large choix - Ecocruiser.ee - Si vous avez des questions, veuillez contacter info@projekt.vombat.ee","robots":{"index":"noindex","follow":"follow","max-snippet":"max-snippet:-1","max-image-preview":"max-image-preview:large","max-video-preview":"max-video-preview:-1"},"og_locale":"en_GB","og_type":"article","og_title":"KuKirin G3 Pro - Ecocruiser","og_description":"KuKirin G3 Pro - Des marques de qualit\u00e9, un large choix - Ecocruiser.ee - Si vous avez des questions, veuillez contacter info@projekt.vombat.ee","og_url":"https:\/\/projekt.vombat.ee\/eco\/fr\/pood\/scooters-electriques\/kukirin-g3-pro\/","og_site_name":"Ecocruiser","og_image":[{"width":1000,"height":1000,"url":"https:\/\/projekt.vombat.ee\/eco\/wp-content\/uploads\/2023\/03\/Add-a-heading-7.png","type":"image\/png"}],"twitter_card":"summary_large_image","twitter_misc":{"Estimated reading time":"3 minutes"},"schema":{"@context":"https:\/\/schema.org","@graph":[{"@type":"WebPage","@id":"https:\/\/projekt.vombat.ee\/eco\/fr\/pood\/scooters-electriques\/kukirin-g3-pro\/","url":"https:\/\/projekt.vombat.ee\/eco\/fr\/pood\/scooters-electriques\/kukirin-g3-pro\/","name":"KuKirin G3 Pro - Ecocruiser","isPartOf":{"@id":"https:\/\/projekt.vombat.ee\/eco\/#website"},"primaryImageOfPage":{"@id":"https:\/\/projekt.vombat.ee\/eco\/fr\/pood\/scooters-electriques\/kukirin-g3-pro\/#primaryimage"},"image":{"@id":"https:\/\/projekt.vombat.ee\/eco\/fr\/pood\/scooters-electriques\/kukirin-g3-pro\/#primaryimage"},"thumbnailUrl":"https:\/\/projekt.vombat.ee\/eco\/wp-content\/uploads\/2023\/03\/Add-a-heading-7.png","datePublished":"2024-05-14T11:44:07+00:00","dateModified":"2024-05-14T11:44:07+00:00","description":"KuKirin G3 Pro - Des marques de qualit\u00e9, un large choix - Ecocruiser.ee - Si vous avez des questions, veuillez contacter info@projekt.vombat.ee","breadcrumb":{"@id":"https:\/\/projekt.vombat.ee\/eco\/fr\/pood\/scooters-electriques\/kukirin-g3-pro\/#breadcrumb"},"inLanguage":"en-GB","potentialAction":[{"@type":"ReadAction","target":["https:\/\/projekt.vombat.ee\/eco\/fr\/pood\/scooters-electriques\/kukirin-g3-pro\/"]}]},{"@type":"ImageObject","inLanguage":"en-GB","@id":"https:\/\/projekt.vombat.ee\/eco\/fr\/pood\/scooters-electriques\/kukirin-g3-pro\/#primaryimage","url":"https:\/\/projekt.vombat.ee\/eco\/wp-content\/uploads\/2023\/03\/Add-a-heading-7.png","contentUrl":"https:\/\/projekt.vombat.ee\/eco\/wp-content\/uploads\/2023\/03\/Add-a-heading-7.png","width":1000,"height":1000,"caption":"Kugoo G3 Pro"},{"@type":"BreadcrumbList","@id":"https:\/\/projekt.vombat.ee\/eco\/fr\/pood\/scooters-electriques\/kukirin-g3-pro\/#breadcrumb","itemListElement":[{"@type":"ListItem","position":1,"name":"Home","item":"https:\/\/projekt.vombat.ee\/eco\/"},{"@type":"ListItem","position":2,"name":"Pood","item":"https:\/\/projekt.vombat.ee\/eco\/pood\/"},{"@type":"ListItem","position":3,"name":"KuKirin G3 Pro"}]},{"@type":"WebSite","@id":"https:\/\/projekt.vombat.ee\/eco\/#website","url":"https:\/\/projekt.vombat.ee\/eco\/","name":"Ecocruiser","description":"","publisher":{"@id":"https:\/\/projekt.vombat.ee\/eco\/#organization"},"potentialAction":[{"@type":"SearchAction","target":{"@type":"EntryPoint","urlTemplate":"https:\/\/projekt.vombat.ee\/eco\/?s={search_term_string}"},"query-input":{"@type":"PropertyValueSpecification","valueRequired":true,"valueName":"search_term_string"}}],"inLanguage":"en-GB"},{"@type":"Organization","@id":"https:\/\/projekt.vombat.ee\/eco\/#organization","name":"Ecocruiser","url":"https:\/\/projekt.vombat.ee\/eco\/","logo":{"@type":"ImageObject","inLanguage":"en-GB","@id":"https:\/\/projekt.vombat.ee\/eco\/#\/schema\/logo\/image\/","url":"https:\/\/projekt.vombat.ee\/eco\/wp-content\/uploads\/2023\/03\/ECOCRUISER_5.png","contentUrl":"https:\/\/projekt.vombat.ee\/eco\/wp-content\/uploads\/2023\/03\/ECOCRUISER_5.png","width":234,"height":91,"caption":"Ecocruiser"},"image":{"@id":"https:\/\/projekt.vombat.ee\/eco\/#\/schema\/logo\/image\/"}}]}},"lang":"fr","translations":{"fr":16923,"ru":6242,"et":6228,"fi":7804,"en":15972},"pll_sync_post":[],"_links":{"self":[{"href":"https:\/\/projekt.vombat.ee\/eco\/wp-json\/wp\/v2\/product\/16923"}],"collection":[{"href":"https:\/\/projekt.vombat.ee\/eco\/wp-json\/wp\/v2\/product"}],"about":[{"href":"https:\/\/projekt.vombat.ee\/eco\/wp-json\/wp\/v2\/types\/product"}],"version-history":[{"count":1,"href":"https:\/\/projekt.vombat.ee\/eco\/wp-json\/wp\/v2\/product\/16923\/revisions"}],"predecessor-version":[{"id":16936,"href":"https:\/\/projekt.vombat.ee\/eco\/wp-json\/wp\/v2\/product\/16923\/revisions\/16936"}],"wp:featuredmedia":[{"embeddable":true,"href":"https:\/\/projekt.vombat.ee\/eco\/wp-json\/wp\/v2\/media\/16924"}],"wp:attachment":[{"href":"https:\/\/projekt.vombat.ee\/eco\/wp-json\/wp\/v2\/media?parent=16923"}],"wp:term":[{"taxonomy":"product_cat","embeddable":true,"href":"https:\/\/projekt.vombat.ee\/eco\/wp-json\/wp\/v2\/product_cat?post=16923"},{"taxonomy":"product_tag","embeddable":true,"href":"https:\/\/projekt.vombat.ee\/eco\/wp-json\/wp\/v2\/product_tag?post=16923"}],"curies":[{"name":"wp","href":"https:\/\/api.w.org\/{rel}","templated":true}]}}