{"id":16725,"date":"2024-05-01T19:51:13","date_gmt":"2024-05-01T19:51:13","guid":{"rendered":"https:\/\/projekt.vombat.ee\/eco\/?post_type=product&#038;p=16725"},"modified":"2024-05-11T12:54:02","modified_gmt":"2024-05-11T12:54:02","slug":"silver-wings-elektriline-toukeratas-40km","status":"publish","type":"product","link":"https:\/\/projekt.vombat.ee\/eco\/pood\/elektritoukerattad\/linna-toukerattad\/silver-wings-elektriline-toukeratas-40km\/","title":{"rendered":"Silver Wings elektriline t\u00f5ukeratas, 40km"},"content":{"rendered":"<h1>Silver Wings elektriline t\u00f5ukeratas<\/h1>\n<p><img fetchpriority=\"high\" decoding=\"async\" class=\"\" src=\"https:\/\/www.mankeel-store.com\/wp-content\/uploads\/2022\/04\/5aab98d8-92a7-48ac-9661-862f3e8b6158.__CR00970600_PT0_SX970_V1___.png\" width=\"715\" height=\"442\" \/><\/p>\n<h3>Silver Wingsil on 350W mootor.\u00a0 Saab \u00fchendada ka APP-ga.<\/h3>\n<p><img decoding=\"async\" class=\"\" src=\"https:\/\/www.mankeel-store.com\/wp-content\/uploads\/2022\/04\/2-23.jpg\" width=\"726\" height=\"449\" \/><\/p>\n<h3>Elektriline t\u00f5ukeratas on loodud koost\u00f6\u00f6s Euroopa tippmeeskonnaga<\/h3>\n<p>T\u00e4nu oma ainulaadsele v\u00e4limusele ja k\u00f5ikidele funktsioonidele on see alates turule j\u00f5udmisest 2022. aastal kogunud maailmas suure populaarsuse. Silver wings t\u00f5ukerattaga olete t\u00e4helepanu keskmes.<\/p>\n<p><img decoding=\"async\" class=\"\" src=\"https:\/\/www.mankeel-store.com\/wp-content\/uploads\/2022\/04\/2-2-2.jpg\" width=\"724\" height=\"448\" \/><\/p>\n<h3>SMART akuhalduss\u00fcsteem<\/h3>\n<p>Mankeeli elektriline t\u00f5ukeratas toidab pidurdusprotsessist kogutud energia tagasi akule, et saada lisa s\u00f5iduulatust.<\/p>\n<p>Maksimaalne vahemik 40 km: pakub kiiret toiteallikat ja t\u00f5husat otsest kiiruse reguleerimist.<br \/>\n6 t\u00fc\u00fcpi intelligentset kaitse- ja akuhalduss\u00fcsteemi tehnoloogiat, nagu \u00fclelaadimise, t\u00fchjenemise ja \u00fclepinge kaitse.<\/p>\n<p><img loading=\"lazy\" decoding=\"async\" class=\"\" src=\"https:\/\/i.gyazo.com\/f8503bfa3138c8edfa9d3d2a3e8c75f2.jpg\" width=\"750\" height=\"297\" \/><\/p>\n<h3>Mankeel 3.0 intelligentne turvas\u00fcsteem tuvastab k\u00f5ik ebakorrap\u00e4rased liikumised ja saadab m\u00f5ne sekundi jooksul teate teie nutitelefoni.<\/h3>\n<p><img loading=\"lazy\" decoding=\"async\" class=\"\" src=\"https:\/\/www.mankeel-store.com\/wp-content\/uploads\/2022\/04\/Silverwings3.jpg\" width=\"745\" height=\"461\" \/><\/p>\n<h3>Lihtne voltida, lihtne kaasas kanda<\/h3>\n<p>Unikaalne originaalvarrukas, t\u00e4ielikult peidetud kokkuklapitav disain, kiire kokkuklapitav 3 sekundiga.<br \/>\nLihtne kaasas kanda v\u00f5i hoida ratta pagasiruumis.<\/p>\n<p><img decoding=\"async\" src=\"https:\/\/www.mankeel-store.com\/wp-content\/uploads\/2022\/04\/Silver-Wings-Easy.jpg\" \/><\/p>\n<h3>Suur esituli<\/h3>\n<p>Tugevam ja heledam valgusallikas. Laiekraaniga lambipind muudab valgusulatuse suuremaks. Mugav s\u00f5ita ka \u00f6\u00f6sel.<\/p>\n<p><img decoding=\"async\" src=\"https:\/\/www.mankeel-store.com\/wp-content\/uploads\/2022\/04\/Light.jpg\" \/><\/p>\n<h3>V\u00f5imas rummu mootor<\/h3>\n<p>Silver Wings on varustatud 350 W mootoriga, stabiilse v\u00e4ljundv\u00f5imsuse ja pika vastupidavusega, pikim s\u00f5idukaugus ulatub 40 km<\/p>\n<p><img decoding=\"async\" src=\"https:\/\/www.mankeel-store.com\/wp-content\/uploads\/2022\/04\/Silver-Wiings-Motor-1.jpg\" \/><\/p>\n<h3>Stabiilne ja mugav s\u00f5it<\/h3>\n<p>Laiad alus pakub sinu jalgadele palju ruumi ja mugavust, pehmed libisemiskindlad silikoonpadjad tagavad turvalisuse, stabiilsuse ja mugava s\u00f5idu.<\/p>\n<p><img decoding=\"async\" src=\"https:\/\/www.mankeel-store.com\/wp-content\/uploads\/2022\/04\/Stable-Comfortable-Riding.jpg\" \/><\/p>\n<h3>Info<\/h3>\n<p>Mudel: Silver Wings<br \/>\nLaadimisaeg 3-5 tundi<br \/>\nKokkupandav Jah<br \/>\nS\u00f5iduulatus \u00fche laadimisega 40 km<br \/>\nAku mahutavus 9Ah<br \/>\nV\u00f5imsus 350W<br \/>\nMaterjal Alumiiniumisulam<br \/>\nMax kiirus 25km\/h<br \/>\nRehv 10-tolline \u00f5hkkummist rehv<br \/>\nPiduris\u00fcsteem Ketaspidur + EABS<br \/>\nKalle: 18\u00b0<br \/>\nVeekindel:IP54<\/p>\n","protected":false},"excerpt":{"rendered":"<p><strong>Silver Wings<\/strong> on \u00fclimat vinge elektriline t\u00f5ukeratas, mis pakub sulle mugavat ja turvalist s\u00f5itu.<\/p>\n<p>LCD-ekraan tagab t\u00e4ieliku kontrolli ja 9Ah aku v\u00f5imaldab l\u00e4bida kuni 40 km.<\/p>\n<p>Lisaks teeb kokkupandav lenks selle h\u00f5lpsaks k\u00f5ikjale kaasa v\u00f5tmiseks.<\/p>\n<p>T\u00e4nu \u00f5hkrehvidele on ideaalne s\u00f5itmiseks linnas ja maal.<\/p>\n<p>&nbsp;<\/p>\n<ul>\n<li>Laadimisaeg: 3-5 tundi<\/li>\n<li>Kokkupandav: Jah<\/li>\n<li>S\u00f5iduulatus \u00fche laadimisega: 40 km<\/li>\n<li>Aku mahutavus: 9Ah<\/li>\n<li>V\u00f5imsus: 350W<\/li>\n<li>Maksimaalne kiirus: 25km\/h<\/li>\n<li>Rehv :10-tolline \u00f5hkkummist rehv<\/li>\n<li>Piduris\u00fcsteem: Ketaspidur + EABS<\/li>\n<li>Veekindel: IP54<\/li>\n<\/ul>\n<p>\u2666\u00a0<strong>Tarneaeg 2-7 p\u00e4eva<\/strong><br \/>\n\u2666\u00a0<strong>Laos<\/strong><\/p>\n","protected":false},"featured_media":16742,"template":"","meta":[],"product_cat":[1381,53,909],"product_tag":[],"class_list":{"0":"post-16725","1":"product","2":"type-product","3":"status-publish","4":"has-post-thumbnail","6":"product_cat-top-5-populaarsemat-elektritoukeratast","7":"product_cat-elektritoukerattad","8":"product_cat-linna-toukerattad","10":"first","11":"instock","12":"sale","13":"taxable","14":"shipping-taxable","15":"purchasable","16":"product-type-simple"},"yoast_head":"<!-- This site is optimized with the Yoast SEO plugin v23.8 - https:\/\/yoast.com\/wordpress\/plugins\/seo\/ -->\n<title>Silver Wings elektriline t\u00f5ukeratas, 40km - Ecocruiser<\/title>\n<meta name=\"robots\" content=\"noindex, follow, max-snippet:-1, max-image-preview:large, max-video-preview:-1\" \/>\n<meta property=\"og:locale\" content=\"en_GB\" \/>\n<meta property=\"og:type\" content=\"article\" \/>\n<meta property=\"og:title\" content=\"Silver Wings elektriline t\u00f5ukeratas, 40km - Ecocruiser\" \/>\n<meta property=\"og:description\" content=\"Silver Wings on \u00fclimat vinge elektriline t\u00f5ukeratas, mis pakub sulle mugavat ja turvalist s\u00f5itu.  LCD-ekraan tagab t\u00e4ieliku kontrolli ja 9Ah aku v\u00f5imaldab l\u00e4bida kuni 40 km.  Lisaks teeb kokkupandav lenks selle h\u00f5lpsaks k\u00f5ikjale kaasa v\u00f5tmiseks.  T\u00e4nu \u00f5hkrehvidele on ideaalne s\u00f5itmiseks linnas ja maal.  &nbsp;   Laadimisaeg: 3-5 tundi  Kokkupandav: Jah  S\u00f5iduulatus \u00fche laadimisega: 40 km  Aku mahutavus: 9Ah  V\u00f5imsus: 350W  Maksimaalne kiirus: 25km\/h  Rehv :10-tolline \u00f5hkkummist rehv  Piduris\u00fcsteem: Ketaspidur + EABS  Veekindel: IP54  \u2666\u00a0Tarneaeg 2-7 p\u00e4eva \u2666\u00a0Laos\" \/>\n<meta property=\"og:url\" content=\"https:\/\/projekt.vombat.ee\/eco\/pood\/elektritoukerattad\/linna-toukerattad\/silver-wings-elektriline-toukeratas-40km\/\" \/>\n<meta property=\"og:site_name\" content=\"Ecocruiser\" \/>\n<meta property=\"article:modified_time\" content=\"2024-05-11T12:54:02+00:00\" \/>\n<meta property=\"og:image\" content=\"https:\/\/projekt.vombat.ee\/eco\/wp-content\/uploads\/2024\/05\/5-6-1.png\" \/>\n\t<meta property=\"og:image:width\" content=\"800\" \/>\n\t<meta property=\"og:image:height\" content=\"800\" \/>\n\t<meta property=\"og:image:type\" content=\"image\/png\" \/>\n<meta name=\"twitter:card\" content=\"summary_large_image\" \/>\n<meta name=\"twitter:label1\" content=\"Estimated reading time\" \/>\n\t<meta name=\"twitter:data1\" content=\"3 minutes\" \/>\n<script type=\"application\/ld+json\" class=\"yoast-schema-graph\">{\"@context\":\"https:\/\/schema.org\",\"@graph\":[{\"@type\":\"WebPage\",\"@id\":\"https:\/\/projekt.vombat.ee\/eco\/pood\/elektritoukerattad\/linna-toukerattad\/silver-wings-elektriline-toukeratas-40km\/\",\"url\":\"https:\/\/projekt.vombat.ee\/eco\/pood\/elektritoukerattad\/linna-toukerattad\/silver-wings-elektriline-toukeratas-40km\/\",\"name\":\"Silver Wings elektriline t\u00f5ukeratas, 40km - Ecocruiser\",\"isPartOf\":{\"@id\":\"https:\/\/projekt.vombat.ee\/eco\/#website\"},\"primaryImageOfPage\":{\"@id\":\"https:\/\/projekt.vombat.ee\/eco\/pood\/elektritoukerattad\/linna-toukerattad\/silver-wings-elektriline-toukeratas-40km\/#primaryimage\"},\"image\":{\"@id\":\"https:\/\/projekt.vombat.ee\/eco\/pood\/elektritoukerattad\/linna-toukerattad\/silver-wings-elektriline-toukeratas-40km\/#primaryimage\"},\"thumbnailUrl\":\"https:\/\/projekt.vombat.ee\/eco\/wp-content\/uploads\/2024\/05\/5-6-1.png\",\"datePublished\":\"2024-05-01T19:51:13+00:00\",\"dateModified\":\"2024-05-11T12:54:02+00:00\",\"breadcrumb\":{\"@id\":\"https:\/\/projekt.vombat.ee\/eco\/pood\/elektritoukerattad\/linna-toukerattad\/silver-wings-elektriline-toukeratas-40km\/#breadcrumb\"},\"inLanguage\":\"en-GB\",\"potentialAction\":[{\"@type\":\"ReadAction\",\"target\":[\"https:\/\/projekt.vombat.ee\/eco\/pood\/elektritoukerattad\/linna-toukerattad\/silver-wings-elektriline-toukeratas-40km\/\"]}]},{\"@type\":\"ImageObject\",\"inLanguage\":\"en-GB\",\"@id\":\"https:\/\/projekt.vombat.ee\/eco\/pood\/elektritoukerattad\/linna-toukerattad\/silver-wings-elektriline-toukeratas-40km\/#primaryimage\",\"url\":\"https:\/\/projekt.vombat.ee\/eco\/wp-content\/uploads\/2024\/05\/5-6-1.png\",\"contentUrl\":\"https:\/\/projekt.vombat.ee\/eco\/wp-content\/uploads\/2024\/05\/5-6-1.png\",\"width\":800,\"height\":800},{\"@type\":\"BreadcrumbList\",\"@id\":\"https:\/\/projekt.vombat.ee\/eco\/pood\/elektritoukerattad\/linna-toukerattad\/silver-wings-elektriline-toukeratas-40km\/#breadcrumb\",\"itemListElement\":[{\"@type\":\"ListItem\",\"position\":1,\"name\":\"Home\",\"item\":\"https:\/\/projekt.vombat.ee\/eco\/\"},{\"@type\":\"ListItem\",\"position\":2,\"name\":\"Pood\",\"item\":\"https:\/\/projekt.vombat.ee\/eco\/pood\/\"},{\"@type\":\"ListItem\",\"position\":3,\"name\":\"Silver Wings elektriline t\u00f5ukeratas, 40km\"}]},{\"@type\":\"WebSite\",\"@id\":\"https:\/\/projekt.vombat.ee\/eco\/#website\",\"url\":\"https:\/\/projekt.vombat.ee\/eco\/\",\"name\":\"Ecocruiser\",\"description\":\"\",\"publisher\":{\"@id\":\"https:\/\/projekt.vombat.ee\/eco\/#organization\"},\"potentialAction\":[{\"@type\":\"SearchAction\",\"target\":{\"@type\":\"EntryPoint\",\"urlTemplate\":\"https:\/\/projekt.vombat.ee\/eco\/?s={search_term_string}\"},\"query-input\":{\"@type\":\"PropertyValueSpecification\",\"valueRequired\":true,\"valueName\":\"search_term_string\"}}],\"inLanguage\":\"en-GB\"},{\"@type\":\"Organization\",\"@id\":\"https:\/\/projekt.vombat.ee\/eco\/#organization\",\"name\":\"Ecocruiser\",\"url\":\"https:\/\/projekt.vombat.ee\/eco\/\",\"logo\":{\"@type\":\"ImageObject\",\"inLanguage\":\"en-GB\",\"@id\":\"https:\/\/projekt.vombat.ee\/eco\/#\/schema\/logo\/image\/\",\"url\":\"https:\/\/projekt.vombat.ee\/eco\/wp-content\/uploads\/2023\/03\/ECOCRUISER_5.png\",\"contentUrl\":\"https:\/\/projekt.vombat.ee\/eco\/wp-content\/uploads\/2023\/03\/ECOCRUISER_5.png\",\"width\":234,\"height\":91,\"caption\":\"Ecocruiser\"},\"image\":{\"@id\":\"https:\/\/projekt.vombat.ee\/eco\/#\/schema\/logo\/image\/\"}}]}<\/script>\n<!-- \/ Yoast SEO plugin. -->","yoast_head_json":{"title":"Silver Wings elektriline t\u00f5ukeratas, 40km - Ecocruiser","robots":{"index":"noindex","follow":"follow","max-snippet":"max-snippet:-1","max-image-preview":"max-image-preview:large","max-video-preview":"max-video-preview:-1"},"og_locale":"en_GB","og_type":"article","og_title":"Silver Wings elektriline t\u00f5ukeratas, 40km - Ecocruiser","og_description":"Silver Wings on \u00fclimat vinge elektriline t\u00f5ukeratas, mis pakub sulle mugavat ja turvalist s\u00f5itu.  LCD-ekraan tagab t\u00e4ieliku kontrolli ja 9Ah aku v\u00f5imaldab l\u00e4bida kuni 40 km.  Lisaks teeb kokkupandav lenks selle h\u00f5lpsaks k\u00f5ikjale kaasa v\u00f5tmiseks.  T\u00e4nu \u00f5hkrehvidele on ideaalne s\u00f5itmiseks linnas ja maal.  &nbsp;   Laadimisaeg: 3-5 tundi  Kokkupandav: Jah  S\u00f5iduulatus \u00fche laadimisega: 40 km  Aku mahutavus: 9Ah  V\u00f5imsus: 350W  Maksimaalne kiirus: 25km\/h  Rehv :10-tolline \u00f5hkkummist rehv  Piduris\u00fcsteem: Ketaspidur + EABS  Veekindel: IP54  \u2666\u00a0Tarneaeg 2-7 p\u00e4eva \u2666\u00a0Laos","og_url":"https:\/\/projekt.vombat.ee\/eco\/pood\/elektritoukerattad\/linna-toukerattad\/silver-wings-elektriline-toukeratas-40km\/","og_site_name":"Ecocruiser","article_modified_time":"2024-05-11T12:54:02+00:00","og_image":[{"width":800,"height":800,"url":"https:\/\/projekt.vombat.ee\/eco\/wp-content\/uploads\/2024\/05\/5-6-1.png","type":"image\/png"}],"twitter_card":"summary_large_image","twitter_misc":{"Estimated reading time":"3 minutes"},"schema":{"@context":"https:\/\/schema.org","@graph":[{"@type":"WebPage","@id":"https:\/\/projekt.vombat.ee\/eco\/pood\/elektritoukerattad\/linna-toukerattad\/silver-wings-elektriline-toukeratas-40km\/","url":"https:\/\/projekt.vombat.ee\/eco\/pood\/elektritoukerattad\/linna-toukerattad\/silver-wings-elektriline-toukeratas-40km\/","name":"Silver Wings elektriline t\u00f5ukeratas, 40km - Ecocruiser","isPartOf":{"@id":"https:\/\/projekt.vombat.ee\/eco\/#website"},"primaryImageOfPage":{"@id":"https:\/\/projekt.vombat.ee\/eco\/pood\/elektritoukerattad\/linna-toukerattad\/silver-wings-elektriline-toukeratas-40km\/#primaryimage"},"image":{"@id":"https:\/\/projekt.vombat.ee\/eco\/pood\/elektritoukerattad\/linna-toukerattad\/silver-wings-elektriline-toukeratas-40km\/#primaryimage"},"thumbnailUrl":"https:\/\/projekt.vombat.ee\/eco\/wp-content\/uploads\/2024\/05\/5-6-1.png","datePublished":"2024-05-01T19:51:13+00:00","dateModified":"2024-05-11T12:54:02+00:00","breadcrumb":{"@id":"https:\/\/projekt.vombat.ee\/eco\/pood\/elektritoukerattad\/linna-toukerattad\/silver-wings-elektriline-toukeratas-40km\/#breadcrumb"},"inLanguage":"en-GB","potentialAction":[{"@type":"ReadAction","target":["https:\/\/projekt.vombat.ee\/eco\/pood\/elektritoukerattad\/linna-toukerattad\/silver-wings-elektriline-toukeratas-40km\/"]}]},{"@type":"ImageObject","inLanguage":"en-GB","@id":"https:\/\/projekt.vombat.ee\/eco\/pood\/elektritoukerattad\/linna-toukerattad\/silver-wings-elektriline-toukeratas-40km\/#primaryimage","url":"https:\/\/projekt.vombat.ee\/eco\/wp-content\/uploads\/2024\/05\/5-6-1.png","contentUrl":"https:\/\/projekt.vombat.ee\/eco\/wp-content\/uploads\/2024\/05\/5-6-1.png","width":800,"height":800},{"@type":"BreadcrumbList","@id":"https:\/\/projekt.vombat.ee\/eco\/pood\/elektritoukerattad\/linna-toukerattad\/silver-wings-elektriline-toukeratas-40km\/#breadcrumb","itemListElement":[{"@type":"ListItem","position":1,"name":"Home","item":"https:\/\/projekt.vombat.ee\/eco\/"},{"@type":"ListItem","position":2,"name":"Pood","item":"https:\/\/projekt.vombat.ee\/eco\/pood\/"},{"@type":"ListItem","position":3,"name":"Silver Wings elektriline t\u00f5ukeratas, 40km"}]},{"@type":"WebSite","@id":"https:\/\/projekt.vombat.ee\/eco\/#website","url":"https:\/\/projekt.vombat.ee\/eco\/","name":"Ecocruiser","description":"","publisher":{"@id":"https:\/\/projekt.vombat.ee\/eco\/#organization"},"potentialAction":[{"@type":"SearchAction","target":{"@type":"EntryPoint","urlTemplate":"https:\/\/projekt.vombat.ee\/eco\/?s={search_term_string}"},"query-input":{"@type":"PropertyValueSpecification","valueRequired":true,"valueName":"search_term_string"}}],"inLanguage":"en-GB"},{"@type":"Organization","@id":"https:\/\/projekt.vombat.ee\/eco\/#organization","name":"Ecocruiser","url":"https:\/\/projekt.vombat.ee\/eco\/","logo":{"@type":"ImageObject","inLanguage":"en-GB","@id":"https:\/\/projekt.vombat.ee\/eco\/#\/schema\/logo\/image\/","url":"https:\/\/projekt.vombat.ee\/eco\/wp-content\/uploads\/2023\/03\/ECOCRUISER_5.png","contentUrl":"https:\/\/projekt.vombat.ee\/eco\/wp-content\/uploads\/2023\/03\/ECOCRUISER_5.png","width":234,"height":91,"caption":"Ecocruiser"},"image":{"@id":"https:\/\/projekt.vombat.ee\/eco\/#\/schema\/logo\/image\/"}}]}},"lang":"et","translations":{"et":16725},"pll_sync_post":[],"_links":{"self":[{"href":"https:\/\/projekt.vombat.ee\/eco\/wp-json\/wp\/v2\/product\/16725"}],"collection":[{"href":"https:\/\/projekt.vombat.ee\/eco\/wp-json\/wp\/v2\/product"}],"about":[{"href":"https:\/\/projekt.vombat.ee\/eco\/wp-json\/wp\/v2\/types\/product"}],"version-history":[{"count":4,"href":"https:\/\/projekt.vombat.ee\/eco\/wp-json\/wp\/v2\/product\/16725\/revisions"}],"predecessor-version":[{"id":17001,"href":"https:\/\/projekt.vombat.ee\/eco\/wp-json\/wp\/v2\/product\/16725\/revisions\/17001"}],"wp:featuredmedia":[{"embeddable":true,"href":"https:\/\/projekt.vombat.ee\/eco\/wp-json\/wp\/v2\/media\/16742"}],"wp:attachment":[{"href":"https:\/\/projekt.vombat.ee\/eco\/wp-json\/wp\/v2\/media?parent=16725"}],"wp:term":[{"taxonomy":"product_cat","embeddable":true,"href":"https:\/\/projekt.vombat.ee\/eco\/wp-json\/wp\/v2\/product_cat?post=16725"},{"taxonomy":"product_tag","embeddable":true,"href":"https:\/\/projekt.vombat.ee\/eco\/wp-json\/wp\/v2\/product_tag?post=16725"}],"curies":[{"name":"wp","href":"https:\/\/api.w.org\/{rel}","templated":true}]}}