{"id":14785,"date":"2024-02-29T06:46:45","date_gmt":"2024-02-29T06:46:45","guid":{"rendered":"https:\/\/projekt.vombat.ee\/eco\/?post_type=product&#038;p=14785"},"modified":"2024-03-06T07:43:04","modified_gmt":"2024-03-06T07:43:04","slug":"heybike-ec-1-elektriljalgratas","status":"publish","type":"product","link":"https:\/\/projekt.vombat.ee\/eco\/pood\/elektrirattad\/linnarattad\/heybike-ec-1-elektriljalgratas\/","title":{"rendered":"Heybike EC 1 Elektriljalgratas"},"content":{"rendered":"<h3>Heybike EC 1 Elektrijalgratas<\/h3>\n<p>HEYBIKE EC 1 elektriratas avaldab muljet oma h\u00e4sti l\u00e4bim\u00f5eldud disainiga, mis seab esikohale \u00fchteviisi nii stiili kui ka funktsionaalsuse. Alates torkekindlatest rehvidest kuni helkurribade ja v\u00f5imsate ketaspiduriteni \u2013 ratas on loodud pakkuma usaldusv\u00e4\u00e4rset ja nauditavat pendeldamise kogemust, olgu siis elektri j\u00f5ul v\u00f5i traditsioonilise jalgrattana.<\/p>\n<p><img decoding=\"async\" src=\"https:\/\/www.heybike.eu\/cdn\/shop\/files\/EC-1_765x670_3959e8e7-f54a-4310-953e-e78b8d7ebcb1.png?v=1691553769&amp;width=1000\" \/><\/p>\n<p>&nbsp;<\/p>\n<p>&nbsp;<\/p>\n<p>&nbsp;<\/p>\n<p>&nbsp;<\/p>\n<p><strong>INFO<\/strong><\/p>\n<ul>\n<li><strong>Br\u00e4nd:<\/strong> Heybike<\/li>\n<li><strong>Tippkiirus<\/strong>: 25 km\/h<\/li>\n<li><strong>S\u00f5iduulatus<\/strong>: Kuni 100 kilomeetrit \u00fche laadimisega, ideaalne pikemateks s\u00f5itudeks v\u00f5i igap\u00e4evas\u00f5iduks<\/li>\n<li><strong>Aku<\/strong>: 1360Wh (36v 10Ah) eemaldatav Samsung liitiumaku\u00a0 on integreeritud raami<\/li>\n<li><strong>Mootori nimiv\u00f5imsus<\/strong>: 250 W tagarummumootor, 37 Nm p\u00f6\u00f6rdemomendiga<\/li>\n<li><strong>Laadimisaeg<\/strong> 4-5 tundi<\/li>\n<li><strong>Pedaaliabi &#8211;<\/strong> Intelligentne 3-tasemeline pedaaliabi koos p\u00f6\u00f6rdemomendianduriga<\/li>\n<li><strong>Pidurid &#8211;<\/strong> RSX h\u00fcdraulilised pidurid<\/li>\n<li><strong>Sadul:<\/strong> Ergonoomiline sadul.<\/li>\n<li><strong>Raam:<\/strong> Alumiiniumsulamist madal raam<\/li>\n<li><strong>Pakiraam:<\/strong> v\u00f5imaldab transportida kuni 45 kg kaaluvat pagasit.<\/li>\n<li><strong>Tuled<\/strong>: Ratas on varustatud ereda esitulega, mis parandab n\u00e4htavust \u00f6iste s\u00f5itude ajal.. Istme taga on helkur, mis tagab n\u00e4htavuse tagant. Siiski mainitakse spetsiaalse tagatule puudumist, mis j\u00e4tab turvaelementide osas arenguruumi<\/li>\n<li><strong>K\u00e4igukast:<\/strong> 7-k\u00e4iguline Shimano k\u00e4iguvahetaja<\/li>\n<li><strong>S\u00f5itja pikkus<\/strong>: 160- 200 cm<\/li>\n<li><strong>Maksimaalne kandev\u00f5ime<\/strong>: 131 kg, toetab erineva kaaluga s\u00f5itjaid.<\/li>\n<li><strong>Kaal<\/strong>: 19,2 kg<\/li>\n<li><strong>Ekraan<\/strong>: LCD-ekraan, mis on selge ja h\u00f5lpsasti loetav.<\/li>\n<li><strong>Rehvid<\/strong>: 27,5 tollised Chaoyang Flying Diamond 700x40c torkekindlad helkurribadega rehvid<\/li>\n<\/ul>\n<p>&nbsp;<\/p>\n<h3>Eemaldatav aku<\/h3>\n<p>Lihtne laadimine, s\u00f5itke k\u00f5ikjal.<br \/>\nSee 36 V 10 Ah Samsungi aku on loodud toetama teie seiklusi, pakkudes erakordset j\u00f5udlust ja t\u00f5husust<\/p>\n<p><img fetchpriority=\"high\" decoding=\"async\" class=\"alignnone  wp-image-15005\" src=\"https:\/\/projekt.vombat.ee\/eco\/wp-content\/uploads\/2024\/02\/Kuvatommis-2024-03-06-093438-300x146.png\" alt=\"\" width=\"388\" height=\"189\" srcset=\"https:\/\/projekt.vombat.ee\/eco\/wp-content\/uploads\/2024\/02\/Kuvatommis-2024-03-06-093438-300x146.png 300w, https:\/\/projekt.vombat.ee\/eco\/wp-content\/uploads\/2024\/02\/Kuvatommis-2024-03-06-093438-500x243.png 500w, https:\/\/projekt.vombat.ee\/eco\/wp-content\/uploads\/2024\/02\/Kuvatommis-2024-03-06-093438-760x369.png 760w, https:\/\/projekt.vombat.ee\/eco\/wp-content\/uploads\/2024\/02\/Kuvatommis-2024-03-06-093438-370x180.png 370w, https:\/\/projekt.vombat.ee\/eco\/wp-content\/uploads\/2024\/02\/Kuvatommis-2024-03-06-093438.png 768w\" sizes=\"(max-width: 767px) 100vw, 388px\" \/><\/p>\n<p><img decoding=\"async\" class=\"\" src=\"https:\/\/cdn-cpodh.nitrocdn.com\/hMxoOYYtQSLAbeaqMaHMsmSSEwZDfTXb\/assets\/images\/optimized\/rev-899ce4a\/eco-move.co.uk\/wp-content\/uploads\/2023\/09\/Hydraulic_disc_brakes.webp\" alt=\"H\u00fcdraulilised ketaspidurid\" width=\"399\" height=\"399\" \/><\/p>\n<p>&nbsp;<\/p>\n<p><img decoding=\"async\" class=\"\" src=\"https:\/\/cdn-cpodh.nitrocdn.com\/hMxoOYYtQSLAbeaqMaHMsmSSEwZDfTXb\/assets\/images\/optimized\/rev-899ce4a\/eco-move.co.uk\/wp-content\/uploads\/2023\/09\/Puncture-resistant_Tires.webp\" alt=\"Torkekindlad rehvid\" width=\"398\" height=\"398\" \/><\/p>\n<p>&nbsp;<\/p>\n<p>&nbsp;<\/p>\n<p>&nbsp;<\/p>\n<p>&nbsp;<\/p>\n<p>&nbsp;<\/p>\n<p>&nbsp;<\/p>\n<p>&nbsp;<\/p>\n","protected":false},"excerpt":{"rendered":"<h3>Heybike EC 1 ST Elektrijalgratas<\/h3>\n<ul>\n<li style=\"list-style-type: none;\">\n<ul>\n<li>Rehvim\u00f5\u00f5t: 27,5 tollised Chaoyang Flying Diamond torkekindlad rehvid<\/li>\n<li>Soovitatav s\u00f5itja pikkus: 160-200 cm<\/li>\n<li>Netokaal: 19,2 kg<\/li>\n<li>Kandev\u00f5ime: 150 kg<\/li>\n<li>Raami materjal: alumiiniumsulam<\/li>\n<li>S\u00f5iduulatus: kuni 100 km<\/li>\n<li>Aku: Samsungi\u00a0 36V 10 Ah (468Wh)\u00a0 liitiumaku<\/li>\n<li>Mootori nimiv\u00f5imsus: 250W<\/li>\n<li>Maksimaalne p\u00f6\u00f6rdemoment: (N.m) 37 N.m<\/li>\n<li>Ekraani t\u00fc\u00fcp: LCD ekraan<\/li>\n<li>K\u00e4igukast: 7-k\u00e4iguline Shimano k\u00e4iguvahetaja<\/li>\n<li>Pidurid: H\u00fcdraulilised ketaspidurid<\/li>\n<\/ul>\n<\/li>\n<\/ul>\n<p>&nbsp;<\/p>\n<p><strong>Tarneaeg: 2-6 p\u00e4eva<\/strong><\/p>\n<p><strong>Laos<\/strong><\/p>\n","protected":false},"featured_media":14992,"template":"","meta":[],"product_cat":[52,903],"product_tag":[],"class_list":{"0":"post-14785","1":"product","2":"type-product","3":"status-publish","4":"has-post-thumbnail","6":"product_cat-elektrirattad","7":"product_cat-linnarattad","8":"product_shipping_class-suured-pakid","10":"first","11":"instock","12":"taxable","13":"shipping-taxable","14":"purchasable","15":"product-type-variable"},"yoast_head":"<!-- This site is optimized with the Yoast SEO plugin v23.8 - https:\/\/yoast.com\/wordpress\/plugins\/seo\/ -->\n<title>Heybike EC 1 Elektriljalgratas - Ecocruiser<\/title>\n<meta name=\"description\" content=\"H\u00e4sti l\u00e4bim\u00f5eldud disainiga rattal on nii stiili kui funktsionaalsust. , Ratas on loodud pakkuma usaldusv\u00e4\u00e4rset ja nauditavat s\u00f5itu eelk\u00f5ige linnat\u00e4naval.\" \/>\n<meta name=\"robots\" content=\"noindex, follow, max-snippet:-1, max-image-preview:large, max-video-preview:-1\" \/>\n<meta property=\"og:locale\" content=\"en_GB\" \/>\n<meta property=\"og:type\" content=\"article\" \/>\n<meta property=\"og:title\" content=\"Heybike EC 1 Elektriljalgratas - Ecocruiser\" \/>\n<meta property=\"og:description\" content=\"H\u00e4sti l\u00e4bim\u00f5eldud disainiga rattal on nii stiili kui funktsionaalsust. , Ratas on loodud pakkuma usaldusv\u00e4\u00e4rset ja nauditavat s\u00f5itu eelk\u00f5ige linnat\u00e4naval.\" \/>\n<meta property=\"og:url\" content=\"https:\/\/projekt.vombat.ee\/eco\/pood\/elektrirattad\/linnarattad\/heybike-ec-1-elektriljalgratas\/\" \/>\n<meta property=\"og:site_name\" content=\"Ecocruiser\" \/>\n<meta property=\"article:modified_time\" content=\"2024-03-06T07:43:04+00:00\" \/>\n<meta property=\"og:image\" content=\"https:\/\/projekt.vombat.ee\/eco\/wp-content\/uploads\/2024\/02\/Untitled-design-67.png\" \/>\n\t<meta property=\"og:image:width\" content=\"1000\" \/>\n\t<meta property=\"og:image:height\" content=\"1000\" \/>\n\t<meta property=\"og:image:type\" content=\"image\/png\" \/>\n<meta name=\"twitter:card\" content=\"summary_large_image\" \/>\n<meta name=\"twitter:label1\" content=\"Estimated reading time\" \/>\n\t<meta name=\"twitter:data1\" content=\"3 minutes\" \/>\n<script type=\"application\/ld+json\" class=\"yoast-schema-graph\">{\"@context\":\"https:\/\/schema.org\",\"@graph\":[{\"@type\":\"WebPage\",\"@id\":\"https:\/\/projekt.vombat.ee\/eco\/pood\/elektrirattad\/linnarattad\/heybike-ec-1-elektriljalgratas\/\",\"url\":\"https:\/\/projekt.vombat.ee\/eco\/pood\/elektrirattad\/linnarattad\/heybike-ec-1-elektriljalgratas\/\",\"name\":\"Heybike EC 1 Elektriljalgratas - Ecocruiser\",\"isPartOf\":{\"@id\":\"https:\/\/projekt.vombat.ee\/eco\/#website\"},\"primaryImageOfPage\":{\"@id\":\"https:\/\/projekt.vombat.ee\/eco\/pood\/elektrirattad\/linnarattad\/heybike-ec-1-elektriljalgratas\/#primaryimage\"},\"image\":{\"@id\":\"https:\/\/projekt.vombat.ee\/eco\/pood\/elektrirattad\/linnarattad\/heybike-ec-1-elektriljalgratas\/#primaryimage\"},\"thumbnailUrl\":\"https:\/\/projekt.vombat.ee\/eco\/wp-content\/uploads\/2024\/02\/Untitled-design-67.png\",\"datePublished\":\"2024-02-29T06:46:45+00:00\",\"dateModified\":\"2024-03-06T07:43:04+00:00\",\"description\":\"H\u00e4sti l\u00e4bim\u00f5eldud disainiga rattal on nii stiili kui funktsionaalsust. , Ratas on loodud pakkuma usaldusv\u00e4\u00e4rset ja nauditavat s\u00f5itu eelk\u00f5ige linnat\u00e4naval.\",\"breadcrumb\":{\"@id\":\"https:\/\/projekt.vombat.ee\/eco\/pood\/elektrirattad\/linnarattad\/heybike-ec-1-elektriljalgratas\/#breadcrumb\"},\"inLanguage\":\"en-GB\",\"potentialAction\":[{\"@type\":\"ReadAction\",\"target\":[\"https:\/\/projekt.vombat.ee\/eco\/pood\/elektrirattad\/linnarattad\/heybike-ec-1-elektriljalgratas\/\"]}]},{\"@type\":\"ImageObject\",\"inLanguage\":\"en-GB\",\"@id\":\"https:\/\/projekt.vombat.ee\/eco\/pood\/elektrirattad\/linnarattad\/heybike-ec-1-elektriljalgratas\/#primaryimage\",\"url\":\"https:\/\/projekt.vombat.ee\/eco\/wp-content\/uploads\/2024\/02\/Untitled-design-67.png\",\"contentUrl\":\"https:\/\/projekt.vombat.ee\/eco\/wp-content\/uploads\/2024\/02\/Untitled-design-67.png\",\"width\":1000,\"height\":1000},{\"@type\":\"BreadcrumbList\",\"@id\":\"https:\/\/projekt.vombat.ee\/eco\/pood\/elektrirattad\/linnarattad\/heybike-ec-1-elektriljalgratas\/#breadcrumb\",\"itemListElement\":[{\"@type\":\"ListItem\",\"position\":1,\"name\":\"Home\",\"item\":\"https:\/\/projekt.vombat.ee\/eco\/\"},{\"@type\":\"ListItem\",\"position\":2,\"name\":\"Pood\",\"item\":\"https:\/\/projekt.vombat.ee\/eco\/pood\/\"},{\"@type\":\"ListItem\",\"position\":3,\"name\":\"Heybike EC 1 Elektriljalgratas\"}]},{\"@type\":\"WebSite\",\"@id\":\"https:\/\/projekt.vombat.ee\/eco\/#website\",\"url\":\"https:\/\/projekt.vombat.ee\/eco\/\",\"name\":\"Ecocruiser\",\"description\":\"\",\"publisher\":{\"@id\":\"https:\/\/projekt.vombat.ee\/eco\/#organization\"},\"potentialAction\":[{\"@type\":\"SearchAction\",\"target\":{\"@type\":\"EntryPoint\",\"urlTemplate\":\"https:\/\/projekt.vombat.ee\/eco\/?s={search_term_string}\"},\"query-input\":{\"@type\":\"PropertyValueSpecification\",\"valueRequired\":true,\"valueName\":\"search_term_string\"}}],\"inLanguage\":\"en-GB\"},{\"@type\":\"Organization\",\"@id\":\"https:\/\/projekt.vombat.ee\/eco\/#organization\",\"name\":\"Ecocruiser\",\"url\":\"https:\/\/projekt.vombat.ee\/eco\/\",\"logo\":{\"@type\":\"ImageObject\",\"inLanguage\":\"en-GB\",\"@id\":\"https:\/\/projekt.vombat.ee\/eco\/#\/schema\/logo\/image\/\",\"url\":\"https:\/\/projekt.vombat.ee\/eco\/wp-content\/uploads\/2023\/03\/ECOCRUISER_5.png\",\"contentUrl\":\"https:\/\/projekt.vombat.ee\/eco\/wp-content\/uploads\/2023\/03\/ECOCRUISER_5.png\",\"width\":234,\"height\":91,\"caption\":\"Ecocruiser\"},\"image\":{\"@id\":\"https:\/\/projekt.vombat.ee\/eco\/#\/schema\/logo\/image\/\"}}]}<\/script>\n<!-- \/ Yoast SEO plugin. -->","yoast_head_json":{"title":"Heybike EC 1 Elektriljalgratas - Ecocruiser","description":"H\u00e4sti l\u00e4bim\u00f5eldud disainiga rattal on nii stiili kui funktsionaalsust. , Ratas on loodud pakkuma usaldusv\u00e4\u00e4rset ja nauditavat s\u00f5itu eelk\u00f5ige linnat\u00e4naval.","robots":{"index":"noindex","follow":"follow","max-snippet":"max-snippet:-1","max-image-preview":"max-image-preview:large","max-video-preview":"max-video-preview:-1"},"og_locale":"en_GB","og_type":"article","og_title":"Heybike EC 1 Elektriljalgratas - Ecocruiser","og_description":"H\u00e4sti l\u00e4bim\u00f5eldud disainiga rattal on nii stiili kui funktsionaalsust. , Ratas on loodud pakkuma usaldusv\u00e4\u00e4rset ja nauditavat s\u00f5itu eelk\u00f5ige linnat\u00e4naval.","og_url":"https:\/\/projekt.vombat.ee\/eco\/pood\/elektrirattad\/linnarattad\/heybike-ec-1-elektriljalgratas\/","og_site_name":"Ecocruiser","article_modified_time":"2024-03-06T07:43:04+00:00","og_image":[{"width":1000,"height":1000,"url":"https:\/\/projekt.vombat.ee\/eco\/wp-content\/uploads\/2024\/02\/Untitled-design-67.png","type":"image\/png"}],"twitter_card":"summary_large_image","twitter_misc":{"Estimated reading time":"3 minutes"},"schema":{"@context":"https:\/\/schema.org","@graph":[{"@type":"WebPage","@id":"https:\/\/projekt.vombat.ee\/eco\/pood\/elektrirattad\/linnarattad\/heybike-ec-1-elektriljalgratas\/","url":"https:\/\/projekt.vombat.ee\/eco\/pood\/elektrirattad\/linnarattad\/heybike-ec-1-elektriljalgratas\/","name":"Heybike EC 1 Elektriljalgratas - Ecocruiser","isPartOf":{"@id":"https:\/\/projekt.vombat.ee\/eco\/#website"},"primaryImageOfPage":{"@id":"https:\/\/projekt.vombat.ee\/eco\/pood\/elektrirattad\/linnarattad\/heybike-ec-1-elektriljalgratas\/#primaryimage"},"image":{"@id":"https:\/\/projekt.vombat.ee\/eco\/pood\/elektrirattad\/linnarattad\/heybike-ec-1-elektriljalgratas\/#primaryimage"},"thumbnailUrl":"https:\/\/projekt.vombat.ee\/eco\/wp-content\/uploads\/2024\/02\/Untitled-design-67.png","datePublished":"2024-02-29T06:46:45+00:00","dateModified":"2024-03-06T07:43:04+00:00","description":"H\u00e4sti l\u00e4bim\u00f5eldud disainiga rattal on nii stiili kui funktsionaalsust. , Ratas on loodud pakkuma usaldusv\u00e4\u00e4rset ja nauditavat s\u00f5itu eelk\u00f5ige linnat\u00e4naval.","breadcrumb":{"@id":"https:\/\/projekt.vombat.ee\/eco\/pood\/elektrirattad\/linnarattad\/heybike-ec-1-elektriljalgratas\/#breadcrumb"},"inLanguage":"en-GB","potentialAction":[{"@type":"ReadAction","target":["https:\/\/projekt.vombat.ee\/eco\/pood\/elektrirattad\/linnarattad\/heybike-ec-1-elektriljalgratas\/"]}]},{"@type":"ImageObject","inLanguage":"en-GB","@id":"https:\/\/projekt.vombat.ee\/eco\/pood\/elektrirattad\/linnarattad\/heybike-ec-1-elektriljalgratas\/#primaryimage","url":"https:\/\/projekt.vombat.ee\/eco\/wp-content\/uploads\/2024\/02\/Untitled-design-67.png","contentUrl":"https:\/\/projekt.vombat.ee\/eco\/wp-content\/uploads\/2024\/02\/Untitled-design-67.png","width":1000,"height":1000},{"@type":"BreadcrumbList","@id":"https:\/\/projekt.vombat.ee\/eco\/pood\/elektrirattad\/linnarattad\/heybike-ec-1-elektriljalgratas\/#breadcrumb","itemListElement":[{"@type":"ListItem","position":1,"name":"Home","item":"https:\/\/projekt.vombat.ee\/eco\/"},{"@type":"ListItem","position":2,"name":"Pood","item":"https:\/\/projekt.vombat.ee\/eco\/pood\/"},{"@type":"ListItem","position":3,"name":"Heybike EC 1 Elektriljalgratas"}]},{"@type":"WebSite","@id":"https:\/\/projekt.vombat.ee\/eco\/#website","url":"https:\/\/projekt.vombat.ee\/eco\/","name":"Ecocruiser","description":"","publisher":{"@id":"https:\/\/projekt.vombat.ee\/eco\/#organization"},"potentialAction":[{"@type":"SearchAction","target":{"@type":"EntryPoint","urlTemplate":"https:\/\/projekt.vombat.ee\/eco\/?s={search_term_string}"},"query-input":{"@type":"PropertyValueSpecification","valueRequired":true,"valueName":"search_term_string"}}],"inLanguage":"en-GB"},{"@type":"Organization","@id":"https:\/\/projekt.vombat.ee\/eco\/#organization","name":"Ecocruiser","url":"https:\/\/projekt.vombat.ee\/eco\/","logo":{"@type":"ImageObject","inLanguage":"en-GB","@id":"https:\/\/projekt.vombat.ee\/eco\/#\/schema\/logo\/image\/","url":"https:\/\/projekt.vombat.ee\/eco\/wp-content\/uploads\/2023\/03\/ECOCRUISER_5.png","contentUrl":"https:\/\/projekt.vombat.ee\/eco\/wp-content\/uploads\/2023\/03\/ECOCRUISER_5.png","width":234,"height":91,"caption":"Ecocruiser"},"image":{"@id":"https:\/\/projekt.vombat.ee\/eco\/#\/schema\/logo\/image\/"}}]}},"lang":"et","translations":{"et":14785},"pll_sync_post":[],"_links":{"self":[{"href":"https:\/\/projekt.vombat.ee\/eco\/wp-json\/wp\/v2\/product\/14785"}],"collection":[{"href":"https:\/\/projekt.vombat.ee\/eco\/wp-json\/wp\/v2\/product"}],"about":[{"href":"https:\/\/projekt.vombat.ee\/eco\/wp-json\/wp\/v2\/types\/product"}],"version-history":[{"count":2,"href":"https:\/\/projekt.vombat.ee\/eco\/wp-json\/wp\/v2\/product\/14785\/revisions"}],"predecessor-version":[{"id":15009,"href":"https:\/\/projekt.vombat.ee\/eco\/wp-json\/wp\/v2\/product\/14785\/revisions\/15009"}],"wp:featuredmedia":[{"embeddable":true,"href":"https:\/\/projekt.vombat.ee\/eco\/wp-json\/wp\/v2\/media\/14992"}],"wp:attachment":[{"href":"https:\/\/projekt.vombat.ee\/eco\/wp-json\/wp\/v2\/media?parent=14785"}],"wp:term":[{"taxonomy":"product_cat","embeddable":true,"href":"https:\/\/projekt.vombat.ee\/eco\/wp-json\/wp\/v2\/product_cat?post=14785"},{"taxonomy":"product_tag","embeddable":true,"href":"https:\/\/projekt.vombat.ee\/eco\/wp-json\/wp\/v2\/product_tag?post=14785"}],"curies":[{"name":"wp","href":"https:\/\/api.w.org\/{rel}","templated":true}]}}