{"id":14654,"date":"2024-02-27T08:23:02","date_gmt":"2024-02-27T08:23:02","guid":{"rendered":"https:\/\/projekt.vombat.ee\/eco\/?post_type=product&#038;p=14654"},"modified":"2024-03-12T02:06:56","modified_gmt":"2024-03-12T02:06:56","slug":"aitour-trike-heal-middle","status":"publish","type":"product","link":"https:\/\/projekt.vombat.ee\/eco\/pood\/elektrirattad\/kolmerattalised\/aitour-trike-heal-middle\/","title":{"rendered":"Aitour Heal Middle Elektriratas, 60km"},"content":{"rendered":"<div class=\"wp-embed\"><iframe title=\"Aitour Trike - Heal Middle\" width=\"1778\" height=\"1000\" src=\"https:\/\/www.youtube.com\/embed\/EUNMCmRDb_k?feature=oembed&#038;enablejsapi=1&#038;rel=0&#038;showinfo=0&#038;color=white\" frameborder=\"0\" allow=\"accelerometer; autoplay; clipboard-write; encrypted-media; gyroscope; picture-in-picture; web-share\" allowfullscreen><\/iframe><\/div>\n<h3>Aitour Trike \u2013 Heal Middle Elektriratas<\/h3>\n<p>Aitour Trike &#8211; Heal Mddle on v\u00e4hese s\u00fcsinikdioksiidiheitega elektriline kolmikratas, mis muudab teie elustiili tervislikuks. T\u00e4nu stiilsele disainile, kolmek\u00e4igulisele k\u00e4iguvahetusele ei ole treenimine ja s\u00f5itmine enam vaevaline. K\u00f5ik selle tarvikud vastavad ohutusstandarditele, et tagada piisav ohutus, eelk\u00f5ige vanematele ja v\u00e4hese kogemusega s\u00f5itjatele.<img fetchpriority=\"high\" decoding=\"async\" class=\"\" src=\"https:\/\/e-bikeactie.nl\/wp-content\/uploads\/2023\/06\/aitour-electric-tricycle-heal-middle-x-43539.webp\" width=\"704\" height=\"705\" \/><\/p>\n<p>&nbsp;<\/p>\n<p>&nbsp;<\/p>\n<h3>Ohutu ja turvaline<\/h3>\n<p>K\u00f5ik, kes soovivad kolmerattalist proovida, saavad valida Aitour Heal Middle. Pidurituled nagu auto tagatuled, peegeldavate joontega, Innova rehvid ja kiire pidurdusmehhanism on omadused, mis s\u00e4\u00e4stavad kukkumise hirmust, et saaksite s\u00f5ita stabiilselt olenemata kellaajast.<\/p>\n<p>&nbsp;<\/p>\n<p><img decoding=\"async\" class=\"\" src=\"https:\/\/www.aitourebikes.com\/cdn\/shop\/files\/Aitour_Trike_Heal_Middle_-_Back_PC.jpg?v=1685414103&amp;width=2000\" width=\"699\" height=\"336\" \/><\/p>\n<p>&nbsp;<\/p>\n<p><img decoding=\"async\" class=\"\" src=\"https:\/\/www.aitourebikes.com\/cdn\/shop\/files\/Aitour_Trike_Heal_Middle_brakes.jpg?v=1680508461&amp;width=1400\" width=\"706\" height=\"706\" \/><\/p>\n<p>&nbsp;<\/p>\n<p><img loading=\"lazy\" decoding=\"async\" class=\"\" src=\"https:\/\/www.aitourebikes.com\/cdn\/shop\/files\/Aitour_Trike_Heal_Middle_handle.jpg?v=1680508461&amp;width=1400\" width=\"740\" height=\"740\" \/><\/p>\n<p>&nbsp;<\/p>\n<p>&nbsp;<\/p>\n<p><img loading=\"lazy\" decoding=\"async\" class=\"\" src=\"https:\/\/www.aitourebikes.com\/cdn\/shop\/files\/Aitour_Trike_Heal_Middle_Front.jpg?v=1680508702&amp;width=1400\" width=\"748\" height=\"748\" \/><\/p>\n<h3>K\u00f5rge kvaliteet, hea hinna ja kvaliteedi suhe<\/h3>\n<p>Raami mugav disain suudab sinu s\u00fcdame vallutada, r\u00e4\u00e4kimata muudest v\u00f5imsatest funktsioonidest.<br \/>\nPakume parimat hinda, et muuta see k\u00f5igile k\u00e4ttesaadavaks.<\/p>\n<p><img loading=\"lazy\" decoding=\"async\" class=\"\" src=\"https:\/\/www.aitourebikes.com\/cdn\/shop\/files\/Aitour_Trike_Heal_Middle_ride.jpg?v=1680508467&amp;width=1400\" width=\"705\" height=\"705\" \/><\/p>\n<p>&nbsp;<\/p>\n<h3>Tervenda oma keha ja vaimu<\/h3>\n<p>Tundke igal reisil tuult oma n\u00e4ol ning keha ja vaimu paranemist.<\/p>\n<p><img loading=\"lazy\" decoding=\"async\" class=\"\" src=\"https:\/\/www.aitourebikes.com\/cdn\/shop\/files\/Aitour_Trike_Heal_Middle_trip.jpg?v=1680508467&amp;width=1400\" width=\"714\" height=\"714\" \/><\/p>\n<p>&nbsp;<\/p>\n<p><strong>INFO<\/strong><\/p>\n<ul>\n<li><strong>Br\u00e4nd:<\/strong> Aitour<\/li>\n<li><strong>Tippkiirus<\/strong>: 25 km\/h<\/li>\n<li><strong>S\u00f5iduulatus<\/strong>: Kuni 60 kilomeetrit \u00fche laadimisega, ideaalne pikemateks s\u00f5itudeks v\u00f5i igap\u00e4evas\u00f5iduks<\/li>\n<li><strong>\u00a0Aku<\/strong>: 36V 10Ah<\/li>\n<li><strong>Sadula k\u00f5rgus:<\/strong> 79-94 cm<\/li>\n<li><strong>Juhtraua laius<\/strong>: 67 cm<\/li>\n<li><strong>Raam:<\/strong> Alumiiniumsulamist madal raam<\/li>\n<li><strong>Pakiraam:<\/strong> v\u00f5imaldab transportida kuni 68 kg kaaluvat pagasit.<\/li>\n<li><strong style=\"font-size: inherit;\">Mootori nimiv\u00f5imsus<\/strong><span style=\"font-size: inherit;\">: AKM-100, 250 W<\/span><\/li>\n<li><strong>Pedaaliabi &#8211;<\/strong> Intelligentne 3-tasemeline pedaaliabi<\/li>\n<li><strong>Pidurid &#8211;<\/strong> mehaaniline ketaspidur ees, rullpidur taga<\/li>\n<li><strong>Tuled<\/strong>: Ratas on varustatud ereda esitulega, mis parandab n\u00e4htavust \u00f6iste s\u00f5itude ajal.. Istme taga on pidurituli<\/li>\n<li><strong>Rehvid<\/strong>: &#8220;Innova&#8221; 24&#8243;*2.125 rehvid helkurribadega<\/li>\n<li><strong>Kaal<\/strong>: 44,3 kg<\/li>\n<li><strong>Maksimaalne kandev\u00f5ime<\/strong>: 120 kg, toetab erineva kaaluga s\u00f5itjaid.<\/li>\n<li><strong>S\u00f5itja pikkus<\/strong>: 165- 195 2cm<\/li>\n<li><strong>K\u00e4igukast:<\/strong> Shimano Nexuse 3-k\u00e4iguline k\u00e4iguvahetaja<\/li>\n<li><strong>Ekraan<\/strong>: LCD X3 ekraan, mis on selge ja h\u00f5lpsasti loetav.<\/li>\n<\/ul>\n<p>&nbsp;<\/p>\n<p>&nbsp;<\/p>\n","protected":false},"excerpt":{"rendered":"<h3>Aitour Heal Middle Elektriratas<\/h3>\n<ul>\n<li style=\"list-style-type: none;\">\n<ul>\n<li>M\u00f5\u00f5dud:: 110 *190* 83 cm<\/li>\n<li>Rehvid: &#8220;Innova&#8221; 24&#8243;*2.125 rehvid helkurribadega<\/li>\n<li>Soovitatav s\u00f5itja pikkus: 165- 195cm<\/li>\n<li>Netokaal: 44,3 kg<\/li>\n<li>Kandev\u00f5ime: 120 kg<\/li>\n<li>Raami materjal: alumiiniumsulam<\/li>\n<li>S\u00f5iduulatus: kuni 60 km<\/li>\n<li>Aku: 36V 10Ah<\/li>\n<li>Mootori nimiv\u00f5imsus: (W) 250W<\/li>\n<li>Ekraani t\u00fc\u00fcp: LCD ekraan<\/li>\n<li>K\u00e4igukast: Shimano Nexuse 3-k\u00e4iguline k\u00e4iguvahetaja<\/li>\n<li>Pidurid: mehaaniline ketaspidur ees, rullpidur taga<\/li>\n<\/ul>\n<\/li>\n<\/ul>\n<p>&nbsp;<\/p>\n<p><strong>Tarneaeg: 2-6 p\u00e4eva<\/strong><\/p>\n<p><strong>Laos<\/strong><\/p>\n","protected":false},"featured_media":15084,"template":"","meta":[],"product_cat":[1994,52],"product_tag":[],"class_list":{"0":"post-14654","1":"product","2":"type-product","3":"status-publish","4":"has-post-thumbnail","6":"product_cat-kolmerattalised","7":"product_cat-elektrirattad","8":"product_shipping_class-suured-pakid","10":"first","11":"instock","12":"sale","13":"taxable","14":"shipping-taxable","15":"purchasable","16":"product-type-simple"},"yoast_head":"<!-- This site is optimized with the Yoast SEO plugin v23.8 - https:\/\/yoast.com\/wordpress\/plugins\/seo\/ -->\n<title>Aitour Heal Middle Elektriratas, 60km - Ecocruiser<\/title>\n<meta name=\"description\" content=\"Aitour Trike \u2013 Heal Middle Elektriratas ee sobib suurep\u00e4raselt igap\u00e4evaseks kasutamiseks, ostlemiseks, l\u00fchikesteks v\u00e4ljas\u00f5itudeks, kaupade vedamiseks,\" \/>\n<meta name=\"robots\" content=\"noindex, follow, max-snippet:-1, max-image-preview:large, max-video-preview:-1\" \/>\n<meta property=\"og:locale\" content=\"en_GB\" \/>\n<meta property=\"og:type\" content=\"article\" \/>\n<meta property=\"og:title\" content=\"Aitour Heal Middle Elektriratas, 60km - Ecocruiser\" \/>\n<meta property=\"og:description\" content=\"Aitour Trike \u2013 Heal Middle Elektriratas ee sobib suurep\u00e4raselt igap\u00e4evaseks kasutamiseks, ostlemiseks, l\u00fchikesteks v\u00e4ljas\u00f5itudeks, kaupade vedamiseks,\" \/>\n<meta property=\"og:url\" content=\"https:\/\/projekt.vombat.ee\/eco\/pood\/elektrirattad\/kolmerattalised\/aitour-trike-heal-middle\/\" \/>\n<meta property=\"og:site_name\" content=\"Ecocruiser\" \/>\n<meta property=\"article:modified_time\" content=\"2024-03-12T02:06:56+00:00\" \/>\n<meta property=\"og:image\" content=\"https:\/\/projekt.vombat.ee\/eco\/wp-content\/uploads\/2024\/02\/65f9899bbc28dcf6c82e57f051d8fbf6.png\" \/>\n\t<meta property=\"og:image:width\" content=\"694\" \/>\n\t<meta property=\"og:image:height\" content=\"697\" \/>\n\t<meta property=\"og:image:type\" content=\"image\/png\" \/>\n<meta name=\"twitter:card\" content=\"summary_large_image\" \/>\n<meta name=\"twitter:label1\" content=\"Estimated reading time\" \/>\n\t<meta name=\"twitter:data1\" content=\"3 minutes\" \/>\n<script type=\"application\/ld+json\" class=\"yoast-schema-graph\">{\"@context\":\"https:\/\/schema.org\",\"@graph\":[{\"@type\":\"WebPage\",\"@id\":\"https:\/\/projekt.vombat.ee\/eco\/pood\/elektrirattad\/kolmerattalised\/aitour-trike-heal-middle\/\",\"url\":\"https:\/\/projekt.vombat.ee\/eco\/pood\/elektrirattad\/kolmerattalised\/aitour-trike-heal-middle\/\",\"name\":\"Aitour Heal Middle Elektriratas, 60km - Ecocruiser\",\"isPartOf\":{\"@id\":\"https:\/\/projekt.vombat.ee\/eco\/#website\"},\"primaryImageOfPage\":{\"@id\":\"https:\/\/projekt.vombat.ee\/eco\/pood\/elektrirattad\/kolmerattalised\/aitour-trike-heal-middle\/#primaryimage\"},\"image\":{\"@id\":\"https:\/\/projekt.vombat.ee\/eco\/pood\/elektrirattad\/kolmerattalised\/aitour-trike-heal-middle\/#primaryimage\"},\"thumbnailUrl\":\"https:\/\/projekt.vombat.ee\/eco\/wp-content\/uploads\/2024\/02\/65f9899bbc28dcf6c82e57f051d8fbf6.png\",\"datePublished\":\"2024-02-27T08:23:02+00:00\",\"dateModified\":\"2024-03-12T02:06:56+00:00\",\"description\":\"Aitour Trike \u2013 Heal Middle Elektriratas ee sobib suurep\u00e4raselt igap\u00e4evaseks kasutamiseks, ostlemiseks, l\u00fchikesteks v\u00e4ljas\u00f5itudeks, kaupade vedamiseks,\",\"breadcrumb\":{\"@id\":\"https:\/\/projekt.vombat.ee\/eco\/pood\/elektrirattad\/kolmerattalised\/aitour-trike-heal-middle\/#breadcrumb\"},\"inLanguage\":\"en-GB\",\"potentialAction\":[{\"@type\":\"ReadAction\",\"target\":[\"https:\/\/projekt.vombat.ee\/eco\/pood\/elektrirattad\/kolmerattalised\/aitour-trike-heal-middle\/\"]}]},{\"@type\":\"ImageObject\",\"inLanguage\":\"en-GB\",\"@id\":\"https:\/\/projekt.vombat.ee\/eco\/pood\/elektrirattad\/kolmerattalised\/aitour-trike-heal-middle\/#primaryimage\",\"url\":\"https:\/\/projekt.vombat.ee\/eco\/wp-content\/uploads\/2024\/02\/65f9899bbc28dcf6c82e57f051d8fbf6.png\",\"contentUrl\":\"https:\/\/projekt.vombat.ee\/eco\/wp-content\/uploads\/2024\/02\/65f9899bbc28dcf6c82e57f051d8fbf6.png\",\"width\":694,\"height\":697,\"caption\":\"Aitour Heal Middle Elektriratas\"},{\"@type\":\"BreadcrumbList\",\"@id\":\"https:\/\/projekt.vombat.ee\/eco\/pood\/elektrirattad\/kolmerattalised\/aitour-trike-heal-middle\/#breadcrumb\",\"itemListElement\":[{\"@type\":\"ListItem\",\"position\":1,\"name\":\"Home\",\"item\":\"https:\/\/projekt.vombat.ee\/eco\/\"},{\"@type\":\"ListItem\",\"position\":2,\"name\":\"Pood\",\"item\":\"https:\/\/projekt.vombat.ee\/eco\/pood\/\"},{\"@type\":\"ListItem\",\"position\":3,\"name\":\"Aitour Heal Middle Elektriratas, 60km\"}]},{\"@type\":\"WebSite\",\"@id\":\"https:\/\/projekt.vombat.ee\/eco\/#website\",\"url\":\"https:\/\/projekt.vombat.ee\/eco\/\",\"name\":\"Ecocruiser\",\"description\":\"\",\"publisher\":{\"@id\":\"https:\/\/projekt.vombat.ee\/eco\/#organization\"},\"potentialAction\":[{\"@type\":\"SearchAction\",\"target\":{\"@type\":\"EntryPoint\",\"urlTemplate\":\"https:\/\/projekt.vombat.ee\/eco\/?s={search_term_string}\"},\"query-input\":{\"@type\":\"PropertyValueSpecification\",\"valueRequired\":true,\"valueName\":\"search_term_string\"}}],\"inLanguage\":\"en-GB\"},{\"@type\":\"Organization\",\"@id\":\"https:\/\/projekt.vombat.ee\/eco\/#organization\",\"name\":\"Ecocruiser\",\"url\":\"https:\/\/projekt.vombat.ee\/eco\/\",\"logo\":{\"@type\":\"ImageObject\",\"inLanguage\":\"en-GB\",\"@id\":\"https:\/\/projekt.vombat.ee\/eco\/#\/schema\/logo\/image\/\",\"url\":\"https:\/\/projekt.vombat.ee\/eco\/wp-content\/uploads\/2023\/03\/ECOCRUISER_5.png\",\"contentUrl\":\"https:\/\/projekt.vombat.ee\/eco\/wp-content\/uploads\/2023\/03\/ECOCRUISER_5.png\",\"width\":234,\"height\":91,\"caption\":\"Ecocruiser\"},\"image\":{\"@id\":\"https:\/\/projekt.vombat.ee\/eco\/#\/schema\/logo\/image\/\"}}]}<\/script>\n<!-- \/ Yoast SEO plugin. -->","yoast_head_json":{"title":"Aitour Heal Middle Elektriratas, 60km - Ecocruiser","description":"Aitour Trike \u2013 Heal Middle Elektriratas ee sobib suurep\u00e4raselt igap\u00e4evaseks kasutamiseks, ostlemiseks, l\u00fchikesteks v\u00e4ljas\u00f5itudeks, kaupade vedamiseks,","robots":{"index":"noindex","follow":"follow","max-snippet":"max-snippet:-1","max-image-preview":"max-image-preview:large","max-video-preview":"max-video-preview:-1"},"og_locale":"en_GB","og_type":"article","og_title":"Aitour Heal Middle Elektriratas, 60km - Ecocruiser","og_description":"Aitour Trike \u2013 Heal Middle Elektriratas ee sobib suurep\u00e4raselt igap\u00e4evaseks kasutamiseks, ostlemiseks, l\u00fchikesteks v\u00e4ljas\u00f5itudeks, kaupade vedamiseks,","og_url":"https:\/\/projekt.vombat.ee\/eco\/pood\/elektrirattad\/kolmerattalised\/aitour-trike-heal-middle\/","og_site_name":"Ecocruiser","article_modified_time":"2024-03-12T02:06:56+00:00","og_image":[{"width":694,"height":697,"url":"https:\/\/projekt.vombat.ee\/eco\/wp-content\/uploads\/2024\/02\/65f9899bbc28dcf6c82e57f051d8fbf6.png","type":"image\/png"}],"twitter_card":"summary_large_image","twitter_misc":{"Estimated reading time":"3 minutes"},"schema":{"@context":"https:\/\/schema.org","@graph":[{"@type":"WebPage","@id":"https:\/\/projekt.vombat.ee\/eco\/pood\/elektrirattad\/kolmerattalised\/aitour-trike-heal-middle\/","url":"https:\/\/projekt.vombat.ee\/eco\/pood\/elektrirattad\/kolmerattalised\/aitour-trike-heal-middle\/","name":"Aitour Heal Middle Elektriratas, 60km - Ecocruiser","isPartOf":{"@id":"https:\/\/projekt.vombat.ee\/eco\/#website"},"primaryImageOfPage":{"@id":"https:\/\/projekt.vombat.ee\/eco\/pood\/elektrirattad\/kolmerattalised\/aitour-trike-heal-middle\/#primaryimage"},"image":{"@id":"https:\/\/projekt.vombat.ee\/eco\/pood\/elektrirattad\/kolmerattalised\/aitour-trike-heal-middle\/#primaryimage"},"thumbnailUrl":"https:\/\/projekt.vombat.ee\/eco\/wp-content\/uploads\/2024\/02\/65f9899bbc28dcf6c82e57f051d8fbf6.png","datePublished":"2024-02-27T08:23:02+00:00","dateModified":"2024-03-12T02:06:56+00:00","description":"Aitour Trike \u2013 Heal Middle Elektriratas ee sobib suurep\u00e4raselt igap\u00e4evaseks kasutamiseks, ostlemiseks, l\u00fchikesteks v\u00e4ljas\u00f5itudeks, kaupade vedamiseks,","breadcrumb":{"@id":"https:\/\/projekt.vombat.ee\/eco\/pood\/elektrirattad\/kolmerattalised\/aitour-trike-heal-middle\/#breadcrumb"},"inLanguage":"en-GB","potentialAction":[{"@type":"ReadAction","target":["https:\/\/projekt.vombat.ee\/eco\/pood\/elektrirattad\/kolmerattalised\/aitour-trike-heal-middle\/"]}]},{"@type":"ImageObject","inLanguage":"en-GB","@id":"https:\/\/projekt.vombat.ee\/eco\/pood\/elektrirattad\/kolmerattalised\/aitour-trike-heal-middle\/#primaryimage","url":"https:\/\/projekt.vombat.ee\/eco\/wp-content\/uploads\/2024\/02\/65f9899bbc28dcf6c82e57f051d8fbf6.png","contentUrl":"https:\/\/projekt.vombat.ee\/eco\/wp-content\/uploads\/2024\/02\/65f9899bbc28dcf6c82e57f051d8fbf6.png","width":694,"height":697,"caption":"Aitour Heal Middle Elektriratas"},{"@type":"BreadcrumbList","@id":"https:\/\/projekt.vombat.ee\/eco\/pood\/elektrirattad\/kolmerattalised\/aitour-trike-heal-middle\/#breadcrumb","itemListElement":[{"@type":"ListItem","position":1,"name":"Home","item":"https:\/\/projekt.vombat.ee\/eco\/"},{"@type":"ListItem","position":2,"name":"Pood","item":"https:\/\/projekt.vombat.ee\/eco\/pood\/"},{"@type":"ListItem","position":3,"name":"Aitour Heal Middle Elektriratas, 60km"}]},{"@type":"WebSite","@id":"https:\/\/projekt.vombat.ee\/eco\/#website","url":"https:\/\/projekt.vombat.ee\/eco\/","name":"Ecocruiser","description":"","publisher":{"@id":"https:\/\/projekt.vombat.ee\/eco\/#organization"},"potentialAction":[{"@type":"SearchAction","target":{"@type":"EntryPoint","urlTemplate":"https:\/\/projekt.vombat.ee\/eco\/?s={search_term_string}"},"query-input":{"@type":"PropertyValueSpecification","valueRequired":true,"valueName":"search_term_string"}}],"inLanguage":"en-GB"},{"@type":"Organization","@id":"https:\/\/projekt.vombat.ee\/eco\/#organization","name":"Ecocruiser","url":"https:\/\/projekt.vombat.ee\/eco\/","logo":{"@type":"ImageObject","inLanguage":"en-GB","@id":"https:\/\/projekt.vombat.ee\/eco\/#\/schema\/logo\/image\/","url":"https:\/\/projekt.vombat.ee\/eco\/wp-content\/uploads\/2023\/03\/ECOCRUISER_5.png","contentUrl":"https:\/\/projekt.vombat.ee\/eco\/wp-content\/uploads\/2023\/03\/ECOCRUISER_5.png","width":234,"height":91,"caption":"Ecocruiser"},"image":{"@id":"https:\/\/projekt.vombat.ee\/eco\/#\/schema\/logo\/image\/"}}]}},"lang":"et","translations":{"et":14654},"pll_sync_post":[],"_links":{"self":[{"href":"https:\/\/projekt.vombat.ee\/eco\/wp-json\/wp\/v2\/product\/14654"}],"collection":[{"href":"https:\/\/projekt.vombat.ee\/eco\/wp-json\/wp\/v2\/product"}],"about":[{"href":"https:\/\/projekt.vombat.ee\/eco\/wp-json\/wp\/v2\/types\/product"}],"version-history":[{"count":2,"href":"https:\/\/projekt.vombat.ee\/eco\/wp-json\/wp\/v2\/product\/14654\/revisions"}],"predecessor-version":[{"id":15088,"href":"https:\/\/projekt.vombat.ee\/eco\/wp-json\/wp\/v2\/product\/14654\/revisions\/15088"}],"wp:featuredmedia":[{"embeddable":true,"href":"https:\/\/projekt.vombat.ee\/eco\/wp-json\/wp\/v2\/media\/15084"}],"wp:attachment":[{"href":"https:\/\/projekt.vombat.ee\/eco\/wp-json\/wp\/v2\/media?parent=14654"}],"wp:term":[{"taxonomy":"product_cat","embeddable":true,"href":"https:\/\/projekt.vombat.ee\/eco\/wp-json\/wp\/v2\/product_cat?post=14654"},{"taxonomy":"product_tag","embeddable":true,"href":"https:\/\/projekt.vombat.ee\/eco\/wp-json\/wp\/v2\/product_tag?post=14654"}],"curies":[{"name":"wp","href":"https:\/\/api.w.org\/{rel}","templated":true}]}}