{"id":14642,"date":"2024-02-27T07:14:25","date_gmt":"2024-02-27T07:14:25","guid":{"rendered":"https:\/\/projekt.vombat.ee\/eco\/?post_type=product&#038;p=14642"},"modified":"2024-03-12T02:07:13","modified_gmt":"2024-03-12T02:07:13","slug":"aitour-trike-heal-mini-elektriratas-2","status":"publish","type":"product","link":"https:\/\/projekt.vombat.ee\/eco\/pood\/elektrirattad\/kolmerattalised\/aitour-trike-heal-mini-elektriratas-2\/","title":{"rendered":"Aitour Heal Mini Elektriratas, 65km"},"content":{"rendered":"<div class=\"youtube responsive-embed wp-embed\"><iframe title=\"Aitour Trike - Heal Mini\" width=\"1778\" height=\"1000\" src=\"https:\/\/www.youtube.com\/embed\/VIiDJTpCHg4?feature=oembed&#038;enablejsapi=1&#038;rel=0&#038;showinfo=0&#038;color=white\" frameborder=\"0\" allow=\"accelerometer; autoplay; clipboard-write; encrypted-media; gyroscope; picture-in-picture; web-share\" allowfullscreen><\/iframe><\/div>\n<h3>Aitour Trike \u2013 Heal Mini Elektriratas<\/h3>\n<p>Aitour Trike &#8211; Heal Mini on v\u00e4hese s\u00fcsinikdioksiidiheitega elektriline kolmikratas, mis muudab teie elustiili tervislikuks. T\u00e4nu stiilsele disainile, kolmek\u00e4igulisele k\u00e4iguvahetusele ei ole treenimine ja s\u00f5itmine enam vaevaline. K\u00f5ik selle tarvikud vastavad ohutusstandarditele, et tagada piisav ohutus, eelk\u00f5ige vanematele ja v\u00e4hese kogemusega s\u00f5itjatele<\/p>\n<p><img fetchpriority=\"high\" decoding=\"async\" class=\"\" src=\"https:\/\/www.aitourebikes.com\/cdn\/shop\/files\/Aitour_Trike_-_Heal_mini_Healthy_trip.jpg?v=1680502802&amp;width=1400\" width=\"780\" height=\"780\" \/><\/p>\n<p>&nbsp;<\/p>\n<p>&nbsp;<\/p>\n<p>&nbsp;<\/p>\n<p><strong>INFO<\/strong><\/p>\n<ul>\n<li><strong>Br\u00e4nd:<\/strong> Aitour<\/li>\n<li><strong>Tippkiirus<\/strong>: 25 km\/h<\/li>\n<li><strong>S\u00f5iduulatus<\/strong>: Kuni 65 kilomeetrit \u00fche laadimisega, ideaalne pikemateks s\u00f5itudeks v\u00f5i igap\u00e4evas\u00f5iduks<\/li>\n<li><strong>\u00a0Aku<\/strong>: 36V 13Ah<\/li>\n<li><strong>Sadula k\u00f5rgus:<\/strong> 79-94 cm<\/li>\n<li><strong>Juhtraua laius<\/strong>: 67 cm<\/li>\n<li><strong>Raam:<\/strong> Alumiiniumsulamist madal raam<\/li>\n<li><strong>Pakiraam:<\/strong> v\u00f5imaldab transportida kuni 68 kg kaaluvat pagasit.<\/li>\n<li><strong>Mootori nimiv\u00f5imsus<\/strong>: AKM-100, 250 W<\/li>\n<li><strong>Pedaaliabi &#8211;<\/strong> Intelligentne 3-tasemeline pedaaliabi<\/li>\n<li><strong>Pidurid &#8211;<\/strong> mehaaniline ketaspidur ees, rullpidur taga<\/li>\n<li><strong>Rehvid<\/strong>: &#8220;Innova&#8221; 24&#8243;*2.125 rehvid helkurribadega<\/li>\n<li><strong>Kaal<\/strong>: 44,3 kg<\/li>\n<li><strong>Maksimaalne kandev\u00f5ime<\/strong>: 120 kg, toetab erineva kaaluga s\u00f5itjaid.<\/li>\n<li><strong>S\u00f5itja pikkus<\/strong>: 152-172cm<\/li>\n<li><strong>K\u00e4igukast:<\/strong> Shimano Nexuse 3-k\u00e4iguline k\u00e4iguvahetaja<\/li>\n<li><strong>Ekraan<\/strong>: LCD X3 ekraan, mis on selge ja h\u00f5lpsasti loetav.<\/li>\n<li><strong>Tuled<\/strong>: Ratas on varustatud ereda esitulega, mis parandab n\u00e4htavust \u00f6iste s\u00f5itude ajal.. Istme taga on pidurituli<\/li>\n<\/ul>\n<p>&nbsp;<\/p>\n<h3>Shimano Nexus 3-k\u00e4iguline<\/h3>\n<p>3-k\u00e4iguline Shimano Nexus, saate kiirust oma tempo j\u00e4rgi reguleerida ja teed nautida.<\/p>\n<p><img decoding=\"async\" src=\"https:\/\/www.aitourebikes.com\/cdn\/shop\/files\/Aitour_Trike_-_Heal_mini_-_ride.jpg?v=1701157003&amp;width=2000\" \/><\/p>\n<p>&nbsp;<\/p>\n<h3>Turvaline<\/h3>\n<p>Aitour Heal Mini on m\u00f5eldud t\u00e4iskasvanutele ja eakatele ning igas osas on arvestatud k\u00f5ige turvalisema disainiga.<\/p>\n<p>Pidurituled, nagu auto tagatuled, peegeldavate joontega Innova rehvid ja kiire pidurdusk\u00e4igud seavad teie ohutuse esikohale, et saaksite igal ajal s\u00f5ita stabiilselt olenemata sellest, millisel teel olete.<\/p>\n<p><img decoding=\"async\" class=\"\" src=\"https:\/\/www.aitourebikes.com\/cdn\/shop\/files\/Aitour_Trike_Heal_Middle_brakes.jpg?v=1680508461&amp;width=1400\" width=\"654\" height=\"654\" \/><\/p>\n<p>&nbsp;<\/p>\n<p><img decoding=\"async\" class=\"\" src=\"https:\/\/www.aitourebikes.com\/cdn\/shop\/files\/Aitour_Trike_Heal_Middle_handle.jpg?v=1680508461&amp;width=1400\" width=\"697\" height=\"697\" \/><\/p>\n<p>&nbsp;<\/p>\n<p><img loading=\"lazy\" decoding=\"async\" class=\"\" src=\"https:\/\/www.aitourebikes.com\/cdn\/shop\/files\/Aitour_Trike_Heal_Middle_Front.jpg?v=1680508702&amp;width=1400\" width=\"685\" height=\"685\" \/><\/p>\n<h3>M\u00f5\u00f5dud<\/h3>\n<p>&nbsp;<\/p>\n<p><img loading=\"lazy\" decoding=\"async\" class=\"\" src=\"https:\/\/www.aitourebikes.com\/cdn\/shop\/files\/Aitour_Trike_-_Heal_mini_stay_healthy.jpg?v=1701155538&amp;width=1800\" width=\"699\" height=\"524\" \/><\/p>\n<p>&nbsp;<\/p>\n","protected":false},"excerpt":{"rendered":"<h3>Aitour Heal Mini Elektriratas<\/h3>\n<ul>\n<li style=\"list-style-type: none;\">\n<ul>\n<li>M\u00f5\u00f5dud:: 110 *190* 83 cm<\/li>\n<li>Rehvid: &#8220;Innova&#8221; 24&#8243;*2.125 rehvid helkurribadega<\/li>\n<li>Soovitatav s\u00f5itja pikkus: 150-180 cm<\/li>\n<li>Netokaal: 44,3 kg<\/li>\n<li>Kandev\u00f5ime: 120 kg<\/li>\n<li>Raami materjal: alumiiniumsulam<\/li>\n<li>S\u00f5iduulatus: kuni 65 km<\/li>\n<li>Aku: 36V 13Ah<\/li>\n<li>Mootori nimiv\u00f5imsus: (W) 250W<\/li>\n<li>Ekraani t\u00fc\u00fcp: LCD ekraan<\/li>\n<li>K\u00e4igukast: Shimano Nexuse 3-k\u00e4iguline k\u00e4iguvahetaja<\/li>\n<li>Pidurid: mehaaniline ketaspidur ees, rullpidur taga<\/li>\n<\/ul>\n<\/li>\n<\/ul>\n<p>&nbsp;<\/p>\n<p><strong>Tarneaeg: 2-6 p\u00e4eva<\/strong><\/p>\n<p><strong>Laos<\/strong><\/p>\n","protected":false},"featured_media":15071,"template":"","meta":[],"product_cat":[1994,52],"product_tag":[],"class_list":{"0":"post-14642","1":"product","2":"type-product","3":"status-publish","4":"has-post-thumbnail","6":"product_cat-kolmerattalised","7":"product_cat-elektrirattad","8":"product_shipping_class-suured-pakid","10":"first","11":"instock","12":"sale","13":"taxable","14":"shipping-taxable","15":"purchasable","16":"product-type-variable"},"yoast_head":"<!-- This site is optimized with the Yoast SEO plugin v23.8 - https:\/\/yoast.com\/wordpress\/plugins\/seo\/ -->\n<title>Aitour Heal Mini Elektriratas, 65km - Ecocruiser<\/title>\n<meta name=\"description\" content=\"Aitour Trike \u2013 Heal Mini Elektriratas ee sobib suurep\u00e4raselt igap\u00e4evaseks kasutamiseks, ostlemiseks, l\u00fchikesteks v\u00e4ljas\u00f5itudeks, kaupade vedamiseks,\" \/>\n<meta name=\"robots\" content=\"noindex, follow, max-snippet:-1, max-image-preview:large, max-video-preview:-1\" \/>\n<meta property=\"og:locale\" content=\"en_GB\" \/>\n<meta property=\"og:type\" content=\"article\" \/>\n<meta property=\"og:title\" content=\"Aitour Heal Mini Elektriratas, 65km - Ecocruiser\" \/>\n<meta property=\"og:description\" content=\"Aitour Trike \u2013 Heal Mini Elektriratas ee sobib suurep\u00e4raselt igap\u00e4evaseks kasutamiseks, ostlemiseks, l\u00fchikesteks v\u00e4ljas\u00f5itudeks, kaupade vedamiseks,\" \/>\n<meta property=\"og:url\" content=\"https:\/\/projekt.vombat.ee\/eco\/pood\/elektrirattad\/kolmerattalised\/aitour-trike-heal-mini-elektriratas-2\/\" \/>\n<meta property=\"og:site_name\" content=\"Ecocruiser\" \/>\n<meta property=\"article:modified_time\" content=\"2024-03-12T02:07:13+00:00\" \/>\n<meta property=\"og:image\" content=\"https:\/\/projekt.vombat.ee\/eco\/wp-content\/uploads\/2024\/02\/1roh.webp\" \/>\n\t<meta property=\"og:image:width\" content=\"1200\" \/>\n\t<meta property=\"og:image:height\" content=\"1200\" \/>\n\t<meta property=\"og:image:type\" content=\"image\/webp\" \/>\n<meta name=\"twitter:card\" content=\"summary_large_image\" \/>\n<meta name=\"twitter:label1\" content=\"Estimated reading time\" \/>\n\t<meta name=\"twitter:data1\" content=\"3 minutes\" \/>\n<script type=\"application\/ld+json\" class=\"yoast-schema-graph\">{\"@context\":\"https:\/\/schema.org\",\"@graph\":[{\"@type\":\"WebPage\",\"@id\":\"https:\/\/projekt.vombat.ee\/eco\/pood\/elektrirattad\/kolmerattalised\/aitour-trike-heal-mini-elektriratas-2\/\",\"url\":\"https:\/\/projekt.vombat.ee\/eco\/pood\/elektrirattad\/kolmerattalised\/aitour-trike-heal-mini-elektriratas-2\/\",\"name\":\"Aitour Heal Mini Elektriratas, 65km - Ecocruiser\",\"isPartOf\":{\"@id\":\"https:\/\/projekt.vombat.ee\/eco\/#website\"},\"primaryImageOfPage\":{\"@id\":\"https:\/\/projekt.vombat.ee\/eco\/pood\/elektrirattad\/kolmerattalised\/aitour-trike-heal-mini-elektriratas-2\/#primaryimage\"},\"image\":{\"@id\":\"https:\/\/projekt.vombat.ee\/eco\/pood\/elektrirattad\/kolmerattalised\/aitour-trike-heal-mini-elektriratas-2\/#primaryimage\"},\"thumbnailUrl\":\"https:\/\/projekt.vombat.ee\/eco\/wp-content\/uploads\/2024\/02\/1roh.webp\",\"datePublished\":\"2024-02-27T07:14:25+00:00\",\"dateModified\":\"2024-03-12T02:07:13+00:00\",\"description\":\"Aitour Trike \u2013 Heal Mini Elektriratas ee sobib suurep\u00e4raselt igap\u00e4evaseks kasutamiseks, ostlemiseks, l\u00fchikesteks v\u00e4ljas\u00f5itudeks, kaupade vedamiseks,\",\"breadcrumb\":{\"@id\":\"https:\/\/projekt.vombat.ee\/eco\/pood\/elektrirattad\/kolmerattalised\/aitour-trike-heal-mini-elektriratas-2\/#breadcrumb\"},\"inLanguage\":\"en-GB\",\"potentialAction\":[{\"@type\":\"ReadAction\",\"target\":[\"https:\/\/projekt.vombat.ee\/eco\/pood\/elektrirattad\/kolmerattalised\/aitour-trike-heal-mini-elektriratas-2\/\"]}]},{\"@type\":\"ImageObject\",\"inLanguage\":\"en-GB\",\"@id\":\"https:\/\/projekt.vombat.ee\/eco\/pood\/elektrirattad\/kolmerattalised\/aitour-trike-heal-mini-elektriratas-2\/#primaryimage\",\"url\":\"https:\/\/projekt.vombat.ee\/eco\/wp-content\/uploads\/2024\/02\/1roh.webp\",\"contentUrl\":\"https:\/\/projekt.vombat.ee\/eco\/wp-content\/uploads\/2024\/02\/1roh.webp\",\"width\":1200,\"height\":1200,\"caption\":\"Aitour Heal Mini Elektriratas\"},{\"@type\":\"BreadcrumbList\",\"@id\":\"https:\/\/projekt.vombat.ee\/eco\/pood\/elektrirattad\/kolmerattalised\/aitour-trike-heal-mini-elektriratas-2\/#breadcrumb\",\"itemListElement\":[{\"@type\":\"ListItem\",\"position\":1,\"name\":\"Home\",\"item\":\"https:\/\/projekt.vombat.ee\/eco\/\"},{\"@type\":\"ListItem\",\"position\":2,\"name\":\"Pood\",\"item\":\"https:\/\/projekt.vombat.ee\/eco\/pood\/\"},{\"@type\":\"ListItem\",\"position\":3,\"name\":\"Aitour Heal Mini Elektriratas, 65km\"}]},{\"@type\":\"WebSite\",\"@id\":\"https:\/\/projekt.vombat.ee\/eco\/#website\",\"url\":\"https:\/\/projekt.vombat.ee\/eco\/\",\"name\":\"Ecocruiser\",\"description\":\"\",\"publisher\":{\"@id\":\"https:\/\/projekt.vombat.ee\/eco\/#organization\"},\"potentialAction\":[{\"@type\":\"SearchAction\",\"target\":{\"@type\":\"EntryPoint\",\"urlTemplate\":\"https:\/\/projekt.vombat.ee\/eco\/?s={search_term_string}\"},\"query-input\":{\"@type\":\"PropertyValueSpecification\",\"valueRequired\":true,\"valueName\":\"search_term_string\"}}],\"inLanguage\":\"en-GB\"},{\"@type\":\"Organization\",\"@id\":\"https:\/\/projekt.vombat.ee\/eco\/#organization\",\"name\":\"Ecocruiser\",\"url\":\"https:\/\/projekt.vombat.ee\/eco\/\",\"logo\":{\"@type\":\"ImageObject\",\"inLanguage\":\"en-GB\",\"@id\":\"https:\/\/projekt.vombat.ee\/eco\/#\/schema\/logo\/image\/\",\"url\":\"https:\/\/projekt.vombat.ee\/eco\/wp-content\/uploads\/2023\/03\/ECOCRUISER_5.png\",\"contentUrl\":\"https:\/\/projekt.vombat.ee\/eco\/wp-content\/uploads\/2023\/03\/ECOCRUISER_5.png\",\"width\":234,\"height\":91,\"caption\":\"Ecocruiser\"},\"image\":{\"@id\":\"https:\/\/projekt.vombat.ee\/eco\/#\/schema\/logo\/image\/\"}}]}<\/script>\n<!-- \/ Yoast SEO plugin. -->","yoast_head_json":{"title":"Aitour Heal Mini Elektriratas, 65km - Ecocruiser","description":"Aitour Trike \u2013 Heal Mini Elektriratas ee sobib suurep\u00e4raselt igap\u00e4evaseks kasutamiseks, ostlemiseks, l\u00fchikesteks v\u00e4ljas\u00f5itudeks, kaupade vedamiseks,","robots":{"index":"noindex","follow":"follow","max-snippet":"max-snippet:-1","max-image-preview":"max-image-preview:large","max-video-preview":"max-video-preview:-1"},"og_locale":"en_GB","og_type":"article","og_title":"Aitour Heal Mini Elektriratas, 65km - Ecocruiser","og_description":"Aitour Trike \u2013 Heal Mini Elektriratas ee sobib suurep\u00e4raselt igap\u00e4evaseks kasutamiseks, ostlemiseks, l\u00fchikesteks v\u00e4ljas\u00f5itudeks, kaupade vedamiseks,","og_url":"https:\/\/projekt.vombat.ee\/eco\/pood\/elektrirattad\/kolmerattalised\/aitour-trike-heal-mini-elektriratas-2\/","og_site_name":"Ecocruiser","article_modified_time":"2024-03-12T02:07:13+00:00","og_image":[{"width":1200,"height":1200,"url":"https:\/\/projekt.vombat.ee\/eco\/wp-content\/uploads\/2024\/02\/1roh.webp","type":"image\/webp"}],"twitter_card":"summary_large_image","twitter_misc":{"Estimated reading time":"3 minutes"},"schema":{"@context":"https:\/\/schema.org","@graph":[{"@type":"WebPage","@id":"https:\/\/projekt.vombat.ee\/eco\/pood\/elektrirattad\/kolmerattalised\/aitour-trike-heal-mini-elektriratas-2\/","url":"https:\/\/projekt.vombat.ee\/eco\/pood\/elektrirattad\/kolmerattalised\/aitour-trike-heal-mini-elektriratas-2\/","name":"Aitour Heal Mini Elektriratas, 65km - Ecocruiser","isPartOf":{"@id":"https:\/\/projekt.vombat.ee\/eco\/#website"},"primaryImageOfPage":{"@id":"https:\/\/projekt.vombat.ee\/eco\/pood\/elektrirattad\/kolmerattalised\/aitour-trike-heal-mini-elektriratas-2\/#primaryimage"},"image":{"@id":"https:\/\/projekt.vombat.ee\/eco\/pood\/elektrirattad\/kolmerattalised\/aitour-trike-heal-mini-elektriratas-2\/#primaryimage"},"thumbnailUrl":"https:\/\/projekt.vombat.ee\/eco\/wp-content\/uploads\/2024\/02\/1roh.webp","datePublished":"2024-02-27T07:14:25+00:00","dateModified":"2024-03-12T02:07:13+00:00","description":"Aitour Trike \u2013 Heal Mini Elektriratas ee sobib suurep\u00e4raselt igap\u00e4evaseks kasutamiseks, ostlemiseks, l\u00fchikesteks v\u00e4ljas\u00f5itudeks, kaupade vedamiseks,","breadcrumb":{"@id":"https:\/\/projekt.vombat.ee\/eco\/pood\/elektrirattad\/kolmerattalised\/aitour-trike-heal-mini-elektriratas-2\/#breadcrumb"},"inLanguage":"en-GB","potentialAction":[{"@type":"ReadAction","target":["https:\/\/projekt.vombat.ee\/eco\/pood\/elektrirattad\/kolmerattalised\/aitour-trike-heal-mini-elektriratas-2\/"]}]},{"@type":"ImageObject","inLanguage":"en-GB","@id":"https:\/\/projekt.vombat.ee\/eco\/pood\/elektrirattad\/kolmerattalised\/aitour-trike-heal-mini-elektriratas-2\/#primaryimage","url":"https:\/\/projekt.vombat.ee\/eco\/wp-content\/uploads\/2024\/02\/1roh.webp","contentUrl":"https:\/\/projekt.vombat.ee\/eco\/wp-content\/uploads\/2024\/02\/1roh.webp","width":1200,"height":1200,"caption":"Aitour Heal Mini Elektriratas"},{"@type":"BreadcrumbList","@id":"https:\/\/projekt.vombat.ee\/eco\/pood\/elektrirattad\/kolmerattalised\/aitour-trike-heal-mini-elektriratas-2\/#breadcrumb","itemListElement":[{"@type":"ListItem","position":1,"name":"Home","item":"https:\/\/projekt.vombat.ee\/eco\/"},{"@type":"ListItem","position":2,"name":"Pood","item":"https:\/\/projekt.vombat.ee\/eco\/pood\/"},{"@type":"ListItem","position":3,"name":"Aitour Heal Mini Elektriratas, 65km"}]},{"@type":"WebSite","@id":"https:\/\/projekt.vombat.ee\/eco\/#website","url":"https:\/\/projekt.vombat.ee\/eco\/","name":"Ecocruiser","description":"","publisher":{"@id":"https:\/\/projekt.vombat.ee\/eco\/#organization"},"potentialAction":[{"@type":"SearchAction","target":{"@type":"EntryPoint","urlTemplate":"https:\/\/projekt.vombat.ee\/eco\/?s={search_term_string}"},"query-input":{"@type":"PropertyValueSpecification","valueRequired":true,"valueName":"search_term_string"}}],"inLanguage":"en-GB"},{"@type":"Organization","@id":"https:\/\/projekt.vombat.ee\/eco\/#organization","name":"Ecocruiser","url":"https:\/\/projekt.vombat.ee\/eco\/","logo":{"@type":"ImageObject","inLanguage":"en-GB","@id":"https:\/\/projekt.vombat.ee\/eco\/#\/schema\/logo\/image\/","url":"https:\/\/projekt.vombat.ee\/eco\/wp-content\/uploads\/2023\/03\/ECOCRUISER_5.png","contentUrl":"https:\/\/projekt.vombat.ee\/eco\/wp-content\/uploads\/2023\/03\/ECOCRUISER_5.png","width":234,"height":91,"caption":"Ecocruiser"},"image":{"@id":"https:\/\/projekt.vombat.ee\/eco\/#\/schema\/logo\/image\/"}}]}},"lang":"et","translations":{"et":14642},"pll_sync_post":[],"_links":{"self":[{"href":"https:\/\/projekt.vombat.ee\/eco\/wp-json\/wp\/v2\/product\/14642"}],"collection":[{"href":"https:\/\/projekt.vombat.ee\/eco\/wp-json\/wp\/v2\/product"}],"about":[{"href":"https:\/\/projekt.vombat.ee\/eco\/wp-json\/wp\/v2\/types\/product"}],"version-history":[{"count":3,"href":"https:\/\/projekt.vombat.ee\/eco\/wp-json\/wp\/v2\/product\/14642\/revisions"}],"predecessor-version":[{"id":15068,"href":"https:\/\/projekt.vombat.ee\/eco\/wp-json\/wp\/v2\/product\/14642\/revisions\/15068"}],"wp:featuredmedia":[{"embeddable":true,"href":"https:\/\/projekt.vombat.ee\/eco\/wp-json\/wp\/v2\/media\/15071"}],"wp:attachment":[{"href":"https:\/\/projekt.vombat.ee\/eco\/wp-json\/wp\/v2\/media?parent=14642"}],"wp:term":[{"taxonomy":"product_cat","embeddable":true,"href":"https:\/\/projekt.vombat.ee\/eco\/wp-json\/wp\/v2\/product_cat?post=14642"},{"taxonomy":"product_tag","embeddable":true,"href":"https:\/\/projekt.vombat.ee\/eco\/wp-json\/wp\/v2\/product_tag?post=14642"}],"curies":[{"name":"wp","href":"https:\/\/api.w.org\/{rel}","templated":true}]}}