{"id":14607,"date":"2024-02-29T10:29:02","date_gmt":"2024-02-29T10:29:02","guid":{"rendered":"https:\/\/projekt.vombat.ee\/eco\/?post_type=product&#038;p=14607"},"modified":"2024-05-26T19:00:59","modified_gmt":"2024-05-26T19:00:59","slug":"hiley-x8s-elektritoukeratas-50km","status":"publish","type":"product","link":"https:\/\/projekt.vombat.ee\/eco\/pood\/elektritoukerattad\/linna-toukerattad\/hiley-x8s-elektritoukeratas-50km\/","title":{"rendered":"Hiley X8s elektrit\u00f5ukeratas, 60km"},"content":{"rendered":"<h3>Piduris\u00fcsteem<\/h3>\n<p>X8S on eesmise ja tagumise trummelpiduriga.<\/p>\n<p>&nbsp;<\/p>\n<h3>Raam<\/h3>\n<p>Tugev alumiiniumisulam tagab konstruktsiooni terviklikkuse.<\/p>\n<p>&nbsp;<\/p>\n<h3>Rehvid<\/h3>\n<p>Paar suure haardega rehve hoiab teid alati asfaldil kinni.<\/p>\n<h3>K\u00f5ik vajalik k\u00e4eulatuses<\/h3>\n<p>K\u00f5ik juhtimisseadised paigutatud teie k\u00e4eulatuses, et te oleksite alati keskendunud teele!<\/p>\n<h3>Kvaliteetne valgustus<\/h3>\n<p>Ees, taga ja k\u00fclgedel paiknevad eredad tuled teevad sind ja teisi \u00f6\u00f6sel n\u00e4htavaks!<\/p>\n<p>&nbsp;<\/p>\n<p>Aku garantii: 1 aasta!<br \/>\nKere garantii: 2 aastat!<\/p>\n","protected":false},"excerpt":{"rendered":"<p>Valluta teed ja avasta uued rajad <strong>Hiley X8s<\/strong> elektrit\u00f5ukerattaga \u2013 kvaliteet, j\u00f5ud ja stiil \u00fcheskoos!<\/p>\n<p><strong>Omadused:<\/strong><\/p>\n<ul>\n<li>V\u00f5imsus 600W<\/li>\n<li>Aku 48V 13Ah<\/li>\n<li>Tippkiirus kuni 25km\/h (piirajaga)<\/li>\n<li>S\u00f5iduulatus 60km<\/li>\n<li>Laadimisaeg 3-5h<\/li>\n<\/ul>\n<p>\u2666\u00a0<strong>Tarneaeg 2-6 p\u00e4eva<\/strong><br \/>\n\u2666\u00a0<strong>Laos<\/strong><\/p>\n<p><b>Garantii: 2 aastat!<\/b><\/p>\n","protected":false},"featured_media":16501,"template":"","meta":[],"product_cat":[53,909],"product_tag":[],"class_list":{"0":"post-14607","1":"product","2":"type-product","3":"status-publish","4":"has-post-thumbnail","6":"product_cat-elektritoukerattad","7":"product_cat-linna-toukerattad","9":"first","10":"instock","11":"sale","12":"taxable","13":"shipping-taxable","14":"purchasable","15":"product-type-simple"},"yoast_head":"<!-- This site is optimized with the Yoast SEO plugin v23.8 - https:\/\/yoast.com\/wordpress\/plugins\/seo\/ -->\n<title>Hiley X8s elektrit\u00f5ukeratas, 60km - Ecocruiser<\/title>\n<meta name=\"description\" content=\"Hiley X8S on v\u00f5imas elektrit\u00f5ukeratas, mis pakub suurep\u00e4rast s\u00f5idukogemust nii linnas kui maanteel. Varustatud v\u00f5imsa elektrimootori, suurte \u00f5hkrehvide ja kvaliteetsete piduritega tagab see sujuva ja ohutu s\u00f5idu. Lisaks on sellel kaasaegne disain ja mitmed nutikad funktsioonid, sealhulgas LED-tuled ja kokkuklapitav mehhanism. Hiley X8S on ideaalne valik neile, kes otsivad usaldusv\u00e4\u00e4rset elektrit\u00f5ukeratast igap\u00e4evaseks linnas\u00f5iduks.\" \/>\n<meta name=\"robots\" content=\"noindex, follow, max-snippet:-1, max-image-preview:large, max-video-preview:-1\" \/>\n<meta property=\"og:locale\" content=\"en_GB\" \/>\n<meta property=\"og:type\" content=\"article\" \/>\n<meta property=\"og:title\" content=\"Hiley X8s elektrit\u00f5ukeratas, 60km - Ecocruiser\" \/>\n<meta property=\"og:description\" content=\"Hiley X8S on v\u00f5imas elektrit\u00f5ukeratas, mis pakub suurep\u00e4rast s\u00f5idukogemust nii linnas kui maanteel. Varustatud v\u00f5imsa elektrimootori, suurte \u00f5hkrehvide ja kvaliteetsete piduritega tagab see sujuva ja ohutu s\u00f5idu. Lisaks on sellel kaasaegne disain ja mitmed nutikad funktsioonid, sealhulgas LED-tuled ja kokkuklapitav mehhanism. Hiley X8S on ideaalne valik neile, kes otsivad usaldusv\u00e4\u00e4rset elektrit\u00f5ukeratast igap\u00e4evaseks linnas\u00f5iduks.\" \/>\n<meta property=\"og:url\" content=\"https:\/\/projekt.vombat.ee\/eco\/pood\/elektritoukerattad\/linna-toukerattad\/hiley-x8s-elektritoukeratas-50km\/\" \/>\n<meta property=\"og:site_name\" content=\"Ecocruiser\" \/>\n<meta property=\"article:modified_time\" content=\"2024-05-26T19:00:59+00:00\" \/>\n<meta property=\"og:image\" content=\"https:\/\/projekt.vombat.ee\/eco\/wp-content\/uploads\/2024\/02\/d27e8480877d2d666b3a7a8c7a8540e2.png\" \/>\n\t<meta property=\"og:image:width\" content=\"956\" \/>\n\t<meta property=\"og:image:height\" content=\"900\" \/>\n\t<meta property=\"og:image:type\" content=\"image\/png\" \/>\n<meta name=\"twitter:card\" content=\"summary_large_image\" \/>\n<meta name=\"twitter:label1\" content=\"Estimated reading time\" \/>\n\t<meta name=\"twitter:data1\" content=\"1 minute\" \/>\n<script type=\"application\/ld+json\" class=\"yoast-schema-graph\">{\"@context\":\"https:\/\/schema.org\",\"@graph\":[{\"@type\":\"WebPage\",\"@id\":\"https:\/\/projekt.vombat.ee\/eco\/pood\/elektritoukerattad\/linna-toukerattad\/hiley-x8s-elektritoukeratas-50km\/\",\"url\":\"https:\/\/projekt.vombat.ee\/eco\/pood\/elektritoukerattad\/linna-toukerattad\/hiley-x8s-elektritoukeratas-50km\/\",\"name\":\"Hiley X8s elektrit\u00f5ukeratas, 60km - Ecocruiser\",\"isPartOf\":{\"@id\":\"https:\/\/projekt.vombat.ee\/eco\/#website\"},\"primaryImageOfPage\":{\"@id\":\"https:\/\/projekt.vombat.ee\/eco\/pood\/elektritoukerattad\/linna-toukerattad\/hiley-x8s-elektritoukeratas-50km\/#primaryimage\"},\"image\":{\"@id\":\"https:\/\/projekt.vombat.ee\/eco\/pood\/elektritoukerattad\/linna-toukerattad\/hiley-x8s-elektritoukeratas-50km\/#primaryimage\"},\"thumbnailUrl\":\"https:\/\/projekt.vombat.ee\/eco\/wp-content\/uploads\/2024\/02\/d27e8480877d2d666b3a7a8c7a8540e2.png\",\"datePublished\":\"2024-02-29T10:29:02+00:00\",\"dateModified\":\"2024-05-26T19:00:59+00:00\",\"description\":\"Hiley X8S on v\u00f5imas elektrit\u00f5ukeratas, mis pakub suurep\u00e4rast s\u00f5idukogemust nii linnas kui maanteel. Varustatud v\u00f5imsa elektrimootori, suurte \u00f5hkrehvide ja kvaliteetsete piduritega tagab see sujuva ja ohutu s\u00f5idu. Lisaks on sellel kaasaegne disain ja mitmed nutikad funktsioonid, sealhulgas LED-tuled ja kokkuklapitav mehhanism. Hiley X8S on ideaalne valik neile, kes otsivad usaldusv\u00e4\u00e4rset elektrit\u00f5ukeratast igap\u00e4evaseks linnas\u00f5iduks.\",\"breadcrumb\":{\"@id\":\"https:\/\/projekt.vombat.ee\/eco\/pood\/elektritoukerattad\/linna-toukerattad\/hiley-x8s-elektritoukeratas-50km\/#breadcrumb\"},\"inLanguage\":\"en-GB\",\"potentialAction\":[{\"@type\":\"ReadAction\",\"target\":[\"https:\/\/projekt.vombat.ee\/eco\/pood\/elektritoukerattad\/linna-toukerattad\/hiley-x8s-elektritoukeratas-50km\/\"]}]},{\"@type\":\"ImageObject\",\"inLanguage\":\"en-GB\",\"@id\":\"https:\/\/projekt.vombat.ee\/eco\/pood\/elektritoukerattad\/linna-toukerattad\/hiley-x8s-elektritoukeratas-50km\/#primaryimage\",\"url\":\"https:\/\/projekt.vombat.ee\/eco\/wp-content\/uploads\/2024\/02\/d27e8480877d2d666b3a7a8c7a8540e2.png\",\"contentUrl\":\"https:\/\/projekt.vombat.ee\/eco\/wp-content\/uploads\/2024\/02\/d27e8480877d2d666b3a7a8c7a8540e2.png\",\"width\":956,\"height\":900},{\"@type\":\"BreadcrumbList\",\"@id\":\"https:\/\/projekt.vombat.ee\/eco\/pood\/elektritoukerattad\/linna-toukerattad\/hiley-x8s-elektritoukeratas-50km\/#breadcrumb\",\"itemListElement\":[{\"@type\":\"ListItem\",\"position\":1,\"name\":\"Home\",\"item\":\"https:\/\/projekt.vombat.ee\/eco\/\"},{\"@type\":\"ListItem\",\"position\":2,\"name\":\"Pood\",\"item\":\"https:\/\/projekt.vombat.ee\/eco\/pood\/\"},{\"@type\":\"ListItem\",\"position\":3,\"name\":\"Hiley X8s elektrit\u00f5ukeratas, 60km\"}]},{\"@type\":\"WebSite\",\"@id\":\"https:\/\/projekt.vombat.ee\/eco\/#website\",\"url\":\"https:\/\/projekt.vombat.ee\/eco\/\",\"name\":\"Ecocruiser\",\"description\":\"\",\"publisher\":{\"@id\":\"https:\/\/projekt.vombat.ee\/eco\/#organization\"},\"potentialAction\":[{\"@type\":\"SearchAction\",\"target\":{\"@type\":\"EntryPoint\",\"urlTemplate\":\"https:\/\/projekt.vombat.ee\/eco\/?s={search_term_string}\"},\"query-input\":{\"@type\":\"PropertyValueSpecification\",\"valueRequired\":true,\"valueName\":\"search_term_string\"}}],\"inLanguage\":\"en-GB\"},{\"@type\":\"Organization\",\"@id\":\"https:\/\/projekt.vombat.ee\/eco\/#organization\",\"name\":\"Ecocruiser\",\"url\":\"https:\/\/projekt.vombat.ee\/eco\/\",\"logo\":{\"@type\":\"ImageObject\",\"inLanguage\":\"en-GB\",\"@id\":\"https:\/\/projekt.vombat.ee\/eco\/#\/schema\/logo\/image\/\",\"url\":\"https:\/\/projekt.vombat.ee\/eco\/wp-content\/uploads\/2023\/03\/ECOCRUISER_5.png\",\"contentUrl\":\"https:\/\/projekt.vombat.ee\/eco\/wp-content\/uploads\/2023\/03\/ECOCRUISER_5.png\",\"width\":234,\"height\":91,\"caption\":\"Ecocruiser\"},\"image\":{\"@id\":\"https:\/\/projekt.vombat.ee\/eco\/#\/schema\/logo\/image\/\"}}]}<\/script>\n<!-- \/ Yoast SEO plugin. -->","yoast_head_json":{"title":"Hiley X8s elektrit\u00f5ukeratas, 60km - Ecocruiser","description":"Hiley X8S on v\u00f5imas elektrit\u00f5ukeratas, mis pakub suurep\u00e4rast s\u00f5idukogemust nii linnas kui maanteel. Varustatud v\u00f5imsa elektrimootori, suurte \u00f5hkrehvide ja kvaliteetsete piduritega tagab see sujuva ja ohutu s\u00f5idu. Lisaks on sellel kaasaegne disain ja mitmed nutikad funktsioonid, sealhulgas LED-tuled ja kokkuklapitav mehhanism. Hiley X8S on ideaalne valik neile, kes otsivad usaldusv\u00e4\u00e4rset elektrit\u00f5ukeratast igap\u00e4evaseks linnas\u00f5iduks.","robots":{"index":"noindex","follow":"follow","max-snippet":"max-snippet:-1","max-image-preview":"max-image-preview:large","max-video-preview":"max-video-preview:-1"},"og_locale":"en_GB","og_type":"article","og_title":"Hiley X8s elektrit\u00f5ukeratas, 60km - Ecocruiser","og_description":"Hiley X8S on v\u00f5imas elektrit\u00f5ukeratas, mis pakub suurep\u00e4rast s\u00f5idukogemust nii linnas kui maanteel. Varustatud v\u00f5imsa elektrimootori, suurte \u00f5hkrehvide ja kvaliteetsete piduritega tagab see sujuva ja ohutu s\u00f5idu. Lisaks on sellel kaasaegne disain ja mitmed nutikad funktsioonid, sealhulgas LED-tuled ja kokkuklapitav mehhanism. Hiley X8S on ideaalne valik neile, kes otsivad usaldusv\u00e4\u00e4rset elektrit\u00f5ukeratast igap\u00e4evaseks linnas\u00f5iduks.","og_url":"https:\/\/projekt.vombat.ee\/eco\/pood\/elektritoukerattad\/linna-toukerattad\/hiley-x8s-elektritoukeratas-50km\/","og_site_name":"Ecocruiser","article_modified_time":"2024-05-26T19:00:59+00:00","og_image":[{"width":956,"height":900,"url":"https:\/\/projekt.vombat.ee\/eco\/wp-content\/uploads\/2024\/02\/d27e8480877d2d666b3a7a8c7a8540e2.png","type":"image\/png"}],"twitter_card":"summary_large_image","twitter_misc":{"Estimated reading time":"1 minute"},"schema":{"@context":"https:\/\/schema.org","@graph":[{"@type":"WebPage","@id":"https:\/\/projekt.vombat.ee\/eco\/pood\/elektritoukerattad\/linna-toukerattad\/hiley-x8s-elektritoukeratas-50km\/","url":"https:\/\/projekt.vombat.ee\/eco\/pood\/elektritoukerattad\/linna-toukerattad\/hiley-x8s-elektritoukeratas-50km\/","name":"Hiley X8s elektrit\u00f5ukeratas, 60km - Ecocruiser","isPartOf":{"@id":"https:\/\/projekt.vombat.ee\/eco\/#website"},"primaryImageOfPage":{"@id":"https:\/\/projekt.vombat.ee\/eco\/pood\/elektritoukerattad\/linna-toukerattad\/hiley-x8s-elektritoukeratas-50km\/#primaryimage"},"image":{"@id":"https:\/\/projekt.vombat.ee\/eco\/pood\/elektritoukerattad\/linna-toukerattad\/hiley-x8s-elektritoukeratas-50km\/#primaryimage"},"thumbnailUrl":"https:\/\/projekt.vombat.ee\/eco\/wp-content\/uploads\/2024\/02\/d27e8480877d2d666b3a7a8c7a8540e2.png","datePublished":"2024-02-29T10:29:02+00:00","dateModified":"2024-05-26T19:00:59+00:00","description":"Hiley X8S on v\u00f5imas elektrit\u00f5ukeratas, mis pakub suurep\u00e4rast s\u00f5idukogemust nii linnas kui maanteel. Varustatud v\u00f5imsa elektrimootori, suurte \u00f5hkrehvide ja kvaliteetsete piduritega tagab see sujuva ja ohutu s\u00f5idu. Lisaks on sellel kaasaegne disain ja mitmed nutikad funktsioonid, sealhulgas LED-tuled ja kokkuklapitav mehhanism. Hiley X8S on ideaalne valik neile, kes otsivad usaldusv\u00e4\u00e4rset elektrit\u00f5ukeratast igap\u00e4evaseks linnas\u00f5iduks.","breadcrumb":{"@id":"https:\/\/projekt.vombat.ee\/eco\/pood\/elektritoukerattad\/linna-toukerattad\/hiley-x8s-elektritoukeratas-50km\/#breadcrumb"},"inLanguage":"en-GB","potentialAction":[{"@type":"ReadAction","target":["https:\/\/projekt.vombat.ee\/eco\/pood\/elektritoukerattad\/linna-toukerattad\/hiley-x8s-elektritoukeratas-50km\/"]}]},{"@type":"ImageObject","inLanguage":"en-GB","@id":"https:\/\/projekt.vombat.ee\/eco\/pood\/elektritoukerattad\/linna-toukerattad\/hiley-x8s-elektritoukeratas-50km\/#primaryimage","url":"https:\/\/projekt.vombat.ee\/eco\/wp-content\/uploads\/2024\/02\/d27e8480877d2d666b3a7a8c7a8540e2.png","contentUrl":"https:\/\/projekt.vombat.ee\/eco\/wp-content\/uploads\/2024\/02\/d27e8480877d2d666b3a7a8c7a8540e2.png","width":956,"height":900},{"@type":"BreadcrumbList","@id":"https:\/\/projekt.vombat.ee\/eco\/pood\/elektritoukerattad\/linna-toukerattad\/hiley-x8s-elektritoukeratas-50km\/#breadcrumb","itemListElement":[{"@type":"ListItem","position":1,"name":"Home","item":"https:\/\/projekt.vombat.ee\/eco\/"},{"@type":"ListItem","position":2,"name":"Pood","item":"https:\/\/projekt.vombat.ee\/eco\/pood\/"},{"@type":"ListItem","position":3,"name":"Hiley X8s elektrit\u00f5ukeratas, 60km"}]},{"@type":"WebSite","@id":"https:\/\/projekt.vombat.ee\/eco\/#website","url":"https:\/\/projekt.vombat.ee\/eco\/","name":"Ecocruiser","description":"","publisher":{"@id":"https:\/\/projekt.vombat.ee\/eco\/#organization"},"potentialAction":[{"@type":"SearchAction","target":{"@type":"EntryPoint","urlTemplate":"https:\/\/projekt.vombat.ee\/eco\/?s={search_term_string}"},"query-input":{"@type":"PropertyValueSpecification","valueRequired":true,"valueName":"search_term_string"}}],"inLanguage":"en-GB"},{"@type":"Organization","@id":"https:\/\/projekt.vombat.ee\/eco\/#organization","name":"Ecocruiser","url":"https:\/\/projekt.vombat.ee\/eco\/","logo":{"@type":"ImageObject","inLanguage":"en-GB","@id":"https:\/\/projekt.vombat.ee\/eco\/#\/schema\/logo\/image\/","url":"https:\/\/projekt.vombat.ee\/eco\/wp-content\/uploads\/2023\/03\/ECOCRUISER_5.png","contentUrl":"https:\/\/projekt.vombat.ee\/eco\/wp-content\/uploads\/2023\/03\/ECOCRUISER_5.png","width":234,"height":91,"caption":"Ecocruiser"},"image":{"@id":"https:\/\/projekt.vombat.ee\/eco\/#\/schema\/logo\/image\/"}}]}},"lang":"et","translations":{"et":14607},"pll_sync_post":[],"_links":{"self":[{"href":"https:\/\/projekt.vombat.ee\/eco\/wp-json\/wp\/v2\/product\/14607"}],"collection":[{"href":"https:\/\/projekt.vombat.ee\/eco\/wp-json\/wp\/v2\/product"}],"about":[{"href":"https:\/\/projekt.vombat.ee\/eco\/wp-json\/wp\/v2\/types\/product"}],"version-history":[{"count":6,"href":"https:\/\/projekt.vombat.ee\/eco\/wp-json\/wp\/v2\/product\/14607\/revisions"}],"predecessor-version":[{"id":17373,"href":"https:\/\/projekt.vombat.ee\/eco\/wp-json\/wp\/v2\/product\/14607\/revisions\/17373"}],"wp:featuredmedia":[{"embeddable":true,"href":"https:\/\/projekt.vombat.ee\/eco\/wp-json\/wp\/v2\/media\/16501"}],"wp:attachment":[{"href":"https:\/\/projekt.vombat.ee\/eco\/wp-json\/wp\/v2\/media?parent=14607"}],"wp:term":[{"taxonomy":"product_cat","embeddable":true,"href":"https:\/\/projekt.vombat.ee\/eco\/wp-json\/wp\/v2\/product_cat?post=14607"},{"taxonomy":"product_tag","embeddable":true,"href":"https:\/\/projekt.vombat.ee\/eco\/wp-json\/wp\/v2\/product_tag?post=14607"}],"curies":[{"name":"wp","href":"https:\/\/api.w.org\/{rel}","templated":true}]}}