{"id":14585,"date":"2024-02-29T10:15:56","date_gmt":"2024-02-29T10:15:56","guid":{"rendered":"https:\/\/projekt.vombat.ee\/eco\/?post_type=product&#038;p=14585"},"modified":"2024-05-26T18:59:56","modified_gmt":"2024-05-26T18:59:56","slug":"tiger-10-elektritoukeratas","status":"publish","type":"product","link":"https:\/\/projekt.vombat.ee\/eco\/pood\/elektritoukerattad\/linna-toukerattad\/tiger-10-elektritoukeratas\/","title":{"rendered":"Hiley Tiger 10 Lite elektrit\u00f5ukeratas"},"content":{"rendered":"<h1>, elektrit\u00f5ukeratas<\/h1>\n<p>&nbsp;<\/p>\n<h3>Lai raam<\/h3>\n<p>Lai raam pakub piisavalt ruumi, et jalad saaksid k\u00f5rvuti seista.<\/p>\n<p>&nbsp;<\/p>\n<h3>10-tollised \u00f5hkrehvid<\/h3>\n<p>Hea stardij\u00f5u, libisemiskindluse ja k\u00f5rge juhtimistundlikkusega rehvid, mis v\u00f5imaldavad teil vabalt maastikul s\u00f5ita.<\/p>\n<p>&nbsp;<\/p>\n<h3>Esi- ja tagumised poritiivad<\/h3>\n<p>Varustatud h\u00e4sti disainitud poritiibadega, mis ei j\u00e4ta s\u00f5itjatele v\u00e4himatki vihjet muda pritsimisest.<\/p>\n<p>&nbsp;<\/p>\n<h3>Kahekordne h\u00fcdrauliline vedrustus<\/h3>\n<p>Eesmine ja tagumine s\u00f5ltumatu vedrustus suudab oluliselt leevendada ebatasaste teede p\u00f5hjustatud ebamugavusi.<\/p>\n<h3>Info<\/h3>\n<p>Mootor: Kahe rummuga mootor, 1000 W*2<\/p>\n<p>Rehv: 10*3 tolli \u00f5hkrehvid<\/p>\n<p>Ekraan: Nutikas LCD-ekraan<\/p>\n<p>Maksimaalne ulatus: 80km<\/p>\n<p>Kaal: 32kg<\/p>\n<p>Aku: 52V\/20,8Ah liitiumioonaku<\/p>\n<p>Laadimisaeg: 8-9h<\/p>\n<p>Ronimisnurk: 30+ kraadi<\/p>\n<p>Raami materjal: \u00dclitugev alumiiniumisulam 6061<\/p>\n<p>Kiirus: 65 km\/h<\/p>\n<p>Vedrustus: Kahekordne h\u00fcdrauliline vedrustus<\/p>\n<p>Pidur: Topelth\u00fcdrauliline \/ ketaspidur + EBS<\/p>\n<p>Kandev\u00f5ime: 160 kg<\/p>\n<p>Valgus: Esituli koos sarve- ja tekitulega, piduritule ja RGB-tulega (juhttule v\u00e4rv APP-ga)<\/p>\n<p>&nbsp;<\/p>\n<p>Aku garantii: 1 aasta!<br \/>\nKere garantii: 2 aastat!<\/p>\n","protected":false},"excerpt":{"rendered":"<p>Valluta teed ja avasta uued rajad <strong>Hiley Tiger 10 Lite<\/strong> elektrit\u00f5ukerattaga &#8211; kvaliteet, j\u00f5ud ja stiil \u00fcheskoos!<\/p>\n<p><strong>Omadused:<\/strong><\/p>\n<ul>\n<li>V\u00f5imsus 1000W x 2<\/li>\n<li>Aku 20.8AH<\/li>\n<li>Tippkiirus 25km\/h (piirajaga)<\/li>\n<li>S\u00f5iduulatus kuni 80km<\/li>\n<li>Laadimisaeg 8-9h<\/li>\n<\/ul>\n<p>\u2666\u00a0<strong>Tarneaeg 2-6 p\u00e4eva<\/strong><br \/>\n\u2666\u00a0<strong>Laos<\/strong><\/p>\n<p><b>Garantii: 2 aastat!<\/b><\/p>\n<p>&nbsp;<\/p>\n","protected":false},"featured_media":16511,"template":"","meta":[],"product_cat":[53,909,911],"product_tag":[],"class_list":{"0":"post-14585","1":"product","2":"type-product","3":"status-publish","4":"has-post-thumbnail","6":"product_cat-elektritoukerattad","7":"product_cat-linna-toukerattad","8":"product_cat-voimsad-toukerattad","10":"first","11":"instock","12":"sale","13":"taxable","14":"shipping-taxable","15":"purchasable","16":"product-type-simple"},"yoast_head":"<!-- This site is optimized with the Yoast SEO plugin v23.8 - https:\/\/yoast.com\/wordpress\/plugins\/seo\/ -->\n<title>Hiley Tiger 10 Lite elektrit\u00f5ukeratas - Ecocruiser<\/title>\n<meta name=\"description\" content=\"Avasta Tiger 10 - usaldusv\u00e4\u00e4rne kaaslane sujuvaks liikumiseks linnas ja maal. T\u00e4nu tipptasemel elektrimootorile ja vastupidavale konstruktsioonile pakub see elektrit\u00f5ukeratas v\u00f5imsat ja mugavat s\u00f5itu igal teekonnal. Vali Tiger 10 ning naudi vabadust ja d\u00fcnaamikat oma igap\u00e4evastes s\u00f5itudest.\" \/>\n<meta name=\"robots\" content=\"noindex, follow, max-snippet:-1, max-image-preview:large, max-video-preview:-1\" \/>\n<meta property=\"og:locale\" content=\"en_GB\" \/>\n<meta property=\"og:type\" content=\"article\" \/>\n<meta property=\"og:title\" content=\"Hiley Tiger 10 Lite elektrit\u00f5ukeratas - Ecocruiser\" \/>\n<meta property=\"og:description\" content=\"Avasta Tiger 10 - usaldusv\u00e4\u00e4rne kaaslane sujuvaks liikumiseks linnas ja maal. T\u00e4nu tipptasemel elektrimootorile ja vastupidavale konstruktsioonile pakub see elektrit\u00f5ukeratas v\u00f5imsat ja mugavat s\u00f5itu igal teekonnal. Vali Tiger 10 ning naudi vabadust ja d\u00fcnaamikat oma igap\u00e4evastes s\u00f5itudest.\" \/>\n<meta property=\"og:url\" content=\"https:\/\/projekt.vombat.ee\/eco\/pood\/elektritoukerattad\/linna-toukerattad\/tiger-10-elektritoukeratas\/\" \/>\n<meta property=\"og:site_name\" content=\"Ecocruiser\" \/>\n<meta property=\"article:modified_time\" content=\"2024-05-26T18:59:56+00:00\" \/>\n<meta property=\"og:image\" content=\"https:\/\/projekt.vombat.ee\/eco\/wp-content\/uploads\/2024\/02\/1-4.png\" \/>\n\t<meta property=\"og:image:width\" content=\"899\" \/>\n\t<meta property=\"og:image:height\" content=\"908\" \/>\n\t<meta property=\"og:image:type\" content=\"image\/png\" \/>\n<meta name=\"twitter:card\" content=\"summary_large_image\" \/>\n<meta name=\"twitter:label1\" content=\"Estimated reading time\" \/>\n\t<meta name=\"twitter:data1\" content=\"1 minute\" \/>\n<script type=\"application\/ld+json\" class=\"yoast-schema-graph\">{\"@context\":\"https:\/\/schema.org\",\"@graph\":[{\"@type\":\"WebPage\",\"@id\":\"https:\/\/projekt.vombat.ee\/eco\/pood\/elektritoukerattad\/linna-toukerattad\/tiger-10-elektritoukeratas\/\",\"url\":\"https:\/\/projekt.vombat.ee\/eco\/pood\/elektritoukerattad\/linna-toukerattad\/tiger-10-elektritoukeratas\/\",\"name\":\"Hiley Tiger 10 Lite elektrit\u00f5ukeratas - Ecocruiser\",\"isPartOf\":{\"@id\":\"https:\/\/projekt.vombat.ee\/eco\/#website\"},\"primaryImageOfPage\":{\"@id\":\"https:\/\/projekt.vombat.ee\/eco\/pood\/elektritoukerattad\/linna-toukerattad\/tiger-10-elektritoukeratas\/#primaryimage\"},\"image\":{\"@id\":\"https:\/\/projekt.vombat.ee\/eco\/pood\/elektritoukerattad\/linna-toukerattad\/tiger-10-elektritoukeratas\/#primaryimage\"},\"thumbnailUrl\":\"https:\/\/projekt.vombat.ee\/eco\/wp-content\/uploads\/2024\/02\/1-4.png\",\"datePublished\":\"2024-02-29T10:15:56+00:00\",\"dateModified\":\"2024-05-26T18:59:56+00:00\",\"description\":\"Avasta Tiger 10 - usaldusv\u00e4\u00e4rne kaaslane sujuvaks liikumiseks linnas ja maal. T\u00e4nu tipptasemel elektrimootorile ja vastupidavale konstruktsioonile pakub see elektrit\u00f5ukeratas v\u00f5imsat ja mugavat s\u00f5itu igal teekonnal. Vali Tiger 10 ning naudi vabadust ja d\u00fcnaamikat oma igap\u00e4evastes s\u00f5itudest.\",\"breadcrumb\":{\"@id\":\"https:\/\/projekt.vombat.ee\/eco\/pood\/elektritoukerattad\/linna-toukerattad\/tiger-10-elektritoukeratas\/#breadcrumb\"},\"inLanguage\":\"en-GB\",\"potentialAction\":[{\"@type\":\"ReadAction\",\"target\":[\"https:\/\/projekt.vombat.ee\/eco\/pood\/elektritoukerattad\/linna-toukerattad\/tiger-10-elektritoukeratas\/\"]}]},{\"@type\":\"ImageObject\",\"inLanguage\":\"en-GB\",\"@id\":\"https:\/\/projekt.vombat.ee\/eco\/pood\/elektritoukerattad\/linna-toukerattad\/tiger-10-elektritoukeratas\/#primaryimage\",\"url\":\"https:\/\/projekt.vombat.ee\/eco\/wp-content\/uploads\/2024\/02\/1-4.png\",\"contentUrl\":\"https:\/\/projekt.vombat.ee\/eco\/wp-content\/uploads\/2024\/02\/1-4.png\",\"width\":899,\"height\":908},{\"@type\":\"BreadcrumbList\",\"@id\":\"https:\/\/projekt.vombat.ee\/eco\/pood\/elektritoukerattad\/linna-toukerattad\/tiger-10-elektritoukeratas\/#breadcrumb\",\"itemListElement\":[{\"@type\":\"ListItem\",\"position\":1,\"name\":\"Home\",\"item\":\"https:\/\/projekt.vombat.ee\/eco\/\"},{\"@type\":\"ListItem\",\"position\":2,\"name\":\"Pood\",\"item\":\"https:\/\/projekt.vombat.ee\/eco\/pood\/\"},{\"@type\":\"ListItem\",\"position\":3,\"name\":\"Hiley Tiger 10 Lite elektrit\u00f5ukeratas\"}]},{\"@type\":\"WebSite\",\"@id\":\"https:\/\/projekt.vombat.ee\/eco\/#website\",\"url\":\"https:\/\/projekt.vombat.ee\/eco\/\",\"name\":\"Ecocruiser\",\"description\":\"\",\"publisher\":{\"@id\":\"https:\/\/projekt.vombat.ee\/eco\/#organization\"},\"potentialAction\":[{\"@type\":\"SearchAction\",\"target\":{\"@type\":\"EntryPoint\",\"urlTemplate\":\"https:\/\/projekt.vombat.ee\/eco\/?s={search_term_string}\"},\"query-input\":{\"@type\":\"PropertyValueSpecification\",\"valueRequired\":true,\"valueName\":\"search_term_string\"}}],\"inLanguage\":\"en-GB\"},{\"@type\":\"Organization\",\"@id\":\"https:\/\/projekt.vombat.ee\/eco\/#organization\",\"name\":\"Ecocruiser\",\"url\":\"https:\/\/projekt.vombat.ee\/eco\/\",\"logo\":{\"@type\":\"ImageObject\",\"inLanguage\":\"en-GB\",\"@id\":\"https:\/\/projekt.vombat.ee\/eco\/#\/schema\/logo\/image\/\",\"url\":\"https:\/\/projekt.vombat.ee\/eco\/wp-content\/uploads\/2023\/03\/ECOCRUISER_5.png\",\"contentUrl\":\"https:\/\/projekt.vombat.ee\/eco\/wp-content\/uploads\/2023\/03\/ECOCRUISER_5.png\",\"width\":234,\"height\":91,\"caption\":\"Ecocruiser\"},\"image\":{\"@id\":\"https:\/\/projekt.vombat.ee\/eco\/#\/schema\/logo\/image\/\"}}]}<\/script>\n<!-- \/ Yoast SEO plugin. -->","yoast_head_json":{"title":"Hiley Tiger 10 Lite elektrit\u00f5ukeratas - Ecocruiser","description":"Avasta Tiger 10 - usaldusv\u00e4\u00e4rne kaaslane sujuvaks liikumiseks linnas ja maal. T\u00e4nu tipptasemel elektrimootorile ja vastupidavale konstruktsioonile pakub see elektrit\u00f5ukeratas v\u00f5imsat ja mugavat s\u00f5itu igal teekonnal. Vali Tiger 10 ning naudi vabadust ja d\u00fcnaamikat oma igap\u00e4evastes s\u00f5itudest.","robots":{"index":"noindex","follow":"follow","max-snippet":"max-snippet:-1","max-image-preview":"max-image-preview:large","max-video-preview":"max-video-preview:-1"},"og_locale":"en_GB","og_type":"article","og_title":"Hiley Tiger 10 Lite elektrit\u00f5ukeratas - Ecocruiser","og_description":"Avasta Tiger 10 - usaldusv\u00e4\u00e4rne kaaslane sujuvaks liikumiseks linnas ja maal. T\u00e4nu tipptasemel elektrimootorile ja vastupidavale konstruktsioonile pakub see elektrit\u00f5ukeratas v\u00f5imsat ja mugavat s\u00f5itu igal teekonnal. Vali Tiger 10 ning naudi vabadust ja d\u00fcnaamikat oma igap\u00e4evastes s\u00f5itudest.","og_url":"https:\/\/projekt.vombat.ee\/eco\/pood\/elektritoukerattad\/linna-toukerattad\/tiger-10-elektritoukeratas\/","og_site_name":"Ecocruiser","article_modified_time":"2024-05-26T18:59:56+00:00","og_image":[{"width":899,"height":908,"url":"https:\/\/projekt.vombat.ee\/eco\/wp-content\/uploads\/2024\/02\/1-4.png","type":"image\/png"}],"twitter_card":"summary_large_image","twitter_misc":{"Estimated reading time":"1 minute"},"schema":{"@context":"https:\/\/schema.org","@graph":[{"@type":"WebPage","@id":"https:\/\/projekt.vombat.ee\/eco\/pood\/elektritoukerattad\/linna-toukerattad\/tiger-10-elektritoukeratas\/","url":"https:\/\/projekt.vombat.ee\/eco\/pood\/elektritoukerattad\/linna-toukerattad\/tiger-10-elektritoukeratas\/","name":"Hiley Tiger 10 Lite elektrit\u00f5ukeratas - Ecocruiser","isPartOf":{"@id":"https:\/\/projekt.vombat.ee\/eco\/#website"},"primaryImageOfPage":{"@id":"https:\/\/projekt.vombat.ee\/eco\/pood\/elektritoukerattad\/linna-toukerattad\/tiger-10-elektritoukeratas\/#primaryimage"},"image":{"@id":"https:\/\/projekt.vombat.ee\/eco\/pood\/elektritoukerattad\/linna-toukerattad\/tiger-10-elektritoukeratas\/#primaryimage"},"thumbnailUrl":"https:\/\/projekt.vombat.ee\/eco\/wp-content\/uploads\/2024\/02\/1-4.png","datePublished":"2024-02-29T10:15:56+00:00","dateModified":"2024-05-26T18:59:56+00:00","description":"Avasta Tiger 10 - usaldusv\u00e4\u00e4rne kaaslane sujuvaks liikumiseks linnas ja maal. T\u00e4nu tipptasemel elektrimootorile ja vastupidavale konstruktsioonile pakub see elektrit\u00f5ukeratas v\u00f5imsat ja mugavat s\u00f5itu igal teekonnal. Vali Tiger 10 ning naudi vabadust ja d\u00fcnaamikat oma igap\u00e4evastes s\u00f5itudest.","breadcrumb":{"@id":"https:\/\/projekt.vombat.ee\/eco\/pood\/elektritoukerattad\/linna-toukerattad\/tiger-10-elektritoukeratas\/#breadcrumb"},"inLanguage":"en-GB","potentialAction":[{"@type":"ReadAction","target":["https:\/\/projekt.vombat.ee\/eco\/pood\/elektritoukerattad\/linna-toukerattad\/tiger-10-elektritoukeratas\/"]}]},{"@type":"ImageObject","inLanguage":"en-GB","@id":"https:\/\/projekt.vombat.ee\/eco\/pood\/elektritoukerattad\/linna-toukerattad\/tiger-10-elektritoukeratas\/#primaryimage","url":"https:\/\/projekt.vombat.ee\/eco\/wp-content\/uploads\/2024\/02\/1-4.png","contentUrl":"https:\/\/projekt.vombat.ee\/eco\/wp-content\/uploads\/2024\/02\/1-4.png","width":899,"height":908},{"@type":"BreadcrumbList","@id":"https:\/\/projekt.vombat.ee\/eco\/pood\/elektritoukerattad\/linna-toukerattad\/tiger-10-elektritoukeratas\/#breadcrumb","itemListElement":[{"@type":"ListItem","position":1,"name":"Home","item":"https:\/\/projekt.vombat.ee\/eco\/"},{"@type":"ListItem","position":2,"name":"Pood","item":"https:\/\/projekt.vombat.ee\/eco\/pood\/"},{"@type":"ListItem","position":3,"name":"Hiley Tiger 10 Lite elektrit\u00f5ukeratas"}]},{"@type":"WebSite","@id":"https:\/\/projekt.vombat.ee\/eco\/#website","url":"https:\/\/projekt.vombat.ee\/eco\/","name":"Ecocruiser","description":"","publisher":{"@id":"https:\/\/projekt.vombat.ee\/eco\/#organization"},"potentialAction":[{"@type":"SearchAction","target":{"@type":"EntryPoint","urlTemplate":"https:\/\/projekt.vombat.ee\/eco\/?s={search_term_string}"},"query-input":{"@type":"PropertyValueSpecification","valueRequired":true,"valueName":"search_term_string"}}],"inLanguage":"en-GB"},{"@type":"Organization","@id":"https:\/\/projekt.vombat.ee\/eco\/#organization","name":"Ecocruiser","url":"https:\/\/projekt.vombat.ee\/eco\/","logo":{"@type":"ImageObject","inLanguage":"en-GB","@id":"https:\/\/projekt.vombat.ee\/eco\/#\/schema\/logo\/image\/","url":"https:\/\/projekt.vombat.ee\/eco\/wp-content\/uploads\/2023\/03\/ECOCRUISER_5.png","contentUrl":"https:\/\/projekt.vombat.ee\/eco\/wp-content\/uploads\/2023\/03\/ECOCRUISER_5.png","width":234,"height":91,"caption":"Ecocruiser"},"image":{"@id":"https:\/\/projekt.vombat.ee\/eco\/#\/schema\/logo\/image\/"}}]}},"lang":"et","translations":{"et":14585},"pll_sync_post":[],"_links":{"self":[{"href":"https:\/\/projekt.vombat.ee\/eco\/wp-json\/wp\/v2\/product\/14585"}],"collection":[{"href":"https:\/\/projekt.vombat.ee\/eco\/wp-json\/wp\/v2\/product"}],"about":[{"href":"https:\/\/projekt.vombat.ee\/eco\/wp-json\/wp\/v2\/types\/product"}],"version-history":[{"count":6,"href":"https:\/\/projekt.vombat.ee\/eco\/wp-json\/wp\/v2\/product\/14585\/revisions"}],"predecessor-version":[{"id":17372,"href":"https:\/\/projekt.vombat.ee\/eco\/wp-json\/wp\/v2\/product\/14585\/revisions\/17372"}],"wp:featuredmedia":[{"embeddable":true,"href":"https:\/\/projekt.vombat.ee\/eco\/wp-json\/wp\/v2\/media\/16511"}],"wp:attachment":[{"href":"https:\/\/projekt.vombat.ee\/eco\/wp-json\/wp\/v2\/media?parent=14585"}],"wp:term":[{"taxonomy":"product_cat","embeddable":true,"href":"https:\/\/projekt.vombat.ee\/eco\/wp-json\/wp\/v2\/product_cat?post=14585"},{"taxonomy":"product_tag","embeddable":true,"href":"https:\/\/projekt.vombat.ee\/eco\/wp-json\/wp\/v2\/product_tag?post=14585"}],"curies":[{"name":"wp","href":"https:\/\/api.w.org\/{rel}","templated":true}]}}