{"id":14462,"date":"2024-03-09T06:52:02","date_gmt":"2024-03-09T06:52:02","guid":{"rendered":"https:\/\/projekt.vombat.ee\/eco\/?post_type=product&#038;p=14462"},"modified":"2024-03-09T06:52:03","modified_gmt":"2024-03-09T06:52:03","slug":"horwin-ek1-ds-elektriroller-166km","status":"publish","type":"product","link":"https:\/\/projekt.vombat.ee\/eco\/pood\/elektrirollerid\/horwin-ek1-ds-elektriroller-166km\/","title":{"rendered":"Horwin EK1 DS elektriroller, 166km"},"content":{"rendered":"<h3>T\u00e4iuslik roller<\/h3>\n<p>HORWIN DS-seeria p\u00f5hineb HORWIN EK ja SK mudeliseeriatel. Istmepinki on veidi l\u00fchendatud &#8211; kaheistmelisest \u00fcheistmeliseks -, et luua ruumi v\u00e4\u00e4rtuslikule veosele. Lisaks on raam tugevdatud, et tagada s\u00f5iduki t\u00e4iendav tugevus ja stabiilsus.<\/p>\n<h3>Universaalne nutitelefoni hoidja<\/h3>\n<p>T\u00e4nu vastupidavale hoidikule on nutitelefon alati kaasas ja alati n\u00e4htaval. Kuna aeg t\u00e4hendab ka raha, on nutitelefoni kinnitamise ja eemaldamise mehhanism v\u00f5imalikult lihtne.<\/p>\n<p><img fetchpriority=\"high\" decoding=\"async\" class=\"alignnone size-medium wp-image-14476\" src=\"https:\/\/projekt.vombat.ee\/eco\/wp-content\/uploads\/2024\/02\/Untitled-design-25-1-300x300.png\" alt=\"\" width=\"300\" height=\"300\" \/><\/p>\n<h3>Lihtne laadimine<\/h3>\n<p>Elektripangad on minevikku j\u00e4\u00e4nud. T\u00e4nu integreeritud USB-A laadimispesale hoiukambris saab nutitelefoni mugavalt laadida, ilma et oleks vaja teha kompromisse vahemaa osas.<\/p>\n<h3>Vastupidav pagasikandja<\/h3>\n<p>Pagasikandja on tugevdatud, roostekindel ja suudab kanda kuni 40 kg koormust. See avab lugematuid v\u00f5imalusi kastide ja muude kuni 200-liitriste veopakendite kandmiseks.<\/p>\n<p><img decoding=\"async\" class=\"alignnone size-medium wp-image-14475\" src=\"https:\/\/projekt.vombat.ee\/eco\/wp-content\/uploads\/2024\/02\/Untitled-design-26-1-300x300.png\" alt=\"\" width=\"300\" height=\"300\" \/><\/p>\n<h3>Pidev t\u00f6\u00f6j\u00f5ud<\/h3>\n<p>S\u00f5iduk on konstrueeritud nii, et aku saab eemaldada m\u00f5ne sekundiga. See t\u00e4hendab, et selle saab hetkega asendada teise t\u00e4islaetud akuga. See s\u00e4\u00e4stab v\u00e4\u00e4rtuslikku aega ja maksimeerib HORWINi elektrilise rolleri t\u00f5husust.<\/p>\n<p><img decoding=\"async\" class=\"alignnone size-medium wp-image-14472\" src=\"https:\/\/projekt.vombat.ee\/eco\/wp-content\/uploads\/2024\/02\/Untitled-design-24-1-300x300.png\" alt=\"\" width=\"300\" height=\"300\" \/><\/p>\n<h3>Kaubakastid<\/h3>\n<p>Tarnekastid v\u00f5imaldavad transporditavaid kaupu turvaliselt ja kindlalt ladustada. Need kaitsevad saadetist ilmastikum\u00f5jude, n\u00e4iteks vihma v\u00f5i tuule eest ja on saadaval lisavarustusena.<\/p>\n","protected":false},"excerpt":{"rendered":"<p><strong>HORWIN EK1 DS<\/strong> elektriroller \u2013 mugav ja keskkonnas\u00f5bralik s\u00f5iduvahend linnas liikumiseks. Ideaalne valik toidukulleritele l\u00fchikesteks vahemaadeks, pakkudes sujuvat ja vaikset s\u00f5itu.<\/p>\n<p>Vali\u00a0<strong>HORWIN EK1 DS<\/strong>\u00a0elektriroller ning naudi mugavust ja lihtsust oma igap\u00e4evastes s\u00f5itudest.<br \/>\n<strong>Omadused:<\/strong><\/p>\n<ul>\n<li>USB-laadimisliitmik<\/li>\n<li>Telefonihoidja<\/li>\n<li>Kaubakandja<\/li>\n<li>Max kiirus: 45km\/h<\/li>\n<li>S\u00f5iduulatus: 166km<\/li>\n<\/ul>\n<p>\u2666\u00a0<strong>Tarneaeg 2-6 p\u00e4eva<\/strong><br \/>\n\u2666\u00a0<strong>Laos<\/strong><\/p>\n<p><b>Garantii: 2 aastat!<\/b><\/p>\n","protected":false},"featured_media":0,"template":"","meta":[],"product_cat":[1662],"product_tag":[],"class_list":{"0":"post-14462","1":"product","2":"type-product","3":"status-publish","5":"product_cat-elektrirollerid","7":"first","8":"instock","9":"taxable","10":"shipping-taxable","11":"purchasable","12":"product-type-variable"},"yoast_head":"<!-- This site is optimized with the Yoast SEO plugin v23.8 - https:\/\/yoast.com\/wordpress\/plugins\/seo\/ -->\n<title>Horwin EK1 DS elektriroller, 166km - Ecocruiser<\/title>\n<meta name=\"description\" content=\"Avasta Horwin EK1 DS - tipptasemel elektriroller, mis pakub sujuvat ja keskkonnas\u00f5bralikku linnas\u00f5itu. T\u00e4nu oma v\u00f5imsale elektrimootorile ja vastupidavale disainile on see ideaalne valik mugavaks ja usaldusv\u00e4\u00e4rseks liikumiseks igal teekonnal. Vali Horwin EK1 DS ning naudi muretut ja d\u00fcnaamilist s\u00f5itu oma sihtkohtadesse.\" \/>\n<meta name=\"robots\" content=\"noindex, follow, max-snippet:-1, max-image-preview:large, max-video-preview:-1\" \/>\n<meta property=\"og:locale\" content=\"en_GB\" \/>\n<meta property=\"og:type\" content=\"article\" \/>\n<meta property=\"og:title\" content=\"Horwin EK1 DS elektriroller, 166km - Ecocruiser\" \/>\n<meta property=\"og:description\" content=\"Avasta Horwin EK1 DS - tipptasemel elektriroller, mis pakub sujuvat ja keskkonnas\u00f5bralikku linnas\u00f5itu. T\u00e4nu oma v\u00f5imsale elektrimootorile ja vastupidavale disainile on see ideaalne valik mugavaks ja usaldusv\u00e4\u00e4rseks liikumiseks igal teekonnal. Vali Horwin EK1 DS ning naudi muretut ja d\u00fcnaamilist s\u00f5itu oma sihtkohtadesse.\" \/>\n<meta property=\"og:url\" content=\"https:\/\/projekt.vombat.ee\/eco\/pood\/elektrirollerid\/horwin-ek1-ds-elektriroller-166km\/\" \/>\n<meta property=\"og:site_name\" content=\"Ecocruiser\" \/>\n<meta property=\"article:modified_time\" content=\"2024-03-09T06:52:03+00:00\" \/>\n<meta property=\"og:image\" content=\"https:\/\/projekt.vombat.ee\/eco\/wp-content\/uploads\/2024\/02\/Untitled-design-20-1.png\" \/>\n\t<meta property=\"og:image:width\" content=\"1000\" \/>\n\t<meta property=\"og:image:height\" content=\"1000\" \/>\n\t<meta property=\"og:image:type\" content=\"image\/png\" \/>\n<meta name=\"twitter:card\" content=\"summary_large_image\" \/>\n<meta name=\"twitter:label1\" content=\"Estimated reading time\" \/>\n\t<meta name=\"twitter:data1\" content=\"2 minutes\" \/>\n<script type=\"application\/ld+json\" class=\"yoast-schema-graph\">{\"@context\":\"https:\/\/schema.org\",\"@graph\":[{\"@type\":\"WebPage\",\"@id\":\"https:\/\/projekt.vombat.ee\/eco\/pood\/elektrirollerid\/horwin-ek1-ds-elektriroller-166km\/\",\"url\":\"https:\/\/projekt.vombat.ee\/eco\/pood\/elektrirollerid\/horwin-ek1-ds-elektriroller-166km\/\",\"name\":\"Horwin EK1 DS elektriroller, 166km - Ecocruiser\",\"isPartOf\":{\"@id\":\"https:\/\/projekt.vombat.ee\/eco\/#website\"},\"primaryImageOfPage\":{\"@id\":\"https:\/\/projekt.vombat.ee\/eco\/pood\/elektrirollerid\/horwin-ek1-ds-elektriroller-166km\/#primaryimage\"},\"image\":{\"@id\":\"https:\/\/projekt.vombat.ee\/eco\/pood\/elektrirollerid\/horwin-ek1-ds-elektriroller-166km\/#primaryimage\"},\"thumbnailUrl\":\"https:\/\/projekt.vombat.ee\/eco\/wp-content\/uploads\/2024\/02\/Untitled-design-25-1-300x300.png\",\"datePublished\":\"2024-03-09T06:52:02+00:00\",\"dateModified\":\"2024-03-09T06:52:03+00:00\",\"description\":\"Avasta Horwin EK1 DS - tipptasemel elektriroller, mis pakub sujuvat ja keskkonnas\u00f5bralikku linnas\u00f5itu. T\u00e4nu oma v\u00f5imsale elektrimootorile ja vastupidavale disainile on see ideaalne valik mugavaks ja usaldusv\u00e4\u00e4rseks liikumiseks igal teekonnal. Vali Horwin EK1 DS ning naudi muretut ja d\u00fcnaamilist s\u00f5itu oma sihtkohtadesse.\",\"breadcrumb\":{\"@id\":\"https:\/\/projekt.vombat.ee\/eco\/pood\/elektrirollerid\/horwin-ek1-ds-elektriroller-166km\/#breadcrumb\"},\"inLanguage\":\"en-GB\",\"potentialAction\":[{\"@type\":\"ReadAction\",\"target\":[\"https:\/\/projekt.vombat.ee\/eco\/pood\/elektrirollerid\/horwin-ek1-ds-elektriroller-166km\/\"]}]},{\"@type\":\"ImageObject\",\"inLanguage\":\"en-GB\",\"@id\":\"https:\/\/projekt.vombat.ee\/eco\/pood\/elektrirollerid\/horwin-ek1-ds-elektriroller-166km\/#primaryimage\",\"url\":\"\",\"contentUrl\":\"\"},{\"@type\":\"BreadcrumbList\",\"@id\":\"https:\/\/projekt.vombat.ee\/eco\/pood\/elektrirollerid\/horwin-ek1-ds-elektriroller-166km\/#breadcrumb\",\"itemListElement\":[{\"@type\":\"ListItem\",\"position\":1,\"name\":\"Home\",\"item\":\"https:\/\/projekt.vombat.ee\/eco\/\"},{\"@type\":\"ListItem\",\"position\":2,\"name\":\"Pood\",\"item\":\"https:\/\/projekt.vombat.ee\/eco\/pood\/\"},{\"@type\":\"ListItem\",\"position\":3,\"name\":\"Horwin EK1 DS elektriroller, 166km\"}]},{\"@type\":\"WebSite\",\"@id\":\"https:\/\/projekt.vombat.ee\/eco\/#website\",\"url\":\"https:\/\/projekt.vombat.ee\/eco\/\",\"name\":\"Ecocruiser\",\"description\":\"\",\"publisher\":{\"@id\":\"https:\/\/projekt.vombat.ee\/eco\/#organization\"},\"potentialAction\":[{\"@type\":\"SearchAction\",\"target\":{\"@type\":\"EntryPoint\",\"urlTemplate\":\"https:\/\/projekt.vombat.ee\/eco\/?s={search_term_string}\"},\"query-input\":{\"@type\":\"PropertyValueSpecification\",\"valueRequired\":true,\"valueName\":\"search_term_string\"}}],\"inLanguage\":\"en-GB\"},{\"@type\":\"Organization\",\"@id\":\"https:\/\/projekt.vombat.ee\/eco\/#organization\",\"name\":\"Ecocruiser\",\"url\":\"https:\/\/projekt.vombat.ee\/eco\/\",\"logo\":{\"@type\":\"ImageObject\",\"inLanguage\":\"en-GB\",\"@id\":\"https:\/\/projekt.vombat.ee\/eco\/#\/schema\/logo\/image\/\",\"url\":\"https:\/\/projekt.vombat.ee\/eco\/wp-content\/uploads\/2023\/03\/ECOCRUISER_5.png\",\"contentUrl\":\"https:\/\/projekt.vombat.ee\/eco\/wp-content\/uploads\/2023\/03\/ECOCRUISER_5.png\",\"width\":234,\"height\":91,\"caption\":\"Ecocruiser\"},\"image\":{\"@id\":\"https:\/\/projekt.vombat.ee\/eco\/#\/schema\/logo\/image\/\"}}]}<\/script>\n<!-- \/ Yoast SEO plugin. -->","yoast_head_json":{"title":"Horwin EK1 DS elektriroller, 166km - Ecocruiser","description":"Avasta Horwin EK1 DS - tipptasemel elektriroller, mis pakub sujuvat ja keskkonnas\u00f5bralikku linnas\u00f5itu. T\u00e4nu oma v\u00f5imsale elektrimootorile ja vastupidavale disainile on see ideaalne valik mugavaks ja usaldusv\u00e4\u00e4rseks liikumiseks igal teekonnal. Vali Horwin EK1 DS ning naudi muretut ja d\u00fcnaamilist s\u00f5itu oma sihtkohtadesse.","robots":{"index":"noindex","follow":"follow","max-snippet":"max-snippet:-1","max-image-preview":"max-image-preview:large","max-video-preview":"max-video-preview:-1"},"og_locale":"en_GB","og_type":"article","og_title":"Horwin EK1 DS elektriroller, 166km - Ecocruiser","og_description":"Avasta Horwin EK1 DS - tipptasemel elektriroller, mis pakub sujuvat ja keskkonnas\u00f5bralikku linnas\u00f5itu. T\u00e4nu oma v\u00f5imsale elektrimootorile ja vastupidavale disainile on see ideaalne valik mugavaks ja usaldusv\u00e4\u00e4rseks liikumiseks igal teekonnal. Vali Horwin EK1 DS ning naudi muretut ja d\u00fcnaamilist s\u00f5itu oma sihtkohtadesse.","og_url":"https:\/\/projekt.vombat.ee\/eco\/pood\/elektrirollerid\/horwin-ek1-ds-elektriroller-166km\/","og_site_name":"Ecocruiser","article_modified_time":"2024-03-09T06:52:03+00:00","og_image":[{"width":1000,"height":1000,"url":"https:\/\/projekt.vombat.ee\/eco\/wp-content\/uploads\/2024\/02\/Untitled-design-20-1.png","type":"image\/png"}],"twitter_card":"summary_large_image","twitter_misc":{"Estimated reading time":"2 minutes"},"schema":{"@context":"https:\/\/schema.org","@graph":[{"@type":"WebPage","@id":"https:\/\/projekt.vombat.ee\/eco\/pood\/elektrirollerid\/horwin-ek1-ds-elektriroller-166km\/","url":"https:\/\/projekt.vombat.ee\/eco\/pood\/elektrirollerid\/horwin-ek1-ds-elektriroller-166km\/","name":"Horwin EK1 DS elektriroller, 166km - Ecocruiser","isPartOf":{"@id":"https:\/\/projekt.vombat.ee\/eco\/#website"},"primaryImageOfPage":{"@id":"https:\/\/projekt.vombat.ee\/eco\/pood\/elektrirollerid\/horwin-ek1-ds-elektriroller-166km\/#primaryimage"},"image":{"@id":"https:\/\/projekt.vombat.ee\/eco\/pood\/elektrirollerid\/horwin-ek1-ds-elektriroller-166km\/#primaryimage"},"thumbnailUrl":"https:\/\/projekt.vombat.ee\/eco\/wp-content\/uploads\/2024\/02\/Untitled-design-25-1-300x300.png","datePublished":"2024-03-09T06:52:02+00:00","dateModified":"2024-03-09T06:52:03+00:00","description":"Avasta Horwin EK1 DS - tipptasemel elektriroller, mis pakub sujuvat ja keskkonnas\u00f5bralikku linnas\u00f5itu. T\u00e4nu oma v\u00f5imsale elektrimootorile ja vastupidavale disainile on see ideaalne valik mugavaks ja usaldusv\u00e4\u00e4rseks liikumiseks igal teekonnal. Vali Horwin EK1 DS ning naudi muretut ja d\u00fcnaamilist s\u00f5itu oma sihtkohtadesse.","breadcrumb":{"@id":"https:\/\/projekt.vombat.ee\/eco\/pood\/elektrirollerid\/horwin-ek1-ds-elektriroller-166km\/#breadcrumb"},"inLanguage":"en-GB","potentialAction":[{"@type":"ReadAction","target":["https:\/\/projekt.vombat.ee\/eco\/pood\/elektrirollerid\/horwin-ek1-ds-elektriroller-166km\/"]}]},{"@type":"ImageObject","inLanguage":"en-GB","@id":"https:\/\/projekt.vombat.ee\/eco\/pood\/elektrirollerid\/horwin-ek1-ds-elektriroller-166km\/#primaryimage","url":"","contentUrl":""},{"@type":"BreadcrumbList","@id":"https:\/\/projekt.vombat.ee\/eco\/pood\/elektrirollerid\/horwin-ek1-ds-elektriroller-166km\/#breadcrumb","itemListElement":[{"@type":"ListItem","position":1,"name":"Home","item":"https:\/\/projekt.vombat.ee\/eco\/"},{"@type":"ListItem","position":2,"name":"Pood","item":"https:\/\/projekt.vombat.ee\/eco\/pood\/"},{"@type":"ListItem","position":3,"name":"Horwin EK1 DS elektriroller, 166km"}]},{"@type":"WebSite","@id":"https:\/\/projekt.vombat.ee\/eco\/#website","url":"https:\/\/projekt.vombat.ee\/eco\/","name":"Ecocruiser","description":"","publisher":{"@id":"https:\/\/projekt.vombat.ee\/eco\/#organization"},"potentialAction":[{"@type":"SearchAction","target":{"@type":"EntryPoint","urlTemplate":"https:\/\/projekt.vombat.ee\/eco\/?s={search_term_string}"},"query-input":{"@type":"PropertyValueSpecification","valueRequired":true,"valueName":"search_term_string"}}],"inLanguage":"en-GB"},{"@type":"Organization","@id":"https:\/\/projekt.vombat.ee\/eco\/#organization","name":"Ecocruiser","url":"https:\/\/projekt.vombat.ee\/eco\/","logo":{"@type":"ImageObject","inLanguage":"en-GB","@id":"https:\/\/projekt.vombat.ee\/eco\/#\/schema\/logo\/image\/","url":"https:\/\/projekt.vombat.ee\/eco\/wp-content\/uploads\/2023\/03\/ECOCRUISER_5.png","contentUrl":"https:\/\/projekt.vombat.ee\/eco\/wp-content\/uploads\/2023\/03\/ECOCRUISER_5.png","width":234,"height":91,"caption":"Ecocruiser"},"image":{"@id":"https:\/\/projekt.vombat.ee\/eco\/#\/schema\/logo\/image\/"}}]}},"lang":"et","translations":{"et":14462},"pll_sync_post":[],"_links":{"self":[{"href":"https:\/\/projekt.vombat.ee\/eco\/wp-json\/wp\/v2\/product\/14462"}],"collection":[{"href":"https:\/\/projekt.vombat.ee\/eco\/wp-json\/wp\/v2\/product"}],"about":[{"href":"https:\/\/projekt.vombat.ee\/eco\/wp-json\/wp\/v2\/types\/product"}],"version-history":[{"count":2,"href":"https:\/\/projekt.vombat.ee\/eco\/wp-json\/wp\/v2\/product\/14462\/revisions"}],"predecessor-version":[{"id":15106,"href":"https:\/\/projekt.vombat.ee\/eco\/wp-json\/wp\/v2\/product\/14462\/revisions\/15106"}],"wp:attachment":[{"href":"https:\/\/projekt.vombat.ee\/eco\/wp-json\/wp\/v2\/media?parent=14462"}],"wp:term":[{"taxonomy":"product_cat","embeddable":true,"href":"https:\/\/projekt.vombat.ee\/eco\/wp-json\/wp\/v2\/product_cat?post=14462"},{"taxonomy":"product_tag","embeddable":true,"href":"https:\/\/projekt.vombat.ee\/eco\/wp-json\/wp\/v2\/product_tag?post=14462"}],"curies":[{"name":"wp","href":"https:\/\/api.w.org\/{rel}","templated":true}]}}