{"id":14333,"date":"2024-03-09T06:47:20","date_gmt":"2024-03-09T06:47:20","guid":{"rendered":"https:\/\/projekt.vombat.ee\/eco\/?post_type=product&#038;p=14333"},"modified":"2024-04-28T09:55:53","modified_gmt":"2024-04-28T09:55:53","slug":"horwin-ek1-elektriroller","status":"publish","type":"product","link":"https:\/\/projekt.vombat.ee\/eco\/pood\/elektrirollerid\/horwin-ek1-elektriroller\/","title":{"rendered":"HORWIN EK1 elektriroller,166km"},"content":{"rendered":"<h3>Disain<\/h3>\n<p>Kaasaegne disain ja pehmed kontuurid tagavad t\u00e4iusliku kombinatsiooni moest ja luksusest. Mitmek\u00fclgne v\u00e4rvivalik veenab ka viimast kriitikut.<\/p>\n<h3>Nutikas ekraan<\/h3>\n<p>Ekraanil kuvatakse kogu vajalik teave, nagu kiirus, v\u00f5imsus, aku olek ja vahemaa, mis on s\u00f5idu ajal oluline.<\/p>\n<h3>LED-id nii kaugele kui silm ulatub<\/h3>\n<p>Automaatsed p\u00e4evatuled parandavad ohutust \u2013 eriti vihmastel ja udustel p\u00e4evadel. Automaatne v\u00e4ljal\u00fclitusviivitus tulede v\u00e4ljal\u00fclitamisel valgustab tee garaa\u017ei v\u00f5i sisses\u00f5idu ukse juurde, kui s\u00f5idukist lahkutakse.<\/p>\n<h3>Aku<\/h3>\n<p>SOC j\u00e4lgimiss\u00fcsteem ja kaasaegne aku juhtimiss\u00fcsteem v\u00f5ivad v\u00e4ltida t\u00f5rkeid. Muuhulgas kaitsevad nad \u00fclelaadimise, t\u00fchjenemise ja \u00fclepinge eest ning j\u00e4lgivad akude temperatuuri.<\/p>\n<h3>Kvaliteetne piduris\u00fcsteem<\/h3>\n<p>K\u00f5igi HORWIN EK mudelite esi- ja tagumised ketaspidurid l\u00fchendavad pidurdusteed.<\/p>\n<h3>Mugavus ja ergonoomika<\/h3>\n<p>Suur jalalaud ja lai iste on ergonoomiliselt kujundatud. \u00dclakeha ja jalad on l\u00f5dvestunud igal k\u00f5rgusel. HORWIN EK pakub mugavat s\u00f5idukogemust igal ajal.<\/p>\n","protected":false},"excerpt":{"rendered":"<p><strong>HORWIN EK1<\/strong>\u00a0elektriroller \u2013 mugav ja keskkonnas\u00f5bralik s\u00f5iduvahend linnas liikumiseks. Ideaalne valik l\u00fchikesteks vahemaadeks, pakkudes sujuvat ja vaikset s\u00f5itu.<\/p>\n<p>Vali\u00a0<strong>HORWIN EK1<\/strong>\u00a0elektriroller ning naudi mugavust ja lihtsust oma igap\u00e4evastes s\u00f5itudest.<br \/>\n<strong>Omadused:<\/strong><\/p>\n<ul>\n<li>USB-laadimisliitmik<\/li>\n<li>P\u00fcsikiiruse hoidja<\/li>\n<li>Kaugjuhtimispult<\/li>\n<li>Max kiirus: 45km\/h<\/li>\n<li>S\u00f5iduulatus: 166km<\/li>\n<li>Valguse v\u00e4ljal\u00fclitamise viivitus<\/li>\n<li>LCD-ekraan<\/li>\n<\/ul>\n<p>\u2666\u00a0<strong>Tarneaeg 2-6 p\u00e4eva<\/strong><br \/>\n\u2666\u00a0<strong>Laos<\/strong><\/p>\n<p><b>Garantii: 2 aastat!<\/b><\/p>\n","protected":false},"featured_media":16670,"template":"","meta":[],"product_cat":[1662],"product_tag":[],"class_list":{"0":"post-14333","1":"product","2":"type-product","3":"status-publish","4":"has-post-thumbnail","6":"product_cat-elektrirollerid","8":"first","9":"instock","10":"sale","11":"taxable","12":"shipping-taxable","13":"purchasable","14":"product-type-variable"},"yoast_head":"<!-- This site is optimized with the Yoast SEO plugin v23.8 - https:\/\/yoast.com\/wordpress\/plugins\/seo\/ -->\n<title>HORWIN EK1 elektriroller,166km - Ecocruiser<\/title>\n<meta name=\"description\" content=\"Horwin EK1 elektriroller pakub sujuvat ja keskkonnas\u00f5bralikku liikumist linnaruumis. T\u00e4nu oma kompaktsele disainile ja v\u00f5imsale elektrimootorile on see ideaalne valik igap\u00e4evaseks s\u00f5iduks nii l\u00fchikestel kui ka pikkadel vahemaadel. Vali EK elektriroller ning naudi mugavat ja vaikset liikumist oma sihtkohtadesse.\" \/>\n<meta name=\"robots\" content=\"noindex, follow, max-snippet:-1, max-image-preview:large, max-video-preview:-1\" \/>\n<meta property=\"og:locale\" content=\"en_GB\" \/>\n<meta property=\"og:type\" content=\"article\" \/>\n<meta property=\"og:title\" content=\"HORWIN EK1 elektriroller,166km - Ecocruiser\" \/>\n<meta property=\"og:description\" content=\"Horwin EK1 elektriroller pakub sujuvat ja keskkonnas\u00f5bralikku liikumist linnaruumis. T\u00e4nu oma kompaktsele disainile ja v\u00f5imsale elektrimootorile on see ideaalne valik igap\u00e4evaseks s\u00f5iduks nii l\u00fchikestel kui ka pikkadel vahemaadel. Vali EK elektriroller ning naudi mugavat ja vaikset liikumist oma sihtkohtadesse.\" \/>\n<meta property=\"og:url\" content=\"https:\/\/projekt.vombat.ee\/eco\/pood\/elektrirollerid\/horwin-ek1-elektriroller\/\" \/>\n<meta property=\"og:site_name\" content=\"Ecocruiser\" \/>\n<meta property=\"article:modified_time\" content=\"2024-04-28T09:55:53+00:00\" \/>\n<meta property=\"og:image\" content=\"https:\/\/projekt.vombat.ee\/eco\/wp-content\/uploads\/2024\/03\/Untitled-design-2024-04-28T125126.528.png\" \/>\n\t<meta property=\"og:image:width\" content=\"1080\" \/>\n\t<meta property=\"og:image:height\" content=\"1080\" \/>\n\t<meta property=\"og:image:type\" content=\"image\/png\" \/>\n<meta name=\"twitter:card\" content=\"summary_large_image\" \/>\n<meta name=\"twitter:label1\" content=\"Estimated reading time\" \/>\n\t<meta name=\"twitter:data1\" content=\"1 minute\" \/>\n<script type=\"application\/ld+json\" class=\"yoast-schema-graph\">{\"@context\":\"https:\/\/schema.org\",\"@graph\":[{\"@type\":\"WebPage\",\"@id\":\"https:\/\/projekt.vombat.ee\/eco\/pood\/elektrirollerid\/horwin-ek1-elektriroller\/\",\"url\":\"https:\/\/projekt.vombat.ee\/eco\/pood\/elektrirollerid\/horwin-ek1-elektriroller\/\",\"name\":\"HORWIN EK1 elektriroller,166km - Ecocruiser\",\"isPartOf\":{\"@id\":\"https:\/\/projekt.vombat.ee\/eco\/#website\"},\"primaryImageOfPage\":{\"@id\":\"https:\/\/projekt.vombat.ee\/eco\/pood\/elektrirollerid\/horwin-ek1-elektriroller\/#primaryimage\"},\"image\":{\"@id\":\"https:\/\/projekt.vombat.ee\/eco\/pood\/elektrirollerid\/horwin-ek1-elektriroller\/#primaryimage\"},\"thumbnailUrl\":\"https:\/\/projekt.vombat.ee\/eco\/wp-content\/uploads\/2024\/03\/Untitled-design-2024-04-28T125126.528.png\",\"datePublished\":\"2024-03-09T06:47:20+00:00\",\"dateModified\":\"2024-04-28T09:55:53+00:00\",\"description\":\"Horwin EK1 elektriroller pakub sujuvat ja keskkonnas\u00f5bralikku liikumist linnaruumis. T\u00e4nu oma kompaktsele disainile ja v\u00f5imsale elektrimootorile on see ideaalne valik igap\u00e4evaseks s\u00f5iduks nii l\u00fchikestel kui ka pikkadel vahemaadel. Vali EK elektriroller ning naudi mugavat ja vaikset liikumist oma sihtkohtadesse.\",\"breadcrumb\":{\"@id\":\"https:\/\/projekt.vombat.ee\/eco\/pood\/elektrirollerid\/horwin-ek1-elektriroller\/#breadcrumb\"},\"inLanguage\":\"en-GB\",\"potentialAction\":[{\"@type\":\"ReadAction\",\"target\":[\"https:\/\/projekt.vombat.ee\/eco\/pood\/elektrirollerid\/horwin-ek1-elektriroller\/\"]}]},{\"@type\":\"ImageObject\",\"inLanguage\":\"en-GB\",\"@id\":\"https:\/\/projekt.vombat.ee\/eco\/pood\/elektrirollerid\/horwin-ek1-elektriroller\/#primaryimage\",\"url\":\"https:\/\/projekt.vombat.ee\/eco\/wp-content\/uploads\/2024\/03\/Untitled-design-2024-04-28T125126.528.png\",\"contentUrl\":\"https:\/\/projekt.vombat.ee\/eco\/wp-content\/uploads\/2024\/03\/Untitled-design-2024-04-28T125126.528.png\",\"width\":1080,\"height\":1080},{\"@type\":\"BreadcrumbList\",\"@id\":\"https:\/\/projekt.vombat.ee\/eco\/pood\/elektrirollerid\/horwin-ek1-elektriroller\/#breadcrumb\",\"itemListElement\":[{\"@type\":\"ListItem\",\"position\":1,\"name\":\"Home\",\"item\":\"https:\/\/projekt.vombat.ee\/eco\/\"},{\"@type\":\"ListItem\",\"position\":2,\"name\":\"Pood\",\"item\":\"https:\/\/projekt.vombat.ee\/eco\/pood\/\"},{\"@type\":\"ListItem\",\"position\":3,\"name\":\"HORWIN EK1 elektriroller,166km\"}]},{\"@type\":\"WebSite\",\"@id\":\"https:\/\/projekt.vombat.ee\/eco\/#website\",\"url\":\"https:\/\/projekt.vombat.ee\/eco\/\",\"name\":\"Ecocruiser\",\"description\":\"\",\"publisher\":{\"@id\":\"https:\/\/projekt.vombat.ee\/eco\/#organization\"},\"potentialAction\":[{\"@type\":\"SearchAction\",\"target\":{\"@type\":\"EntryPoint\",\"urlTemplate\":\"https:\/\/projekt.vombat.ee\/eco\/?s={search_term_string}\"},\"query-input\":{\"@type\":\"PropertyValueSpecification\",\"valueRequired\":true,\"valueName\":\"search_term_string\"}}],\"inLanguage\":\"en-GB\"},{\"@type\":\"Organization\",\"@id\":\"https:\/\/projekt.vombat.ee\/eco\/#organization\",\"name\":\"Ecocruiser\",\"url\":\"https:\/\/projekt.vombat.ee\/eco\/\",\"logo\":{\"@type\":\"ImageObject\",\"inLanguage\":\"en-GB\",\"@id\":\"https:\/\/projekt.vombat.ee\/eco\/#\/schema\/logo\/image\/\",\"url\":\"https:\/\/projekt.vombat.ee\/eco\/wp-content\/uploads\/2023\/03\/ECOCRUISER_5.png\",\"contentUrl\":\"https:\/\/projekt.vombat.ee\/eco\/wp-content\/uploads\/2023\/03\/ECOCRUISER_5.png\",\"width\":234,\"height\":91,\"caption\":\"Ecocruiser\"},\"image\":{\"@id\":\"https:\/\/projekt.vombat.ee\/eco\/#\/schema\/logo\/image\/\"}}]}<\/script>\n<!-- \/ Yoast SEO plugin. -->","yoast_head_json":{"title":"HORWIN EK1 elektriroller,166km - Ecocruiser","description":"Horwin EK1 elektriroller pakub sujuvat ja keskkonnas\u00f5bralikku liikumist linnaruumis. T\u00e4nu oma kompaktsele disainile ja v\u00f5imsale elektrimootorile on see ideaalne valik igap\u00e4evaseks s\u00f5iduks nii l\u00fchikestel kui ka pikkadel vahemaadel. Vali EK elektriroller ning naudi mugavat ja vaikset liikumist oma sihtkohtadesse.","robots":{"index":"noindex","follow":"follow","max-snippet":"max-snippet:-1","max-image-preview":"max-image-preview:large","max-video-preview":"max-video-preview:-1"},"og_locale":"en_GB","og_type":"article","og_title":"HORWIN EK1 elektriroller,166km - Ecocruiser","og_description":"Horwin EK1 elektriroller pakub sujuvat ja keskkonnas\u00f5bralikku liikumist linnaruumis. T\u00e4nu oma kompaktsele disainile ja v\u00f5imsale elektrimootorile on see ideaalne valik igap\u00e4evaseks s\u00f5iduks nii l\u00fchikestel kui ka pikkadel vahemaadel. Vali EK elektriroller ning naudi mugavat ja vaikset liikumist oma sihtkohtadesse.","og_url":"https:\/\/projekt.vombat.ee\/eco\/pood\/elektrirollerid\/horwin-ek1-elektriroller\/","og_site_name":"Ecocruiser","article_modified_time":"2024-04-28T09:55:53+00:00","og_image":[{"width":1080,"height":1080,"url":"https:\/\/projekt.vombat.ee\/eco\/wp-content\/uploads\/2024\/03\/Untitled-design-2024-04-28T125126.528.png","type":"image\/png"}],"twitter_card":"summary_large_image","twitter_misc":{"Estimated reading time":"1 minute"},"schema":{"@context":"https:\/\/schema.org","@graph":[{"@type":"WebPage","@id":"https:\/\/projekt.vombat.ee\/eco\/pood\/elektrirollerid\/horwin-ek1-elektriroller\/","url":"https:\/\/projekt.vombat.ee\/eco\/pood\/elektrirollerid\/horwin-ek1-elektriroller\/","name":"HORWIN EK1 elektriroller,166km - Ecocruiser","isPartOf":{"@id":"https:\/\/projekt.vombat.ee\/eco\/#website"},"primaryImageOfPage":{"@id":"https:\/\/projekt.vombat.ee\/eco\/pood\/elektrirollerid\/horwin-ek1-elektriroller\/#primaryimage"},"image":{"@id":"https:\/\/projekt.vombat.ee\/eco\/pood\/elektrirollerid\/horwin-ek1-elektriroller\/#primaryimage"},"thumbnailUrl":"https:\/\/projekt.vombat.ee\/eco\/wp-content\/uploads\/2024\/03\/Untitled-design-2024-04-28T125126.528.png","datePublished":"2024-03-09T06:47:20+00:00","dateModified":"2024-04-28T09:55:53+00:00","description":"Horwin EK1 elektriroller pakub sujuvat ja keskkonnas\u00f5bralikku liikumist linnaruumis. T\u00e4nu oma kompaktsele disainile ja v\u00f5imsale elektrimootorile on see ideaalne valik igap\u00e4evaseks s\u00f5iduks nii l\u00fchikestel kui ka pikkadel vahemaadel. Vali EK elektriroller ning naudi mugavat ja vaikset liikumist oma sihtkohtadesse.","breadcrumb":{"@id":"https:\/\/projekt.vombat.ee\/eco\/pood\/elektrirollerid\/horwin-ek1-elektriroller\/#breadcrumb"},"inLanguage":"en-GB","potentialAction":[{"@type":"ReadAction","target":["https:\/\/projekt.vombat.ee\/eco\/pood\/elektrirollerid\/horwin-ek1-elektriroller\/"]}]},{"@type":"ImageObject","inLanguage":"en-GB","@id":"https:\/\/projekt.vombat.ee\/eco\/pood\/elektrirollerid\/horwin-ek1-elektriroller\/#primaryimage","url":"https:\/\/projekt.vombat.ee\/eco\/wp-content\/uploads\/2024\/03\/Untitled-design-2024-04-28T125126.528.png","contentUrl":"https:\/\/projekt.vombat.ee\/eco\/wp-content\/uploads\/2024\/03\/Untitled-design-2024-04-28T125126.528.png","width":1080,"height":1080},{"@type":"BreadcrumbList","@id":"https:\/\/projekt.vombat.ee\/eco\/pood\/elektrirollerid\/horwin-ek1-elektriroller\/#breadcrumb","itemListElement":[{"@type":"ListItem","position":1,"name":"Home","item":"https:\/\/projekt.vombat.ee\/eco\/"},{"@type":"ListItem","position":2,"name":"Pood","item":"https:\/\/projekt.vombat.ee\/eco\/pood\/"},{"@type":"ListItem","position":3,"name":"HORWIN EK1 elektriroller,166km"}]},{"@type":"WebSite","@id":"https:\/\/projekt.vombat.ee\/eco\/#website","url":"https:\/\/projekt.vombat.ee\/eco\/","name":"Ecocruiser","description":"","publisher":{"@id":"https:\/\/projekt.vombat.ee\/eco\/#organization"},"potentialAction":[{"@type":"SearchAction","target":{"@type":"EntryPoint","urlTemplate":"https:\/\/projekt.vombat.ee\/eco\/?s={search_term_string}"},"query-input":{"@type":"PropertyValueSpecification","valueRequired":true,"valueName":"search_term_string"}}],"inLanguage":"en-GB"},{"@type":"Organization","@id":"https:\/\/projekt.vombat.ee\/eco\/#organization","name":"Ecocruiser","url":"https:\/\/projekt.vombat.ee\/eco\/","logo":{"@type":"ImageObject","inLanguage":"en-GB","@id":"https:\/\/projekt.vombat.ee\/eco\/#\/schema\/logo\/image\/","url":"https:\/\/projekt.vombat.ee\/eco\/wp-content\/uploads\/2023\/03\/ECOCRUISER_5.png","contentUrl":"https:\/\/projekt.vombat.ee\/eco\/wp-content\/uploads\/2023\/03\/ECOCRUISER_5.png","width":234,"height":91,"caption":"Ecocruiser"},"image":{"@id":"https:\/\/projekt.vombat.ee\/eco\/#\/schema\/logo\/image\/"}}]}},"lang":"et","translations":{"et":14333},"pll_sync_post":[],"_links":{"self":[{"href":"https:\/\/projekt.vombat.ee\/eco\/wp-json\/wp\/v2\/product\/14333"}],"collection":[{"href":"https:\/\/projekt.vombat.ee\/eco\/wp-json\/wp\/v2\/product"}],"about":[{"href":"https:\/\/projekt.vombat.ee\/eco\/wp-json\/wp\/v2\/types\/product"}],"version-history":[{"count":2,"href":"https:\/\/projekt.vombat.ee\/eco\/wp-json\/wp\/v2\/product\/14333\/revisions"}],"predecessor-version":[{"id":15104,"href":"https:\/\/projekt.vombat.ee\/eco\/wp-json\/wp\/v2\/product\/14333\/revisions\/15104"}],"wp:featuredmedia":[{"embeddable":true,"href":"https:\/\/projekt.vombat.ee\/eco\/wp-json\/wp\/v2\/media\/16670"}],"wp:attachment":[{"href":"https:\/\/projekt.vombat.ee\/eco\/wp-json\/wp\/v2\/media?parent=14333"}],"wp:term":[{"taxonomy":"product_cat","embeddable":true,"href":"https:\/\/projekt.vombat.ee\/eco\/wp-json\/wp\/v2\/product_cat?post=14333"},{"taxonomy":"product_tag","embeddable":true,"href":"https:\/\/projekt.vombat.ee\/eco\/wp-json\/wp\/v2\/product_tag?post=14333"}],"curies":[{"name":"wp","href":"https:\/\/api.w.org\/{rel}","templated":true}]}}