{"id":14233,"date":"2024-02-29T08:52:37","date_gmt":"2024-02-29T08:52:37","guid":{"rendered":"https:\/\/projekt.vombat.ee\/eco\/?post_type=product&#038;p=14233"},"modified":"2024-04-11T20:20:52","modified_gmt":"2024-04-11T20:20:52","slug":"hx-x11-elektriline-toukeratas-50-km","status":"publish","type":"product","link":"https:\/\/projekt.vombat.ee\/eco\/pood\/elektritoukerattad\/linna-toukerattad\/hx-x11-elektriline-toukeratas-50-km\/","title":{"rendered":"HX X11 elektriline t\u00f5ukeratas 50 km"},"content":{"rendered":"<h1>HX X11 elektriline t\u00f5ukeratas<\/h1>\n<div class=\"w-full text-token-text-primary\" data-testid=\"conversation-turn-15\">\n<div class=\"px-4 py-2 justify-center text-base md:gap-6 m-auto\">\n<div class=\"flex flex-1 text-base mx-auto gap-3 md:px-5 lg:px-1 xl:px-5 md:max-w-3xl lg:max-w-[40rem] xl:max-w-[48rem] group\">\n<div class=\"relative flex w-full flex-col agent-turn\">\n<div class=\"flex-col gap-1 md:gap-3\">\n<div class=\"flex flex-grow flex-col max-w-full\">\n<div class=\"min-h-[20px] text-message flex flex-col items-start gap-3 whitespace-pre-wrap break-words [.text-message+&amp;]:mt-5 overflow-x-auto\" data-message-author-role=\"assistant\" data-message-id=\"a2c27945-a523-4bc2-92bb-92c8a82f6629\">\n<div class=\"markdown prose w-full break-words dark:prose-invert dark\">\n<p>HX X11 elektriline t\u00f5ukeratas pakub suurep\u00e4rast s\u00f5iduelamust igap\u00e4evaseks kasutamiseks ja l\u00fchikesteks reisideks. Kokkuvolditav disain muudab selle h\u00f5lpsalt kaasaskantavaks ja lihtsalt hoiustavaks. T\u00f5ukeratas on varustatud v\u00f5imsa 36V, 500W mootoriga, mis v\u00f5imaldab saavutada kuni 35 km\/h kiiruse. X11 rehvid on vastupidavad 10*2,7-tollised toruvabad vaakumrehvid, tagades sujuva s\u00f5idu erinevatel pinnastel. Lisaks on t\u00f5ukerattal eemaldatav aku, topelt piduris\u00fcsteem, LED-valgustus ning kokkupandav kahvel, muutes selle praktiliseks ja mugavaks transpordivahendiks.<\/p>\n<\/div>\n<\/div>\n<\/div>\n<\/div>\n<\/div>\n<\/div>\n<\/div>\n<\/div>\n<p><img fetchpriority=\"high\" decoding=\"async\" class=\"alignnone\" src=\"https:\/\/sc04.alicdn.com\/kf\/H14cbe6e4165342f69ca220654d54bbcf4.jpg\" alt=\"HX X11 elektriline t\u00f5ukeratas\" width=\"962\" height=\"962\" \/><\/p>\n<h3>Info<\/h3>\n<div class=\"flex-1 overflow-hidden\">\n<div class=\"react-scroll-to-bottom--css-cguuv-79elbk h-full\">\n<div class=\"react-scroll-to-bottom--css-cguuv-1n7m0yu\">\n<div class=\"flex flex-col pb-9 text-sm\">\n<div class=\"w-full text-token-text-primary\" data-testid=\"conversation-turn-13\">\n<div class=\"px-4 py-2 justify-center text-base md:gap-6 m-auto\">\n<div class=\"flex flex-1 text-base mx-auto gap-3 md:px-5 lg:px-1 xl:px-5 md:max-w-3xl lg:max-w-[40rem] xl:max-w-[48rem] group final-completion\">\n<div class=\"relative flex w-full flex-col agent-turn\">\n<div class=\"flex-col gap-1 md:gap-3\">\n<div class=\"flex flex-grow flex-col max-w-full\">\n<div class=\"min-h-[20px] text-message flex flex-col items-start gap-3 whitespace-pre-wrap break-words [.text-message+&amp;]:mt-5 overflow-x-auto\" data-message-author-role=\"assistant\" data-message-id=\"d6943bca-d8c7-4fba-9ec9-8214383dc65a\">\n<div class=\"markdown prose w-full break-words dark:prose-invert dark\">\n<ul>\n<li><strong>Mootor:<\/strong> 36 V, 500 W, maksimaalselt 850 W<\/li>\n<li><strong>Rehv<\/strong>: 10*2,7-tollised toruvabad vaakumrehvid<\/li>\n<li><strong>Maksimaalne kiirus:<\/strong> 35 km\/h<\/li>\n<li><strong>Ulatus:<\/strong> 40-50 km<\/li>\n<li><strong>Maksimaalne ronimisv\u00f5imekus:<\/strong> 15\u00b0<\/li>\n<li><strong>Maksimaalne koormus:<\/strong> 100 -125 kg<\/li>\n<li><strong>Kokkupandav kahvel:<\/strong> Jah<\/li>\n<li><strong>Aku plokk:<\/strong> Eemaldatav<\/li>\n<li><strong>Piduris\u00fcsteem:<\/strong> Topelt piduris\u00fcsteem tagumise ketaspiduriga ja eesmine E-ABS pidur<\/li>\n<li><strong>P\u00f5rutuste summuti:<\/strong> Esivedrustus<\/li>\n<li><strong>Kiirus:<\/strong> 3 seadistust (lineaarne reguleerimine)<\/li>\n<li><strong>Valgustus:<\/strong> LED-esituli + tagatuli (3 W)<\/li>\n<li><strong>IP hinnang<\/strong>: IPX4<\/li>\n<li><strong>T\u00f6\u00f6temperatuur:<\/strong> 0 kuni 35 \u00b0C<\/li>\n<li><strong>Hoiustamistemperatuur:<\/strong> -10 kuni 40 \u00b0C<\/li>\n<li><strong>Lahtivolditud suurus:<\/strong> 1130 \u00d7 410 \u00d7 1260 mm<\/li>\n<li><strong>Kokkuvolditud suurus<\/strong>: 1130 \u00d7 410 \u00d7 550 mm<\/li>\n<\/ul>\n<\/div>\n<\/div>\n<\/div>\n<div class=\"mt-1 flex justify-start gap-3 empty:hidden\"><\/div>\n<\/div>\n<\/div>\n<\/div>\n<\/div>\n<\/div>\n<\/div>\n<\/div>\n<\/div>\n<\/div>\n","protected":false},"excerpt":{"rendered":"<p><strong>HX X11 elektriline t\u00f5ukeratas<\/strong><\/p>\n<p>&nbsp;<\/p>\n<ul>\n<li><strong>Rehv: 10*2,7-tollised toruvabad vaakumrehvid<\/strong><\/li>\n<li><strong>Maksimaalne kiirus: 35 km\/h<\/strong><\/li>\n<li><strong>Ulatus: 40-50 km<\/strong><\/li>\n<li><strong>Maksimaalne ronimisv\u00f5imekus: 15\u00b0<\/strong><\/li>\n<li><strong>Maksimaalne koormus: 100 -125 kg<\/strong><\/li>\n<li><strong>Kokkupandav kahvel: Jah<\/strong><\/li>\n<li><strong>Topelt piduris\u00fcsteem tagumise ketaspiduriga ja eesmine E-ABS pidur<\/strong><\/li>\n<li><strong>Valgustus: LED-esituli + tagatuli (3 W)<\/strong><\/li>\n<\/ul>\n<p>&nbsp;<\/p>\n<p><strong>\u2666 Tarneaeg 2-7 p\u00e4<\/strong><strong>eva<\/strong><br \/>\n<strong>\u2666 Laos<\/strong><\/p>\n<p>&nbsp;<\/p>\n","protected":false},"featured_media":14237,"template":"","meta":[],"product_cat":[53,909],"product_tag":[],"class_list":{"0":"post-14233","1":"product","2":"type-product","3":"status-publish","4":"has-post-thumbnail","6":"product_cat-elektritoukerattad","7":"product_cat-linna-toukerattad","8":"product_shipping_class-suured-pakid","10":"first","11":"instock","12":"sale","13":"taxable","14":"shipping-taxable","15":"purchasable","16":"product-type-variable"},"yoast_head":"<!-- This site is optimized with the Yoast SEO plugin v23.8 - https:\/\/yoast.com\/wordpress\/plugins\/seo\/ -->\n<title>HX X11 elektriline t\u00f5ukeratas 50 km - Ecocruiser<\/title>\n<meta name=\"description\" content=\"HX X11 elektriline t\u00f5ukeratas - Kokkupandav disain, v\u00f5imas mootor ja vastupidavad rehvid tagavad mugava ja turvalise igap\u00e4evase s\u00f5idu.\" \/>\n<meta name=\"robots\" content=\"noindex, follow, max-snippet:-1, max-image-preview:large, max-video-preview:-1\" \/>\n<meta property=\"og:locale\" content=\"en_GB\" \/>\n<meta property=\"og:type\" content=\"article\" \/>\n<meta property=\"og:title\" content=\"HX X11 elektriline t\u00f5ukeratas 50 km - Ecocruiser\" \/>\n<meta property=\"og:description\" content=\"HX X11 elektriline t\u00f5ukeratas - Kokkupandav disain, v\u00f5imas mootor ja vastupidavad rehvid tagavad mugava ja turvalise igap\u00e4evase s\u00f5idu.\" \/>\n<meta property=\"og:url\" content=\"https:\/\/projekt.vombat.ee\/eco\/pood\/elektritoukerattad\/linna-toukerattad\/hx-x11-elektriline-toukeratas-50-km\/\" \/>\n<meta property=\"og:site_name\" content=\"Ecocruiser\" \/>\n<meta property=\"article:modified_time\" content=\"2024-04-11T20:20:52+00:00\" \/>\n<meta property=\"og:image\" content=\"https:\/\/projekt.vombat.ee\/eco\/wp-content\/uploads\/2024\/02\/1-5.jpg\" \/>\n\t<meta property=\"og:image:width\" content=\"800\" \/>\n\t<meta property=\"og:image:height\" content=\"800\" \/>\n\t<meta property=\"og:image:type\" content=\"image\/jpeg\" \/>\n<meta name=\"twitter:card\" content=\"summary_large_image\" \/>\n<meta name=\"twitter:label1\" content=\"Estimated reading time\" \/>\n\t<meta name=\"twitter:data1\" content=\"2 minutes\" \/>\n<script type=\"application\/ld+json\" class=\"yoast-schema-graph\">{\"@context\":\"https:\/\/schema.org\",\"@graph\":[{\"@type\":\"WebPage\",\"@id\":\"https:\/\/projekt.vombat.ee\/eco\/pood\/elektritoukerattad\/linna-toukerattad\/hx-x11-elektriline-toukeratas-50-km\/\",\"url\":\"https:\/\/projekt.vombat.ee\/eco\/pood\/elektritoukerattad\/linna-toukerattad\/hx-x11-elektriline-toukeratas-50-km\/\",\"name\":\"HX X11 elektriline t\u00f5ukeratas 50 km - Ecocruiser\",\"isPartOf\":{\"@id\":\"https:\/\/projekt.vombat.ee\/eco\/#website\"},\"primaryImageOfPage\":{\"@id\":\"https:\/\/projekt.vombat.ee\/eco\/pood\/elektritoukerattad\/linna-toukerattad\/hx-x11-elektriline-toukeratas-50-km\/#primaryimage\"},\"image\":{\"@id\":\"https:\/\/projekt.vombat.ee\/eco\/pood\/elektritoukerattad\/linna-toukerattad\/hx-x11-elektriline-toukeratas-50-km\/#primaryimage\"},\"thumbnailUrl\":\"https:\/\/projekt.vombat.ee\/eco\/wp-content\/uploads\/2024\/02\/1-5.jpg\",\"datePublished\":\"2024-02-29T08:52:37+00:00\",\"dateModified\":\"2024-04-11T20:20:52+00:00\",\"description\":\"HX X11 elektriline t\u00f5ukeratas - Kokkupandav disain, v\u00f5imas mootor ja vastupidavad rehvid tagavad mugava ja turvalise igap\u00e4evase s\u00f5idu.\",\"breadcrumb\":{\"@id\":\"https:\/\/projekt.vombat.ee\/eco\/pood\/elektritoukerattad\/linna-toukerattad\/hx-x11-elektriline-toukeratas-50-km\/#breadcrumb\"},\"inLanguage\":\"en-GB\",\"potentialAction\":[{\"@type\":\"ReadAction\",\"target\":[\"https:\/\/projekt.vombat.ee\/eco\/pood\/elektritoukerattad\/linna-toukerattad\/hx-x11-elektriline-toukeratas-50-km\/\"]}]},{\"@type\":\"ImageObject\",\"inLanguage\":\"en-GB\",\"@id\":\"https:\/\/projekt.vombat.ee\/eco\/pood\/elektritoukerattad\/linna-toukerattad\/hx-x11-elektriline-toukeratas-50-km\/#primaryimage\",\"url\":\"https:\/\/projekt.vombat.ee\/eco\/wp-content\/uploads\/2024\/02\/1-5.jpg\",\"contentUrl\":\"https:\/\/projekt.vombat.ee\/eco\/wp-content\/uploads\/2024\/02\/1-5.jpg\",\"width\":800,\"height\":800,\"caption\":\"HX X11 elektriline t\u00f5ukeratas\"},{\"@type\":\"BreadcrumbList\",\"@id\":\"https:\/\/projekt.vombat.ee\/eco\/pood\/elektritoukerattad\/linna-toukerattad\/hx-x11-elektriline-toukeratas-50-km\/#breadcrumb\",\"itemListElement\":[{\"@type\":\"ListItem\",\"position\":1,\"name\":\"Home\",\"item\":\"https:\/\/projekt.vombat.ee\/eco\/\"},{\"@type\":\"ListItem\",\"position\":2,\"name\":\"Pood\",\"item\":\"https:\/\/projekt.vombat.ee\/eco\/pood\/\"},{\"@type\":\"ListItem\",\"position\":3,\"name\":\"HX X11 elektriline t\u00f5ukeratas 50 km\"}]},{\"@type\":\"WebSite\",\"@id\":\"https:\/\/projekt.vombat.ee\/eco\/#website\",\"url\":\"https:\/\/projekt.vombat.ee\/eco\/\",\"name\":\"Ecocruiser\",\"description\":\"\",\"publisher\":{\"@id\":\"https:\/\/projekt.vombat.ee\/eco\/#organization\"},\"potentialAction\":[{\"@type\":\"SearchAction\",\"target\":{\"@type\":\"EntryPoint\",\"urlTemplate\":\"https:\/\/projekt.vombat.ee\/eco\/?s={search_term_string}\"},\"query-input\":{\"@type\":\"PropertyValueSpecification\",\"valueRequired\":true,\"valueName\":\"search_term_string\"}}],\"inLanguage\":\"en-GB\"},{\"@type\":\"Organization\",\"@id\":\"https:\/\/projekt.vombat.ee\/eco\/#organization\",\"name\":\"Ecocruiser\",\"url\":\"https:\/\/projekt.vombat.ee\/eco\/\",\"logo\":{\"@type\":\"ImageObject\",\"inLanguage\":\"en-GB\",\"@id\":\"https:\/\/projekt.vombat.ee\/eco\/#\/schema\/logo\/image\/\",\"url\":\"https:\/\/projekt.vombat.ee\/eco\/wp-content\/uploads\/2023\/03\/ECOCRUISER_5.png\",\"contentUrl\":\"https:\/\/projekt.vombat.ee\/eco\/wp-content\/uploads\/2023\/03\/ECOCRUISER_5.png\",\"width\":234,\"height\":91,\"caption\":\"Ecocruiser\"},\"image\":{\"@id\":\"https:\/\/projekt.vombat.ee\/eco\/#\/schema\/logo\/image\/\"}}]}<\/script>\n<!-- \/ Yoast SEO plugin. -->","yoast_head_json":{"title":"HX X11 elektriline t\u00f5ukeratas 50 km - Ecocruiser","description":"HX X11 elektriline t\u00f5ukeratas - Kokkupandav disain, v\u00f5imas mootor ja vastupidavad rehvid tagavad mugava ja turvalise igap\u00e4evase s\u00f5idu.","robots":{"index":"noindex","follow":"follow","max-snippet":"max-snippet:-1","max-image-preview":"max-image-preview:large","max-video-preview":"max-video-preview:-1"},"og_locale":"en_GB","og_type":"article","og_title":"HX X11 elektriline t\u00f5ukeratas 50 km - Ecocruiser","og_description":"HX X11 elektriline t\u00f5ukeratas - Kokkupandav disain, v\u00f5imas mootor ja vastupidavad rehvid tagavad mugava ja turvalise igap\u00e4evase s\u00f5idu.","og_url":"https:\/\/projekt.vombat.ee\/eco\/pood\/elektritoukerattad\/linna-toukerattad\/hx-x11-elektriline-toukeratas-50-km\/","og_site_name":"Ecocruiser","article_modified_time":"2024-04-11T20:20:52+00:00","og_image":[{"width":800,"height":800,"url":"https:\/\/projekt.vombat.ee\/eco\/wp-content\/uploads\/2024\/02\/1-5.jpg","type":"image\/jpeg"}],"twitter_card":"summary_large_image","twitter_misc":{"Estimated reading time":"2 minutes"},"schema":{"@context":"https:\/\/schema.org","@graph":[{"@type":"WebPage","@id":"https:\/\/projekt.vombat.ee\/eco\/pood\/elektritoukerattad\/linna-toukerattad\/hx-x11-elektriline-toukeratas-50-km\/","url":"https:\/\/projekt.vombat.ee\/eco\/pood\/elektritoukerattad\/linna-toukerattad\/hx-x11-elektriline-toukeratas-50-km\/","name":"HX X11 elektriline t\u00f5ukeratas 50 km - Ecocruiser","isPartOf":{"@id":"https:\/\/projekt.vombat.ee\/eco\/#website"},"primaryImageOfPage":{"@id":"https:\/\/projekt.vombat.ee\/eco\/pood\/elektritoukerattad\/linna-toukerattad\/hx-x11-elektriline-toukeratas-50-km\/#primaryimage"},"image":{"@id":"https:\/\/projekt.vombat.ee\/eco\/pood\/elektritoukerattad\/linna-toukerattad\/hx-x11-elektriline-toukeratas-50-km\/#primaryimage"},"thumbnailUrl":"https:\/\/projekt.vombat.ee\/eco\/wp-content\/uploads\/2024\/02\/1-5.jpg","datePublished":"2024-02-29T08:52:37+00:00","dateModified":"2024-04-11T20:20:52+00:00","description":"HX X11 elektriline t\u00f5ukeratas - Kokkupandav disain, v\u00f5imas mootor ja vastupidavad rehvid tagavad mugava ja turvalise igap\u00e4evase s\u00f5idu.","breadcrumb":{"@id":"https:\/\/projekt.vombat.ee\/eco\/pood\/elektritoukerattad\/linna-toukerattad\/hx-x11-elektriline-toukeratas-50-km\/#breadcrumb"},"inLanguage":"en-GB","potentialAction":[{"@type":"ReadAction","target":["https:\/\/projekt.vombat.ee\/eco\/pood\/elektritoukerattad\/linna-toukerattad\/hx-x11-elektriline-toukeratas-50-km\/"]}]},{"@type":"ImageObject","inLanguage":"en-GB","@id":"https:\/\/projekt.vombat.ee\/eco\/pood\/elektritoukerattad\/linna-toukerattad\/hx-x11-elektriline-toukeratas-50-km\/#primaryimage","url":"https:\/\/projekt.vombat.ee\/eco\/wp-content\/uploads\/2024\/02\/1-5.jpg","contentUrl":"https:\/\/projekt.vombat.ee\/eco\/wp-content\/uploads\/2024\/02\/1-5.jpg","width":800,"height":800,"caption":"HX X11 elektriline t\u00f5ukeratas"},{"@type":"BreadcrumbList","@id":"https:\/\/projekt.vombat.ee\/eco\/pood\/elektritoukerattad\/linna-toukerattad\/hx-x11-elektriline-toukeratas-50-km\/#breadcrumb","itemListElement":[{"@type":"ListItem","position":1,"name":"Home","item":"https:\/\/projekt.vombat.ee\/eco\/"},{"@type":"ListItem","position":2,"name":"Pood","item":"https:\/\/projekt.vombat.ee\/eco\/pood\/"},{"@type":"ListItem","position":3,"name":"HX X11 elektriline t\u00f5ukeratas 50 km"}]},{"@type":"WebSite","@id":"https:\/\/projekt.vombat.ee\/eco\/#website","url":"https:\/\/projekt.vombat.ee\/eco\/","name":"Ecocruiser","description":"","publisher":{"@id":"https:\/\/projekt.vombat.ee\/eco\/#organization"},"potentialAction":[{"@type":"SearchAction","target":{"@type":"EntryPoint","urlTemplate":"https:\/\/projekt.vombat.ee\/eco\/?s={search_term_string}"},"query-input":{"@type":"PropertyValueSpecification","valueRequired":true,"valueName":"search_term_string"}}],"inLanguage":"en-GB"},{"@type":"Organization","@id":"https:\/\/projekt.vombat.ee\/eco\/#organization","name":"Ecocruiser","url":"https:\/\/projekt.vombat.ee\/eco\/","logo":{"@type":"ImageObject","inLanguage":"en-GB","@id":"https:\/\/projekt.vombat.ee\/eco\/#\/schema\/logo\/image\/","url":"https:\/\/projekt.vombat.ee\/eco\/wp-content\/uploads\/2023\/03\/ECOCRUISER_5.png","contentUrl":"https:\/\/projekt.vombat.ee\/eco\/wp-content\/uploads\/2023\/03\/ECOCRUISER_5.png","width":234,"height":91,"caption":"Ecocruiser"},"image":{"@id":"https:\/\/projekt.vombat.ee\/eco\/#\/schema\/logo\/image\/"}}]}},"lang":"et","translations":{"et":14233},"pll_sync_post":[],"_links":{"self":[{"href":"https:\/\/projekt.vombat.ee\/eco\/wp-json\/wp\/v2\/product\/14233"}],"collection":[{"href":"https:\/\/projekt.vombat.ee\/eco\/wp-json\/wp\/v2\/product"}],"about":[{"href":"https:\/\/projekt.vombat.ee\/eco\/wp-json\/wp\/v2\/types\/product"}],"version-history":[{"count":1,"href":"https:\/\/projekt.vombat.ee\/eco\/wp-json\/wp\/v2\/product\/14233\/revisions"}],"predecessor-version":[{"id":14249,"href":"https:\/\/projekt.vombat.ee\/eco\/wp-json\/wp\/v2\/product\/14233\/revisions\/14249"}],"wp:featuredmedia":[{"embeddable":true,"href":"https:\/\/projekt.vombat.ee\/eco\/wp-json\/wp\/v2\/media\/14237"}],"wp:attachment":[{"href":"https:\/\/projekt.vombat.ee\/eco\/wp-json\/wp\/v2\/media?parent=14233"}],"wp:term":[{"taxonomy":"product_cat","embeddable":true,"href":"https:\/\/projekt.vombat.ee\/eco\/wp-json\/wp\/v2\/product_cat?post=14233"},{"taxonomy":"product_tag","embeddable":true,"href":"https:\/\/projekt.vombat.ee\/eco\/wp-json\/wp\/v2\/product_tag?post=14233"}],"curies":[{"name":"wp","href":"https:\/\/api.w.org\/{rel}","templated":true}]}}