{"id":13859,"date":"2024-02-08T13:51:30","date_gmt":"2024-02-08T13:51:30","guid":{"rendered":"https:\/\/projekt.vombat.ee\/eco\/?post_type=product&#038;p=13859"},"modified":"2024-05-29T10:00:56","modified_gmt":"2024-05-29T10:00:56","slug":"kukirin-g4-elektriline-toukeratas-75-km","status":"publish","type":"product","link":"https:\/\/projekt.vombat.ee\/eco\/pood\/elektritoukerattad\/linna-toukerattad\/kukirin-g4-elektriline-toukeratas-75-km\/","title":{"rendered":"KuKirin G4 elektriline t\u00f5ukeratas 75 km"},"content":{"rendered":"<h1>KUKIRIN G4 elektriline t\u00f5ukeratas<\/h1>\n<p><img fetchpriority=\"high\" decoding=\"async\" class=\"alignnone\" src=\"https:\/\/a.allegroimg.com\/original\/115512\/93554e50438eb8728f52acf0b075\/Hulajnoga-elektryczna-Kukirin-G4-2000W-70km-h-75km-Waga-37-kg\" alt=\"Elektriline t\u00f5ukeratas\" width=\"2560\" height=\"1356\" \/><\/p>\n<p>Avasta KuKirin G4 elektriline t\u00f5ukeratas \u2013 k\u00f5rge sooritusv\u00f5imega maastikus\u00f5iduks m\u00f5eldud t\u00f5ukeratas, mis \u00fchendab endas v\u00f5imsuse, vastupidavuse ja stiili. T\u00e4nu 2000W rummumootorile, 75km ulatusele ja 70km\/h maksimaalsele kiirusele on see ideaalne kaaslane igaks seikluseks. Varustatud 11-tolliste maastikurehvide, nutika ekraani, lahedate valgustuss\u00fcsteemide ja topeltketaspiduritega, tagab KuKirin G4 sujuva s\u00f5idu igas olukorras. Tugevdatud teras-alumiinium kere ja IPX4 veekindlus lisavad vastupidavust. Koge erakordset s\u00f5idumugavust ja turvalisust KuKirin G4-ga \u2013 s\u00f5iduvahend, mis viib sind kaugemale.<\/p>\n<p><img decoding=\"async\" class=\"alignnone\" src=\"https:\/\/a.allegroimg.com\/original\/11aad3\/029a66d140a5ada9d447cba30389\/Hulajnoga-elektryczna-Kukirin-G4-2000W-70km-h-75km-Moc-silnika-2000-W\" alt=\"Kukirin G4 \" width=\"1920\" height=\"1004\" \/><\/p>\n<p>KuKirin G4 on 2000Wh \u00fche rummumootoriga, mis on \u00fclimalt v\u00f5imas, v\u00f5imaldades kiirust kuni 70km\/h. Mootor on seadistamiseks konfigureeritud, v\u00f5imaldades suurep\u00e4rast sooritusv\u00f5imet.<\/p>\n<p>60V 20Ah\/1200Wh suure mahutavusega, kvaliteetne liitiumaku, mille maksimaalne ulatus on kuni 75km, genereerib kiire vooluv\u00e4ljundi, mis v\u00f5ib m\u00f5jutada ka ultraheli edastust.<\/p>\n<p><img decoding=\"async\" class=\"alignnone\" src=\"https:\/\/a.allegroimg.com\/original\/112219\/de2b25fb4ec3984a00f9556a9786\/Hulajnoga-elektryczna-Kukirin-G4-2000W-70km-h-75km-Predkosc-maksymalna-70-km-h\" alt=\"Kukirin\" width=\"1726\" height=\"818\" \/><\/p>\n<p>KuKirin G4 kasutab 11-tolliseid vaakumkummist rehve, millel on \u00fclitugev rehvistruktuur, mis teeb rannas, lumes v\u00f5i m\u00e4gimetsades liikumise lihtsaks.<\/p>\n<p>Nutikas ekraaniliides, mida saab lihtsal viisil juhtida ekraaniliidese kaudu. S\u00f5idure\u017eiimi, esituled ja kogu s\u00f5iduandmed on lihtsalt juhitavad.<\/p>\n<p><img loading=\"lazy\" decoding=\"async\" class=\"alignnone\" src=\"https:\/\/a.allegroimg.com\/original\/1195cb\/cc8fd8184317a7cfdd6ca1c9d0b0\/Hulajnoga-elektryczna-Kukirin-G4-2000W-70km-h-75km-Liczba-kol-2\" alt=\"\" width=\"1616\" height=\"721\" \/><\/p>\n<p>KuKirin G4-l on esituled kahe suunatulega ja tagatulede s\u00fcsteem kahe p\u00f6\u00f6rdesuuna hoiatustulega, mis teeb \u00f6isel liiklusel s\u00f5itmise mugavaks. See mitte ainult ei vasta \u00f6ise valgustuse n\u00f5uetele, vaid tagab ka \u00f6ise s\u00f5idu ohutuse.<\/p>\n<p>KuKirin G4 kasutab esi- ja tagumisi topeltketaspidureid, millel on 140mm traadiga juhitavad kettad, mis tagavad hea ventilatsiooni ja soojuse hajutamise ning tugevama pidurdusj\u00f5udluse; isegi keerulistes maastikuoludes s\u00f5ites, kus on vaja teha kiireid man\u00f6\u00f6vreid, on pidurdamine lihtne.<\/p>\n<p>S\u00f5iduk on loodud tugevdatud teras-alumiinium segumaterjalist, et saavutada \u00f5ige struktuur, tugevdatud sepistatud ja kokkupandavad osad ning k\u00f5ik \u00fchendusosad on kinnitatud kvaliteetsete teraskruvidega; Stabiilne ja tugev korpus on efektiivne ning t\u00f5ukeratta v\u00f5imsuse v\u00e4ljund on t\u00f5hus.<\/p>\n<p><img loading=\"lazy\" decoding=\"async\" class=\"alignnone\" src=\"https:\/\/a.allegroimg.com\/original\/112f09\/70a782b64748bb75a3f12a9297cb\/Hulajnoga-elektryczna-Kukirin-G4-2000W-70km-h-75km-Maksymalny-kat-nachylenia-terenu-20\" alt=\"Kukirin G4 \" width=\"1920\" height=\"1685\" \/><\/p>\n<h3>Info<\/h3>\n<ul>\n<li><strong>Br\u00e4nd:<\/strong> Kugoo<\/li>\n<li><strong>Maksimaalne kiirus:<\/strong> 70km\/h, v\u00f5imaldab kiiret ja efektiivset liikumist.<\/li>\n<li><strong>Kiirusre\u017eiimid:<\/strong> 20km\/h, 40km\/h ja 70km\/h, pakub erinevaid s\u00f5idure\u017eiime vastavalt vajadusele.<\/li>\n<li><strong>Ulatus:<\/strong> 70-75km \u00fche laadimisega, suurep\u00e4rane pika vahemaa l\u00e4bimiseks.<\/li>\n<li><strong>Aku:<\/strong> 60V 20Ah, tagab pikaajalise s\u00f5idu ja kiire laadimise.<\/li>\n<li><strong>Mootori nimiv\u00f5imsus:<\/strong> 2000W, v\u00f5imas mootor tagab sujuva ja j\u00f5ulise s\u00f5idukogemuse.<\/li>\n<li><strong>T\u00f5usunurk:<\/strong> 20 kraadi.<\/li>\n<li><strong>Piduris\u00fcsteem:<\/strong> Ketaspiduris\u00fcsteem, tagab ohutu ja efektiivse pidurdamise.<\/li>\n<li><strong>Rehvid:<\/strong> 11-tollised \u00f5hkkummideta rehvid, pakuvad paremat haarduvust ja stabiilsust.<\/li>\n<li><strong>Pedali laius:<\/strong> 22*51 cm, tagab mugava seisupositsiooni.<\/li>\n<li><strong>Raamistiku k\u00f5rgus:<\/strong> 18.5 cm, parandab s\u00f5idumugavust ebatasastel teedel.<\/li>\n<li><strong>Toote kaal:<\/strong> 37 kg, kindel ja vastupidav konstruktsioon.<\/li>\n<li><strong>Maksimaalne koormus:<\/strong> 120kg.<\/li>\n<li><strong>Laadimisaeg:<\/strong> 10-12h.<\/li>\n<li><strong>Ekraan: <\/strong>Suur puutetundlik ekraan<\/li>\n<li><strong>IP reiting:<\/strong> IPX4, kaitseb veepritsmete eest, v\u00f5imaldades s\u00f5itu mitmesugustes ilmastikutingimustes.<\/li>\n<li><strong>Kruiisikontrolli funktsioon:<\/strong> Jah.<\/li>\n<li><strong>Lahtik\u00e4iva kere suurus:<\/strong> 1336*1295*660 mm<\/li>\n<li><strong>Kokkupandava kere suurus:<\/strong> 1336*550*660 mm<\/li>\n<\/ul>\n<p><img loading=\"lazy\" decoding=\"async\" class=\"alignnone\" src=\"https:\/\/a.allegroimg.com\/original\/11a729\/4d2bf8e3489184da6ef655630e0b\/Hulajnoga-elektryczna-Kukirin-G4-2000W-70km-h-75km-Hamulec-elektroniczny-tarczowy\" alt=\"KUKIRIN G4 m\u00f5\u00f5tmed \" width=\"1920\" height=\"836\" \/><\/p>\n<h3>Pakend sisaldab<\/h3>\n<ul>\n<li>Sinu uus elektriline t\u00f5ukeratas<\/li>\n<li>Tagumine porilaud<\/li>\n<li>Laadija<\/li>\n<li>Laadimisadapter<\/li>\n<li>Paigalduskomplekt<\/li>\n<li>Kasutusjuhend<\/li>\n<\/ul>\n<p>&nbsp;<\/p>\n","protected":false},"excerpt":{"rendered":"<p><strong>KUKIRIN G4 elektriline t\u00f5ukeratas<\/strong><\/p>\n<p>&nbsp;<\/p>\n<ul>\n<li><strong>Maksimaalne kiirus: 70km\/h<\/strong><\/li>\n<li><strong>Kiirusre\u017eiimid: 20km\/h, 40km\/h ja 70km\/h<\/strong><\/li>\n<li><strong>Ulatus: 70-75km \u00fche laadimisega<\/strong><\/li>\n<li><strong>Aku: 60V 20Ah<\/strong><\/li>\n<li><strong>T\u00f5usunurk: 20 kraadi<\/strong><\/li>\n<li><strong>Piduris\u00fcsteem: Ketaspiduris\u00fcsteem<\/strong><\/li>\n<li><strong>Rehvid: 11-tollised \u00f5hkkummideta rehvid<\/strong><\/li>\n<li><strong>Maksimaalne koormus: 120kg<\/strong><\/li>\n<li><strong>Laadimisaeg: 10-12h<\/strong><\/li>\n<li><strong>Ekraan: Suur puutetundlik ekraan<\/strong><\/li>\n<li><strong>IP reiting: IPX4<\/strong><\/li>\n<li><strong>Kruiisikontrolli funktsioon: Jah<\/strong><\/li>\n<\/ul>\n<p>&nbsp;<\/p>\n<p><strong>\u2666 Tarneaeg 2-7 p\u00e4eva<\/strong><br \/>\n<strong>\u2666 Laos<\/strong><\/p>\n<p>&nbsp;<\/p>\n","protected":false},"featured_media":13875,"template":"","meta":[],"product_cat":[53,909,911,59],"product_tag":[],"class_list":{"0":"post-13859","1":"product","2":"type-product","3":"status-publish","4":"has-post-thumbnail","6":"product_cat-elektritoukerattad","7":"product_cat-linna-toukerattad","8":"product_cat-voimsad-toukerattad","9":"product_cat-kugoo-elektritoukerattad","10":"product_shipping_class-suured-pakid","12":"first","13":"instock","14":"sale","15":"taxable","16":"shipping-taxable","17":"purchasable","18":"product-type-simple"},"yoast_head":"<!-- This site is optimized with the Yoast SEO plugin v23.8 - https:\/\/yoast.com\/wordpress\/plugins\/seo\/ -->\n<title>KuKirin G4 elektriline t\u00f5ukeratas 75 km - Ecocruiser<\/title>\n<meta name=\"description\" content=\"KuKirin G4 elektriline t\u00f5ukeratas: 70km\/h kiirus, 75km ulatus. Maastikurehvid, nutiekraan, topeltketaspidurid. Seiklusteks loodud.\" \/>\n<meta name=\"robots\" content=\"noindex, follow, max-snippet:-1, max-image-preview:large, max-video-preview:-1\" \/>\n<meta property=\"og:locale\" content=\"en_GB\" \/>\n<meta property=\"og:type\" content=\"article\" \/>\n<meta property=\"og:title\" content=\"KuKirin G4 elektriline t\u00f5ukeratas 75 km - Ecocruiser\" \/>\n<meta property=\"og:description\" content=\"KuKirin G4 elektriline t\u00f5ukeratas: 70km\/h kiirus, 75km ulatus. Maastikurehvid, nutiekraan, topeltketaspidurid. Seiklusteks loodud.\" \/>\n<meta property=\"og:url\" content=\"https:\/\/projekt.vombat.ee\/eco\/pood\/elektritoukerattad\/linna-toukerattad\/kukirin-g4-elektriline-toukeratas-75-km\/\" \/>\n<meta property=\"og:site_name\" content=\"Ecocruiser\" \/>\n<meta property=\"article:modified_time\" content=\"2024-05-29T10:00:56+00:00\" \/>\n<meta property=\"og:image\" content=\"https:\/\/projekt.vombat.ee\/eco\/wp-content\/uploads\/2024\/02\/1.jpg\" \/>\n\t<meta property=\"og:image:width\" content=\"1000\" \/>\n\t<meta property=\"og:image:height\" content=\"1000\" \/>\n\t<meta property=\"og:image:type\" content=\"image\/jpeg\" \/>\n<meta name=\"twitter:card\" content=\"summary_large_image\" \/>\n<meta name=\"twitter:label1\" content=\"Estimated reading time\" \/>\n\t<meta name=\"twitter:data1\" content=\"4 minutes\" \/>\n<script type=\"application\/ld+json\" class=\"yoast-schema-graph\">{\"@context\":\"https:\/\/schema.org\",\"@graph\":[{\"@type\":\"WebPage\",\"@id\":\"https:\/\/projekt.vombat.ee\/eco\/pood\/elektritoukerattad\/linna-toukerattad\/kukirin-g4-elektriline-toukeratas-75-km\/\",\"url\":\"https:\/\/projekt.vombat.ee\/eco\/pood\/elektritoukerattad\/linna-toukerattad\/kukirin-g4-elektriline-toukeratas-75-km\/\",\"name\":\"KuKirin G4 elektriline t\u00f5ukeratas 75 km - Ecocruiser\",\"isPartOf\":{\"@id\":\"https:\/\/projekt.vombat.ee\/eco\/#website\"},\"primaryImageOfPage\":{\"@id\":\"https:\/\/projekt.vombat.ee\/eco\/pood\/elektritoukerattad\/linna-toukerattad\/kukirin-g4-elektriline-toukeratas-75-km\/#primaryimage\"},\"image\":{\"@id\":\"https:\/\/projekt.vombat.ee\/eco\/pood\/elektritoukerattad\/linna-toukerattad\/kukirin-g4-elektriline-toukeratas-75-km\/#primaryimage\"},\"thumbnailUrl\":\"https:\/\/projekt.vombat.ee\/eco\/wp-content\/uploads\/2024\/02\/1.jpg\",\"datePublished\":\"2024-02-08T13:51:30+00:00\",\"dateModified\":\"2024-05-29T10:00:56+00:00\",\"description\":\"KuKirin G4 elektriline t\u00f5ukeratas: 70km\/h kiirus, 75km ulatus. Maastikurehvid, nutiekraan, topeltketaspidurid. Seiklusteks loodud.\",\"breadcrumb\":{\"@id\":\"https:\/\/projekt.vombat.ee\/eco\/pood\/elektritoukerattad\/linna-toukerattad\/kukirin-g4-elektriline-toukeratas-75-km\/#breadcrumb\"},\"inLanguage\":\"en-GB\",\"potentialAction\":[{\"@type\":\"ReadAction\",\"target\":[\"https:\/\/projekt.vombat.ee\/eco\/pood\/elektritoukerattad\/linna-toukerattad\/kukirin-g4-elektriline-toukeratas-75-km\/\"]}]},{\"@type\":\"ImageObject\",\"inLanguage\":\"en-GB\",\"@id\":\"https:\/\/projekt.vombat.ee\/eco\/pood\/elektritoukerattad\/linna-toukerattad\/kukirin-g4-elektriline-toukeratas-75-km\/#primaryimage\",\"url\":\"https:\/\/projekt.vombat.ee\/eco\/wp-content\/uploads\/2024\/02\/1.jpg\",\"contentUrl\":\"https:\/\/projekt.vombat.ee\/eco\/wp-content\/uploads\/2024\/02\/1.jpg\",\"width\":1000,\"height\":1000,\"caption\":\"KUKIRIN G4 elektriline t\u00f5ukeratas\"},{\"@type\":\"BreadcrumbList\",\"@id\":\"https:\/\/projekt.vombat.ee\/eco\/pood\/elektritoukerattad\/linna-toukerattad\/kukirin-g4-elektriline-toukeratas-75-km\/#breadcrumb\",\"itemListElement\":[{\"@type\":\"ListItem\",\"position\":1,\"name\":\"Home\",\"item\":\"https:\/\/projekt.vombat.ee\/eco\/\"},{\"@type\":\"ListItem\",\"position\":2,\"name\":\"Pood\",\"item\":\"https:\/\/projekt.vombat.ee\/eco\/pood\/\"},{\"@type\":\"ListItem\",\"position\":3,\"name\":\"KuKirin G4 elektriline t\u00f5ukeratas 75 km\"}]},{\"@type\":\"WebSite\",\"@id\":\"https:\/\/projekt.vombat.ee\/eco\/#website\",\"url\":\"https:\/\/projekt.vombat.ee\/eco\/\",\"name\":\"Ecocruiser\",\"description\":\"\",\"publisher\":{\"@id\":\"https:\/\/projekt.vombat.ee\/eco\/#organization\"},\"potentialAction\":[{\"@type\":\"SearchAction\",\"target\":{\"@type\":\"EntryPoint\",\"urlTemplate\":\"https:\/\/projekt.vombat.ee\/eco\/?s={search_term_string}\"},\"query-input\":{\"@type\":\"PropertyValueSpecification\",\"valueRequired\":true,\"valueName\":\"search_term_string\"}}],\"inLanguage\":\"en-GB\"},{\"@type\":\"Organization\",\"@id\":\"https:\/\/projekt.vombat.ee\/eco\/#organization\",\"name\":\"Ecocruiser\",\"url\":\"https:\/\/projekt.vombat.ee\/eco\/\",\"logo\":{\"@type\":\"ImageObject\",\"inLanguage\":\"en-GB\",\"@id\":\"https:\/\/projekt.vombat.ee\/eco\/#\/schema\/logo\/image\/\",\"url\":\"https:\/\/projekt.vombat.ee\/eco\/wp-content\/uploads\/2023\/03\/ECOCRUISER_5.png\",\"contentUrl\":\"https:\/\/projekt.vombat.ee\/eco\/wp-content\/uploads\/2023\/03\/ECOCRUISER_5.png\",\"width\":234,\"height\":91,\"caption\":\"Ecocruiser\"},\"image\":{\"@id\":\"https:\/\/projekt.vombat.ee\/eco\/#\/schema\/logo\/image\/\"}}]}<\/script>\n<!-- \/ Yoast SEO plugin. -->","yoast_head_json":{"title":"KuKirin G4 elektriline t\u00f5ukeratas 75 km - Ecocruiser","description":"KuKirin G4 elektriline t\u00f5ukeratas: 70km\/h kiirus, 75km ulatus. Maastikurehvid, nutiekraan, topeltketaspidurid. Seiklusteks loodud.","robots":{"index":"noindex","follow":"follow","max-snippet":"max-snippet:-1","max-image-preview":"max-image-preview:large","max-video-preview":"max-video-preview:-1"},"og_locale":"en_GB","og_type":"article","og_title":"KuKirin G4 elektriline t\u00f5ukeratas 75 km - Ecocruiser","og_description":"KuKirin G4 elektriline t\u00f5ukeratas: 70km\/h kiirus, 75km ulatus. Maastikurehvid, nutiekraan, topeltketaspidurid. Seiklusteks loodud.","og_url":"https:\/\/projekt.vombat.ee\/eco\/pood\/elektritoukerattad\/linna-toukerattad\/kukirin-g4-elektriline-toukeratas-75-km\/","og_site_name":"Ecocruiser","article_modified_time":"2024-05-29T10:00:56+00:00","og_image":[{"width":1000,"height":1000,"url":"https:\/\/projekt.vombat.ee\/eco\/wp-content\/uploads\/2024\/02\/1.jpg","type":"image\/jpeg"}],"twitter_card":"summary_large_image","twitter_misc":{"Estimated reading time":"4 minutes"},"schema":{"@context":"https:\/\/schema.org","@graph":[{"@type":"WebPage","@id":"https:\/\/projekt.vombat.ee\/eco\/pood\/elektritoukerattad\/linna-toukerattad\/kukirin-g4-elektriline-toukeratas-75-km\/","url":"https:\/\/projekt.vombat.ee\/eco\/pood\/elektritoukerattad\/linna-toukerattad\/kukirin-g4-elektriline-toukeratas-75-km\/","name":"KuKirin G4 elektriline t\u00f5ukeratas 75 km - Ecocruiser","isPartOf":{"@id":"https:\/\/projekt.vombat.ee\/eco\/#website"},"primaryImageOfPage":{"@id":"https:\/\/projekt.vombat.ee\/eco\/pood\/elektritoukerattad\/linna-toukerattad\/kukirin-g4-elektriline-toukeratas-75-km\/#primaryimage"},"image":{"@id":"https:\/\/projekt.vombat.ee\/eco\/pood\/elektritoukerattad\/linna-toukerattad\/kukirin-g4-elektriline-toukeratas-75-km\/#primaryimage"},"thumbnailUrl":"https:\/\/projekt.vombat.ee\/eco\/wp-content\/uploads\/2024\/02\/1.jpg","datePublished":"2024-02-08T13:51:30+00:00","dateModified":"2024-05-29T10:00:56+00:00","description":"KuKirin G4 elektriline t\u00f5ukeratas: 70km\/h kiirus, 75km ulatus. Maastikurehvid, nutiekraan, topeltketaspidurid. Seiklusteks loodud.","breadcrumb":{"@id":"https:\/\/projekt.vombat.ee\/eco\/pood\/elektritoukerattad\/linna-toukerattad\/kukirin-g4-elektriline-toukeratas-75-km\/#breadcrumb"},"inLanguage":"en-GB","potentialAction":[{"@type":"ReadAction","target":["https:\/\/projekt.vombat.ee\/eco\/pood\/elektritoukerattad\/linna-toukerattad\/kukirin-g4-elektriline-toukeratas-75-km\/"]}]},{"@type":"ImageObject","inLanguage":"en-GB","@id":"https:\/\/projekt.vombat.ee\/eco\/pood\/elektritoukerattad\/linna-toukerattad\/kukirin-g4-elektriline-toukeratas-75-km\/#primaryimage","url":"https:\/\/projekt.vombat.ee\/eco\/wp-content\/uploads\/2024\/02\/1.jpg","contentUrl":"https:\/\/projekt.vombat.ee\/eco\/wp-content\/uploads\/2024\/02\/1.jpg","width":1000,"height":1000,"caption":"KUKIRIN G4 elektriline t\u00f5ukeratas"},{"@type":"BreadcrumbList","@id":"https:\/\/projekt.vombat.ee\/eco\/pood\/elektritoukerattad\/linna-toukerattad\/kukirin-g4-elektriline-toukeratas-75-km\/#breadcrumb","itemListElement":[{"@type":"ListItem","position":1,"name":"Home","item":"https:\/\/projekt.vombat.ee\/eco\/"},{"@type":"ListItem","position":2,"name":"Pood","item":"https:\/\/projekt.vombat.ee\/eco\/pood\/"},{"@type":"ListItem","position":3,"name":"KuKirin G4 elektriline t\u00f5ukeratas 75 km"}]},{"@type":"WebSite","@id":"https:\/\/projekt.vombat.ee\/eco\/#website","url":"https:\/\/projekt.vombat.ee\/eco\/","name":"Ecocruiser","description":"","publisher":{"@id":"https:\/\/projekt.vombat.ee\/eco\/#organization"},"potentialAction":[{"@type":"SearchAction","target":{"@type":"EntryPoint","urlTemplate":"https:\/\/projekt.vombat.ee\/eco\/?s={search_term_string}"},"query-input":{"@type":"PropertyValueSpecification","valueRequired":true,"valueName":"search_term_string"}}],"inLanguage":"en-GB"},{"@type":"Organization","@id":"https:\/\/projekt.vombat.ee\/eco\/#organization","name":"Ecocruiser","url":"https:\/\/projekt.vombat.ee\/eco\/","logo":{"@type":"ImageObject","inLanguage":"en-GB","@id":"https:\/\/projekt.vombat.ee\/eco\/#\/schema\/logo\/image\/","url":"https:\/\/projekt.vombat.ee\/eco\/wp-content\/uploads\/2023\/03\/ECOCRUISER_5.png","contentUrl":"https:\/\/projekt.vombat.ee\/eco\/wp-content\/uploads\/2023\/03\/ECOCRUISER_5.png","width":234,"height":91,"caption":"Ecocruiser"},"image":{"@id":"https:\/\/projekt.vombat.ee\/eco\/#\/schema\/logo\/image\/"}}]}},"lang":"et","translations":{"et":13859,"en":15910,"ru":16057,"fr":17004},"pll_sync_post":[],"_links":{"self":[{"href":"https:\/\/projekt.vombat.ee\/eco\/wp-json\/wp\/v2\/product\/13859"}],"collection":[{"href":"https:\/\/projekt.vombat.ee\/eco\/wp-json\/wp\/v2\/product"}],"about":[{"href":"https:\/\/projekt.vombat.ee\/eco\/wp-json\/wp\/v2\/types\/product"}],"version-history":[{"count":11,"href":"https:\/\/projekt.vombat.ee\/eco\/wp-json\/wp\/v2\/product\/13859\/revisions"}],"predecessor-version":[{"id":16362,"href":"https:\/\/projekt.vombat.ee\/eco\/wp-json\/wp\/v2\/product\/13859\/revisions\/16362"}],"wp:featuredmedia":[{"embeddable":true,"href":"https:\/\/projekt.vombat.ee\/eco\/wp-json\/wp\/v2\/media\/13875"}],"wp:attachment":[{"href":"https:\/\/projekt.vombat.ee\/eco\/wp-json\/wp\/v2\/media?parent=13859"}],"wp:term":[{"taxonomy":"product_cat","embeddable":true,"href":"https:\/\/projekt.vombat.ee\/eco\/wp-json\/wp\/v2\/product_cat?post=13859"},{"taxonomy":"product_tag","embeddable":true,"href":"https:\/\/projekt.vombat.ee\/eco\/wp-json\/wp\/v2\/product_tag?post=13859"}],"curies":[{"name":"wp","href":"https:\/\/api.w.org\/{rel}","templated":true}]}}