{"id":13578,"date":"2024-02-08T13:27:39","date_gmt":"2024-02-08T13:27:39","guid":{"rendered":"https:\/\/projekt.vombat.ee\/eco\/?post_type=product&#038;p=13578"},"modified":"2024-05-01T19:18:11","modified_gmt":"2024-05-01T19:18:11","slug":"burchda-rx80-elektriratas-120-km","status":"publish","type":"product","link":"https:\/\/projekt.vombat.ee\/eco\/pood\/elektrirattad\/burchda-rx80-elektriratas-120-km\/","title":{"rendered":"BURCHDA RX180 Elektriratas 120 km"},"content":{"rendered":"<h1>BURCHDA RX180 Elektriratas<\/h1>\n<p>Muutke iga s\u00f5it eriliseks BURCHDA RX180 elektrirattaga &#8211; tippkiirus 25km\/h ja 250W mootor tagavad p\u00f5nevuse, samal ajal kui stiilne disain peegeldab isikup\u00e4ra. Ideaalne kaaslane igal seiklusel!<\/p>\n<p><img fetchpriority=\"high\" decoding=\"async\" class=\"alignnone\" src=\"https:\/\/a.allegroimg.com\/original\/115446\/8e6b0a894cf2a2817db17a8f6e70\/Rower-Elektryczny-BURCHDA-RX80-1000W-17-5AH-PAS-120KM-Hamulec-hydrauliczny-Kolor-szary\" alt=\"BURCHDA RX80 Elektriratas\" width=\"1620\" height=\"1080\" \/><\/p>\n<p>BURCHDA RX180 Elektriratta 17.5Ah suure mahutavusega liitiumaku asub raami sees ja seda saab eraldada laadimiseks v\u00f5i hoolduseks, see on ohutu ja vastupidav ning annab jalgrattale stiilse v\u00e4limuse. Liitiumaku sisaldab kaitset \u00fclelaadimise, \u00fclepinge, voolukatkestuse, \u00fclekoormuse, automaatse v\u00e4ljal\u00fclituse, temperatuuri ja lahti\u00fchendamise funktsioone. Seega, isegi kui j\u00e4tate selle \u00fcle\u00f6\u00f6 laadima, pole vaja aku v\u00e4ljal\u00fclitamise p\u00e4rast muretseda \u2013 aku l\u00fclitub p\u00e4rast laadimist automaatselt v\u00e4lja.<\/p>\n<p><img decoding=\"async\" class=\"alignnone\" src=\"https:\/\/a.allegroimg.com\/original\/118f61\/3c7d3f174825b29a352d20e4eba6\/Rower-Elektryczny-BURCHDA-RX80-1000W-17-5AH-PAS-120KM-Hamulec-hydrauliczny-Rozmiar-kola-26\" alt=\"BURCHDA RX80 Elektriratas\" width=\"1000\" height=\"600\" \/><\/p>\n<p>BURCHDA RX180 Elektriratas mitmefunktsionaalne v\u00e4rviline LCD ekraan kuvab korraga mitmeid andmeid, sealhulgas kiirust, l\u00e4bitud vahemaad ja seadeid. LCD ekraani on lihtne kasutada samal ajal s\u00f5ites. USB-port v\u00f5imaldab teil p\u00e4evavalguses seadet laadida. RX80 m\u00f5istlik men\u00fc\u00fcnuppude jaotus, juhtimisala on samuti v\u00e4ga mugav kasutada, sellel on tuled, signaal, indikaatortuled ja kiirusliides juhtimiseks. Kui te pole varem elektriratast s\u00f5itnud, \u00f5pite RX80 rattal kiiresti k\u00f5iki selle funktsioone.<\/p>\n<p><img decoding=\"async\" class=\"alignnone\" src=\"https:\/\/a.allegroimg.com\/original\/11c0a5\/e3bc1bac41fbaca628e5968e63d7\/Rower-Elektryczny-BURCHDA-RX80-1000W-17-5AH-PAS-120KM-Hamulec-hydrauliczny-Akumulator-litowo-jonowy\" alt=\"BURCHDA RX80 Elektriratas\" width=\"802\" height=\"383\" \/><\/p>\n<p>&nbsp;<\/p>\n<p>H\u00fcdrauliline pidur l\u00fclitub toiteallikast v\u00e4lja, mootor katkestab automaatselt toite, kui see on sisse l\u00fclitatud, suurendades seel\u00e4bi s\u00f5idu ajal toiteallika ohutust. Kaks 160mm ketaspidurit tagavad t\u00f5husa pidurdusv\u00f5ime isegi k\u00f5ige keerulisemates tingimustes, lisaks on kallakutel h\u00f5lpsasti kasutatav piduril\u00fcliti. Olgu te siis linnas v\u00f5i maal, ohutu pidurdamine on h\u00e4davajalik.<\/p>\n<p><img loading=\"lazy\" decoding=\"async\" class=\"alignnone\" src=\"https:\/\/a.allegroimg.com\/original\/1195e9\/271ec35049beb7d8b575aa6cba66\/Rower-Elektryczny-BURCHDA-RX80-1000W-17-5AH-PAS-120KM-Hamulec-hydrauliczny-Moc-silnika-1000-W\" alt=\"BURCHDA RX80 Elektriratas\" width=\"670\" height=\"670\" \/><\/p>\n<p>BURCHDA RX180 mootor koos rattaajamiga pakub suurep\u00e4rast p\u00f6\u00f6rdemomenti ja j\u00f5udlust erinevatel teeoludel. V\u00f5imalik on saavutada lisakiirus 25 km\/h. Shimano k\u00e4iguvahetaja, v\u00e4nt ja tagumine \u00fcmberl\u00fclitaja muudavad selle 8-k\u00e4iguliseks s\u00fcsteemiks.<\/p>\n<p>&nbsp;<\/p>\n<p><img loading=\"lazy\" decoding=\"async\" class=\"alignnone\" src=\"https:\/\/a.allegroimg.com\/original\/1129f8\/732725f74b78b13c766e5449e690\/Rower-Elektryczny-BURCHDA-RX80-1000W-17-5AH-PAS-120KM-Hamulec-hydrauliczny-Material-ramy-aluminium\" alt=\"BURCHDA RX80 Elektriratas\" width=\"770\" height=\"589\" \/><\/p>\n<div class=\"w-full text-token-text-primary\" data-testid=\"conversation-turn-23\">\n<div class=\"px-4 py-2 justify-center text-base md:gap-6 m-auto\">\n<div class=\"flex flex-1 text-base mx-auto gap-3 md:px-5 lg:px-1 xl:px-5 md:max-w-3xl lg:max-w-[40rem] xl:max-w-[48rem] group\">\n<div class=\"relative flex w-full flex-col lg:w-[calc(100%-115px)] agent-turn\">\n<div class=\"flex-col gap-1 md:gap-3\">\n<div class=\"flex flex-grow flex-col max-w-full\">\n<div class=\"min-h-[20px] text-message flex flex-col items-start gap-3 whitespace-pre-wrap break-words [.text-message+&amp;]:mt-5 overflow-x-auto\" data-message-author-role=\"assistant\" data-message-id=\"0f25a1fb-45d1-40bc-a39a-003b958b7d9e\">\n<div class=\"markdown prose w-full break-words dark:prose-invert dark\">\n<p>RX180 pakub maastikus\u00f5idu kogemust ja lisav\u00f5imalusi, t\u00e4nu sellele, et sellel on kahekordne vedrustuss\u00fcsteem. Kasuta ketaspidureid vedrustuse reguleerimiseks, et see vastaks sinu eelistatud s\u00f5idustiilile. Pakkudes v\u00f5rdlematut pehmendust ja erakordset mugavust, suudab see v\u00f5imas s\u00f5iduk v\u00e4ljakutset pakkuvates maastikutingimustes hakkama saada, kuna s\u00fcsteem \u00fcletab k\u00f5ik muhud ja h\u00fcpped t\u00e4nu tugevale raamile ja kahekordsele vedrustuss\u00fcsteemile.<\/p>\n<p><img loading=\"lazy\" decoding=\"async\" class=\"alignnone\" src=\"https:\/\/a.allegroimg.com\/original\/11e141\/5c5d029642f291c9f7ac95351ec6\/Rower-Elektryczny-BURCHDA-RX80-1000W-17-5AH-PAS-120KM-Hamulec-hydrauliczny-Waga-33-kg\" alt=\"BURCHDA RX80 Elektriratas\" width=\"773\" height=\"706\" \/><\/p>\n<div class=\"w-full text-token-text-primary\" data-testid=\"conversation-turn-25\">\n<div class=\"px-4 py-2 justify-center text-base md:gap-6 m-auto\">\n<div class=\"flex flex-1 text-base mx-auto gap-3 md:px-5 lg:px-1 xl:px-5 md:max-w-3xl lg:max-w-[40rem] xl:max-w-[48rem] group\">\n<div class=\"relative flex w-full flex-col lg:w-[calc(100%-115px)] agent-turn\">\n<div class=\"flex-col gap-1 md:gap-3\">\n<div class=\"flex flex-grow flex-col max-w-full\">\n<div class=\"min-h-[20px] text-message flex flex-col items-start gap-3 whitespace-pre-wrap break-words [.text-message+&amp;]:mt-5 overflow-x-auto\" data-message-author-role=\"assistant\" data-message-id=\"c6e24c79-c7e3-41d8-81c9-c1661bfd848c\">\n<div class=\"markdown prose w-full break-words dark:prose-invert dark\">\n<p>Erksad esituled tagavad pimedas n\u00e4htavuse, valgustades kaugemale ja olles selgelt n\u00e4htavad. Reguleeritav iste suudab isegi konarlikel m\u00e4giteedel l\u00f6\u00f6ke h\u00e4sti summutada, muutes s\u00f5idukogemuse paremaks.<\/p>\n<\/div>\n<\/div>\n<\/div>\n<\/div>\n<\/div>\n<\/div>\n<\/div>\n<\/div>\n<\/div>\n<\/div>\n<\/div>\n<\/div>\n<\/div>\n<\/div>\n<\/div>\n<\/div>\n<p><span style=\"color: #2f2f2f; font-size: 24px; font-weight: 600;\">Info<\/span><\/p>\n<ul>\n<li><strong>Raam: <\/strong>26-tolline alumiiniumsulamist lumeraam.<\/li>\n<li><strong>Esiamort:<\/strong> Alumiiniumist kahvel mehaanilise jala lukustusega.<\/li>\n<li><strong>Mootor:<\/strong> 250W(piirajaga) harjadeta mootor.<\/li>\n<li><strong>Aku:<\/strong> 48V 17.5AH.<\/li>\n<li><strong>Laadimisaeg:<\/strong> 6 tundi<\/li>\n<li><strong>Kiirus:<\/strong> Kuni 25 km\/h.<\/li>\n<li><strong>Maksimaalne re\u017eiim:<\/strong> Maksimaalne vahemaa 100\u2013120KM.<\/li>\n<li><strong>Maksimaalne ronimisnurk:<\/strong> 30\u00b0.<\/li>\n<li><strong>Pidurid:<\/strong> DYISLAND \u00f5lipidur.<\/li>\n<li><strong>Turbolaadur:<\/strong> Viieastmeline.<\/li>\n<li><strong>Rattad:<\/strong> 26&#8243;*4.0.<\/li>\n<li><strong>Koormus:<\/strong> Kuni 200 kg.<\/li>\n<li><strong>Jalgratta tuled:<\/strong> LED esituli ja tagatuli.<\/li>\n<li><strong>Jalgratta signaal<\/strong>: Elektrooniline.<\/li>\n<li><strong>Ekraan:<\/strong> V\u00e4rviline LCD.<\/li>\n<li><strong>Jalgratta k\u00e4igud:<\/strong> Shimano 8 kiirust.<\/li>\n<li><strong>Lisafunktsioonid<\/strong>: Signaal, p\u00fcsikiiruse hoidja.<\/li>\n<li><strong>S\u00f5idure\u017eiimid:<\/strong> Elektrire\u017eiim, Jalgrattare\u017eiim, H\u00fcbriidre\u017eiim.<\/li>\n<li><strong>Kahekordne amortisaatoris\u00fcsteem:<\/strong> Tagab sujuva s\u00f5idu ka konarlikel teedel.<\/li>\n<li><strong>Iste:<\/strong>\u00a0 K\u00f5rguse reguleeritav iste.<\/li>\n<li><strong>Komplektis lisavarustus:<\/strong> Telefonihoidja, pump, t\u00f6\u00f6riistad, helkur, jalgrattaraam, lukk, laadija, jalgrattakiiver (v\u00e4rvus juhuslik).<\/li>\n<\/ul>\n<p><img loading=\"lazy\" decoding=\"async\" class=\"alignnone\" src=\"https:\/\/a.allegroimg.com\/original\/115cc0\/442048b245b3a81d2cf050c73377\/Rower-Elektryczny-BURCHDA-RX80-1000W-17-5AH-PAS-120KM-Hamulec-hydrauliczny\" alt=\"BURCHDA RX80 Elektriratas\" width=\"674\" height=\"674\" \/><\/p>\n<p>&nbsp;<\/p>\n","protected":false},"excerpt":{"rendered":"<p><strong>BURCHDA RX180 Elektriratas<\/strong><\/p>\n<p>&nbsp;<\/p>\n<ul>\n<li><strong>Raam: 26-tolline alumiiniumsulamist lumeraam.<\/strong><\/li>\n<li><strong>Kiirus: Kuni 25 km\/h.<\/strong><\/li>\n<li><strong>Maksimaalne re\u017eiim: Maksimaalne vahemaa 100\u2013120KM.<\/strong><\/li>\n<li><strong>Maksimaalne ronimisnurk: 30\u00b0.<\/strong><\/li>\n<li><strong>Pidurid: DYISLAND \u00f5lipidur.<\/strong><\/li>\n<li><strong>Rattad: 26&#8243;*4.0.<\/strong><\/li>\n<li><strong>Koormus: Kuni 200 kg.<\/strong><\/li>\n<li><strong>Jalgratta tuled: LED esituli ja tagatuli.<\/strong><\/li>\n<li><strong>Jalgratta k\u00e4igud: Shimano 8 kiirust.<\/strong><\/li>\n<\/ul>\n<p>&nbsp;<\/p>\n<p><strong>\u2666 Tarneaeg 2-6 p\u00e4eva<\/strong><br \/>\n<strong>\u2666 Laos<\/strong><\/p>\n","protected":false},"featured_media":13588,"template":"","meta":[],"product_cat":[52],"product_tag":[],"class_list":{"0":"post-13578","1":"product","2":"type-product","3":"status-publish","4":"has-post-thumbnail","6":"product_cat-elektrirattad","7":"product_shipping_class-suured-pakid","9":"first","10":"instock","11":"sale","12":"taxable","13":"shipping-taxable","14":"purchasable","15":"product-type-simple"},"yoast_head":"<!-- This site is optimized with the Yoast SEO plugin v23.8 - https:\/\/yoast.com\/wordpress\/plugins\/seo\/ -->\n<title>BURCHDA RX180 Elektriratas 120 km - Ecocruiser<\/title>\n<meta name=\"description\" content=\"Avastage BURCHDA RX180 elektriratas: 250W mootor, 25km\/h kiirus, Shimano k\u00e4igud ja LCD ekraan. Ideaalne nii maastiku- kui linnas\u00f5itudeks.\" \/>\n<meta name=\"robots\" content=\"noindex, follow, max-snippet:-1, max-image-preview:large, max-video-preview:-1\" \/>\n<meta property=\"og:locale\" content=\"en_GB\" \/>\n<meta property=\"og:type\" content=\"article\" \/>\n<meta property=\"og:title\" content=\"BURCHDA RX180 Elektriratas 120 km - Ecocruiser\" \/>\n<meta property=\"og:description\" content=\"Avastage BURCHDA RX180 elektriratas: 250W mootor, 25km\/h kiirus, Shimano k\u00e4igud ja LCD ekraan. Ideaalne nii maastiku- kui linnas\u00f5itudeks.\" \/>\n<meta property=\"og:url\" content=\"https:\/\/projekt.vombat.ee\/eco\/pood\/elektrirattad\/burchda-rx80-elektriratas-120-km\/\" \/>\n<meta property=\"og:site_name\" content=\"Ecocruiser\" \/>\n<meta property=\"article:modified_time\" content=\"2024-05-01T19:18:11+00:00\" \/>\n<meta property=\"og:image\" content=\"https:\/\/projekt.vombat.ee\/eco\/wp-content\/uploads\/2024\/01\/22-3.webp\" \/>\n\t<meta property=\"og:image:width\" content=\"800\" \/>\n\t<meta property=\"og:image:height\" content=\"800\" \/>\n\t<meta property=\"og:image:type\" content=\"image\/webp\" \/>\n<meta name=\"twitter:card\" content=\"summary_large_image\" \/>\n<meta name=\"twitter:label1\" content=\"Estimated reading time\" \/>\n\t<meta name=\"twitter:data1\" content=\"4 minutes\" \/>\n<script type=\"application\/ld+json\" class=\"yoast-schema-graph\">{\"@context\":\"https:\/\/schema.org\",\"@graph\":[{\"@type\":\"WebPage\",\"@id\":\"https:\/\/projekt.vombat.ee\/eco\/pood\/elektrirattad\/burchda-rx80-elektriratas-120-km\/\",\"url\":\"https:\/\/projekt.vombat.ee\/eco\/pood\/elektrirattad\/burchda-rx80-elektriratas-120-km\/\",\"name\":\"BURCHDA RX180 Elektriratas 120 km - Ecocruiser\",\"isPartOf\":{\"@id\":\"https:\/\/projekt.vombat.ee\/eco\/#website\"},\"primaryImageOfPage\":{\"@id\":\"https:\/\/projekt.vombat.ee\/eco\/pood\/elektrirattad\/burchda-rx80-elektriratas-120-km\/#primaryimage\"},\"image\":{\"@id\":\"https:\/\/projekt.vombat.ee\/eco\/pood\/elektrirattad\/burchda-rx80-elektriratas-120-km\/#primaryimage\"},\"thumbnailUrl\":\"https:\/\/projekt.vombat.ee\/eco\/wp-content\/uploads\/2024\/01\/22-3.webp\",\"datePublished\":\"2024-02-08T13:27:39+00:00\",\"dateModified\":\"2024-05-01T19:18:11+00:00\",\"description\":\"Avastage BURCHDA RX180 elektriratas: 250W mootor, 25km\/h kiirus, Shimano k\u00e4igud ja LCD ekraan. Ideaalne nii maastiku- kui linnas\u00f5itudeks.\",\"breadcrumb\":{\"@id\":\"https:\/\/projekt.vombat.ee\/eco\/pood\/elektrirattad\/burchda-rx80-elektriratas-120-km\/#breadcrumb\"},\"inLanguage\":\"en-GB\",\"potentialAction\":[{\"@type\":\"ReadAction\",\"target\":[\"https:\/\/projekt.vombat.ee\/eco\/pood\/elektrirattad\/burchda-rx80-elektriratas-120-km\/\"]}]},{\"@type\":\"ImageObject\",\"inLanguage\":\"en-GB\",\"@id\":\"https:\/\/projekt.vombat.ee\/eco\/pood\/elektrirattad\/burchda-rx80-elektriratas-120-km\/#primaryimage\",\"url\":\"https:\/\/projekt.vombat.ee\/eco\/wp-content\/uploads\/2024\/01\/22-3.webp\",\"contentUrl\":\"https:\/\/projekt.vombat.ee\/eco\/wp-content\/uploads\/2024\/01\/22-3.webp\",\"width\":800,\"height\":800,\"caption\":\"BURCHDA RX80 Elektriratas\"},{\"@type\":\"BreadcrumbList\",\"@id\":\"https:\/\/projekt.vombat.ee\/eco\/pood\/elektrirattad\/burchda-rx80-elektriratas-120-km\/#breadcrumb\",\"itemListElement\":[{\"@type\":\"ListItem\",\"position\":1,\"name\":\"Home\",\"item\":\"https:\/\/projekt.vombat.ee\/eco\/\"},{\"@type\":\"ListItem\",\"position\":2,\"name\":\"Pood\",\"item\":\"https:\/\/projekt.vombat.ee\/eco\/pood\/\"},{\"@type\":\"ListItem\",\"position\":3,\"name\":\"BURCHDA RX180 Elektriratas 120 km\"}]},{\"@type\":\"WebSite\",\"@id\":\"https:\/\/projekt.vombat.ee\/eco\/#website\",\"url\":\"https:\/\/projekt.vombat.ee\/eco\/\",\"name\":\"Ecocruiser\",\"description\":\"\",\"publisher\":{\"@id\":\"https:\/\/projekt.vombat.ee\/eco\/#organization\"},\"potentialAction\":[{\"@type\":\"SearchAction\",\"target\":{\"@type\":\"EntryPoint\",\"urlTemplate\":\"https:\/\/projekt.vombat.ee\/eco\/?s={search_term_string}\"},\"query-input\":{\"@type\":\"PropertyValueSpecification\",\"valueRequired\":true,\"valueName\":\"search_term_string\"}}],\"inLanguage\":\"en-GB\"},{\"@type\":\"Organization\",\"@id\":\"https:\/\/projekt.vombat.ee\/eco\/#organization\",\"name\":\"Ecocruiser\",\"url\":\"https:\/\/projekt.vombat.ee\/eco\/\",\"logo\":{\"@type\":\"ImageObject\",\"inLanguage\":\"en-GB\",\"@id\":\"https:\/\/projekt.vombat.ee\/eco\/#\/schema\/logo\/image\/\",\"url\":\"https:\/\/projekt.vombat.ee\/eco\/wp-content\/uploads\/2023\/03\/ECOCRUISER_5.png\",\"contentUrl\":\"https:\/\/projekt.vombat.ee\/eco\/wp-content\/uploads\/2023\/03\/ECOCRUISER_5.png\",\"width\":234,\"height\":91,\"caption\":\"Ecocruiser\"},\"image\":{\"@id\":\"https:\/\/projekt.vombat.ee\/eco\/#\/schema\/logo\/image\/\"}}]}<\/script>\n<!-- \/ Yoast SEO plugin. -->","yoast_head_json":{"title":"BURCHDA RX180 Elektriratas 120 km - Ecocruiser","description":"Avastage BURCHDA RX180 elektriratas: 250W mootor, 25km\/h kiirus, Shimano k\u00e4igud ja LCD ekraan. Ideaalne nii maastiku- kui linnas\u00f5itudeks.","robots":{"index":"noindex","follow":"follow","max-snippet":"max-snippet:-1","max-image-preview":"max-image-preview:large","max-video-preview":"max-video-preview:-1"},"og_locale":"en_GB","og_type":"article","og_title":"BURCHDA RX180 Elektriratas 120 km - Ecocruiser","og_description":"Avastage BURCHDA RX180 elektriratas: 250W mootor, 25km\/h kiirus, Shimano k\u00e4igud ja LCD ekraan. Ideaalne nii maastiku- kui linnas\u00f5itudeks.","og_url":"https:\/\/projekt.vombat.ee\/eco\/pood\/elektrirattad\/burchda-rx80-elektriratas-120-km\/","og_site_name":"Ecocruiser","article_modified_time":"2024-05-01T19:18:11+00:00","og_image":[{"width":800,"height":800,"url":"https:\/\/projekt.vombat.ee\/eco\/wp-content\/uploads\/2024\/01\/22-3.webp","type":"image\/webp"}],"twitter_card":"summary_large_image","twitter_misc":{"Estimated reading time":"4 minutes"},"schema":{"@context":"https:\/\/schema.org","@graph":[{"@type":"WebPage","@id":"https:\/\/projekt.vombat.ee\/eco\/pood\/elektrirattad\/burchda-rx80-elektriratas-120-km\/","url":"https:\/\/projekt.vombat.ee\/eco\/pood\/elektrirattad\/burchda-rx80-elektriratas-120-km\/","name":"BURCHDA RX180 Elektriratas 120 km - Ecocruiser","isPartOf":{"@id":"https:\/\/projekt.vombat.ee\/eco\/#website"},"primaryImageOfPage":{"@id":"https:\/\/projekt.vombat.ee\/eco\/pood\/elektrirattad\/burchda-rx80-elektriratas-120-km\/#primaryimage"},"image":{"@id":"https:\/\/projekt.vombat.ee\/eco\/pood\/elektrirattad\/burchda-rx80-elektriratas-120-km\/#primaryimage"},"thumbnailUrl":"https:\/\/projekt.vombat.ee\/eco\/wp-content\/uploads\/2024\/01\/22-3.webp","datePublished":"2024-02-08T13:27:39+00:00","dateModified":"2024-05-01T19:18:11+00:00","description":"Avastage BURCHDA RX180 elektriratas: 250W mootor, 25km\/h kiirus, Shimano k\u00e4igud ja LCD ekraan. Ideaalne nii maastiku- kui linnas\u00f5itudeks.","breadcrumb":{"@id":"https:\/\/projekt.vombat.ee\/eco\/pood\/elektrirattad\/burchda-rx80-elektriratas-120-km\/#breadcrumb"},"inLanguage":"en-GB","potentialAction":[{"@type":"ReadAction","target":["https:\/\/projekt.vombat.ee\/eco\/pood\/elektrirattad\/burchda-rx80-elektriratas-120-km\/"]}]},{"@type":"ImageObject","inLanguage":"en-GB","@id":"https:\/\/projekt.vombat.ee\/eco\/pood\/elektrirattad\/burchda-rx80-elektriratas-120-km\/#primaryimage","url":"https:\/\/projekt.vombat.ee\/eco\/wp-content\/uploads\/2024\/01\/22-3.webp","contentUrl":"https:\/\/projekt.vombat.ee\/eco\/wp-content\/uploads\/2024\/01\/22-3.webp","width":800,"height":800,"caption":"BURCHDA RX80 Elektriratas"},{"@type":"BreadcrumbList","@id":"https:\/\/projekt.vombat.ee\/eco\/pood\/elektrirattad\/burchda-rx80-elektriratas-120-km\/#breadcrumb","itemListElement":[{"@type":"ListItem","position":1,"name":"Home","item":"https:\/\/projekt.vombat.ee\/eco\/"},{"@type":"ListItem","position":2,"name":"Pood","item":"https:\/\/projekt.vombat.ee\/eco\/pood\/"},{"@type":"ListItem","position":3,"name":"BURCHDA RX180 Elektriratas 120 km"}]},{"@type":"WebSite","@id":"https:\/\/projekt.vombat.ee\/eco\/#website","url":"https:\/\/projekt.vombat.ee\/eco\/","name":"Ecocruiser","description":"","publisher":{"@id":"https:\/\/projekt.vombat.ee\/eco\/#organization"},"potentialAction":[{"@type":"SearchAction","target":{"@type":"EntryPoint","urlTemplate":"https:\/\/projekt.vombat.ee\/eco\/?s={search_term_string}"},"query-input":{"@type":"PropertyValueSpecification","valueRequired":true,"valueName":"search_term_string"}}],"inLanguage":"en-GB"},{"@type":"Organization","@id":"https:\/\/projekt.vombat.ee\/eco\/#organization","name":"Ecocruiser","url":"https:\/\/projekt.vombat.ee\/eco\/","logo":{"@type":"ImageObject","inLanguage":"en-GB","@id":"https:\/\/projekt.vombat.ee\/eco\/#\/schema\/logo\/image\/","url":"https:\/\/projekt.vombat.ee\/eco\/wp-content\/uploads\/2023\/03\/ECOCRUISER_5.png","contentUrl":"https:\/\/projekt.vombat.ee\/eco\/wp-content\/uploads\/2023\/03\/ECOCRUISER_5.png","width":234,"height":91,"caption":"Ecocruiser"},"image":{"@id":"https:\/\/projekt.vombat.ee\/eco\/#\/schema\/logo\/image\/"}}]}},"lang":"et","translations":{"et":13578},"pll_sync_post":[],"_links":{"self":[{"href":"https:\/\/projekt.vombat.ee\/eco\/wp-json\/wp\/v2\/product\/13578"}],"collection":[{"href":"https:\/\/projekt.vombat.ee\/eco\/wp-json\/wp\/v2\/product"}],"about":[{"href":"https:\/\/projekt.vombat.ee\/eco\/wp-json\/wp\/v2\/types\/product"}],"version-history":[{"count":5,"href":"https:\/\/projekt.vombat.ee\/eco\/wp-json\/wp\/v2\/product\/13578\/revisions"}],"predecessor-version":[{"id":16728,"href":"https:\/\/projekt.vombat.ee\/eco\/wp-json\/wp\/v2\/product\/13578\/revisions\/16728"}],"wp:featuredmedia":[{"embeddable":true,"href":"https:\/\/projekt.vombat.ee\/eco\/wp-json\/wp\/v2\/media\/13588"}],"wp:attachment":[{"href":"https:\/\/projekt.vombat.ee\/eco\/wp-json\/wp\/v2\/media?parent=13578"}],"wp:term":[{"taxonomy":"product_cat","embeddable":true,"href":"https:\/\/projekt.vombat.ee\/eco\/wp-json\/wp\/v2\/product_cat?post=13578"},{"taxonomy":"product_tag","embeddable":true,"href":"https:\/\/projekt.vombat.ee\/eco\/wp-json\/wp\/v2\/product_tag?post=13578"}],"curies":[{"name":"wp","href":"https:\/\/api.w.org\/{rel}","templated":true}]}}