{"id":13516,"date":"2024-02-02T08:54:59","date_gmt":"2024-02-02T08:54:59","guid":{"rendered":"https:\/\/projekt.vombat.ee\/eco\/?post_type=product&#038;p=13516"},"modified":"2024-02-29T04:12:33","modified_gmt":"2024-02-29T04:12:33","slug":"zosh-city-elektriline-toukeratas-70-km","status":"publish","type":"product","link":"https:\/\/projekt.vombat.ee\/eco\/pood\/elektritoukerattad\/linna-toukerattad\/zosh-city-elektriline-toukeratas-70-km\/","title":{"rendered":"ZOSH City elektriline t\u00f5ukeratas 70 km"},"content":{"rendered":"<h1>ZOSH City elektriline t\u00f5ukeratas<\/h1>\n<p>Liigu stiilselt ja vaevatult linnas ZOSH City elektrilise t\u00f5ukerattaga \u2013 kombineerides j\u00f5udluse, mugavuse ja kvaliteedi igal s\u00f5idul!<\/p>\n<p><img fetchpriority=\"high\" decoding=\"async\" class=\"alignnone\" src=\"https:\/\/www.zosh.fr\/wp-content\/uploads\/2023\/12\/zosh-city-25.jpg\" alt=\"ZOSH City elektriline t\u00f5ukeratas \" width=\"1620\" height=\"1080\" \/><\/p>\n<h3>Info<\/h3>\n<ul>\n<li><strong>Mootor: <\/strong>1 x 750 vatti mootor.<\/li>\n<li><strong>Aku: <\/strong>1152 Wh Prantsuse aku (M50LT LG elemendid). Eemaldatav 24 A\/h liitium\/ioon aku integreeritud raamistikku.<\/li>\n<li><strong>S\u00f5iduulatus: <\/strong>50 kuni 70 km s\u00f5ltuvalt linnatingimustest.<\/li>\n<li><strong>Laadja: <\/strong>9 amprine laadija, aku laetud alla 2 tunniga.<\/li>\n<li><strong>Materjal: <\/strong>K\u00f5rgekvaliteediline, vastupidav ja kerge terasest raamistik. Roostevabast terasest pakiraam.<\/li>\n<li><strong>Rattad: <\/strong>2 x 20-tollist FAT ratast.<\/li>\n<li><strong>Rehvid: <\/strong>Tugevdatud rehvid Kevlari ja nahast ribadega torkekindluseks.<\/li>\n<li><strong>Pidurid: <\/strong>Eesmised ja tagumised 2-kolvilised h\u00fcdraulilised pidurid (MAGURA).<\/li>\n<li><strong>Maksimaalne Kiirus: <\/strong>Lukustatud kiirusele 20 km\/h v\u00f5i 25 km\/h vastavalt riiklikele\/kohalikele m\u00e4\u00e4rustele.<\/li>\n<li><strong style=\"font-size: inherit;\">Sertifikaadid: <\/strong><span style=\"font-size: inherit;\">CE sertifikaat.<\/span><\/li>\n<li><strong>Kohandatavus: <\/strong>Kokkupandav lenks. Vedrustusega esihark.<\/li>\n<li><strong>Lisavarustus: <\/strong>Komplekt, mis sisaldab sarve ja eesmisi\/tagumisi LED-tulesid.<\/li>\n<li><strong>Kasutusmugavus: <\/strong>Suured rattad ja laiad rehvid stabiilsuseks ja turvalisuseks. Mugav ja kerge liikumine linnatingimustes.<\/li>\n<\/ul>\n","protected":false},"excerpt":{"rendered":"<p><strong>ZOSH City elektriline t\u00f5ukeratas<\/strong><\/p>\n<p>&nbsp;<\/p>\n<ul>\n<li><strong>Aku: Eemaldatav 24 A\/h liitium\/ioon aku <\/strong><\/li>\n<li><strong>S\u00f5iduulatus: 50 kuni 70 km\u00a0<\/strong><\/li>\n<li><strong>Laadja: 9 amprine\u00a0<\/strong><\/li>\n<li><strong>Materjal: Terasest raamistik<\/strong><\/li>\n<li><strong>Rattad: 2 x 20-tollist FAT ratast<\/strong><\/li>\n<li><strong>Rehvid: Tugevdatud rehvid<\/strong><\/li>\n<li><strong>Pidurid: 2-kolvilised h\u00fcdraulilised pidurid<\/strong><\/li>\n<li><strong>Maksimaalne Kiirus: 20 km\/h v\u00f5i 25 km\/h<\/strong><\/li>\n<li><strong>Kohandatavus: Kokkupandav lenks. Vedrustusega esihark.<\/strong><\/li>\n<li><strong>Lisavarustus: Komplekt, mis sisaldab sarve ja eesmisi\/tagumisi LED-tulesid.<\/strong><\/li>\n<li><strong>Kasutusmugavus: Suured rattad ja laiad rehvid stabiilsuseks ja turvalisuseks. Mugav ja kerge liikumine linnatingimustes.<\/strong><\/li>\n<\/ul>\n<p>&nbsp;<\/p>\n<p><strong>\u2666 Tarneaeg 2-7 p\u00e4eva<\/strong><br \/>\n<strong>\u2666 Laos<\/strong><\/p>\n<p>&nbsp;<\/p>\n","protected":false},"featured_media":13517,"template":"","meta":[],"product_cat":[53,909,911],"product_tag":[],"class_list":{"0":"post-13516","1":"product","2":"type-product","3":"status-publish","4":"has-post-thumbnail","6":"product_cat-elektritoukerattad","7":"product_cat-linna-toukerattad","8":"product_cat-voimsad-toukerattad","9":"product_shipping_class-suured-pakid","11":"first","12":"instock","13":"sale","14":"taxable","15":"shipping-taxable","16":"purchasable","17":"product-type-variable"},"yoast_head":"<!-- This site is optimized with the Yoast SEO plugin v23.8 - https:\/\/yoast.com\/wordpress\/plugins\/seo\/ -->\n<title>ZOSH City elektriline t\u00f5ukeratas 70 km - Ecocruiser<\/title>\n<meta name=\"description\" content=\"ZOSH City elektriline t\u00f5ukeratas: kerge, vastupidav ja lubab kuni 70 km ulatust. Ideaalne linnas\u00f5iduks, pakkudes mugavust, stabiilsust ja stiili.\" \/>\n<meta name=\"robots\" content=\"noindex, follow, max-snippet:-1, max-image-preview:large, max-video-preview:-1\" \/>\n<meta property=\"og:locale\" content=\"en_GB\" \/>\n<meta property=\"og:type\" content=\"article\" \/>\n<meta property=\"og:title\" content=\"ZOSH City elektriline t\u00f5ukeratas 70 km - Ecocruiser\" \/>\n<meta property=\"og:description\" content=\"ZOSH City elektriline t\u00f5ukeratas: kerge, vastupidav ja lubab kuni 70 km ulatust. Ideaalne linnas\u00f5iduks, pakkudes mugavust, stabiilsust ja stiili.\" \/>\n<meta property=\"og:url\" content=\"https:\/\/projekt.vombat.ee\/eco\/pood\/elektritoukerattad\/linna-toukerattad\/zosh-city-elektriline-toukeratas-70-km\/\" \/>\n<meta property=\"og:site_name\" content=\"Ecocruiser\" \/>\n<meta property=\"article:modified_time\" content=\"2024-02-29T04:12:33+00:00\" \/>\n<meta property=\"og:image\" content=\"https:\/\/projekt.vombat.ee\/eco\/wp-content\/uploads\/2024\/01\/2-3.jpg\" \/>\n\t<meta property=\"og:image:width\" content=\"1380\" \/>\n\t<meta property=\"og:image:height\" content=\"885\" \/>\n\t<meta property=\"og:image:type\" content=\"image\/jpeg\" \/>\n<meta name=\"twitter:card\" content=\"summary_large_image\" \/>\n<meta name=\"twitter:label1\" content=\"Estimated reading time\" \/>\n\t<meta name=\"twitter:data1\" content=\"2 minutes\" \/>\n<script type=\"application\/ld+json\" class=\"yoast-schema-graph\">{\"@context\":\"https:\/\/schema.org\",\"@graph\":[{\"@type\":\"WebPage\",\"@id\":\"https:\/\/projekt.vombat.ee\/eco\/pood\/elektritoukerattad\/linna-toukerattad\/zosh-city-elektriline-toukeratas-70-km\/\",\"url\":\"https:\/\/projekt.vombat.ee\/eco\/pood\/elektritoukerattad\/linna-toukerattad\/zosh-city-elektriline-toukeratas-70-km\/\",\"name\":\"ZOSH City elektriline t\u00f5ukeratas 70 km - Ecocruiser\",\"isPartOf\":{\"@id\":\"https:\/\/projekt.vombat.ee\/eco\/#website\"},\"primaryImageOfPage\":{\"@id\":\"https:\/\/projekt.vombat.ee\/eco\/pood\/elektritoukerattad\/linna-toukerattad\/zosh-city-elektriline-toukeratas-70-km\/#primaryimage\"},\"image\":{\"@id\":\"https:\/\/projekt.vombat.ee\/eco\/pood\/elektritoukerattad\/linna-toukerattad\/zosh-city-elektriline-toukeratas-70-km\/#primaryimage\"},\"thumbnailUrl\":\"https:\/\/projekt.vombat.ee\/eco\/wp-content\/uploads\/2024\/01\/2-3.jpg\",\"datePublished\":\"2024-02-02T08:54:59+00:00\",\"dateModified\":\"2024-02-29T04:12:33+00:00\",\"description\":\"ZOSH City elektriline t\u00f5ukeratas: kerge, vastupidav ja lubab kuni 70 km ulatust. Ideaalne linnas\u00f5iduks, pakkudes mugavust, stabiilsust ja stiili.\",\"breadcrumb\":{\"@id\":\"https:\/\/projekt.vombat.ee\/eco\/pood\/elektritoukerattad\/linna-toukerattad\/zosh-city-elektriline-toukeratas-70-km\/#breadcrumb\"},\"inLanguage\":\"en-GB\",\"potentialAction\":[{\"@type\":\"ReadAction\",\"target\":[\"https:\/\/projekt.vombat.ee\/eco\/pood\/elektritoukerattad\/linna-toukerattad\/zosh-city-elektriline-toukeratas-70-km\/\"]}]},{\"@type\":\"ImageObject\",\"inLanguage\":\"en-GB\",\"@id\":\"https:\/\/projekt.vombat.ee\/eco\/pood\/elektritoukerattad\/linna-toukerattad\/zosh-city-elektriline-toukeratas-70-km\/#primaryimage\",\"url\":\"https:\/\/projekt.vombat.ee\/eco\/wp-content\/uploads\/2024\/01\/2-3.jpg\",\"contentUrl\":\"https:\/\/projekt.vombat.ee\/eco\/wp-content\/uploads\/2024\/01\/2-3.jpg\",\"width\":1380,\"height\":885,\"caption\":\"ZOSH City elektriline t\u00f5ukeratas\"},{\"@type\":\"BreadcrumbList\",\"@id\":\"https:\/\/projekt.vombat.ee\/eco\/pood\/elektritoukerattad\/linna-toukerattad\/zosh-city-elektriline-toukeratas-70-km\/#breadcrumb\",\"itemListElement\":[{\"@type\":\"ListItem\",\"position\":1,\"name\":\"Home\",\"item\":\"https:\/\/projekt.vombat.ee\/eco\/\"},{\"@type\":\"ListItem\",\"position\":2,\"name\":\"Pood\",\"item\":\"https:\/\/projekt.vombat.ee\/eco\/pood\/\"},{\"@type\":\"ListItem\",\"position\":3,\"name\":\"ZOSH City elektriline t\u00f5ukeratas 70 km\"}]},{\"@type\":\"WebSite\",\"@id\":\"https:\/\/projekt.vombat.ee\/eco\/#website\",\"url\":\"https:\/\/projekt.vombat.ee\/eco\/\",\"name\":\"Ecocruiser\",\"description\":\"\",\"publisher\":{\"@id\":\"https:\/\/projekt.vombat.ee\/eco\/#organization\"},\"potentialAction\":[{\"@type\":\"SearchAction\",\"target\":{\"@type\":\"EntryPoint\",\"urlTemplate\":\"https:\/\/projekt.vombat.ee\/eco\/?s={search_term_string}\"},\"query-input\":{\"@type\":\"PropertyValueSpecification\",\"valueRequired\":true,\"valueName\":\"search_term_string\"}}],\"inLanguage\":\"en-GB\"},{\"@type\":\"Organization\",\"@id\":\"https:\/\/projekt.vombat.ee\/eco\/#organization\",\"name\":\"Ecocruiser\",\"url\":\"https:\/\/projekt.vombat.ee\/eco\/\",\"logo\":{\"@type\":\"ImageObject\",\"inLanguage\":\"en-GB\",\"@id\":\"https:\/\/projekt.vombat.ee\/eco\/#\/schema\/logo\/image\/\",\"url\":\"https:\/\/projekt.vombat.ee\/eco\/wp-content\/uploads\/2023\/03\/ECOCRUISER_5.png\",\"contentUrl\":\"https:\/\/projekt.vombat.ee\/eco\/wp-content\/uploads\/2023\/03\/ECOCRUISER_5.png\",\"width\":234,\"height\":91,\"caption\":\"Ecocruiser\"},\"image\":{\"@id\":\"https:\/\/projekt.vombat.ee\/eco\/#\/schema\/logo\/image\/\"}}]}<\/script>\n<!-- \/ Yoast SEO plugin. -->","yoast_head_json":{"title":"ZOSH City elektriline t\u00f5ukeratas 70 km - Ecocruiser","description":"ZOSH City elektriline t\u00f5ukeratas: kerge, vastupidav ja lubab kuni 70 km ulatust. Ideaalne linnas\u00f5iduks, pakkudes mugavust, stabiilsust ja stiili.","robots":{"index":"noindex","follow":"follow","max-snippet":"max-snippet:-1","max-image-preview":"max-image-preview:large","max-video-preview":"max-video-preview:-1"},"og_locale":"en_GB","og_type":"article","og_title":"ZOSH City elektriline t\u00f5ukeratas 70 km - Ecocruiser","og_description":"ZOSH City elektriline t\u00f5ukeratas: kerge, vastupidav ja lubab kuni 70 km ulatust. Ideaalne linnas\u00f5iduks, pakkudes mugavust, stabiilsust ja stiili.","og_url":"https:\/\/projekt.vombat.ee\/eco\/pood\/elektritoukerattad\/linna-toukerattad\/zosh-city-elektriline-toukeratas-70-km\/","og_site_name":"Ecocruiser","article_modified_time":"2024-02-29T04:12:33+00:00","og_image":[{"width":1380,"height":885,"url":"https:\/\/projekt.vombat.ee\/eco\/wp-content\/uploads\/2024\/01\/2-3.jpg","type":"image\/jpeg"}],"twitter_card":"summary_large_image","twitter_misc":{"Estimated reading time":"2 minutes"},"schema":{"@context":"https:\/\/schema.org","@graph":[{"@type":"WebPage","@id":"https:\/\/projekt.vombat.ee\/eco\/pood\/elektritoukerattad\/linna-toukerattad\/zosh-city-elektriline-toukeratas-70-km\/","url":"https:\/\/projekt.vombat.ee\/eco\/pood\/elektritoukerattad\/linna-toukerattad\/zosh-city-elektriline-toukeratas-70-km\/","name":"ZOSH City elektriline t\u00f5ukeratas 70 km - Ecocruiser","isPartOf":{"@id":"https:\/\/projekt.vombat.ee\/eco\/#website"},"primaryImageOfPage":{"@id":"https:\/\/projekt.vombat.ee\/eco\/pood\/elektritoukerattad\/linna-toukerattad\/zosh-city-elektriline-toukeratas-70-km\/#primaryimage"},"image":{"@id":"https:\/\/projekt.vombat.ee\/eco\/pood\/elektritoukerattad\/linna-toukerattad\/zosh-city-elektriline-toukeratas-70-km\/#primaryimage"},"thumbnailUrl":"https:\/\/projekt.vombat.ee\/eco\/wp-content\/uploads\/2024\/01\/2-3.jpg","datePublished":"2024-02-02T08:54:59+00:00","dateModified":"2024-02-29T04:12:33+00:00","description":"ZOSH City elektriline t\u00f5ukeratas: kerge, vastupidav ja lubab kuni 70 km ulatust. Ideaalne linnas\u00f5iduks, pakkudes mugavust, stabiilsust ja stiili.","breadcrumb":{"@id":"https:\/\/projekt.vombat.ee\/eco\/pood\/elektritoukerattad\/linna-toukerattad\/zosh-city-elektriline-toukeratas-70-km\/#breadcrumb"},"inLanguage":"en-GB","potentialAction":[{"@type":"ReadAction","target":["https:\/\/projekt.vombat.ee\/eco\/pood\/elektritoukerattad\/linna-toukerattad\/zosh-city-elektriline-toukeratas-70-km\/"]}]},{"@type":"ImageObject","inLanguage":"en-GB","@id":"https:\/\/projekt.vombat.ee\/eco\/pood\/elektritoukerattad\/linna-toukerattad\/zosh-city-elektriline-toukeratas-70-km\/#primaryimage","url":"https:\/\/projekt.vombat.ee\/eco\/wp-content\/uploads\/2024\/01\/2-3.jpg","contentUrl":"https:\/\/projekt.vombat.ee\/eco\/wp-content\/uploads\/2024\/01\/2-3.jpg","width":1380,"height":885,"caption":"ZOSH City elektriline t\u00f5ukeratas"},{"@type":"BreadcrumbList","@id":"https:\/\/projekt.vombat.ee\/eco\/pood\/elektritoukerattad\/linna-toukerattad\/zosh-city-elektriline-toukeratas-70-km\/#breadcrumb","itemListElement":[{"@type":"ListItem","position":1,"name":"Home","item":"https:\/\/projekt.vombat.ee\/eco\/"},{"@type":"ListItem","position":2,"name":"Pood","item":"https:\/\/projekt.vombat.ee\/eco\/pood\/"},{"@type":"ListItem","position":3,"name":"ZOSH City elektriline t\u00f5ukeratas 70 km"}]},{"@type":"WebSite","@id":"https:\/\/projekt.vombat.ee\/eco\/#website","url":"https:\/\/projekt.vombat.ee\/eco\/","name":"Ecocruiser","description":"","publisher":{"@id":"https:\/\/projekt.vombat.ee\/eco\/#organization"},"potentialAction":[{"@type":"SearchAction","target":{"@type":"EntryPoint","urlTemplate":"https:\/\/projekt.vombat.ee\/eco\/?s={search_term_string}"},"query-input":{"@type":"PropertyValueSpecification","valueRequired":true,"valueName":"search_term_string"}}],"inLanguage":"en-GB"},{"@type":"Organization","@id":"https:\/\/projekt.vombat.ee\/eco\/#organization","name":"Ecocruiser","url":"https:\/\/projekt.vombat.ee\/eco\/","logo":{"@type":"ImageObject","inLanguage":"en-GB","@id":"https:\/\/projekt.vombat.ee\/eco\/#\/schema\/logo\/image\/","url":"https:\/\/projekt.vombat.ee\/eco\/wp-content\/uploads\/2023\/03\/ECOCRUISER_5.png","contentUrl":"https:\/\/projekt.vombat.ee\/eco\/wp-content\/uploads\/2023\/03\/ECOCRUISER_5.png","width":234,"height":91,"caption":"Ecocruiser"},"image":{"@id":"https:\/\/projekt.vombat.ee\/eco\/#\/schema\/logo\/image\/"}}]}},"lang":"et","translations":{"et":13516},"pll_sync_post":[],"_links":{"self":[{"href":"https:\/\/projekt.vombat.ee\/eco\/wp-json\/wp\/v2\/product\/13516"}],"collection":[{"href":"https:\/\/projekt.vombat.ee\/eco\/wp-json\/wp\/v2\/product"}],"about":[{"href":"https:\/\/projekt.vombat.ee\/eco\/wp-json\/wp\/v2\/types\/product"}],"version-history":[{"count":1,"href":"https:\/\/projekt.vombat.ee\/eco\/wp-json\/wp\/v2\/product\/13516\/revisions"}],"predecessor-version":[{"id":13523,"href":"https:\/\/projekt.vombat.ee\/eco\/wp-json\/wp\/v2\/product\/13516\/revisions\/13523"}],"wp:featuredmedia":[{"embeddable":true,"href":"https:\/\/projekt.vombat.ee\/eco\/wp-json\/wp\/v2\/media\/13517"}],"wp:attachment":[{"href":"https:\/\/projekt.vombat.ee\/eco\/wp-json\/wp\/v2\/media?parent=13516"}],"wp:term":[{"taxonomy":"product_cat","embeddable":true,"href":"https:\/\/projekt.vombat.ee\/eco\/wp-json\/wp\/v2\/product_cat?post=13516"},{"taxonomy":"product_tag","embeddable":true,"href":"https:\/\/projekt.vombat.ee\/eco\/wp-json\/wp\/v2\/product_tag?post=13516"}],"curies":[{"name":"wp","href":"https:\/\/api.w.org\/{rel}","templated":true}]}}