{"id":13404,"date":"2024-01-29T07:10:07","date_gmt":"2024-01-29T07:10:07","guid":{"rendered":"https:\/\/projekt.vombat.ee\/eco\/?post_type=product&#038;p=13404"},"modified":"2024-05-01T19:47:02","modified_gmt":"2024-05-01T19:47:02","slug":"eleglide-m2-elektriratas-125-km","status":"publish","type":"product","link":"https:\/\/projekt.vombat.ee\/eco\/pood\/brandid\/eleglide\/eleglide-m2-elektriratas-125-km\/","title":{"rendered":"Eleglide M2 Elektriratas 125 km"},"content":{"rendered":"<h1>Eleglide M2 Elektriratas<\/h1>\n<p>Valluta iga maastik Eleglide M2 Elektrirattaga mis on disainitud selleks, et pakkuda v\u00f5imsat j\u00f5udlust ja usaldusv\u00e4\u00e4rset k\u00e4sitsemist k\u00f5ikjal kus seiklust otsid \u2013 olgu see metsaradadel v\u00f5i linnat\u00e4navatel. Koge suurep\u00e4rast s\u00f5iduulatust ja mugavust, et iga s\u00f5it oleks nauditavam.<\/p>\n<p><img fetchpriority=\"high\" decoding=\"async\" class=\"alignnone\" src=\"https:\/\/a.allegroimg.com\/original\/118796\/71e400c344d185496e41bc31f6c0\/ROWER-ELEKTRYCZNY-29-x-19-CALI-250W-15AH-25KM-H-125KM-8-BIEGOW-ELEGLIDE-M2-Moc-silnika-250-W\" alt=\"Eleglide M2 Elektriratas \" width=\"1920\" height=\"960\" \/><\/p>\n<p><span style=\"color: #2f2f2f; font-size: 24px; font-weight: 600;\">Info<\/span><\/p>\n<ul>\n<li><strong>Mootor:<\/strong> 250W harjavaba,<\/li>\n<li><strong>P\u00f6\u00f6rete arv minutis:<\/strong> M-250, L-231<\/li>\n<li><strong>Maksimaalne v\u00e4ljundv\u00f5imsus:<\/strong> 55 N<\/li>\n<li><strong>Nimipinge:<\/strong> 36V<\/li>\n<li><strong>Rehvid:<\/strong> Kenda, pneumaatilised kummirehvid, 27.5&#8243; ja 29&#8243;,soovitatav r\u00f5hk ees 50 PSI, taga 55 PSI<\/li>\n<li><strong>Maksimaalne kiirus:<\/strong> 25 km\/h.<\/li>\n<li><strong>S\u00f5iduulatus:<\/strong> kuni 125 km abire\u017eiimis<\/li>\n<li><strong>Aku:<\/strong> 36V, 15Ah.<\/li>\n<li><strong>Laadimisaeg:<\/strong> 10h, kaitse s\u00fcsteem<\/li>\n<li><strong>Materjal:<\/strong> Alumiiniumsulam<\/li>\n<li><strong>Pidurid:<\/strong> h\u00fcdraulilised ketaspidurid<\/li>\n<li><strong>K\u00e4igus\u00fcsteem:<\/strong> 24-k\u00e4iguline Shimano<\/li>\n<li><strong>Amortisaator:<\/strong> esimene h\u00fcdrauliline, lukustatav<\/li>\n<li><strong>Veekindlus:<\/strong> IPX4<\/li>\n<li><strong>Ekraan:<\/strong> 1.75&#8243; LCD, kuvab kiirust, aku taset, s\u00f5idu kaugust\/odomeetrit, abistavat taset, veakoodi, piduririkke indikaatori<\/li>\n<li><strong>Rakendus:<\/strong> &#8220;Eleglide&#8221; v\u00f5imaldab tulede sisse\/v\u00e4lja l\u00fclitamist, abitasemete vahetamist, ratta lukustamist\/avamist, parooli seadmist, ekraani heleduse kohandamist (iOS ja Android)<\/li>\n<\/ul>\n<p><img decoding=\"async\" class=\"alignnone\" src=\"https:\/\/a.allegroimg.com\/original\/11844c\/f167ee1a41c4bfc04649cf35ef52\/ROWER-ELEKTRYCZNY-29-x-19-CALI-250W-15AH-25KM-H-125KM-8-BIEGOW-ELEGLIDE-M2-Amortyzacja-przod\" alt=\"Eleglide M2 Elektriratas\" width=\"1920\" height=\"960\" \/><\/p>\n<h3><strong>Kaal ja m\u00f5\u00f5tmed<\/strong><\/h3>\n<ul>\n<li><strong>M\u00f5\u00f5tmed:<\/strong> M-1800x680x1060mm; L-\u00a01865x680x1070mm<\/li>\n<li><strong>Raami suurus:<\/strong> M 27.5&#8243;x18&#8243;, L 27.5&#8243;x18&#8243;<\/li>\n<li><strong>Sadula k\u00f5rgus maast:<\/strong> M 34.3&#8243;-41.7&#8243;, L 35.4&#8243;-42.9&#8243;<\/li>\n<li><strong>Kaal:<\/strong> M 22 kg, L 23 kg<\/li>\n<li><strong>Maksimaalne kandev\u00f5ime:<\/strong> 120 kg<\/li>\n<li><strong>Soovitatav s\u00f5itja pikkus:<\/strong> M-160-195cm, L-170-200cm<\/li>\n<li><strong>Pakendi m\u00f5\u00f5tmed:<\/strong> M-1480x240x770mm, L-1500x230x790mm<\/li>\n<li><strong>Pakendi kaal:<\/strong> M-27.5kg, L-31kg<\/li>\n<\/ul>\n","protected":false},"excerpt":{"rendered":"<p><strong>Eleglide M2 Elektriratas<\/strong><\/p>\n<p>&nbsp;<\/p>\n<ul>\n<li><strong>Maksimaalne kiirus:<\/strong> 25 km\/h.<\/li>\n<li><strong>S\u00f5iduulatus:<\/strong> kuni 125 km abire\u017eiimis<\/li>\n<li><strong>Aku:<\/strong> 36V, 15Ah.<\/li>\n<li><strong>Laadimisaeg:<\/strong> 10h<\/li>\n<li><strong>Materjal:<\/strong> Alumiiniumsulam<\/li>\n<li><strong>Pidurid:<\/strong> h\u00fcdraulilised ketaspidurid<\/li>\n<li><strong>K\u00e4igus\u00fcsteem:<\/strong> 24-k\u00e4iguline Shimano<\/li>\n<li><strong>Veekindlus:<\/strong> IPX4<\/li>\n<li><strong>Ekraan:<\/strong> 1.75&#8243; LCD<\/li>\n<li><strong>Rakendus:<\/strong> (iOS ja Android)<\/li>\n<\/ul>\n<ul>\n<li><strong>Maksimaalne kandev\u00f5ime:<\/strong> 120 kg<\/li>\n<li><strong>Soovitatav s\u00f5itja pikkus:<\/strong> M-160-195cm, L-170-200cm<\/li>\n<\/ul>\n<p>&nbsp;<\/p>\n<p><strong>\u2666 Tarneaeg 2-6 p\u00e4eva<\/strong><br \/>\n<strong>\u2666 Laos<\/strong><\/p>\n<p>&nbsp;<\/p>\n","protected":false},"featured_media":13407,"template":"","meta":[],"product_cat":[52,901,903,905],"product_tag":[],"class_list":{"0":"post-13404","1":"product","2":"type-product","3":"status-publish","4":"has-post-thumbnail","6":"product_cat-elektrirattad","7":"product_cat-eleglide","8":"product_cat-linnarattad","9":"product_cat-maastikurattad","11":"first","12":"instock","13":"sale","14":"taxable","15":"shipping-taxable","16":"purchasable","17":"product-type-variable"},"yoast_head":"<!-- This site is optimized with the Yoast SEO plugin v23.8 - https:\/\/yoast.com\/wordpress\/plugins\/seo\/ -->\n<title>Eleglide M2 Elektriratas 125 km - Ecocruiser<\/title>\n<meta name=\"description\" content=\"Eleglide M2: Vastupidav elektriratas, kuni 125 km ulatuse ja 120 kg kandev\u00f5imega. Nutikas, mugav ja loodud maastikule \u2013 koge vabadust!\" \/>\n<meta name=\"robots\" content=\"noindex, follow, max-snippet:-1, max-image-preview:large, max-video-preview:-1\" \/>\n<meta property=\"og:locale\" content=\"en_GB\" \/>\n<meta property=\"og:type\" content=\"article\" \/>\n<meta property=\"og:title\" content=\"Eleglide M2 Elektriratas 125 km - Ecocruiser\" \/>\n<meta property=\"og:description\" content=\"Eleglide M2: Vastupidav elektriratas, kuni 125 km ulatuse ja 120 kg kandev\u00f5imega. Nutikas, mugav ja loodud maastikule \u2013 koge vabadust!\" \/>\n<meta property=\"og:url\" content=\"https:\/\/projekt.vombat.ee\/eco\/pood\/brandid\/eleglide\/eleglide-m2-elektriratas-125-km\/\" \/>\n<meta property=\"og:site_name\" content=\"Ecocruiser\" \/>\n<meta property=\"article:modified_time\" content=\"2024-05-01T19:47:02+00:00\" \/>\n<meta property=\"og:image\" content=\"https:\/\/projekt.vombat.ee\/eco\/wp-content\/uploads\/2024\/01\/1-11.webp\" \/>\n\t<meta property=\"og:image:width\" content=\"1000\" \/>\n\t<meta property=\"og:image:height\" content=\"1000\" \/>\n\t<meta property=\"og:image:type\" content=\"image\/webp\" \/>\n<meta name=\"twitter:card\" content=\"summary_large_image\" \/>\n<meta name=\"twitter:label1\" content=\"Estimated reading time\" \/>\n\t<meta name=\"twitter:data1\" content=\"2 minutes\" \/>\n<script type=\"application\/ld+json\" class=\"yoast-schema-graph\">{\"@context\":\"https:\/\/schema.org\",\"@graph\":[{\"@type\":\"WebPage\",\"@id\":\"https:\/\/projekt.vombat.ee\/eco\/pood\/brandid\/eleglide\/eleglide-m2-elektriratas-125-km\/\",\"url\":\"https:\/\/projekt.vombat.ee\/eco\/pood\/brandid\/eleglide\/eleglide-m2-elektriratas-125-km\/\",\"name\":\"Eleglide M2 Elektriratas 125 km - Ecocruiser\",\"isPartOf\":{\"@id\":\"https:\/\/projekt.vombat.ee\/eco\/#website\"},\"primaryImageOfPage\":{\"@id\":\"https:\/\/projekt.vombat.ee\/eco\/pood\/brandid\/eleglide\/eleglide-m2-elektriratas-125-km\/#primaryimage\"},\"image\":{\"@id\":\"https:\/\/projekt.vombat.ee\/eco\/pood\/brandid\/eleglide\/eleglide-m2-elektriratas-125-km\/#primaryimage\"},\"thumbnailUrl\":\"https:\/\/projekt.vombat.ee\/eco\/wp-content\/uploads\/2024\/01\/1-11.webp\",\"datePublished\":\"2024-01-29T07:10:07+00:00\",\"dateModified\":\"2024-05-01T19:47:02+00:00\",\"description\":\"Eleglide M2: Vastupidav elektriratas, kuni 125 km ulatuse ja 120 kg kandev\u00f5imega. Nutikas, mugav ja loodud maastikule \u2013 koge vabadust!\",\"breadcrumb\":{\"@id\":\"https:\/\/projekt.vombat.ee\/eco\/pood\/brandid\/eleglide\/eleglide-m2-elektriratas-125-km\/#breadcrumb\"},\"inLanguage\":\"en-GB\",\"potentialAction\":[{\"@type\":\"ReadAction\",\"target\":[\"https:\/\/projekt.vombat.ee\/eco\/pood\/brandid\/eleglide\/eleglide-m2-elektriratas-125-km\/\"]}]},{\"@type\":\"ImageObject\",\"inLanguage\":\"en-GB\",\"@id\":\"https:\/\/projekt.vombat.ee\/eco\/pood\/brandid\/eleglide\/eleglide-m2-elektriratas-125-km\/#primaryimage\",\"url\":\"https:\/\/projekt.vombat.ee\/eco\/wp-content\/uploads\/2024\/01\/1-11.webp\",\"contentUrl\":\"https:\/\/projekt.vombat.ee\/eco\/wp-content\/uploads\/2024\/01\/1-11.webp\",\"width\":1000,\"height\":1000,\"caption\":\"Eleglide M2 Elektriratas\"},{\"@type\":\"BreadcrumbList\",\"@id\":\"https:\/\/projekt.vombat.ee\/eco\/pood\/brandid\/eleglide\/eleglide-m2-elektriratas-125-km\/#breadcrumb\",\"itemListElement\":[{\"@type\":\"ListItem\",\"position\":1,\"name\":\"Home\",\"item\":\"https:\/\/projekt.vombat.ee\/eco\/\"},{\"@type\":\"ListItem\",\"position\":2,\"name\":\"Pood\",\"item\":\"https:\/\/projekt.vombat.ee\/eco\/pood\/\"},{\"@type\":\"ListItem\",\"position\":3,\"name\":\"Eleglide M2 Elektriratas 125 km\"}]},{\"@type\":\"WebSite\",\"@id\":\"https:\/\/projekt.vombat.ee\/eco\/#website\",\"url\":\"https:\/\/projekt.vombat.ee\/eco\/\",\"name\":\"Ecocruiser\",\"description\":\"\",\"publisher\":{\"@id\":\"https:\/\/projekt.vombat.ee\/eco\/#organization\"},\"potentialAction\":[{\"@type\":\"SearchAction\",\"target\":{\"@type\":\"EntryPoint\",\"urlTemplate\":\"https:\/\/projekt.vombat.ee\/eco\/?s={search_term_string}\"},\"query-input\":{\"@type\":\"PropertyValueSpecification\",\"valueRequired\":true,\"valueName\":\"search_term_string\"}}],\"inLanguage\":\"en-GB\"},{\"@type\":\"Organization\",\"@id\":\"https:\/\/projekt.vombat.ee\/eco\/#organization\",\"name\":\"Ecocruiser\",\"url\":\"https:\/\/projekt.vombat.ee\/eco\/\",\"logo\":{\"@type\":\"ImageObject\",\"inLanguage\":\"en-GB\",\"@id\":\"https:\/\/projekt.vombat.ee\/eco\/#\/schema\/logo\/image\/\",\"url\":\"https:\/\/projekt.vombat.ee\/eco\/wp-content\/uploads\/2023\/03\/ECOCRUISER_5.png\",\"contentUrl\":\"https:\/\/projekt.vombat.ee\/eco\/wp-content\/uploads\/2023\/03\/ECOCRUISER_5.png\",\"width\":234,\"height\":91,\"caption\":\"Ecocruiser\"},\"image\":{\"@id\":\"https:\/\/projekt.vombat.ee\/eco\/#\/schema\/logo\/image\/\"}}]}<\/script>\n<!-- \/ Yoast SEO plugin. -->","yoast_head_json":{"title":"Eleglide M2 Elektriratas 125 km - Ecocruiser","description":"Eleglide M2: Vastupidav elektriratas, kuni 125 km ulatuse ja 120 kg kandev\u00f5imega. Nutikas, mugav ja loodud maastikule \u2013 koge vabadust!","robots":{"index":"noindex","follow":"follow","max-snippet":"max-snippet:-1","max-image-preview":"max-image-preview:large","max-video-preview":"max-video-preview:-1"},"og_locale":"en_GB","og_type":"article","og_title":"Eleglide M2 Elektriratas 125 km - Ecocruiser","og_description":"Eleglide M2: Vastupidav elektriratas, kuni 125 km ulatuse ja 120 kg kandev\u00f5imega. Nutikas, mugav ja loodud maastikule \u2013 koge vabadust!","og_url":"https:\/\/projekt.vombat.ee\/eco\/pood\/brandid\/eleglide\/eleglide-m2-elektriratas-125-km\/","og_site_name":"Ecocruiser","article_modified_time":"2024-05-01T19:47:02+00:00","og_image":[{"width":1000,"height":1000,"url":"https:\/\/projekt.vombat.ee\/eco\/wp-content\/uploads\/2024\/01\/1-11.webp","type":"image\/webp"}],"twitter_card":"summary_large_image","twitter_misc":{"Estimated reading time":"2 minutes"},"schema":{"@context":"https:\/\/schema.org","@graph":[{"@type":"WebPage","@id":"https:\/\/projekt.vombat.ee\/eco\/pood\/brandid\/eleglide\/eleglide-m2-elektriratas-125-km\/","url":"https:\/\/projekt.vombat.ee\/eco\/pood\/brandid\/eleglide\/eleglide-m2-elektriratas-125-km\/","name":"Eleglide M2 Elektriratas 125 km - Ecocruiser","isPartOf":{"@id":"https:\/\/projekt.vombat.ee\/eco\/#website"},"primaryImageOfPage":{"@id":"https:\/\/projekt.vombat.ee\/eco\/pood\/brandid\/eleglide\/eleglide-m2-elektriratas-125-km\/#primaryimage"},"image":{"@id":"https:\/\/projekt.vombat.ee\/eco\/pood\/brandid\/eleglide\/eleglide-m2-elektriratas-125-km\/#primaryimage"},"thumbnailUrl":"https:\/\/projekt.vombat.ee\/eco\/wp-content\/uploads\/2024\/01\/1-11.webp","datePublished":"2024-01-29T07:10:07+00:00","dateModified":"2024-05-01T19:47:02+00:00","description":"Eleglide M2: Vastupidav elektriratas, kuni 125 km ulatuse ja 120 kg kandev\u00f5imega. Nutikas, mugav ja loodud maastikule \u2013 koge vabadust!","breadcrumb":{"@id":"https:\/\/projekt.vombat.ee\/eco\/pood\/brandid\/eleglide\/eleglide-m2-elektriratas-125-km\/#breadcrumb"},"inLanguage":"en-GB","potentialAction":[{"@type":"ReadAction","target":["https:\/\/projekt.vombat.ee\/eco\/pood\/brandid\/eleglide\/eleglide-m2-elektriratas-125-km\/"]}]},{"@type":"ImageObject","inLanguage":"en-GB","@id":"https:\/\/projekt.vombat.ee\/eco\/pood\/brandid\/eleglide\/eleglide-m2-elektriratas-125-km\/#primaryimage","url":"https:\/\/projekt.vombat.ee\/eco\/wp-content\/uploads\/2024\/01\/1-11.webp","contentUrl":"https:\/\/projekt.vombat.ee\/eco\/wp-content\/uploads\/2024\/01\/1-11.webp","width":1000,"height":1000,"caption":"Eleglide M2 Elektriratas"},{"@type":"BreadcrumbList","@id":"https:\/\/projekt.vombat.ee\/eco\/pood\/brandid\/eleglide\/eleglide-m2-elektriratas-125-km\/#breadcrumb","itemListElement":[{"@type":"ListItem","position":1,"name":"Home","item":"https:\/\/projekt.vombat.ee\/eco\/"},{"@type":"ListItem","position":2,"name":"Pood","item":"https:\/\/projekt.vombat.ee\/eco\/pood\/"},{"@type":"ListItem","position":3,"name":"Eleglide M2 Elektriratas 125 km"}]},{"@type":"WebSite","@id":"https:\/\/projekt.vombat.ee\/eco\/#website","url":"https:\/\/projekt.vombat.ee\/eco\/","name":"Ecocruiser","description":"","publisher":{"@id":"https:\/\/projekt.vombat.ee\/eco\/#organization"},"potentialAction":[{"@type":"SearchAction","target":{"@type":"EntryPoint","urlTemplate":"https:\/\/projekt.vombat.ee\/eco\/?s={search_term_string}"},"query-input":{"@type":"PropertyValueSpecification","valueRequired":true,"valueName":"search_term_string"}}],"inLanguage":"en-GB"},{"@type":"Organization","@id":"https:\/\/projekt.vombat.ee\/eco\/#organization","name":"Ecocruiser","url":"https:\/\/projekt.vombat.ee\/eco\/","logo":{"@type":"ImageObject","inLanguage":"en-GB","@id":"https:\/\/projekt.vombat.ee\/eco\/#\/schema\/logo\/image\/","url":"https:\/\/projekt.vombat.ee\/eco\/wp-content\/uploads\/2023\/03\/ECOCRUISER_5.png","contentUrl":"https:\/\/projekt.vombat.ee\/eco\/wp-content\/uploads\/2023\/03\/ECOCRUISER_5.png","width":234,"height":91,"caption":"Ecocruiser"},"image":{"@id":"https:\/\/projekt.vombat.ee\/eco\/#\/schema\/logo\/image\/"}}]}},"lang":"et","translations":{"et":13404},"pll_sync_post":[],"_links":{"self":[{"href":"https:\/\/projekt.vombat.ee\/eco\/wp-json\/wp\/v2\/product\/13404"}],"collection":[{"href":"https:\/\/projekt.vombat.ee\/eco\/wp-json\/wp\/v2\/product"}],"about":[{"href":"https:\/\/projekt.vombat.ee\/eco\/wp-json\/wp\/v2\/types\/product"}],"version-history":[{"count":8,"href":"https:\/\/projekt.vombat.ee\/eco\/wp-json\/wp\/v2\/product\/13404\/revisions"}],"predecessor-version":[{"id":16741,"href":"https:\/\/projekt.vombat.ee\/eco\/wp-json\/wp\/v2\/product\/13404\/revisions\/16741"}],"wp:featuredmedia":[{"embeddable":true,"href":"https:\/\/projekt.vombat.ee\/eco\/wp-json\/wp\/v2\/media\/13407"}],"wp:attachment":[{"href":"https:\/\/projekt.vombat.ee\/eco\/wp-json\/wp\/v2\/media?parent=13404"}],"wp:term":[{"taxonomy":"product_cat","embeddable":true,"href":"https:\/\/projekt.vombat.ee\/eco\/wp-json\/wp\/v2\/product_cat?post=13404"},{"taxonomy":"product_tag","embeddable":true,"href":"https:\/\/projekt.vombat.ee\/eco\/wp-json\/wp\/v2\/product_tag?post=13404"}],"curies":[{"name":"wp","href":"https:\/\/api.w.org\/{rel}","templated":true}]}}