{"id":13173,"date":"2024-01-08T10:07:20","date_gmt":"2024-01-08T10:07:20","guid":{"rendered":"https:\/\/projekt.vombat.ee\/eco\/?post_type=product&#038;p=13173"},"modified":"2024-05-02T16:57:44","modified_gmt":"2024-05-02T16:57:44","slug":"fafrees-f20-x-max-ektrijalgratas","status":"publish","type":"product","link":"https:\/\/projekt.vombat.ee\/eco\/pood\/elektrirattad\/linnarattad\/fafrees-f20-x-max-ektrijalgratas\/","title":{"rendered":"Fafrees F20 X-Max Ektrijalgratas, 140km"},"content":{"rendered":"<h3>Fafrees F20 X-Max Ektrijalgratas<\/h3>\n<p>Valmistuge erakordseks reisiks meie F20 X-Max kokkupandava e-jalgrattaga. jalgrattaga Oma 48V 30Ah hiiglasliku liitiumaku, v\u00f5imsa 250W rummumootori, v\u00f5rratu mugavuse tagamiseks kolmekordse vedrustuse ja ruumis\u00e4\u00e4stliku kokkupandava disainiga on see eksklusiivne elektrijalgratas midagi enamat kui lihtsalt s\u00f5iduk; see on v\u00e4rav mugavuse, seikluste ja l\u00f5putute v\u00f5imaluste elustiili juurde. T\u00e4iuslikult v\u00e4lja t\u00f6\u00f6tatud, \u00fchendab see h\u00fcdraulilised ketaspidurid, esi- ja tagatuled suunatuledega ning esi- ja tagapagasiruumid, et tagada \u00fclim ohutus, n\u00e4htavus ja praktilisus. Olge valmis oma liikumisviisi uuesti m\u00e4\u00e4ratlema ja oma elustiili parandama. \u00dckski sihtkoht pole liiga kaugel, \u00fckski k\u00fcngas pole liiga j\u00e4rsk ega \u00fckski seiklus pole liiga keeruline.<\/p>\n<p>&nbsp;<\/p>\n<p><strong>INFO<\/strong><\/p>\n<ul>\n<li>Br\u00e4nd: Fafrees<\/li>\n<li>S\u00f5iduulatus: 120-140 km<\/li>\n<li>Vaikimisi on kiirus 25 km\/h<\/li>\n<li>Aku: 48V 30Ah<\/li>\n<li>Pedal Assist 3 taset<\/li>\n<li>Vedrustuse esivedrukahvlid ja tagumised amortisaatorid ja istme amortisaator<\/li>\n<li>K\u00e4igukast SHIMANO 7 kiirust<\/li>\n<li>Rehvid CST 20&#8243;*4,0&#8243;<\/li>\n<li>Kokkupandavad osad Lenks, Raam, Pedaalid<\/li>\n<\/ul>\n<p><img decoding=\"async\" src=\"https:\/\/cdn.shopify.com\/s\/files\/1\/0666\/5004\/6756\/files\/7_99cddc82-6a06-49c0-be16-21fa8bf31159.jpg?v=1697696951\" \/><\/p>\n<ul>\n<li>Ratta kaal on 49 kg<\/li>\n<li>Kaal Kandev\u00f5ime 150 kg<\/li>\n<li>S\u00f5itja pikkus 165-210cm<\/li>\n<li>Mootor 250 W (konstantne) 980 W (max), 48 V harjadeta tagumise rummu mootor<\/li>\n<\/ul>\n<p><img decoding=\"async\" src=\"https:\/\/cdn.shopify.com\/s\/files\/1\/0666\/5004\/6756\/files\/2_bc978b86-bfc5-4eac-b1dd-c17a02100482.jpg?v=1697696951\" \/><\/p>\n<p>&nbsp;<\/p>\n<ul>\n<li>Maksimaalne p\u00f6\u00f6rdemoment 65 N.M<\/li>\n<li>Liitiumioonaku 48V, 30Ah (1440Wh) Samsungi elementidega<\/li>\n<\/ul>\n<p><img decoding=\"async\" src=\"https:\/\/cdn.shopify.com\/s\/files\/1\/0666\/5004\/6756\/files\/3_e17ab544-c06a-46f6-9430-665e81bc7a54.jpg?v=1697696951\" \/><\/p>\n<p>&nbsp;<\/p>\n<ul>\n<li>Gaasihoovastik Twist Drossel<\/li>\n<li>Laadija 48V 3AH Laadija, laadimine 9 tundi<\/li>\n<li>Ekraan LCD Smart Easy Read ekraan, v\u00e4rviline ekraan<\/li>\n<\/ul>\n<p><img decoding=\"async\" src=\"https:\/\/cdn.shopify.com\/s\/files\/1\/0666\/5004\/6756\/files\/4_28ea7af3-1caf-4c3d-869d-da2535c6dbfe.jpg?v=1697696951\" \/><\/p>\n<p>&nbsp;<\/p>\n<ul>\n<li>Andur Cadensi andur<\/li>\n<li>Raam K\u00f5rge t\u00f5mbetugevusega teras<\/li>\n<li>Rool Alumiinium 25,4mm, 620mm<\/li>\n<li>Kahvli vedrustus, k\u00e4ik 50 mm<\/li>\n<\/ul>\n<p><img decoding=\"async\" src=\"https:\/\/cdn.shopify.com\/s\/files\/1\/0666\/5004\/6756\/files\/5_8e7f9a8c-bb6c-4bbb-b1c7-73a3a3c85806.jpg?v=1697696951\" \/><\/p>\n<p>&nbsp;<\/p>\n<ul>\n<li>Pidurid H\u00fcdrauliline piduris\u00fcsteem koos 160 mm kauakestvate klotside ja kuulrambi ajamiga annab kangile siidiselt sujuva tunde ja uskumatu haardej\u00f5u.\u00a0See v\u00e4hendab oluliselt pidurdusteekonda vaid \u00fche meetrini ja meie reaktsiooniaega \u00fche sekundini.<\/li>\n<\/ul>\n<p><img decoding=\"async\" src=\"https:\/\/cdn.shopify.com\/s\/files\/1\/0666\/5004\/6756\/files\/6_71cded0a-9545-4a16-9b5b-1059450d9638.jpg?v=1697696951\" \/><\/p>\n<p>&nbsp;<\/p>\n<ul>\n<li>K\u00e4igukast SHIMANO 7 kiirust<\/li>\n<li>Alumiiniumveljed 36h ees ja taga<\/li>\n<li>Torud but\u00fc\u00fclkummist, Schraderi ventiil<\/li>\n<li>Esitule LED pirn<\/li>\n<li>Tagatulede pidurituli suunatuledega<\/li>\n<\/ul>\n<p><img decoding=\"async\" src=\"https:\/\/cdn.shopify.com\/s\/files\/1\/0666\/5004\/6756\/files\/8_c0f7e7d5-a144-4b05-ae62-f5fdb53cb437.jpg?v=1697696950\" \/><\/p>\n<p>&nbsp;<\/p>\n<ul>\n<li>Ketir\u00f5ngas 152mm koos 52T-ga<\/li>\n<li>Pedaalid Kokkupandavad pedaalid<\/li>\n<li>Iste Silikoonist Iste<\/li>\n<li>Istmetugi Teras, 31,8*290mm amortisaatoriga<\/li>\n<li>Statiiv, kaasas tagumine kronstein<\/li>\n<li>M\u00f5\u00f5dud:<\/li>\n<\/ul>\n<p><img decoding=\"async\" src=\"https:\/\/cdn.shopify.com\/s\/files\/1\/0666\/5004\/6756\/files\/10_d6d8d03f-de5a-4866-8a7f-7aa1dcc38c7a.jpg?v=1697696951\" \/><\/p>\n<p>&nbsp;<\/p>\n<p>&nbsp;<\/p>\n","protected":false},"excerpt":{"rendered":"<h4>Fafrees F20 X-Max Ektrijalgratas<\/h4>\n<ul>\n<li>Kiirus 25km\/h(piirajaga)<\/li>\n<li>Mootor 250 W<\/li>\n<li>Aku: 48V 30Ah<\/li>\n<li>Rehvid\u00a0 CST 20&#8243;*4.0&#8243;<\/li>\n<li>Kaal 49 KG<\/li>\n<li>M\u00f5\u00f5dud 186 x 132 cm, pakitult 105 x 45 x 76 cm<\/li>\n<li>Kandev\u00f5ime 150kg<\/li>\n<li>Sobib s\u00f5itjale pikkusega: 165-210 cm<\/li>\n<\/ul>\n<p>&nbsp;<\/p>\n<p><strong>Tarneaeg: 2-6 p\u00e4eva<\/strong><\/p>\n<p><strong>Laos<\/strong><\/p>\n","protected":false},"featured_media":16414,"template":"","meta":[],"product_cat":[52,907,903,905],"product_tag":[],"class_list":{"0":"post-13173","1":"product","2":"type-product","3":"status-publish","4":"has-post-thumbnail","6":"product_cat-elektrirattad","7":"product_cat-kokkupandavad-rattad","8":"product_cat-linnarattad","9":"product_cat-maastikurattad","10":"product_shipping_class-suured-pakid","12":"first","13":"instock","14":"sale","15":"taxable","16":"shipping-taxable","17":"purchasable","18":"product-type-variable"},"yoast_head":"<!-- This site is optimized with the Yoast SEO plugin v23.8 - https:\/\/yoast.com\/wordpress\/plugins\/seo\/ -->\n<title>Fafrees F20 X-Max Ektrijalgratas, 140km - Ecocruiser<\/title>\n<meta name=\"description\" content=\"Kaasaegse disainiga, kokkupandava raamiga, kolmekordse vedrustusega lektriratas sobib ideaalselt nii igap\u00e4evaseks linnas\u00f5iduks kui ka maastikul liikumiseks.\" \/>\n<meta name=\"robots\" content=\"noindex, follow, max-snippet:-1, max-image-preview:large, max-video-preview:-1\" \/>\n<meta property=\"og:locale\" content=\"en_GB\" \/>\n<meta property=\"og:type\" content=\"article\" \/>\n<meta property=\"og:title\" content=\"Fafrees F20 X-Max Ektrijalgratas, 140km - Ecocruiser\" \/>\n<meta property=\"og:description\" content=\"Kaasaegse disainiga, kokkupandava raamiga, kolmekordse vedrustusega lektriratas sobib ideaalselt nii igap\u00e4evaseks linnas\u00f5iduks kui ka maastikul liikumiseks.\" \/>\n<meta property=\"og:url\" content=\"https:\/\/projekt.vombat.ee\/eco\/pood\/elektrirattad\/linnarattad\/fafrees-f20-x-max-ektrijalgratas\/\" \/>\n<meta property=\"og:site_name\" content=\"Ecocruiser\" \/>\n<meta property=\"article:modified_time\" content=\"2024-05-02T16:57:44+00:00\" \/>\n<meta property=\"og:image\" content=\"https:\/\/projekt.vombat.ee\/eco\/wp-content\/uploads\/2024\/01\/Untitled-design-2024-04-22T215853.230.png\" \/>\n\t<meta property=\"og:image:width\" content=\"1000\" \/>\n\t<meta property=\"og:image:height\" content=\"1000\" \/>\n\t<meta property=\"og:image:type\" content=\"image\/png\" \/>\n<meta name=\"twitter:card\" content=\"summary_large_image\" \/>\n<meta name=\"twitter:label1\" content=\"Estimated reading time\" \/>\n\t<meta name=\"twitter:data1\" content=\"4 minutes\" \/>\n<script type=\"application\/ld+json\" class=\"yoast-schema-graph\">{\"@context\":\"https:\/\/schema.org\",\"@graph\":[{\"@type\":\"WebPage\",\"@id\":\"https:\/\/projekt.vombat.ee\/eco\/pood\/elektrirattad\/linnarattad\/fafrees-f20-x-max-ektrijalgratas\/\",\"url\":\"https:\/\/projekt.vombat.ee\/eco\/pood\/elektrirattad\/linnarattad\/fafrees-f20-x-max-ektrijalgratas\/\",\"name\":\"Fafrees F20 X-Max Ektrijalgratas, 140km - Ecocruiser\",\"isPartOf\":{\"@id\":\"https:\/\/projekt.vombat.ee\/eco\/#website\"},\"primaryImageOfPage\":{\"@id\":\"https:\/\/projekt.vombat.ee\/eco\/pood\/elektrirattad\/linnarattad\/fafrees-f20-x-max-ektrijalgratas\/#primaryimage\"},\"image\":{\"@id\":\"https:\/\/projekt.vombat.ee\/eco\/pood\/elektrirattad\/linnarattad\/fafrees-f20-x-max-ektrijalgratas\/#primaryimage\"},\"thumbnailUrl\":\"https:\/\/projekt.vombat.ee\/eco\/wp-content\/uploads\/2024\/01\/Untitled-design-2024-04-22T215853.230.png\",\"datePublished\":\"2024-01-08T10:07:20+00:00\",\"dateModified\":\"2024-05-02T16:57:44+00:00\",\"description\":\"Kaasaegse disainiga, kokkupandava raamiga, kolmekordse vedrustusega lektriratas sobib ideaalselt nii igap\u00e4evaseks linnas\u00f5iduks kui ka maastikul liikumiseks.\",\"breadcrumb\":{\"@id\":\"https:\/\/projekt.vombat.ee\/eco\/pood\/elektrirattad\/linnarattad\/fafrees-f20-x-max-ektrijalgratas\/#breadcrumb\"},\"inLanguage\":\"en-GB\",\"potentialAction\":[{\"@type\":\"ReadAction\",\"target\":[\"https:\/\/projekt.vombat.ee\/eco\/pood\/elektrirattad\/linnarattad\/fafrees-f20-x-max-ektrijalgratas\/\"]}]},{\"@type\":\"ImageObject\",\"inLanguage\":\"en-GB\",\"@id\":\"https:\/\/projekt.vombat.ee\/eco\/pood\/elektrirattad\/linnarattad\/fafrees-f20-x-max-ektrijalgratas\/#primaryimage\",\"url\":\"https:\/\/projekt.vombat.ee\/eco\/wp-content\/uploads\/2024\/01\/Untitled-design-2024-04-22T215853.230.png\",\"contentUrl\":\"https:\/\/projekt.vombat.ee\/eco\/wp-content\/uploads\/2024\/01\/Untitled-design-2024-04-22T215853.230.png\",\"width\":1000,\"height\":1000},{\"@type\":\"BreadcrumbList\",\"@id\":\"https:\/\/projekt.vombat.ee\/eco\/pood\/elektrirattad\/linnarattad\/fafrees-f20-x-max-ektrijalgratas\/#breadcrumb\",\"itemListElement\":[{\"@type\":\"ListItem\",\"position\":1,\"name\":\"Home\",\"item\":\"https:\/\/projekt.vombat.ee\/eco\/\"},{\"@type\":\"ListItem\",\"position\":2,\"name\":\"Pood\",\"item\":\"https:\/\/projekt.vombat.ee\/eco\/pood\/\"},{\"@type\":\"ListItem\",\"position\":3,\"name\":\"Fafrees F20 X-Max Ektrijalgratas, 140km\"}]},{\"@type\":\"WebSite\",\"@id\":\"https:\/\/projekt.vombat.ee\/eco\/#website\",\"url\":\"https:\/\/projekt.vombat.ee\/eco\/\",\"name\":\"Ecocruiser\",\"description\":\"\",\"publisher\":{\"@id\":\"https:\/\/projekt.vombat.ee\/eco\/#organization\"},\"potentialAction\":[{\"@type\":\"SearchAction\",\"target\":{\"@type\":\"EntryPoint\",\"urlTemplate\":\"https:\/\/projekt.vombat.ee\/eco\/?s={search_term_string}\"},\"query-input\":{\"@type\":\"PropertyValueSpecification\",\"valueRequired\":true,\"valueName\":\"search_term_string\"}}],\"inLanguage\":\"en-GB\"},{\"@type\":\"Organization\",\"@id\":\"https:\/\/projekt.vombat.ee\/eco\/#organization\",\"name\":\"Ecocruiser\",\"url\":\"https:\/\/projekt.vombat.ee\/eco\/\",\"logo\":{\"@type\":\"ImageObject\",\"inLanguage\":\"en-GB\",\"@id\":\"https:\/\/projekt.vombat.ee\/eco\/#\/schema\/logo\/image\/\",\"url\":\"https:\/\/projekt.vombat.ee\/eco\/wp-content\/uploads\/2023\/03\/ECOCRUISER_5.png\",\"contentUrl\":\"https:\/\/projekt.vombat.ee\/eco\/wp-content\/uploads\/2023\/03\/ECOCRUISER_5.png\",\"width\":234,\"height\":91,\"caption\":\"Ecocruiser\"},\"image\":{\"@id\":\"https:\/\/projekt.vombat.ee\/eco\/#\/schema\/logo\/image\/\"}}]}<\/script>\n<!-- \/ Yoast SEO plugin. -->","yoast_head_json":{"title":"Fafrees F20 X-Max Ektrijalgratas, 140km - Ecocruiser","description":"Kaasaegse disainiga, kokkupandava raamiga, kolmekordse vedrustusega lektriratas sobib ideaalselt nii igap\u00e4evaseks linnas\u00f5iduks kui ka maastikul liikumiseks.","robots":{"index":"noindex","follow":"follow","max-snippet":"max-snippet:-1","max-image-preview":"max-image-preview:large","max-video-preview":"max-video-preview:-1"},"og_locale":"en_GB","og_type":"article","og_title":"Fafrees F20 X-Max Ektrijalgratas, 140km - Ecocruiser","og_description":"Kaasaegse disainiga, kokkupandava raamiga, kolmekordse vedrustusega lektriratas sobib ideaalselt nii igap\u00e4evaseks linnas\u00f5iduks kui ka maastikul liikumiseks.","og_url":"https:\/\/projekt.vombat.ee\/eco\/pood\/elektrirattad\/linnarattad\/fafrees-f20-x-max-ektrijalgratas\/","og_site_name":"Ecocruiser","article_modified_time":"2024-05-02T16:57:44+00:00","og_image":[{"width":1000,"height":1000,"url":"https:\/\/projekt.vombat.ee\/eco\/wp-content\/uploads\/2024\/01\/Untitled-design-2024-04-22T215853.230.png","type":"image\/png"}],"twitter_card":"summary_large_image","twitter_misc":{"Estimated reading time":"4 minutes"},"schema":{"@context":"https:\/\/schema.org","@graph":[{"@type":"WebPage","@id":"https:\/\/projekt.vombat.ee\/eco\/pood\/elektrirattad\/linnarattad\/fafrees-f20-x-max-ektrijalgratas\/","url":"https:\/\/projekt.vombat.ee\/eco\/pood\/elektrirattad\/linnarattad\/fafrees-f20-x-max-ektrijalgratas\/","name":"Fafrees F20 X-Max Ektrijalgratas, 140km - Ecocruiser","isPartOf":{"@id":"https:\/\/projekt.vombat.ee\/eco\/#website"},"primaryImageOfPage":{"@id":"https:\/\/projekt.vombat.ee\/eco\/pood\/elektrirattad\/linnarattad\/fafrees-f20-x-max-ektrijalgratas\/#primaryimage"},"image":{"@id":"https:\/\/projekt.vombat.ee\/eco\/pood\/elektrirattad\/linnarattad\/fafrees-f20-x-max-ektrijalgratas\/#primaryimage"},"thumbnailUrl":"https:\/\/projekt.vombat.ee\/eco\/wp-content\/uploads\/2024\/01\/Untitled-design-2024-04-22T215853.230.png","datePublished":"2024-01-08T10:07:20+00:00","dateModified":"2024-05-02T16:57:44+00:00","description":"Kaasaegse disainiga, kokkupandava raamiga, kolmekordse vedrustusega lektriratas sobib ideaalselt nii igap\u00e4evaseks linnas\u00f5iduks kui ka maastikul liikumiseks.","breadcrumb":{"@id":"https:\/\/projekt.vombat.ee\/eco\/pood\/elektrirattad\/linnarattad\/fafrees-f20-x-max-ektrijalgratas\/#breadcrumb"},"inLanguage":"en-GB","potentialAction":[{"@type":"ReadAction","target":["https:\/\/projekt.vombat.ee\/eco\/pood\/elektrirattad\/linnarattad\/fafrees-f20-x-max-ektrijalgratas\/"]}]},{"@type":"ImageObject","inLanguage":"en-GB","@id":"https:\/\/projekt.vombat.ee\/eco\/pood\/elektrirattad\/linnarattad\/fafrees-f20-x-max-ektrijalgratas\/#primaryimage","url":"https:\/\/projekt.vombat.ee\/eco\/wp-content\/uploads\/2024\/01\/Untitled-design-2024-04-22T215853.230.png","contentUrl":"https:\/\/projekt.vombat.ee\/eco\/wp-content\/uploads\/2024\/01\/Untitled-design-2024-04-22T215853.230.png","width":1000,"height":1000},{"@type":"BreadcrumbList","@id":"https:\/\/projekt.vombat.ee\/eco\/pood\/elektrirattad\/linnarattad\/fafrees-f20-x-max-ektrijalgratas\/#breadcrumb","itemListElement":[{"@type":"ListItem","position":1,"name":"Home","item":"https:\/\/projekt.vombat.ee\/eco\/"},{"@type":"ListItem","position":2,"name":"Pood","item":"https:\/\/projekt.vombat.ee\/eco\/pood\/"},{"@type":"ListItem","position":3,"name":"Fafrees F20 X-Max Ektrijalgratas, 140km"}]},{"@type":"WebSite","@id":"https:\/\/projekt.vombat.ee\/eco\/#website","url":"https:\/\/projekt.vombat.ee\/eco\/","name":"Ecocruiser","description":"","publisher":{"@id":"https:\/\/projekt.vombat.ee\/eco\/#organization"},"potentialAction":[{"@type":"SearchAction","target":{"@type":"EntryPoint","urlTemplate":"https:\/\/projekt.vombat.ee\/eco\/?s={search_term_string}"},"query-input":{"@type":"PropertyValueSpecification","valueRequired":true,"valueName":"search_term_string"}}],"inLanguage":"en-GB"},{"@type":"Organization","@id":"https:\/\/projekt.vombat.ee\/eco\/#organization","name":"Ecocruiser","url":"https:\/\/projekt.vombat.ee\/eco\/","logo":{"@type":"ImageObject","inLanguage":"en-GB","@id":"https:\/\/projekt.vombat.ee\/eco\/#\/schema\/logo\/image\/","url":"https:\/\/projekt.vombat.ee\/eco\/wp-content\/uploads\/2023\/03\/ECOCRUISER_5.png","contentUrl":"https:\/\/projekt.vombat.ee\/eco\/wp-content\/uploads\/2023\/03\/ECOCRUISER_5.png","width":234,"height":91,"caption":"Ecocruiser"},"image":{"@id":"https:\/\/projekt.vombat.ee\/eco\/#\/schema\/logo\/image\/"}}]}},"lang":"et","translations":{"et":13173},"pll_sync_post":[],"_links":{"self":[{"href":"https:\/\/projekt.vombat.ee\/eco\/wp-json\/wp\/v2\/product\/13173"}],"collection":[{"href":"https:\/\/projekt.vombat.ee\/eco\/wp-json\/wp\/v2\/product"}],"about":[{"href":"https:\/\/projekt.vombat.ee\/eco\/wp-json\/wp\/v2\/types\/product"}],"version-history":[{"count":6,"href":"https:\/\/projekt.vombat.ee\/eco\/wp-json\/wp\/v2\/product\/13173\/revisions"}],"predecessor-version":[{"id":16773,"href":"https:\/\/projekt.vombat.ee\/eco\/wp-json\/wp\/v2\/product\/13173\/revisions\/16773"}],"wp:featuredmedia":[{"embeddable":true,"href":"https:\/\/projekt.vombat.ee\/eco\/wp-json\/wp\/v2\/media\/16414"}],"wp:attachment":[{"href":"https:\/\/projekt.vombat.ee\/eco\/wp-json\/wp\/v2\/media?parent=13173"}],"wp:term":[{"taxonomy":"product_cat","embeddable":true,"href":"https:\/\/projekt.vombat.ee\/eco\/wp-json\/wp\/v2\/product_cat?post=13173"},{"taxonomy":"product_tag","embeddable":true,"href":"https:\/\/projekt.vombat.ee\/eco\/wp-json\/wp\/v2\/product_tag?post=13173"}],"curies":[{"name":"wp","href":"https:\/\/api.w.org\/{rel}","templated":true}]}}