{"id":13132,"date":"2024-01-29T04:47:50","date_gmt":"2024-01-29T04:47:50","guid":{"rendered":"https:\/\/projekt.vombat.ee\/eco\/?post_type=product&#038;p=13132"},"modified":"2024-02-06T17:37:27","modified_gmt":"2024-02-06T17:37:27","slug":"engwe-e26-elektriratas-140-km","status":"publish","type":"product","link":"https:\/\/projekt.vombat.ee\/eco\/pood\/elektrirattad\/engwe-e26-elektriratas-140-km\/","title":{"rendered":"ENGWE E26 Elektriratas 140 km"},"content":{"rendered":"<h1>Engwe E26 Elektriratas<\/h1>\n<p>ENGWE E26 Elektrijalgratas: Innovatiivne ja v\u00f5imas transpordi vahend, millel on 250W harjadeta mootor ja 48V16Ah vahetatav liitium-ioon aku. Maksimaalse p\u00f6\u00f6rdemomendiga 70NM, pakub kolme s\u00f5idure\u017eiimi: manuaalne, pedaalide abiga ja puhtalt elektriline. Rattal on 26&#215;4.0 rehvid ja see on varustatud Shimano 7-k\u00e4igulise k\u00e4iguvahetajaga, tagades sujuva ja t\u00e4pse k\u00e4iguvahetuse. T\u00e4ielikuks laadimiseks kulub 5,5-6 tundi, v\u00f5imaldades l\u00e4bida kuni 62 km (gaasire\u017eiimis) 140 km (PAS-re\u017eiimis).ENGWE E26 on varustatud kaasaegsete h\u00fcdrauliliste piduritega, mis tagavad usaldusv\u00e4\u00e4rse pidurdusj\u00f5u. Lisaks sellele tagavad kahepoolsed amortisaatorid ees ja taga sujuva s\u00f5idu ebatasasel maastikul ja parandavad haardumist pikematel distantsidel. LED-esituli ja tagatuli suurendavad n\u00e4htavust ja ohutust.<\/p>\n<p><img fetchpriority=\"high\" decoding=\"async\" class=\"alignnone\" src=\"https:\/\/a.allegroimg.com\/original\/11119f\/830764064435aaed1d4c403e7a18\/Rower-elektryczny-ENGWE-E26-16Ah-140km-25-km-h-250W-26-calowy-zielony-Akumulator-litowo-jonowy\" alt=\"ENGWE E26 Elektriratas\" width=\"1920\" height=\"915\" \/><\/p>\n<div class=\"flex-1 overflow-hidden\">\n<div class=\"react-scroll-to-bottom--css-mipiw-79elbk h-full\">\n<div class=\"react-scroll-to-bottom--css-mipiw-1n7m0yu\">\n<div class=\"flex flex-col pb-9 text-sm\">\n<div class=\"w-full text-token-text-primary\" data-testid=\"conversation-turn-7\">\n<div class=\"px-4 py-2 justify-center text-base md:gap-6 m-auto\">\n<div class=\"flex flex-1 text-base mx-auto gap-3 md:px-5 lg:px-1 xl:px-5 md:max-w-3xl lg:max-w-[40rem] xl:max-w-[48rem] group final-completion\">\n<div class=\"relative flex w-full flex-col lg:w-[calc(100%-115px)] agent-turn\">\n<div class=\"flex-col gap-1 md:gap-3\">\n<div class=\"mt-1 flex justify-start gap-3 empty:hidden\">\n<p class=\"text-gray-400 flex self-end lg:self-center justify-center lg:justify-start mt-0 gap-1 visible\"><span style=\"color: #2f2f2f; font-size: 24px; font-weight: 600;\">Info<\/span><\/p>\n<\/div>\n<\/div>\n<\/div>\n<\/div>\n<\/div>\n<\/div>\n<\/div>\n<\/div>\n<\/div>\n<\/div>\n<div class=\"flex-1 overflow-hidden\">\n<div class=\"react-scroll-to-bottom--css-mipiw-79elbk h-full\">\n<div class=\"react-scroll-to-bottom--css-mipiw-1n7m0yu\">\n<div class=\"flex flex-col pb-9 text-sm\">\n<div class=\"w-full text-token-text-primary\" data-testid=\"conversation-turn-5\">\n<div class=\"px-4 py-2 justify-center text-base md:gap-6 m-auto\">\n<div class=\"flex flex-1 text-base mx-auto gap-3 md:px-5 lg:px-1 xl:px-5 md:max-w-3xl lg:max-w-[40rem] xl:max-w-[48rem] group final-completion\">\n<div class=\"relative flex w-full flex-col lg:w-[calc(100%-115px)] agent-turn\">\n<div class=\"flex-col gap-1 md:gap-3\">\n<div class=\"flex flex-grow flex-col max-w-full\">\n<div class=\"min-h-[20px] text-message flex flex-col items-start gap-3 whitespace-pre-wrap break-words [.text-message+&amp;]:mt-5 overflow-x-auto\" data-message-author-role=\"assistant\" data-message-id=\"073f3151-7fed-46fa-bea0-b088056c0821\">\n<div class=\"markdown prose w-full break-words dark:prose-invert dark\">\n<ul>\n<li>Materjal: 6061 alumiiniumsulam<\/li>\n<li>Mootor: 250W harjadeta mootor<\/li>\n<li>Aku: 48V16Ah vahetatav liitium-ioon aku<\/li>\n<li>Rehvid: 26&#215;4.0<\/li>\n<li>Maksimaalne kiirus: 25 km\/h (tegelik kiirus s\u00f5ltub efektidest ja teeoludest)<\/li>\n<li>Maksimaalne l\u00e4bis\u00f5it: 140 km rooliv\u00f5imendiga<\/li>\n<li>Laadimisaeg: umbes 5.5-6 tundi<\/li>\n<li>Maksimaalne t\u00f5usunurk: 30\u00b0<\/li>\n<li>Pidurid: 180 mm h\u00fcdrauliline ketaspidur ees ja taga<\/li>\n<li>K\u00e4igukast: Shimano 7 kiirust<\/li>\n<li>Ekraan: LCD ekraan<\/li>\n<li>S\u00f5itja pikkus: 170 ~ 200 cm<\/li>\n<li>Kandev\u00f5ime: 150 kg<\/li>\n<\/ul>\n<h3><strong>Kaal ja m\u00f5\u00f5tmed<\/strong><\/h3>\n<ul>\n<li>Jalgratta m\u00f5\u00f5tmed (pikkus, laius): 196.69.120 cm<\/li>\n<li>Pakendi m\u00f5\u00f5tmed (pikkus, laius, k\u00f5rgus): 162.428.587 cm<\/li>\n<li>Jalgratta kaal: 33.5 kg<\/li>\n<li>Brutokaal: 42.53 kg<\/li>\n<\/ul>\n<\/div>\n<\/div>\n<\/div>\n<\/div>\n<\/div>\n<\/div>\n<\/div>\n<\/div>\n<\/div>\n<\/div>\n<\/div>\n<\/div>\n","protected":false},"excerpt":{"rendered":"<p><strong>Engwe E26 Elektriratas<\/strong><\/p>\n<ul>\n<li><strong>Aku:<\/strong> 48V16Ah vahetatav liitium-ioon aku<\/li>\n<li><strong>L\u00e4bis\u00f5it:<\/strong> 140 km<\/li>\n<li><strong>Rehvid<\/strong>: 26-tolli<\/li>\n<li><strong>K\u00e4igukast:<\/strong> Shimano 7-k\u00e4iguline<\/li>\n<li><strong>Pidurid:<\/strong> H\u00fcdraulilised pidurid ees ja taga.<\/li>\n<li><strong>Valgustus:<\/strong> LED-esituli ja tagatuli.<\/li>\n<li><strong>M\u00f5\u00f5tmed: <\/strong>196x69x120 cm.<\/li>\n<li><strong>Kaal:<\/strong> 33.5 kg.<\/li>\n<\/ul>\n<p>&nbsp;<\/p>\n<p><strong>\u2666 Tarneaeg 2-6 p\u00e4eva<\/strong><br \/>\n<strong>\u2666 Laos<\/strong><\/p>\n","protected":false},"featured_media":14024,"template":"","meta":[],"product_cat":[52],"product_tag":[],"class_list":{"0":"post-13132","1":"product","2":"type-product","3":"status-publish","4":"has-post-thumbnail","6":"product_cat-elektrirattad","7":"product_shipping_class-suured-pakid","9":"first","10":"instock","11":"sale","12":"taxable","13":"shipping-taxable","14":"purchasable","15":"product-type-variable"},"yoast_head":"<!-- This site is optimized with the Yoast SEO plugin v23.8 - https:\/\/yoast.com\/wordpress\/plugins\/seo\/ -->\n<title>ENGWE E26 Elektriratas 140 km - Ecocruiser<\/title>\n<meta name=\"description\" content=\"ENGWE E26 Elektriratas, kiirus kuni 32 km\/h, 7-k\u00e4iguline k\u00e4igukast, 26-tollised rehvid ja kolm s\u00f5idure\u017eiimi. Ideaalne kaaslane igap\u00e4evaseks s\u00f5iduks!\" \/>\n<meta name=\"robots\" content=\"noindex, follow, max-snippet:-1, max-image-preview:large, max-video-preview:-1\" \/>\n<meta property=\"og:locale\" content=\"en_GB\" \/>\n<meta property=\"og:type\" content=\"article\" \/>\n<meta property=\"og:title\" content=\"ENGWE E26 Elektriratas 140 km - Ecocruiser\" \/>\n<meta property=\"og:description\" content=\"ENGWE E26 Elektriratas, kiirus kuni 32 km\/h, 7-k\u00e4iguline k\u00e4igukast, 26-tollised rehvid ja kolm s\u00f5idure\u017eiimi. Ideaalne kaaslane igap\u00e4evaseks s\u00f5iduks!\" \/>\n<meta property=\"og:url\" content=\"https:\/\/projekt.vombat.ee\/eco\/pood\/elektrirattad\/engwe-e26-elektriratas-140-km\/\" \/>\n<meta property=\"og:site_name\" content=\"Ecocruiser\" \/>\n<meta property=\"article:modified_time\" content=\"2024-02-06T17:37:27+00:00\" \/>\n<meta property=\"og:image\" content=\"https:\/\/projekt.vombat.ee\/eco\/wp-content\/uploads\/2024\/01\/5_629bb4fd-ad99-4875-bb8e-3e0677feb45d-scaled.webp\" \/>\n\t<meta property=\"og:image:width\" content=\"1838\" \/>\n\t<meta property=\"og:image:height\" content=\"2560\" \/>\n\t<meta property=\"og:image:type\" content=\"image\/webp\" \/>\n<meta name=\"twitter:card\" content=\"summary_large_image\" \/>\n<meta name=\"twitter:label1\" content=\"Estimated reading time\" \/>\n\t<meta name=\"twitter:data1\" content=\"2 minutes\" \/>\n<script type=\"application\/ld+json\" class=\"yoast-schema-graph\">{\"@context\":\"https:\/\/schema.org\",\"@graph\":[{\"@type\":\"WebPage\",\"@id\":\"https:\/\/projekt.vombat.ee\/eco\/pood\/elektrirattad\/engwe-e26-elektriratas-140-km\/\",\"url\":\"https:\/\/projekt.vombat.ee\/eco\/pood\/elektrirattad\/engwe-e26-elektriratas-140-km\/\",\"name\":\"ENGWE E26 Elektriratas 140 km - Ecocruiser\",\"isPartOf\":{\"@id\":\"https:\/\/projekt.vombat.ee\/eco\/#website\"},\"primaryImageOfPage\":{\"@id\":\"https:\/\/projekt.vombat.ee\/eco\/pood\/elektrirattad\/engwe-e26-elektriratas-140-km\/#primaryimage\"},\"image\":{\"@id\":\"https:\/\/projekt.vombat.ee\/eco\/pood\/elektrirattad\/engwe-e26-elektriratas-140-km\/#primaryimage\"},\"thumbnailUrl\":\"https:\/\/projekt.vombat.ee\/eco\/wp-content\/uploads\/2024\/01\/5_629bb4fd-ad99-4875-bb8e-3e0677feb45d-scaled.webp\",\"datePublished\":\"2024-01-29T04:47:50+00:00\",\"dateModified\":\"2024-02-06T17:37:27+00:00\",\"description\":\"ENGWE E26 Elektriratas, kiirus kuni 32 km\/h, 7-k\u00e4iguline k\u00e4igukast, 26-tollised rehvid ja kolm s\u00f5idure\u017eiimi. Ideaalne kaaslane igap\u00e4evaseks s\u00f5iduks!\",\"breadcrumb\":{\"@id\":\"https:\/\/projekt.vombat.ee\/eco\/pood\/elektrirattad\/engwe-e26-elektriratas-140-km\/#breadcrumb\"},\"inLanguage\":\"en-GB\",\"potentialAction\":[{\"@type\":\"ReadAction\",\"target\":[\"https:\/\/projekt.vombat.ee\/eco\/pood\/elektrirattad\/engwe-e26-elektriratas-140-km\/\"]}]},{\"@type\":\"ImageObject\",\"inLanguage\":\"en-GB\",\"@id\":\"https:\/\/projekt.vombat.ee\/eco\/pood\/elektrirattad\/engwe-e26-elektriratas-140-km\/#primaryimage\",\"url\":\"https:\/\/projekt.vombat.ee\/eco\/wp-content\/uploads\/2024\/01\/5_629bb4fd-ad99-4875-bb8e-3e0677feb45d-scaled.webp\",\"contentUrl\":\"https:\/\/projekt.vombat.ee\/eco\/wp-content\/uploads\/2024\/01\/5_629bb4fd-ad99-4875-bb8e-3e0677feb45d-scaled.webp\",\"width\":1838,\"height\":2560},{\"@type\":\"BreadcrumbList\",\"@id\":\"https:\/\/projekt.vombat.ee\/eco\/pood\/elektrirattad\/engwe-e26-elektriratas-140-km\/#breadcrumb\",\"itemListElement\":[{\"@type\":\"ListItem\",\"position\":1,\"name\":\"Home\",\"item\":\"https:\/\/projekt.vombat.ee\/eco\/\"},{\"@type\":\"ListItem\",\"position\":2,\"name\":\"Pood\",\"item\":\"https:\/\/projekt.vombat.ee\/eco\/pood\/\"},{\"@type\":\"ListItem\",\"position\":3,\"name\":\"ENGWE E26 Elektriratas 140 km\"}]},{\"@type\":\"WebSite\",\"@id\":\"https:\/\/projekt.vombat.ee\/eco\/#website\",\"url\":\"https:\/\/projekt.vombat.ee\/eco\/\",\"name\":\"Ecocruiser\",\"description\":\"\",\"publisher\":{\"@id\":\"https:\/\/projekt.vombat.ee\/eco\/#organization\"},\"potentialAction\":[{\"@type\":\"SearchAction\",\"target\":{\"@type\":\"EntryPoint\",\"urlTemplate\":\"https:\/\/projekt.vombat.ee\/eco\/?s={search_term_string}\"},\"query-input\":{\"@type\":\"PropertyValueSpecification\",\"valueRequired\":true,\"valueName\":\"search_term_string\"}}],\"inLanguage\":\"en-GB\"},{\"@type\":\"Organization\",\"@id\":\"https:\/\/projekt.vombat.ee\/eco\/#organization\",\"name\":\"Ecocruiser\",\"url\":\"https:\/\/projekt.vombat.ee\/eco\/\",\"logo\":{\"@type\":\"ImageObject\",\"inLanguage\":\"en-GB\",\"@id\":\"https:\/\/projekt.vombat.ee\/eco\/#\/schema\/logo\/image\/\",\"url\":\"https:\/\/projekt.vombat.ee\/eco\/wp-content\/uploads\/2023\/03\/ECOCRUISER_5.png\",\"contentUrl\":\"https:\/\/projekt.vombat.ee\/eco\/wp-content\/uploads\/2023\/03\/ECOCRUISER_5.png\",\"width\":234,\"height\":91,\"caption\":\"Ecocruiser\"},\"image\":{\"@id\":\"https:\/\/projekt.vombat.ee\/eco\/#\/schema\/logo\/image\/\"}}]}<\/script>\n<!-- \/ Yoast SEO plugin. -->","yoast_head_json":{"title":"ENGWE E26 Elektriratas 140 km - Ecocruiser","description":"ENGWE E26 Elektriratas, kiirus kuni 32 km\/h, 7-k\u00e4iguline k\u00e4igukast, 26-tollised rehvid ja kolm s\u00f5idure\u017eiimi. Ideaalne kaaslane igap\u00e4evaseks s\u00f5iduks!","robots":{"index":"noindex","follow":"follow","max-snippet":"max-snippet:-1","max-image-preview":"max-image-preview:large","max-video-preview":"max-video-preview:-1"},"og_locale":"en_GB","og_type":"article","og_title":"ENGWE E26 Elektriratas 140 km - Ecocruiser","og_description":"ENGWE E26 Elektriratas, kiirus kuni 32 km\/h, 7-k\u00e4iguline k\u00e4igukast, 26-tollised rehvid ja kolm s\u00f5idure\u017eiimi. Ideaalne kaaslane igap\u00e4evaseks s\u00f5iduks!","og_url":"https:\/\/projekt.vombat.ee\/eco\/pood\/elektrirattad\/engwe-e26-elektriratas-140-km\/","og_site_name":"Ecocruiser","article_modified_time":"2024-02-06T17:37:27+00:00","og_image":[{"width":1838,"height":2560,"url":"https:\/\/projekt.vombat.ee\/eco\/wp-content\/uploads\/2024\/01\/5_629bb4fd-ad99-4875-bb8e-3e0677feb45d-scaled.webp","type":"image\/webp"}],"twitter_card":"summary_large_image","twitter_misc":{"Estimated reading time":"2 minutes"},"schema":{"@context":"https:\/\/schema.org","@graph":[{"@type":"WebPage","@id":"https:\/\/projekt.vombat.ee\/eco\/pood\/elektrirattad\/engwe-e26-elektriratas-140-km\/","url":"https:\/\/projekt.vombat.ee\/eco\/pood\/elektrirattad\/engwe-e26-elektriratas-140-km\/","name":"ENGWE E26 Elektriratas 140 km - Ecocruiser","isPartOf":{"@id":"https:\/\/projekt.vombat.ee\/eco\/#website"},"primaryImageOfPage":{"@id":"https:\/\/projekt.vombat.ee\/eco\/pood\/elektrirattad\/engwe-e26-elektriratas-140-km\/#primaryimage"},"image":{"@id":"https:\/\/projekt.vombat.ee\/eco\/pood\/elektrirattad\/engwe-e26-elektriratas-140-km\/#primaryimage"},"thumbnailUrl":"https:\/\/projekt.vombat.ee\/eco\/wp-content\/uploads\/2024\/01\/5_629bb4fd-ad99-4875-bb8e-3e0677feb45d-scaled.webp","datePublished":"2024-01-29T04:47:50+00:00","dateModified":"2024-02-06T17:37:27+00:00","description":"ENGWE E26 Elektriratas, kiirus kuni 32 km\/h, 7-k\u00e4iguline k\u00e4igukast, 26-tollised rehvid ja kolm s\u00f5idure\u017eiimi. Ideaalne kaaslane igap\u00e4evaseks s\u00f5iduks!","breadcrumb":{"@id":"https:\/\/projekt.vombat.ee\/eco\/pood\/elektrirattad\/engwe-e26-elektriratas-140-km\/#breadcrumb"},"inLanguage":"en-GB","potentialAction":[{"@type":"ReadAction","target":["https:\/\/projekt.vombat.ee\/eco\/pood\/elektrirattad\/engwe-e26-elektriratas-140-km\/"]}]},{"@type":"ImageObject","inLanguage":"en-GB","@id":"https:\/\/projekt.vombat.ee\/eco\/pood\/elektrirattad\/engwe-e26-elektriratas-140-km\/#primaryimage","url":"https:\/\/projekt.vombat.ee\/eco\/wp-content\/uploads\/2024\/01\/5_629bb4fd-ad99-4875-bb8e-3e0677feb45d-scaled.webp","contentUrl":"https:\/\/projekt.vombat.ee\/eco\/wp-content\/uploads\/2024\/01\/5_629bb4fd-ad99-4875-bb8e-3e0677feb45d-scaled.webp","width":1838,"height":2560},{"@type":"BreadcrumbList","@id":"https:\/\/projekt.vombat.ee\/eco\/pood\/elektrirattad\/engwe-e26-elektriratas-140-km\/#breadcrumb","itemListElement":[{"@type":"ListItem","position":1,"name":"Home","item":"https:\/\/projekt.vombat.ee\/eco\/"},{"@type":"ListItem","position":2,"name":"Pood","item":"https:\/\/projekt.vombat.ee\/eco\/pood\/"},{"@type":"ListItem","position":3,"name":"ENGWE E26 Elektriratas 140 km"}]},{"@type":"WebSite","@id":"https:\/\/projekt.vombat.ee\/eco\/#website","url":"https:\/\/projekt.vombat.ee\/eco\/","name":"Ecocruiser","description":"","publisher":{"@id":"https:\/\/projekt.vombat.ee\/eco\/#organization"},"potentialAction":[{"@type":"SearchAction","target":{"@type":"EntryPoint","urlTemplate":"https:\/\/projekt.vombat.ee\/eco\/?s={search_term_string}"},"query-input":{"@type":"PropertyValueSpecification","valueRequired":true,"valueName":"search_term_string"}}],"inLanguage":"en-GB"},{"@type":"Organization","@id":"https:\/\/projekt.vombat.ee\/eco\/#organization","name":"Ecocruiser","url":"https:\/\/projekt.vombat.ee\/eco\/","logo":{"@type":"ImageObject","inLanguage":"en-GB","@id":"https:\/\/projekt.vombat.ee\/eco\/#\/schema\/logo\/image\/","url":"https:\/\/projekt.vombat.ee\/eco\/wp-content\/uploads\/2023\/03\/ECOCRUISER_5.png","contentUrl":"https:\/\/projekt.vombat.ee\/eco\/wp-content\/uploads\/2023\/03\/ECOCRUISER_5.png","width":234,"height":91,"caption":"Ecocruiser"},"image":{"@id":"https:\/\/projekt.vombat.ee\/eco\/#\/schema\/logo\/image\/"}}]}},"lang":"et","translations":{"et":13132},"pll_sync_post":[],"_links":{"self":[{"href":"https:\/\/projekt.vombat.ee\/eco\/wp-json\/wp\/v2\/product\/13132"}],"collection":[{"href":"https:\/\/projekt.vombat.ee\/eco\/wp-json\/wp\/v2\/product"}],"about":[{"href":"https:\/\/projekt.vombat.ee\/eco\/wp-json\/wp\/v2\/types\/product"}],"version-history":[{"count":4,"href":"https:\/\/projekt.vombat.ee\/eco\/wp-json\/wp\/v2\/product\/13132\/revisions"}],"predecessor-version":[{"id":13142,"href":"https:\/\/projekt.vombat.ee\/eco\/wp-json\/wp\/v2\/product\/13132\/revisions\/13142"}],"wp:featuredmedia":[{"embeddable":true,"href":"https:\/\/projekt.vombat.ee\/eco\/wp-json\/wp\/v2\/media\/14024"}],"wp:attachment":[{"href":"https:\/\/projekt.vombat.ee\/eco\/wp-json\/wp\/v2\/media?parent=13132"}],"wp:term":[{"taxonomy":"product_cat","embeddable":true,"href":"https:\/\/projekt.vombat.ee\/eco\/wp-json\/wp\/v2\/product_cat?post=13132"},{"taxonomy":"product_tag","embeddable":true,"href":"https:\/\/projekt.vombat.ee\/eco\/wp-json\/wp\/v2\/product_tag?post=13132"}],"curies":[{"name":"wp","href":"https:\/\/api.w.org\/{rel}","templated":true}]}}