{"id":13115,"date":"2024-02-29T05:25:25","date_gmt":"2024-02-29T05:25:25","guid":{"rendered":"https:\/\/projekt.vombat.ee\/eco\/?post_type=product&#038;p=13115"},"modified":"2024-05-02T16:53:23","modified_gmt":"2024-05-02T16:53:23","slug":"engwe-x20-elektrijalgratas-114km","status":"publish","type":"product","link":"https:\/\/projekt.vombat.ee\/eco\/pood\/brandid\/engwe\/engwe-x20-elektrijalgratas-114km\/","title":{"rendered":"ENGWE X20 Elektrijalgratas, 114km"},"content":{"rendered":"<h1>ENGWE X20 Elektrijalgratas<\/h1>\n<div class=\"mpof_ki myre_zn myre_8v_l m389_6m_l\">\n<div class=\"mp4t_16_s mryx_16_s mr3m_1 mli2_1 mh85_56 mh85_0_l\">\n<div class=\"mgn2_16 _0d3bd_am0a-\">\n<div class=\"mceTemp\"><\/div>\n<\/div>\n<\/div>\n<\/div>\n<div class=\"mpof_ki myre_zn myre_8v_l m389_6m_l\">\n<div class=\"mp4t_16_s mryx_16_s mr3m_1 mli2_1 mh85_56 mh85_0_l\">\n<div class=\"mgn2_16 _0d3bd_am0a-\"><img fetchpriority=\"high\" decoding=\"async\" class=\"alignnone\" src=\"https:\/\/a.allegroimg.com\/original\/111a24\/e6dde1c4446787930664b2514e1e\/Skladany-Rower-Elektryczny-szary-ENGWE-X20-750W-50KM-H-22-2A-114KM-20-cali-Kolor-szary\" alt=\"ENGWE X20\" width=\"1440\" height=\"650\" \/><\/div>\n<div class=\"flex-1 overflow-hidden\">\n<div class=\"react-scroll-to-bottom--css-sskcm-79elbk h-full\">\n<div class=\"react-scroll-to-bottom--css-sskcm-1n7m0yu\">\n<div class=\"flex flex-col pb-9 text-sm\">\n<div class=\"w-full text-token-text-primary\" data-testid=\"conversation-turn-29\">\n<div class=\"px-4 py-2 justify-center text-base md:gap-6 m-auto\">\n<div class=\"flex flex-1 text-base mx-auto gap-3 md:px-5 lg:px-1 xl:px-5 md:max-w-3xl lg:max-w-[40rem] xl:max-w-[48rem] group final-completion\">\n<div class=\"relative flex w-full flex-col lg:w-[calc(100%-115px)] agent-turn\">\n<p class=\"markdown prose w-full break-words dark:prose-invert dark\">ENGWE X20 on ideaalne valik neile, kes otsivad vastupidavat, mitmek\u00fclgset ja k\u00f5rgtehnoloogilist elektrilist jalgratast nii linna- kui ka maastikus\u00f5itudeks.<\/p>\n<h3 class=\"flex flex-grow flex-col max-w-full\">Kahekordne vedrustuss\u00fcsteem<\/h3>\n<p>Unikaalne kahekordne vedrustuss\u00fcsteem tagab suurendatud mugavuse s\u00f5idu ajal ning v\u00e4hendab tuntavaid p\u00f5rutusi. N\u00e4ete, kui sujuvalt liigute \u00fcle raudteer\u00f6\u00f6baste, m\u00e4gede, muruplatside, kruusateede ja loomulikult ka linna teede.<\/p>\n<p class=\"flex-col gap-1 md:gap-3\">ENGWE X20 pakub 3 korda v\u00f5imsamat l\u00f6\u00f6gi neeldumist v\u00f5rreldes keskmise elektrilise jalgrattaga. Seda v\u00f5imaldab kolmekordne l\u00f6\u00f6gi neeldumise s\u00fcsteem, mis h\u00f5lmab esimest h\u00fcdraulilist \u0161okki, keskmist mehaanilist \u0161okki ja tagumist \u00f5hkvedrustust.<\/p>\n<p><img decoding=\"async\" class=\"alignnone\" src=\"https:\/\/a.allegroimg.com\/original\/11207f\/b1ce0ad64f9fab9756d5490bae6c\/Skladane-Rower-Elektryczny-ENGWE-X20-750W-50KM-H-22-2AH-114KM-20-calowe-Moc-silnika-1000-W\" alt=\"ENGWE X20 \" width=\"1232\" height=\"526\" \/><\/p>\n<h3>Kuni 114 km s\u00f5iduulatus<\/h3>\n<p>Topeltakus\u00fcsteemiga 20-tolline Engwe X20 v\u00f5imaldab s\u00f5ita kuni 114 kilomeetrit abistatud re\u017eiimis \u00fche laadimiskorraga. Piisavalt energiat, et s\u00f5ita linnast linna!<\/p>\n<\/div>\n<\/div>\n<\/div>\n<\/div>\n<\/div>\n<\/div>\n<\/div>\n<\/div>\n<div class=\"mgn2_16 _0d3bd_am0a-\">\n<div class=\"w-full text-token-text-primary\" data-testid=\"conversation-turn-17\">\n<div class=\"px-4 py-2 justify-center text-base md:gap-6 m-auto\">\n<div class=\"flex flex-1 text-base mx-auto gap-3 md:px-5 lg:px-1 xl:px-5 md:max-w-3xl lg:max-w-[40rem] xl:max-w-[48rem] group\">\n<div class=\"relative flex w-full flex-col lg:w-[calc(100%-115px)] agent-turn\">\n<div class=\"flex-col gap-1 md:gap-3\">\n<div class=\"flex flex-grow flex-col max-w-full\">\n<div class=\"markdown prose w-full break-words dark:prose-invert dark\">\n<h3>Shimano 8-k\u00e4iguline k\u00e4iguvahetaja<\/h3>\n<p>8-k\u00e4igulise Shimano k\u00e4igukastiga varustatud Engwe X20 v\u00e4hendab s\u00f5idukiirust m\u00e4kke minnes, v\u00e4ldib maksimaalse kiiruse \u00fcletamist m\u00e4est alla s\u00f5ites ning suudab paindlikult muuta kiirust v\u00f5i kiirendust vastavalt erinevatele teeoludele.<\/p>\n<p><img decoding=\"async\" class=\"\" src=\"https:\/\/a.allegroimg.com\/original\/11968a\/85a6e6d6438b878127fdb31128da\/Skladane-Rower-Elektryczny-ENGWE-X20-750W-50KM-H-22-2AH-114KM-20-calowe-Rozmiar-kola-20\" alt=\"Sk\u0142adane Rower Elektryczny ENGWE X20 750W 50KM\/H 22.2AH 114KM 20-calowe Rozmiar ko\u0142a (&quot;) 20\" width=\"515\" height=\"361\" \/><img loading=\"lazy\" decoding=\"async\" class=\"alignnone\" src=\"https:\/\/a.allegroimg.com\/original\/1176f5\/c535b7084f6381d40c9a5ed77e1e\/Skladane-Rower-Elektryczny-ENGWE-X20-750W-50KM-H-22-2AH-114KM-20-calowe-Kolor-czarny\" alt=\"ENGWE X20\" width=\"449\" height=\"359\" \/><\/p>\n<h3>Nutikas LCD-ekraan<\/h3>\n<p><span style=\"font-size: inherit;\">TFT-LCD ekraan kuvab reaalajas v\u00f5imsust, kiirust, l\u00e4bis\u00f5itu ja muid parameetreid, see on n\u00e4htav ka halvematel ilmaoludel. Kui ilmneb mingeid probleeme, teavitab ekraan esimesel v\u00f5imalusel veast.<\/span><\/p>\n<\/div>\n<h3>Paksud 20*4.0 tollised rehvid<\/h3>\n<p>Paksud rehvid tagavad maksimaalse kokkupuute, on efektiivsed ja libisemisvastased. Tagavad ohutuse ja toetuse maastikul, mudasel pinnasel ja isegi lumistes oludes.<\/p>\n<h3>Kokkupandav elektriline jalgratas<\/h3>\n<p>Kokkupandav disain v\u00f5imaldab jalgratast lihtsasti hoiustada, s\u00e4\u00e4stes ruumi. Seda saab hoida kodus nurgas v\u00f5i reisides auto pagasiruumis.<\/p>\n<p><img loading=\"lazy\" decoding=\"async\" class=\"\" src=\"https:\/\/a.allegroimg.com\/original\/1110d2\/0681e54645e687a915cf21461f28\/Skladane-Rower-Elektryczny-ENGWE-X20-750W-50KM-H-22-2AH-114KM-20-calowe-Model-X20\" alt=\"Sk\u0142adane Rower Elektryczny ENGWE X20 750W 50KM\/H 22.2AH 114KM 20-calowe Model X20\" width=\"500\" height=\"340\" \/><img loading=\"lazy\" decoding=\"async\" class=\"alignnone\" src=\"https:\/\/a.allegroimg.com\/original\/11fa8d\/0ffa4c1c4b75aecb5338c6784ea1\/Skladane-Rower-Elektryczny-ENGWE-X20-750W-50KM-H-22-2AH-114KM-20-calowe-Marka-Engwe\" alt=\"Sk\u0142adane Rower Elektryczny ENGWE X20 750W 50KM\/H 22.2AH 114KM 20-calowe Marka Engwe\" width=\"384\" height=\"384\" \/><\/p>\n<h3><span style=\"color: #2f2f2f; font-size: 24px; font-weight: 600;\">Info<\/span><\/h3>\n<\/div>\n<\/div>\n<\/div>\n<\/div>\n<\/div>\n<\/div>\n<ul>\n<li>Br\u00e4nd: ENGWE<\/li>\n<li>T\u00fc\u00fcp: Elektriline jalgratas<\/li>\n<li>Mudel: X20<\/li>\n<li>V\u00e4rv: Must, hall<\/li>\n<li>Maksimaalne kiirus: 25 km\/h<\/li>\n<li>Mootori v\u00f5imsus: 250W<\/li>\n<li>Maksimaalne p\u00f6\u00f6rdemoment: 65N.m<\/li>\n<li>Maksimaalne t\u00f5usunurk: 30 kraadi<\/li>\n<li>Rehvid: 20*4.0 tolli<\/li>\n<li>Elektriline s\u00f5iduulatus: 76 km<\/li>\n<li>Toetusre\u017eiimi s\u00f5iduulatus: 114 km<\/li>\n<li>Aku mahtuvus: 48V 14.4Ah (p\u00f5hiaku), V\u00f5imalus tellida 20,2Ah suurusega aku<\/li>\n<li>K\u00e4iguvahetajad: Shimano 8 kiirust<\/li>\n<li>Pidur: h\u00fcdrauliline pidur<\/li>\n<li>Vedrustus: eesmine h\u00fcdrauliline vedrustus, keskmine vedruvedrustus<\/li>\n<li>Laadimisaeg: 7 tundi<\/li>\n<li>Eesmine tuli: LED<\/li>\n<li>Tagatuli: 36-48V<\/li>\n<li>M\u00f5\u00f5dik: TFT<\/li>\n<li>Sobib pikkuses: 155-210 cm \/ 5.0-6.8 jalga<\/li>\n<li>Kandev\u00f5ime: 150 kg<\/li>\n<li>Telefoni laadimine: jah<\/li>\n<\/ul>\n<\/div>\n<\/div>\n<h3><strong>Kaal ja m\u00f5\u00f5tmed<\/strong><\/h3>\n<div class=\"mp4t_16_s mryx_16_s mr3m_1 mli2_1 mh85_56 mh85_0_l\">\n<div class=\"mgn2_16 _0d3bd_am0a-\">\n<ul>\n<li>Toote kaal: 37 kg<\/li>\n<li>Pakendi kaal: 46 kg<\/li>\n<li>Toote m\u00f5\u00f5tmed (P x L x K): 170 x 68 x 123 cm<\/li>\n<li>Pakendi m\u00f5\u00f5tmed (P x L x K): 157 x 33 x 85 cm<\/li>\n<\/ul>\n<p>&nbsp;<\/p>\n<\/div>\n<\/div>\n<\/div>\n","protected":false},"excerpt":{"rendered":"<p><strong>ENGWE X20 Elektrijalgratas<\/strong><\/p>\n<ul>\n<li><strong>Tippkiirus:<\/strong> 25 km\/h<\/li>\n<li><strong>S\u00f5iduulatus<\/strong>: Kuni 114 km<\/li>\n<li><strong>Rehvid<\/strong>: 20*4.0 tolli<\/li>\n<li><strong>K\u00e4iguvahetus<\/strong>: Shimano 8-k\u00e4iguline<\/li>\n<li><strong>Laadimisaeg:<\/strong> 7<span style=\"font-size: inherit;\">\u00a0tundi<\/span><\/li>\n<li><strong>Ekraan<\/strong>: Nutikas LCD<\/li>\n<li><strong>Kokkupandavus<\/strong>: H\u00f5lpsasti transporditav ja ruumis\u00e4\u00e4stlik<\/li>\n<li><strong>Kandev\u00f5ime<\/strong>: Sobib s\u00f5itjatele pikkusega 155-210 cm, kuni 150 kg<\/li>\n<\/ul>\n<p>&nbsp;<\/p>\n<p><strong>\u2666 Tarneaeg 2-6 p\u00e4eva<\/strong><br \/>\n<strong>\u2666 Laos<\/strong><\/p>\n","protected":false},"featured_media":14772,"template":"","meta":[],"product_cat":[52,907,903,905,56],"product_tag":[],"class_list":{"0":"post-13115","1":"product","2":"type-product","3":"status-publish","4":"has-post-thumbnail","6":"product_cat-elektrirattad","7":"product_cat-kokkupandavad-rattad","8":"product_cat-linnarattad","9":"product_cat-maastikurattad","10":"product_cat-engwe","11":"product_shipping_class-suured-pakid","13":"first","14":"instock","15":"taxable","16":"shipping-taxable","17":"purchasable","18":"product-type-variable"},"yoast_head":"<!-- This site is optimized with the Yoast SEO plugin v23.8 - https:\/\/yoast.com\/wordpress\/plugins\/seo\/ -->\n<title>ENGWE X20 Elektrijalgratas, 114km - Ecocruiser<\/title>\n<meta name=\"description\" content=\"ENGWE X20 20*4.0 tolliste rehvidega kokkupandav elektriline jalgratas, 14.4Ah + 7.8Ah kaksikaku, maksimaalne kiirus 25 km\/h, s\u00f5iduulatus 114 km.\" \/>\n<meta name=\"robots\" content=\"noindex, follow, max-snippet:-1, max-image-preview:large, max-video-preview:-1\" \/>\n<meta property=\"og:locale\" content=\"en_GB\" \/>\n<meta property=\"og:type\" content=\"article\" \/>\n<meta property=\"og:title\" content=\"ENGWE X20 Elektrijalgratas, 114km - Ecocruiser\" \/>\n<meta property=\"og:description\" content=\"ENGWE X20 20*4.0 tolliste rehvidega kokkupandav elektriline jalgratas, 14.4Ah + 7.8Ah kaksikaku, maksimaalne kiirus 25 km\/h, s\u00f5iduulatus 114 km.\" \/>\n<meta property=\"og:url\" content=\"https:\/\/projekt.vombat.ee\/eco\/pood\/brandid\/engwe\/engwe-x20-elektrijalgratas-114km\/\" \/>\n<meta property=\"og:site_name\" content=\"Ecocruiser\" \/>\n<meta property=\"article:modified_time\" content=\"2024-05-02T16:53:23+00:00\" \/>\n<meta property=\"og:image\" content=\"https:\/\/projekt.vombat.ee\/eco\/wp-content\/uploads\/2024\/01\/1-hall-scaled.webp\" \/>\n\t<meta property=\"og:image:width\" content=\"1838\" \/>\n\t<meta property=\"og:image:height\" content=\"2560\" \/>\n\t<meta property=\"og:image:type\" content=\"image\/webp\" \/>\n<meta name=\"twitter:card\" content=\"summary_large_image\" \/>\n<meta name=\"twitter:label1\" content=\"Estimated reading time\" \/>\n\t<meta name=\"twitter:data1\" content=\"4 minutes\" \/>\n<script type=\"application\/ld+json\" class=\"yoast-schema-graph\">{\"@context\":\"https:\/\/schema.org\",\"@graph\":[{\"@type\":\"WebPage\",\"@id\":\"https:\/\/projekt.vombat.ee\/eco\/pood\/brandid\/engwe\/engwe-x20-elektrijalgratas-114km\/\",\"url\":\"https:\/\/projekt.vombat.ee\/eco\/pood\/brandid\/engwe\/engwe-x20-elektrijalgratas-114km\/\",\"name\":\"ENGWE X20 Elektrijalgratas, 114km - Ecocruiser\",\"isPartOf\":{\"@id\":\"https:\/\/projekt.vombat.ee\/eco\/#website\"},\"primaryImageOfPage\":{\"@id\":\"https:\/\/projekt.vombat.ee\/eco\/pood\/brandid\/engwe\/engwe-x20-elektrijalgratas-114km\/#primaryimage\"},\"image\":{\"@id\":\"https:\/\/projekt.vombat.ee\/eco\/pood\/brandid\/engwe\/engwe-x20-elektrijalgratas-114km\/#primaryimage\"},\"thumbnailUrl\":\"https:\/\/projekt.vombat.ee\/eco\/wp-content\/uploads\/2024\/01\/1-hall-scaled.webp\",\"datePublished\":\"2024-02-29T05:25:25+00:00\",\"dateModified\":\"2024-05-02T16:53:23+00:00\",\"description\":\"ENGWE X20 20*4.0 tolliste rehvidega kokkupandav elektriline jalgratas, 14.4Ah + 7.8Ah kaksikaku, maksimaalne kiirus 25 km\/h, s\u00f5iduulatus 114 km.\",\"breadcrumb\":{\"@id\":\"https:\/\/projekt.vombat.ee\/eco\/pood\/brandid\/engwe\/engwe-x20-elektrijalgratas-114km\/#breadcrumb\"},\"inLanguage\":\"en-GB\",\"potentialAction\":[{\"@type\":\"ReadAction\",\"target\":[\"https:\/\/projekt.vombat.ee\/eco\/pood\/brandid\/engwe\/engwe-x20-elektrijalgratas-114km\/\"]}]},{\"@type\":\"ImageObject\",\"inLanguage\":\"en-GB\",\"@id\":\"https:\/\/projekt.vombat.ee\/eco\/pood\/brandid\/engwe\/engwe-x20-elektrijalgratas-114km\/#primaryimage\",\"url\":\"https:\/\/projekt.vombat.ee\/eco\/wp-content\/uploads\/2024\/01\/1-hall-scaled.webp\",\"contentUrl\":\"https:\/\/projekt.vombat.ee\/eco\/wp-content\/uploads\/2024\/01\/1-hall-scaled.webp\",\"width\":1838,\"height\":2560},{\"@type\":\"BreadcrumbList\",\"@id\":\"https:\/\/projekt.vombat.ee\/eco\/pood\/brandid\/engwe\/engwe-x20-elektrijalgratas-114km\/#breadcrumb\",\"itemListElement\":[{\"@type\":\"ListItem\",\"position\":1,\"name\":\"Home\",\"item\":\"https:\/\/projekt.vombat.ee\/eco\/\"},{\"@type\":\"ListItem\",\"position\":2,\"name\":\"Pood\",\"item\":\"https:\/\/projekt.vombat.ee\/eco\/pood\/\"},{\"@type\":\"ListItem\",\"position\":3,\"name\":\"ENGWE X20 Elektrijalgratas, 114km\"}]},{\"@type\":\"WebSite\",\"@id\":\"https:\/\/projekt.vombat.ee\/eco\/#website\",\"url\":\"https:\/\/projekt.vombat.ee\/eco\/\",\"name\":\"Ecocruiser\",\"description\":\"\",\"publisher\":{\"@id\":\"https:\/\/projekt.vombat.ee\/eco\/#organization\"},\"potentialAction\":[{\"@type\":\"SearchAction\",\"target\":{\"@type\":\"EntryPoint\",\"urlTemplate\":\"https:\/\/projekt.vombat.ee\/eco\/?s={search_term_string}\"},\"query-input\":{\"@type\":\"PropertyValueSpecification\",\"valueRequired\":true,\"valueName\":\"search_term_string\"}}],\"inLanguage\":\"en-GB\"},{\"@type\":\"Organization\",\"@id\":\"https:\/\/projekt.vombat.ee\/eco\/#organization\",\"name\":\"Ecocruiser\",\"url\":\"https:\/\/projekt.vombat.ee\/eco\/\",\"logo\":{\"@type\":\"ImageObject\",\"inLanguage\":\"en-GB\",\"@id\":\"https:\/\/projekt.vombat.ee\/eco\/#\/schema\/logo\/image\/\",\"url\":\"https:\/\/projekt.vombat.ee\/eco\/wp-content\/uploads\/2023\/03\/ECOCRUISER_5.png\",\"contentUrl\":\"https:\/\/projekt.vombat.ee\/eco\/wp-content\/uploads\/2023\/03\/ECOCRUISER_5.png\",\"width\":234,\"height\":91,\"caption\":\"Ecocruiser\"},\"image\":{\"@id\":\"https:\/\/projekt.vombat.ee\/eco\/#\/schema\/logo\/image\/\"}}]}<\/script>\n<!-- \/ Yoast SEO plugin. -->","yoast_head_json":{"title":"ENGWE X20 Elektrijalgratas, 114km - Ecocruiser","description":"ENGWE X20 20*4.0 tolliste rehvidega kokkupandav elektriline jalgratas, 14.4Ah + 7.8Ah kaksikaku, maksimaalne kiirus 25 km\/h, s\u00f5iduulatus 114 km.","robots":{"index":"noindex","follow":"follow","max-snippet":"max-snippet:-1","max-image-preview":"max-image-preview:large","max-video-preview":"max-video-preview:-1"},"og_locale":"en_GB","og_type":"article","og_title":"ENGWE X20 Elektrijalgratas, 114km - Ecocruiser","og_description":"ENGWE X20 20*4.0 tolliste rehvidega kokkupandav elektriline jalgratas, 14.4Ah + 7.8Ah kaksikaku, maksimaalne kiirus 25 km\/h, s\u00f5iduulatus 114 km.","og_url":"https:\/\/projekt.vombat.ee\/eco\/pood\/brandid\/engwe\/engwe-x20-elektrijalgratas-114km\/","og_site_name":"Ecocruiser","article_modified_time":"2024-05-02T16:53:23+00:00","og_image":[{"width":1838,"height":2560,"url":"https:\/\/projekt.vombat.ee\/eco\/wp-content\/uploads\/2024\/01\/1-hall-scaled.webp","type":"image\/webp"}],"twitter_card":"summary_large_image","twitter_misc":{"Estimated reading time":"4 minutes"},"schema":{"@context":"https:\/\/schema.org","@graph":[{"@type":"WebPage","@id":"https:\/\/projekt.vombat.ee\/eco\/pood\/brandid\/engwe\/engwe-x20-elektrijalgratas-114km\/","url":"https:\/\/projekt.vombat.ee\/eco\/pood\/brandid\/engwe\/engwe-x20-elektrijalgratas-114km\/","name":"ENGWE X20 Elektrijalgratas, 114km - Ecocruiser","isPartOf":{"@id":"https:\/\/projekt.vombat.ee\/eco\/#website"},"primaryImageOfPage":{"@id":"https:\/\/projekt.vombat.ee\/eco\/pood\/brandid\/engwe\/engwe-x20-elektrijalgratas-114km\/#primaryimage"},"image":{"@id":"https:\/\/projekt.vombat.ee\/eco\/pood\/brandid\/engwe\/engwe-x20-elektrijalgratas-114km\/#primaryimage"},"thumbnailUrl":"https:\/\/projekt.vombat.ee\/eco\/wp-content\/uploads\/2024\/01\/1-hall-scaled.webp","datePublished":"2024-02-29T05:25:25+00:00","dateModified":"2024-05-02T16:53:23+00:00","description":"ENGWE X20 20*4.0 tolliste rehvidega kokkupandav elektriline jalgratas, 14.4Ah + 7.8Ah kaksikaku, maksimaalne kiirus 25 km\/h, s\u00f5iduulatus 114 km.","breadcrumb":{"@id":"https:\/\/projekt.vombat.ee\/eco\/pood\/brandid\/engwe\/engwe-x20-elektrijalgratas-114km\/#breadcrumb"},"inLanguage":"en-GB","potentialAction":[{"@type":"ReadAction","target":["https:\/\/projekt.vombat.ee\/eco\/pood\/brandid\/engwe\/engwe-x20-elektrijalgratas-114km\/"]}]},{"@type":"ImageObject","inLanguage":"en-GB","@id":"https:\/\/projekt.vombat.ee\/eco\/pood\/brandid\/engwe\/engwe-x20-elektrijalgratas-114km\/#primaryimage","url":"https:\/\/projekt.vombat.ee\/eco\/wp-content\/uploads\/2024\/01\/1-hall-scaled.webp","contentUrl":"https:\/\/projekt.vombat.ee\/eco\/wp-content\/uploads\/2024\/01\/1-hall-scaled.webp","width":1838,"height":2560},{"@type":"BreadcrumbList","@id":"https:\/\/projekt.vombat.ee\/eco\/pood\/brandid\/engwe\/engwe-x20-elektrijalgratas-114km\/#breadcrumb","itemListElement":[{"@type":"ListItem","position":1,"name":"Home","item":"https:\/\/projekt.vombat.ee\/eco\/"},{"@type":"ListItem","position":2,"name":"Pood","item":"https:\/\/projekt.vombat.ee\/eco\/pood\/"},{"@type":"ListItem","position":3,"name":"ENGWE X20 Elektrijalgratas, 114km"}]},{"@type":"WebSite","@id":"https:\/\/projekt.vombat.ee\/eco\/#website","url":"https:\/\/projekt.vombat.ee\/eco\/","name":"Ecocruiser","description":"","publisher":{"@id":"https:\/\/projekt.vombat.ee\/eco\/#organization"},"potentialAction":[{"@type":"SearchAction","target":{"@type":"EntryPoint","urlTemplate":"https:\/\/projekt.vombat.ee\/eco\/?s={search_term_string}"},"query-input":{"@type":"PropertyValueSpecification","valueRequired":true,"valueName":"search_term_string"}}],"inLanguage":"en-GB"},{"@type":"Organization","@id":"https:\/\/projekt.vombat.ee\/eco\/#organization","name":"Ecocruiser","url":"https:\/\/projekt.vombat.ee\/eco\/","logo":{"@type":"ImageObject","inLanguage":"en-GB","@id":"https:\/\/projekt.vombat.ee\/eco\/#\/schema\/logo\/image\/","url":"https:\/\/projekt.vombat.ee\/eco\/wp-content\/uploads\/2023\/03\/ECOCRUISER_5.png","contentUrl":"https:\/\/projekt.vombat.ee\/eco\/wp-content\/uploads\/2023\/03\/ECOCRUISER_5.png","width":234,"height":91,"caption":"Ecocruiser"},"image":{"@id":"https:\/\/projekt.vombat.ee\/eco\/#\/schema\/logo\/image\/"}}]}},"lang":"et","translations":{"et":13115},"pll_sync_post":[],"_links":{"self":[{"href":"https:\/\/projekt.vombat.ee\/eco\/wp-json\/wp\/v2\/product\/13115"}],"collection":[{"href":"https:\/\/projekt.vombat.ee\/eco\/wp-json\/wp\/v2\/product"}],"about":[{"href":"https:\/\/projekt.vombat.ee\/eco\/wp-json\/wp\/v2\/types\/product"}],"version-history":[{"count":9,"href":"https:\/\/projekt.vombat.ee\/eco\/wp-json\/wp\/v2\/product\/13115\/revisions"}],"predecessor-version":[{"id":16768,"href":"https:\/\/projekt.vombat.ee\/eco\/wp-json\/wp\/v2\/product\/13115\/revisions\/16768"}],"wp:featuredmedia":[{"embeddable":true,"href":"https:\/\/projekt.vombat.ee\/eco\/wp-json\/wp\/v2\/media\/14772"}],"wp:attachment":[{"href":"https:\/\/projekt.vombat.ee\/eco\/wp-json\/wp\/v2\/media?parent=13115"}],"wp:term":[{"taxonomy":"product_cat","embeddable":true,"href":"https:\/\/projekt.vombat.ee\/eco\/wp-json\/wp\/v2\/product_cat?post=13115"},{"taxonomy":"product_tag","embeddable":true,"href":"https:\/\/projekt.vombat.ee\/eco\/wp-json\/wp\/v2\/product_tag?post=13115"}],"curies":[{"name":"wp","href":"https:\/\/api.w.org\/{rel}","templated":true}]}}