{"id":12081,"date":"2023-08-23T10:51:27","date_gmt":"2023-08-23T10:51:27","guid":{"rendered":"https:\/\/projekt.vombat.ee\/eco\/?post_type=product&#038;p=12081"},"modified":"2023-08-23T10:56:45","modified_gmt":"2023-08-23T10:56:45","slug":"tasakaaluliikur-chic-d01-2","status":"publish","type":"product","link":"https:\/\/projekt.vombat.ee\/eco\/pood\/tasakaaluliikurid\/tasakaaluliikur-chic-d01-2\/","title":{"rendered":"Tasakaaluliikur CHIC D01"},"content":{"rendered":"<h3>ELEKTRILINE HOVERBOARD 6,5&#8242; LED<\/h3>\n<p><img fetchpriority=\"high\" decoding=\"async\" class=\"msub_k4 mupj_5k mjru_k4 mse2_k4 mp7g_f6 mq1m_0 mj7u_0 m7er_k4 lazyloaded\" src=\"https:\/\/a.allegroimg.com\/original\/11f49a\/7ac1acaf408399c378f58c5c796a\/ELECTRIC-HOVERBOARD-6-5-INCH-BOARD\" sizes=\"100vw\" srcset=\"https:\/\/a.allegroimg.com\/s360\/11f49a\/7ac1acaf408399c378f58c5c796a\/ELECTRIC-HOVERBOARD-6-5-INCH-BOARD 360w,https:\/\/a.allegroimg.com\/s720\/11f49a\/7ac1acaf408399c378f58c5c796a\/ELECTRIC-HOVERBOARD-6-5-INCH-BOARD 720w,https:\/\/a.allegroimg.com\/s1024\/11f49a\/7ac1acaf408399c378f58c5c796a\/ELECTRIC-HOVERBOARD-6-5-INCH-BOARD 1024w,https:\/\/a.allegroimg.com\/s1440\/11f49a\/7ac1acaf408399c378f58c5c796a\/ELECTRIC-HOVERBOARD-6-5-INCH-BOARD 1422w,https:\/\/a.allegroimg.com\/original\/11f49a\/7ac1acaf408399c378f58c5c796a\/ELECTRIC-HOVERBOARD-6-5-INCH-BOARD 1422w\" alt=\"ELECTRIC HOVERBOARD 6.5 INCH BOARD\" width=\"618\" height=\"449\" data-src=\"https:\/\/a.allegroimg.com\/original\/11f49a\/7ac1acaf408399c378f58c5c796a\/ELECTRIC-HOVERBOARD-6-5-INCH-BOARD\" data-srcset=\"https:\/\/a.allegroimg.com\/s360\/11f49a\/7ac1acaf408399c378f58c5c796a\/ELECTRIC-HOVERBOARD-6-5-INCH-BOARD 360w,https:\/\/a.allegroimg.com\/s720\/11f49a\/7ac1acaf408399c378f58c5c796a\/ELECTRIC-HOVERBOARD-6-5-INCH-BOARD 720w,https:\/\/a.allegroimg.com\/s1024\/11f49a\/7ac1acaf408399c378f58c5c796a\/ELECTRIC-HOVERBOARD-6-5-INCH-BOARD 1024w,https:\/\/a.allegroimg.com\/s1440\/11f49a\/7ac1acaf408399c378f58c5c796a\/ELECTRIC-HOVERBOARD-6-5-INCH-BOARD 1422w,https:\/\/a.allegroimg.com\/original\/11f49a\/7ac1acaf408399c378f58c5c796a\/ELECTRIC-HOVERBOARD-6-5-INCH-BOARD 1422w\" \/><\/p>\n<p>See on lihtsalt ideaalne vidin igale aktiivsele ja kaasaegsele inimesele ning ideaalne kingitus lapsele. See toimib h\u00e4sti ka pikkadel ja v\u00e4sitavatel ostlemisel kaubanduskeskustes, aga ka puhkusereisidel.<\/p>\n<p>Sellel on mitmeid positiivseid tehnilisi aspekte. Kiirus kuni 20 km\/h ja sellel on Bluetooth-\u00fchendus sinu nutitelefoniga! Juhtnupud on v\u00e4ga lihtsad, lihtsalt kallutage ettepoole v\u00f5i, kui soovite peatuda, siis tahapoole.<\/p>\n<p>Keeramine seisneb vastava jala kerges vajutamises platvormile.<\/p>\n<p>Sisseehitatud g\u00fcroskoop ja kiirendusm\u00f5\u00f5tur tagavad tasakaalu s\u00f5idu ajal. Rula \u00fcletab 15 \u00b0 kalded. Sisseehitatud 36 V aku mahutavusega 4,4 Ah.<\/p>\n<p>&nbsp;<\/p>\n<h3>Tasakaaluliikur on varustatud:<\/h3>\n<p>toiteplokk , bluetooth, k\u00f5lar. Sisseehitatud bluetooth funktsioon ja k\u00f5lar, mis v\u00f5imaldab rulal muusikat m\u00e4ngida.<\/p>\n<p>Igal rulal on Samsungi aku.<\/p>\n<p>K\u00f5ikidel meie ruladel on kaks eesmist suunavat LED-tuld, kaks neljav\u00e4rvilist lisa-LED-tuld rattakoobastel (n\u00e4idatud alloleval fotol), mis muudavad s\u00f5idu ajal v\u00e4rvi ning valgustatud LED-rattad helendavad s\u00f5idu ajal kogu aeg.<\/p>\n<p><img decoding=\"async\" class=\"msub_k4 mupj_5k mjru_k4 mse2_k4 mp7g_f6 mq1m_0 mj7u_0 m7er_k4 lazyloaded\" src=\"https:\/\/a.allegroimg.com\/original\/116f75\/0b78d57c47158aa27ed6655938c6\/ELECTRIC-HOVERBOARD-6-5-INCH-BOARD-EAN-GTIN-4291229265530\" sizes=\"(min-width: 1200px) 560px, (min-width: 992px) 50vw, 100vw\" srcset=\"https:\/\/a.allegroimg.com\/s360\/116f75\/0b78d57c47158aa27ed6655938c6\/ELECTRIC-HOVERBOARD-6-5-INCH-BOARD-EAN-GTIN-4291229265530 360w,https:\/\/a.allegroimg.com\/s720\/116f75\/0b78d57c47158aa27ed6655938c6\/ELECTRIC-HOVERBOARD-6-5-INCH-BOARD-EAN-GTIN-4291229265530 720w,https:\/\/a.allegroimg.com\/s1024\/116f75\/0b78d57c47158aa27ed6655938c6\/ELECTRIC-HOVERBOARD-6-5-INCH-BOARD-EAN-GTIN-4291229265530 1024w,https:\/\/a.allegroimg.com\/s1440\/116f75\/0b78d57c47158aa27ed6655938c6\/ELECTRIC-HOVERBOARD-6-5-INCH-BOARD-EAN-GTIN-4291229265530 1440w,https:\/\/a.allegroimg.com\/original\/116f75\/0b78d57c47158aa27ed6655938c6\/ELECTRIC-HOVERBOARD-6-5-INCH-BOARD-EAN-GTIN-4291229265530 1500w\" alt=\"ELECTRIC HOVERBOARD 6.5 INCH BOARD EAN (GTIN) 4291229265530\" width=\"581\" height=\"581\" data-src=\"https:\/\/a.allegroimg.com\/original\/116f75\/0b78d57c47158aa27ed6655938c6\/ELECTRIC-HOVERBOARD-6-5-INCH-BOARD-EAN-GTIN-4291229265530\" data-srcset=\"https:\/\/a.allegroimg.com\/s360\/116f75\/0b78d57c47158aa27ed6655938c6\/ELECTRIC-HOVERBOARD-6-5-INCH-BOARD-EAN-GTIN-4291229265530 360w,https:\/\/a.allegroimg.com\/s720\/116f75\/0b78d57c47158aa27ed6655938c6\/ELECTRIC-HOVERBOARD-6-5-INCH-BOARD-EAN-GTIN-4291229265530 720w,https:\/\/a.allegroimg.com\/s1024\/116f75\/0b78d57c47158aa27ed6655938c6\/ELECTRIC-HOVERBOARD-6-5-INCH-BOARD-EAN-GTIN-4291229265530 1024w,https:\/\/a.allegroimg.com\/s1440\/116f75\/0b78d57c47158aa27ed6655938c6\/ELECTRIC-HOVERBOARD-6-5-INCH-BOARD-EAN-GTIN-4291229265530 1440w,https:\/\/a.allegroimg.com\/original\/116f75\/0b78d57c47158aa27ed6655938c6\/ELECTRIC-HOVERBOARD-6-5-INCH-BOARD-EAN-GTIN-4291229265530 1500w\" \/><\/p>\n<h3>Info<\/h3>\n<p>S\u00f5iduulatus: 20 km<br \/>\nMudel &#8211; 6,5&#8243; elektriline rula<br \/>\nAku &#8211; 36V 4,4Ah Li-ion<br \/>\nRatta suurus &#8211; 6,5&#8243;<br \/>\nMootor &#8211; 2 x 250W<br \/>\nFunktsioonid \u2013 Bluetooth<br \/>\nSeadme kaal &#8211; 8,5 kg<br \/>\nMaksimaalne kasutaja kaal &#8211; 100 kg<br \/>\nPinna maksimaalne kaldenurk &#8211; 15\u00b0<br \/>\nMaksimaalne kiirus &#8211; kuni 20 km\/h<br \/>\nS\u00f5iduulatus s\u00f5ltub v\u00e4listingimustest<br \/>\nVeekindluse kaitseklass &#8211; IP54<br \/>\nM\u00f5\u00f5dud &#8211; 58,4 x 18,6 x 17,8 cm<br \/>\nLaadimisaeg &#8211; 120 minutit<br \/>\nLisafunktsioonid &#8211; Heli- ja valgussignaal t\u00fchja aku kohta<br \/>\nLEDid &#8211; 3 v\u00e4rvi<\/p>\n<p><img decoding=\"async\" class=\"msub_k4 mupj_5k mjru_k4 mse2_k4 mp7g_f6 mq1m_0 mj7u_0 m7er_k4 lazyloaded\" src=\"https:\/\/a.allegroimg.com\/original\/116465\/0048e1054c9dae5c4c18dea77d50\/ELECTRIC-HOVERBOARD-6-5-INCH-BOARD-Manufacturer-s-code-CHIC-D01\" sizes=\"(min-width: 1200px) 560px, (min-width: 992px) 50vw, 100vw\" srcset=\"https:\/\/a.allegroimg.com\/s360\/116465\/0048e1054c9dae5c4c18dea77d50\/ELECTRIC-HOVERBOARD-6-5-INCH-BOARD-Manufacturer-s-code-CHIC-D01 360w,https:\/\/a.allegroimg.com\/s720\/116465\/0048e1054c9dae5c4c18dea77d50\/ELECTRIC-HOVERBOARD-6-5-INCH-BOARD-Manufacturer-s-code-CHIC-D01 720w,https:\/\/a.allegroimg.com\/s1024\/116465\/0048e1054c9dae5c4c18dea77d50\/ELECTRIC-HOVERBOARD-6-5-INCH-BOARD-Manufacturer-s-code-CHIC-D01 1024w,https:\/\/a.allegroimg.com\/s1440\/116465\/0048e1054c9dae5c4c18dea77d50\/ELECTRIC-HOVERBOARD-6-5-INCH-BOARD-Manufacturer-s-code-CHIC-D01 1440w,https:\/\/a.allegroimg.com\/original\/116465\/0048e1054c9dae5c4c18dea77d50\/ELECTRIC-HOVERBOARD-6-5-INCH-BOARD-Manufacturer-s-code-CHIC-D01 1500w\" alt=\"ELECTRIC HOVERBOARD 6.5 INCH BOARD Manufacturer's code CHIC D01\" width=\"633\" height=\"633\" data-src=\"https:\/\/a.allegroimg.com\/original\/116465\/0048e1054c9dae5c4c18dea77d50\/ELECTRIC-HOVERBOARD-6-5-INCH-BOARD-Manufacturer-s-code-CHIC-D01\" data-srcset=\"https:\/\/a.allegroimg.com\/s360\/116465\/0048e1054c9dae5c4c18dea77d50\/ELECTRIC-HOVERBOARD-6-5-INCH-BOARD-Manufacturer-s-code-CHIC-D01 360w,https:\/\/a.allegroimg.com\/s720\/116465\/0048e1054c9dae5c4c18dea77d50\/ELECTRIC-HOVERBOARD-6-5-INCH-BOARD-Manufacturer-s-code-CHIC-D01 720w,https:\/\/a.allegroimg.com\/s1024\/116465\/0048e1054c9dae5c4c18dea77d50\/ELECTRIC-HOVERBOARD-6-5-INCH-BOARD-Manufacturer-s-code-CHIC-D01 1024w,https:\/\/a.allegroimg.com\/s1440\/116465\/0048e1054c9dae5c4c18dea77d50\/ELECTRIC-HOVERBOARD-6-5-INCH-BOARD-Manufacturer-s-code-CHIC-D01 1440w,https:\/\/a.allegroimg.com\/original\/116465\/0048e1054c9dae5c4c18dea77d50\/ELECTRIC-HOVERBOARD-6-5-INCH-BOARD-Manufacturer-s-code-CHIC-D01 1500w\" \/><\/p>\n<p><img loading=\"lazy\" decoding=\"async\" class=\"msub_k4 mupj_5k mjru_k4 mse2_k4 mp7g_f6 mq1m_0 mj7u_0 m7er_k4 lazyloaded\" src=\"https:\/\/a.allegroimg.com\/original\/11c3d4\/2237f7ea469ea49dd9561cd6818e\/ELECTRIC-HOVERBOARD-6-5-INCH-BOARD-Brand-other-brand\" sizes=\"(min-width: 1200px) 560px, (min-width: 992px) 50vw, 100vw\" srcset=\"https:\/\/a.allegroimg.com\/s360\/11c3d4\/2237f7ea469ea49dd9561cd6818e\/ELECTRIC-HOVERBOARD-6-5-INCH-BOARD-Brand-other-brand 360w,https:\/\/a.allegroimg.com\/s720\/11c3d4\/2237f7ea469ea49dd9561cd6818e\/ELECTRIC-HOVERBOARD-6-5-INCH-BOARD-Brand-other-brand 720w,https:\/\/a.allegroimg.com\/s1024\/11c3d4\/2237f7ea469ea49dd9561cd6818e\/ELECTRIC-HOVERBOARD-6-5-INCH-BOARD-Brand-other-brand 1024w,https:\/\/a.allegroimg.com\/s1440\/11c3d4\/2237f7ea469ea49dd9561cd6818e\/ELECTRIC-HOVERBOARD-6-5-INCH-BOARD-Brand-other-brand 1440w,https:\/\/a.allegroimg.com\/original\/11c3d4\/2237f7ea469ea49dd9561cd6818e\/ELECTRIC-HOVERBOARD-6-5-INCH-BOARD-Brand-other-brand 1486w\" alt=\"ELECTRIC HOVERBOARD 6.5 INCH BOARD Brand other brand\" width=\"674\" height=\"598\" data-src=\"https:\/\/a.allegroimg.com\/original\/11c3d4\/2237f7ea469ea49dd9561cd6818e\/ELECTRIC-HOVERBOARD-6-5-INCH-BOARD-Brand-other-brand\" data-srcset=\"https:\/\/a.allegroimg.com\/s360\/11c3d4\/2237f7ea469ea49dd9561cd6818e\/ELECTRIC-HOVERBOARD-6-5-INCH-BOARD-Brand-other-brand 360w,https:\/\/a.allegroimg.com\/s720\/11c3d4\/2237f7ea469ea49dd9561cd6818e\/ELECTRIC-HOVERBOARD-6-5-INCH-BOARD-Brand-other-brand 720w,https:\/\/a.allegroimg.com\/s1024\/11c3d4\/2237f7ea469ea49dd9561cd6818e\/ELECTRIC-HOVERBOARD-6-5-INCH-BOARD-Brand-other-brand 1024w,https:\/\/a.allegroimg.com\/s1440\/11c3d4\/2237f7ea469ea49dd9561cd6818e\/ELECTRIC-HOVERBOARD-6-5-INCH-BOARD-Brand-other-brand 1440w,https:\/\/a.allegroimg.com\/original\/11c3d4\/2237f7ea469ea49dd9561cd6818e\/ELECTRIC-HOVERBOARD-6-5-INCH-BOARD-Brand-other-brand 1486w\" \/><\/p>\n<p>&nbsp;<\/p>\n","protected":false},"excerpt":{"rendered":"<p><strong>Tasakaaluliikur CHIC D01\u00a0<\/strong><\/p>\n<ul>\n<li>S\u00f5iduulatus: 20 km<\/li>\n<li>Aku &#8211; 36V 4,4Ah Li-ion<\/li>\n<li>Funktsioonid \u2013 Bluetooth<\/li>\n<li>Seadme kaal &#8211; 8,5 kg<\/li>\n<li>Maksimaalne kasutaja kaal &#8211; 100 kg<\/li>\n<li>Maksimaalne kiirus &#8211; kuni 20 km\/h<\/li>\n<li>Veekindluse kaitseklass &#8211; IP54<\/li>\n<li>Laadimisaeg &#8211; 120 minutit<\/li>\n<\/ul>\n<p>\u2666\u00a0<strong>Tarneaeg 2-6 p\u00e4eva<\/strong><br \/>\n\u2666\u00a0<strong>Laos<\/strong><\/p>\n","protected":false},"featured_media":12082,"template":"","meta":[],"product_cat":[1861],"product_tag":[],"class_list":{"0":"post-12081","1":"product","2":"type-product","3":"status-publish","4":"has-post-thumbnail","6":"product_cat-tasakaaluliikurid","8":"first","9":"instock","10":"taxable","11":"shipping-taxable","12":"purchasable","13":"product-type-simple"},"yoast_head":"<!-- This site is optimized with the Yoast SEO plugin v23.8 - https:\/\/yoast.com\/wordpress\/plugins\/seo\/ -->\n<title>Tasakaaluliikur CHIC D01 - Ecocruiser<\/title>\n<meta name=\"robots\" content=\"noindex, follow, max-snippet:-1, max-image-preview:large, max-video-preview:-1\" \/>\n<meta property=\"og:locale\" content=\"en_GB\" \/>\n<meta property=\"og:type\" content=\"article\" \/>\n<meta property=\"og:title\" content=\"Tasakaaluliikur CHIC D01 - Ecocruiser\" \/>\n<meta property=\"og:description\" content=\"Tasakaaluliikur CHIC D01\u00a0   S\u00f5iduulatus: 20 km  Aku - 36V 4,4Ah Li-ion  Funktsioonid \u2013 Bluetooth  Seadme kaal - 8,5 kg  Maksimaalne kasutaja kaal - 100 kg  Maksimaalne kiirus - kuni 20 km\/h  Veekindluse kaitseklass - IP54  Laadimisaeg - 120 minutit  \u2666\u00a0Tarneaeg 2-6 p\u00e4eva \u2666\u00a0Laos\" \/>\n<meta property=\"og:url\" content=\"https:\/\/projekt.vombat.ee\/eco\/pood\/tasakaaluliikurid\/tasakaaluliikur-chic-d01-2\/\" \/>\n<meta property=\"og:site_name\" content=\"Ecocruiser\" \/>\n<meta property=\"article:modified_time\" content=\"2023-08-23T10:56:45+00:00\" \/>\n<meta property=\"og:image\" content=\"https:\/\/projekt.vombat.ee\/eco\/wp-content\/uploads\/2023\/08\/1-5.png\" \/>\n\t<meta property=\"og:image:width\" content=\"1343\" \/>\n\t<meta property=\"og:image:height\" content=\"812\" \/>\n\t<meta property=\"og:image:type\" content=\"image\/png\" \/>\n<meta name=\"twitter:card\" content=\"summary_large_image\" \/>\n<meta name=\"twitter:label1\" content=\"Estimated reading time\" \/>\n\t<meta name=\"twitter:data1\" content=\"2 minutes\" \/>\n<script type=\"application\/ld+json\" class=\"yoast-schema-graph\">{\"@context\":\"https:\/\/schema.org\",\"@graph\":[{\"@type\":\"WebPage\",\"@id\":\"https:\/\/projekt.vombat.ee\/eco\/pood\/tasakaaluliikurid\/tasakaaluliikur-chic-d01-2\/\",\"url\":\"https:\/\/projekt.vombat.ee\/eco\/pood\/tasakaaluliikurid\/tasakaaluliikur-chic-d01-2\/\",\"name\":\"Tasakaaluliikur CHIC D01 - Ecocruiser\",\"isPartOf\":{\"@id\":\"https:\/\/projekt.vombat.ee\/eco\/#website\"},\"primaryImageOfPage\":{\"@id\":\"https:\/\/projekt.vombat.ee\/eco\/pood\/tasakaaluliikurid\/tasakaaluliikur-chic-d01-2\/#primaryimage\"},\"image\":{\"@id\":\"https:\/\/projekt.vombat.ee\/eco\/pood\/tasakaaluliikurid\/tasakaaluliikur-chic-d01-2\/#primaryimage\"},\"thumbnailUrl\":\"https:\/\/projekt.vombat.ee\/eco\/wp-content\/uploads\/2023\/08\/1-5.png\",\"datePublished\":\"2023-08-23T10:51:27+00:00\",\"dateModified\":\"2023-08-23T10:56:45+00:00\",\"breadcrumb\":{\"@id\":\"https:\/\/projekt.vombat.ee\/eco\/pood\/tasakaaluliikurid\/tasakaaluliikur-chic-d01-2\/#breadcrumb\"},\"inLanguage\":\"en-GB\",\"potentialAction\":[{\"@type\":\"ReadAction\",\"target\":[\"https:\/\/projekt.vombat.ee\/eco\/pood\/tasakaaluliikurid\/tasakaaluliikur-chic-d01-2\/\"]}]},{\"@type\":\"ImageObject\",\"inLanguage\":\"en-GB\",\"@id\":\"https:\/\/projekt.vombat.ee\/eco\/pood\/tasakaaluliikurid\/tasakaaluliikur-chic-d01-2\/#primaryimage\",\"url\":\"https:\/\/projekt.vombat.ee\/eco\/wp-content\/uploads\/2023\/08\/1-5.png\",\"contentUrl\":\"https:\/\/projekt.vombat.ee\/eco\/wp-content\/uploads\/2023\/08\/1-5.png\",\"width\":1343,\"height\":812},{\"@type\":\"BreadcrumbList\",\"@id\":\"https:\/\/projekt.vombat.ee\/eco\/pood\/tasakaaluliikurid\/tasakaaluliikur-chic-d01-2\/#breadcrumb\",\"itemListElement\":[{\"@type\":\"ListItem\",\"position\":1,\"name\":\"Home\",\"item\":\"https:\/\/projekt.vombat.ee\/eco\/\"},{\"@type\":\"ListItem\",\"position\":2,\"name\":\"Pood\",\"item\":\"https:\/\/projekt.vombat.ee\/eco\/pood\/\"},{\"@type\":\"ListItem\",\"position\":3,\"name\":\"Tasakaaluliikur CHIC D01\"}]},{\"@type\":\"WebSite\",\"@id\":\"https:\/\/projekt.vombat.ee\/eco\/#website\",\"url\":\"https:\/\/projekt.vombat.ee\/eco\/\",\"name\":\"Ecocruiser\",\"description\":\"\",\"publisher\":{\"@id\":\"https:\/\/projekt.vombat.ee\/eco\/#organization\"},\"potentialAction\":[{\"@type\":\"SearchAction\",\"target\":{\"@type\":\"EntryPoint\",\"urlTemplate\":\"https:\/\/projekt.vombat.ee\/eco\/?s={search_term_string}\"},\"query-input\":{\"@type\":\"PropertyValueSpecification\",\"valueRequired\":true,\"valueName\":\"search_term_string\"}}],\"inLanguage\":\"en-GB\"},{\"@type\":\"Organization\",\"@id\":\"https:\/\/projekt.vombat.ee\/eco\/#organization\",\"name\":\"Ecocruiser\",\"url\":\"https:\/\/projekt.vombat.ee\/eco\/\",\"logo\":{\"@type\":\"ImageObject\",\"inLanguage\":\"en-GB\",\"@id\":\"https:\/\/projekt.vombat.ee\/eco\/#\/schema\/logo\/image\/\",\"url\":\"https:\/\/projekt.vombat.ee\/eco\/wp-content\/uploads\/2023\/03\/ECOCRUISER_5.png\",\"contentUrl\":\"https:\/\/projekt.vombat.ee\/eco\/wp-content\/uploads\/2023\/03\/ECOCRUISER_5.png\",\"width\":234,\"height\":91,\"caption\":\"Ecocruiser\"},\"image\":{\"@id\":\"https:\/\/projekt.vombat.ee\/eco\/#\/schema\/logo\/image\/\"}}]}<\/script>\n<!-- \/ Yoast SEO plugin. -->","yoast_head_json":{"title":"Tasakaaluliikur CHIC D01 - Ecocruiser","robots":{"index":"noindex","follow":"follow","max-snippet":"max-snippet:-1","max-image-preview":"max-image-preview:large","max-video-preview":"max-video-preview:-1"},"og_locale":"en_GB","og_type":"article","og_title":"Tasakaaluliikur CHIC D01 - Ecocruiser","og_description":"Tasakaaluliikur CHIC D01\u00a0   S\u00f5iduulatus: 20 km  Aku - 36V 4,4Ah Li-ion  Funktsioonid \u2013 Bluetooth  Seadme kaal - 8,5 kg  Maksimaalne kasutaja kaal - 100 kg  Maksimaalne kiirus - kuni 20 km\/h  Veekindluse kaitseklass - IP54  Laadimisaeg - 120 minutit  \u2666\u00a0Tarneaeg 2-6 p\u00e4eva \u2666\u00a0Laos","og_url":"https:\/\/projekt.vombat.ee\/eco\/pood\/tasakaaluliikurid\/tasakaaluliikur-chic-d01-2\/","og_site_name":"Ecocruiser","article_modified_time":"2023-08-23T10:56:45+00:00","og_image":[{"width":1343,"height":812,"url":"https:\/\/projekt.vombat.ee\/eco\/wp-content\/uploads\/2023\/08\/1-5.png","type":"image\/png"}],"twitter_card":"summary_large_image","twitter_misc":{"Estimated reading time":"2 minutes"},"schema":{"@context":"https:\/\/schema.org","@graph":[{"@type":"WebPage","@id":"https:\/\/projekt.vombat.ee\/eco\/pood\/tasakaaluliikurid\/tasakaaluliikur-chic-d01-2\/","url":"https:\/\/projekt.vombat.ee\/eco\/pood\/tasakaaluliikurid\/tasakaaluliikur-chic-d01-2\/","name":"Tasakaaluliikur CHIC D01 - Ecocruiser","isPartOf":{"@id":"https:\/\/projekt.vombat.ee\/eco\/#website"},"primaryImageOfPage":{"@id":"https:\/\/projekt.vombat.ee\/eco\/pood\/tasakaaluliikurid\/tasakaaluliikur-chic-d01-2\/#primaryimage"},"image":{"@id":"https:\/\/projekt.vombat.ee\/eco\/pood\/tasakaaluliikurid\/tasakaaluliikur-chic-d01-2\/#primaryimage"},"thumbnailUrl":"https:\/\/projekt.vombat.ee\/eco\/wp-content\/uploads\/2023\/08\/1-5.png","datePublished":"2023-08-23T10:51:27+00:00","dateModified":"2023-08-23T10:56:45+00:00","breadcrumb":{"@id":"https:\/\/projekt.vombat.ee\/eco\/pood\/tasakaaluliikurid\/tasakaaluliikur-chic-d01-2\/#breadcrumb"},"inLanguage":"en-GB","potentialAction":[{"@type":"ReadAction","target":["https:\/\/projekt.vombat.ee\/eco\/pood\/tasakaaluliikurid\/tasakaaluliikur-chic-d01-2\/"]}]},{"@type":"ImageObject","inLanguage":"en-GB","@id":"https:\/\/projekt.vombat.ee\/eco\/pood\/tasakaaluliikurid\/tasakaaluliikur-chic-d01-2\/#primaryimage","url":"https:\/\/projekt.vombat.ee\/eco\/wp-content\/uploads\/2023\/08\/1-5.png","contentUrl":"https:\/\/projekt.vombat.ee\/eco\/wp-content\/uploads\/2023\/08\/1-5.png","width":1343,"height":812},{"@type":"BreadcrumbList","@id":"https:\/\/projekt.vombat.ee\/eco\/pood\/tasakaaluliikurid\/tasakaaluliikur-chic-d01-2\/#breadcrumb","itemListElement":[{"@type":"ListItem","position":1,"name":"Home","item":"https:\/\/projekt.vombat.ee\/eco\/"},{"@type":"ListItem","position":2,"name":"Pood","item":"https:\/\/projekt.vombat.ee\/eco\/pood\/"},{"@type":"ListItem","position":3,"name":"Tasakaaluliikur CHIC D01"}]},{"@type":"WebSite","@id":"https:\/\/projekt.vombat.ee\/eco\/#website","url":"https:\/\/projekt.vombat.ee\/eco\/","name":"Ecocruiser","description":"","publisher":{"@id":"https:\/\/projekt.vombat.ee\/eco\/#organization"},"potentialAction":[{"@type":"SearchAction","target":{"@type":"EntryPoint","urlTemplate":"https:\/\/projekt.vombat.ee\/eco\/?s={search_term_string}"},"query-input":{"@type":"PropertyValueSpecification","valueRequired":true,"valueName":"search_term_string"}}],"inLanguage":"en-GB"},{"@type":"Organization","@id":"https:\/\/projekt.vombat.ee\/eco\/#organization","name":"Ecocruiser","url":"https:\/\/projekt.vombat.ee\/eco\/","logo":{"@type":"ImageObject","inLanguage":"en-GB","@id":"https:\/\/projekt.vombat.ee\/eco\/#\/schema\/logo\/image\/","url":"https:\/\/projekt.vombat.ee\/eco\/wp-content\/uploads\/2023\/03\/ECOCRUISER_5.png","contentUrl":"https:\/\/projekt.vombat.ee\/eco\/wp-content\/uploads\/2023\/03\/ECOCRUISER_5.png","width":234,"height":91,"caption":"Ecocruiser"},"image":{"@id":"https:\/\/projekt.vombat.ee\/eco\/#\/schema\/logo\/image\/"}}]}},"lang":"et","translations":{"et":12081},"pll_sync_post":[],"_links":{"self":[{"href":"https:\/\/projekt.vombat.ee\/eco\/wp-json\/wp\/v2\/product\/12081"}],"collection":[{"href":"https:\/\/projekt.vombat.ee\/eco\/wp-json\/wp\/v2\/product"}],"about":[{"href":"https:\/\/projekt.vombat.ee\/eco\/wp-json\/wp\/v2\/types\/product"}],"version-history":[{"count":1,"href":"https:\/\/projekt.vombat.ee\/eco\/wp-json\/wp\/v2\/product\/12081\/revisions"}],"predecessor-version":[{"id":12085,"href":"https:\/\/projekt.vombat.ee\/eco\/wp-json\/wp\/v2\/product\/12081\/revisions\/12085"}],"wp:featuredmedia":[{"embeddable":true,"href":"https:\/\/projekt.vombat.ee\/eco\/wp-json\/wp\/v2\/media\/12082"}],"wp:attachment":[{"href":"https:\/\/projekt.vombat.ee\/eco\/wp-json\/wp\/v2\/media?parent=12081"}],"wp:term":[{"taxonomy":"product_cat","embeddable":true,"href":"https:\/\/projekt.vombat.ee\/eco\/wp-json\/wp\/v2\/product_cat?post=12081"},{"taxonomy":"product_tag","embeddable":true,"href":"https:\/\/projekt.vombat.ee\/eco\/wp-json\/wp\/v2\/product_tag?post=12081"}],"curies":[{"name":"wp","href":"https:\/\/api.w.org\/{rel}","templated":true}]}}