{"id":11760,"date":"2023-08-17T10:52:25","date_gmt":"2023-08-17T10:52:25","guid":{"rendered":"https:\/\/projekt.vombat.ee\/eco\/?post_type=product&#038;p=11760"},"modified":"2024-06-25T18:02:06","modified_gmt":"2024-06-25T18:02:06","slug":"elektriratas-embassy-black-panther-7-600wh-100km","status":"publish","type":"product","link":"https:\/\/projekt.vombat.ee\/eco\/pood\/elektrirattad\/linnarattad\/elektriratas-embassy-black-panther-7-600wh-100km\/","title":{"rendered":"Elektriratas Embassy Black Panther 7 600Wh, 120km"},"content":{"rendered":"<div class=\"youtube responsive-embed wp-embed\"><iframe title=\"E-BIKES EMBASSY \u26a1\ufe0f\" width=\"1778\" height=\"1000\" src=\"https:\/\/www.youtube.com\/embed\/7T5toxF54bI?feature=oembed&#038;enablejsapi=1&#038;rel=0&#038;showinfo=0&#038;color=white\" frameborder=\"0\" allow=\"accelerometer; autoplay; clipboard-write; encrypted-media; gyroscope; picture-in-picture; web-share\" referrerpolicy=\"strict-origin-when-cross-origin\" allowfullscreen><\/iframe><\/div>\n<h3>Info<\/h3>\n<p>Kaubam\u00e4rk Embassy Bikes<br \/>\nH\u00fcdrauliline ketaspidur<br \/>\nRaami materjal alumiinium (sulam 6061)<br \/>\nMootori t\u00fc\u00fcp: BAFANG M400 250W<br \/>\nAku t\u00fc\u00fcp: BAFANG 450Wh<br \/>\nT\u00f6\u00f6ulatus: kuni 100km<br \/>\nMaksimaalne kiirus: 25km\/h<br \/>\nLaadimisaeg: 6-8 tundi<br \/>\nToetustasemed: 5 + k\u00f5ndimisre\u017eiim<br \/>\nRatta suurus (tolli) 26\u2033 Ratta rehvid, 26\u2033\/2,35, AV-klapid pumpamise h\u00f5lbustamiseks.<br \/>\nLaiad alumiiniumveljed.<br \/>\nK\u00e4ikude arv 3 Shimano Nexus<br \/>\nJuhtraud Cruiser \u201cMontana\u201d \u2013 v\u00e4ga mugav roolikaar:<br \/>\nlaius: 71 cm, v\u00e4rvus kroom.<br \/>\nKeevendab randmeid ja sunnib s\u00f5idu ajal sirget asendit<br \/>\nJuhtraua vars: 2 reguleerimistasandit \u2013 varre k\u00f5rgus &amp; lenksu kaldenurk.<br \/>\nMadalaim juhtraua k\u00f5rgus: 112 cm \u2013 lenks maapinnaga paralleelselt. Maksimaalne juhtraua k\u00f5rgus: 120 cm \u2013 lenks maapinnaga paralleelselt.<br \/>\nMadalaim sadula k\u00f5rgus: 87 cm<br \/>\nMaksimaalne sadula k\u00f5rgus: 100 cm<br \/>\nSadul: lai ja v\u00e4ga mugav, kahekordse keerdvedruga, tagab sujuva l\u00f6\u00f6gisummutuse<br \/>\nVeekindel<br \/>\nKaal: 23kg<br \/>\nPakendi suurus 195 cm x 27 cm x 102 cm<br \/>\nKaasas t\u00f6\u00f6riistad: kuuskantv\u00f5ti 5mm \/ 6mm \u2013 multit\u00f6\u00f6riist 15mm \/ 13mm \/ 17mm mutriv\u00f5tmetega<br \/>\nSobib s\u00f5itjale pikkusega: 160 cm \u2013 190 cm<\/p>\n","protected":false},"excerpt":{"rendered":"<ul>\n<li>Mootori t\u00fc\u00fcp: BAFANG M400 250W<\/li>\n<li>Aku t\u00fc\u00fcp: BAFANG 450Wh<\/li>\n<li>T\u00f6\u00f6ulatus: kuni 100km<\/li>\n<li>Maksimaalne kiirus: 25km\/h<\/li>\n<li>Laadimisaeg: 6-8 tundi<\/li>\n<li>Kaal: 23kg<\/li>\n<li>Sobib s\u00f5itjale pikkusega: 160 \u2013 190 cm<\/li>\n<li>2-aastane garantii<\/li>\n<\/ul>\n<p><strong>&#8211; Tarneaeg 1-2 n\u00e4dalat<\/strong><\/p>\n","protected":false},"featured_media":11885,"template":"","meta":[],"product_cat":[1849,52,903,905],"product_tag":[],"class_list":{"0":"post-11760","1":"product","2":"type-product","3":"status-publish","4":"has-post-thumbnail","6":"product_cat-cruiser-rattad","7":"product_cat-elektrirattad","8":"product_cat-linnarattad","9":"product_cat-maastikurattad","11":"first","12":"instock","13":"taxable","14":"shipping-taxable","15":"purchasable","16":"product-type-simple"},"yoast_head":"<!-- This site is optimized with the Yoast SEO plugin v23.8 - https:\/\/yoast.com\/wordpress\/plugins\/seo\/ -->\n<title>Elektriratas Embassy Black Panther 7 600Wh, 120km - Ecocruiser<\/title>\n<meta name=\"robots\" content=\"noindex, follow, max-snippet:-1, max-image-preview:large, max-video-preview:-1\" \/>\n<meta property=\"og:locale\" content=\"en_GB\" \/>\n<meta property=\"og:type\" content=\"article\" \/>\n<meta property=\"og:title\" content=\"Elektriratas Embassy Black Panther 7 600Wh, 120km - Ecocruiser\" \/>\n<meta property=\"og:description\" content=\"Mootori t\u00fc\u00fcp: BAFANG M400 250W  Aku t\u00fc\u00fcp: BAFANG 450Wh  T\u00f6\u00f6ulatus: kuni 100km  Maksimaalne kiirus: 25km\/h  Laadimisaeg: 6-8 tundi  Kaal: 23kg  Sobib s\u00f5itjale pikkusega: 160 \u2013 190 cm  2-aastane garantii  - Tarneaeg 1-2 n\u00e4dalat\" \/>\n<meta property=\"og:url\" content=\"https:\/\/projekt.vombat.ee\/eco\/pood\/elektrirattad\/linnarattad\/elektriratas-embassy-black-panther-7-600wh-100km\/\" \/>\n<meta property=\"og:site_name\" content=\"Ecocruiser\" \/>\n<meta property=\"article:modified_time\" content=\"2024-06-25T18:02:06+00:00\" \/>\n<meta property=\"og:image\" content=\"https:\/\/projekt.vombat.ee\/eco\/wp-content\/uploads\/2023\/08\/rower-elektryczny-black-panther.webp\" \/>\n\t<meta property=\"og:image:width\" content=\"1500\" \/>\n\t<meta property=\"og:image:height\" content=\"1400\" \/>\n\t<meta property=\"og:image:type\" content=\"image\/webp\" \/>\n<meta name=\"twitter:card\" content=\"summary_large_image\" \/>\n<meta name=\"twitter:label1\" content=\"Estimated reading time\" \/>\n\t<meta name=\"twitter:data1\" content=\"1 minute\" \/>\n<script type=\"application\/ld+json\" class=\"yoast-schema-graph\">{\"@context\":\"https:\/\/schema.org\",\"@graph\":[{\"@type\":\"WebPage\",\"@id\":\"https:\/\/projekt.vombat.ee\/eco\/pood\/elektrirattad\/linnarattad\/elektriratas-embassy-black-panther-7-600wh-100km\/\",\"url\":\"https:\/\/projekt.vombat.ee\/eco\/pood\/elektrirattad\/linnarattad\/elektriratas-embassy-black-panther-7-600wh-100km\/\",\"name\":\"Elektriratas Embassy Black Panther 7 600Wh, 120km - Ecocruiser\",\"isPartOf\":{\"@id\":\"https:\/\/projekt.vombat.ee\/eco\/#website\"},\"primaryImageOfPage\":{\"@id\":\"https:\/\/projekt.vombat.ee\/eco\/pood\/elektrirattad\/linnarattad\/elektriratas-embassy-black-panther-7-600wh-100km\/#primaryimage\"},\"image\":{\"@id\":\"https:\/\/projekt.vombat.ee\/eco\/pood\/elektrirattad\/linnarattad\/elektriratas-embassy-black-panther-7-600wh-100km\/#primaryimage\"},\"thumbnailUrl\":\"https:\/\/projekt.vombat.ee\/eco\/wp-content\/uploads\/2023\/08\/rower-elektryczny-black-panther.webp\",\"datePublished\":\"2023-08-17T10:52:25+00:00\",\"dateModified\":\"2024-06-25T18:02:06+00:00\",\"breadcrumb\":{\"@id\":\"https:\/\/projekt.vombat.ee\/eco\/pood\/elektrirattad\/linnarattad\/elektriratas-embassy-black-panther-7-600wh-100km\/#breadcrumb\"},\"inLanguage\":\"en-GB\",\"potentialAction\":[{\"@type\":\"ReadAction\",\"target\":[\"https:\/\/projekt.vombat.ee\/eco\/pood\/elektrirattad\/linnarattad\/elektriratas-embassy-black-panther-7-600wh-100km\/\"]}]},{\"@type\":\"ImageObject\",\"inLanguage\":\"en-GB\",\"@id\":\"https:\/\/projekt.vombat.ee\/eco\/pood\/elektrirattad\/linnarattad\/elektriratas-embassy-black-panther-7-600wh-100km\/#primaryimage\",\"url\":\"https:\/\/projekt.vombat.ee\/eco\/wp-content\/uploads\/2023\/08\/rower-elektryczny-black-panther.webp\",\"contentUrl\":\"https:\/\/projekt.vombat.ee\/eco\/wp-content\/uploads\/2023\/08\/rower-elektryczny-black-panther.webp\",\"width\":1500,\"height\":1400},{\"@type\":\"BreadcrumbList\",\"@id\":\"https:\/\/projekt.vombat.ee\/eco\/pood\/elektrirattad\/linnarattad\/elektriratas-embassy-black-panther-7-600wh-100km\/#breadcrumb\",\"itemListElement\":[{\"@type\":\"ListItem\",\"position\":1,\"name\":\"Home\",\"item\":\"https:\/\/projekt.vombat.ee\/eco\/\"},{\"@type\":\"ListItem\",\"position\":2,\"name\":\"Pood\",\"item\":\"https:\/\/projekt.vombat.ee\/eco\/pood\/\"},{\"@type\":\"ListItem\",\"position\":3,\"name\":\"Elektriratas Embassy Black Panther 7 600Wh, 120km\"}]},{\"@type\":\"WebSite\",\"@id\":\"https:\/\/projekt.vombat.ee\/eco\/#website\",\"url\":\"https:\/\/projekt.vombat.ee\/eco\/\",\"name\":\"Ecocruiser\",\"description\":\"\",\"publisher\":{\"@id\":\"https:\/\/projekt.vombat.ee\/eco\/#organization\"},\"potentialAction\":[{\"@type\":\"SearchAction\",\"target\":{\"@type\":\"EntryPoint\",\"urlTemplate\":\"https:\/\/projekt.vombat.ee\/eco\/?s={search_term_string}\"},\"query-input\":{\"@type\":\"PropertyValueSpecification\",\"valueRequired\":true,\"valueName\":\"search_term_string\"}}],\"inLanguage\":\"en-GB\"},{\"@type\":\"Organization\",\"@id\":\"https:\/\/projekt.vombat.ee\/eco\/#organization\",\"name\":\"Ecocruiser\",\"url\":\"https:\/\/projekt.vombat.ee\/eco\/\",\"logo\":{\"@type\":\"ImageObject\",\"inLanguage\":\"en-GB\",\"@id\":\"https:\/\/projekt.vombat.ee\/eco\/#\/schema\/logo\/image\/\",\"url\":\"https:\/\/projekt.vombat.ee\/eco\/wp-content\/uploads\/2023\/03\/ECOCRUISER_5.png\",\"contentUrl\":\"https:\/\/projekt.vombat.ee\/eco\/wp-content\/uploads\/2023\/03\/ECOCRUISER_5.png\",\"width\":234,\"height\":91,\"caption\":\"Ecocruiser\"},\"image\":{\"@id\":\"https:\/\/projekt.vombat.ee\/eco\/#\/schema\/logo\/image\/\"}}]}<\/script>\n<!-- \/ Yoast SEO plugin. -->","yoast_head_json":{"title":"Elektriratas Embassy Black Panther 7 600Wh, 120km - Ecocruiser","robots":{"index":"noindex","follow":"follow","max-snippet":"max-snippet:-1","max-image-preview":"max-image-preview:large","max-video-preview":"max-video-preview:-1"},"og_locale":"en_GB","og_type":"article","og_title":"Elektriratas Embassy Black Panther 7 600Wh, 120km - Ecocruiser","og_description":"Mootori t\u00fc\u00fcp: BAFANG M400 250W  Aku t\u00fc\u00fcp: BAFANG 450Wh  T\u00f6\u00f6ulatus: kuni 100km  Maksimaalne kiirus: 25km\/h  Laadimisaeg: 6-8 tundi  Kaal: 23kg  Sobib s\u00f5itjale pikkusega: 160 \u2013 190 cm  2-aastane garantii  - Tarneaeg 1-2 n\u00e4dalat","og_url":"https:\/\/projekt.vombat.ee\/eco\/pood\/elektrirattad\/linnarattad\/elektriratas-embassy-black-panther-7-600wh-100km\/","og_site_name":"Ecocruiser","article_modified_time":"2024-06-25T18:02:06+00:00","og_image":[{"width":1500,"height":1400,"url":"https:\/\/projekt.vombat.ee\/eco\/wp-content\/uploads\/2023\/08\/rower-elektryczny-black-panther.webp","type":"image\/webp"}],"twitter_card":"summary_large_image","twitter_misc":{"Estimated reading time":"1 minute"},"schema":{"@context":"https:\/\/schema.org","@graph":[{"@type":"WebPage","@id":"https:\/\/projekt.vombat.ee\/eco\/pood\/elektrirattad\/linnarattad\/elektriratas-embassy-black-panther-7-600wh-100km\/","url":"https:\/\/projekt.vombat.ee\/eco\/pood\/elektrirattad\/linnarattad\/elektriratas-embassy-black-panther-7-600wh-100km\/","name":"Elektriratas Embassy Black Panther 7 600Wh, 120km - Ecocruiser","isPartOf":{"@id":"https:\/\/projekt.vombat.ee\/eco\/#website"},"primaryImageOfPage":{"@id":"https:\/\/projekt.vombat.ee\/eco\/pood\/elektrirattad\/linnarattad\/elektriratas-embassy-black-panther-7-600wh-100km\/#primaryimage"},"image":{"@id":"https:\/\/projekt.vombat.ee\/eco\/pood\/elektrirattad\/linnarattad\/elektriratas-embassy-black-panther-7-600wh-100km\/#primaryimage"},"thumbnailUrl":"https:\/\/projekt.vombat.ee\/eco\/wp-content\/uploads\/2023\/08\/rower-elektryczny-black-panther.webp","datePublished":"2023-08-17T10:52:25+00:00","dateModified":"2024-06-25T18:02:06+00:00","breadcrumb":{"@id":"https:\/\/projekt.vombat.ee\/eco\/pood\/elektrirattad\/linnarattad\/elektriratas-embassy-black-panther-7-600wh-100km\/#breadcrumb"},"inLanguage":"en-GB","potentialAction":[{"@type":"ReadAction","target":["https:\/\/projekt.vombat.ee\/eco\/pood\/elektrirattad\/linnarattad\/elektriratas-embassy-black-panther-7-600wh-100km\/"]}]},{"@type":"ImageObject","inLanguage":"en-GB","@id":"https:\/\/projekt.vombat.ee\/eco\/pood\/elektrirattad\/linnarattad\/elektriratas-embassy-black-panther-7-600wh-100km\/#primaryimage","url":"https:\/\/projekt.vombat.ee\/eco\/wp-content\/uploads\/2023\/08\/rower-elektryczny-black-panther.webp","contentUrl":"https:\/\/projekt.vombat.ee\/eco\/wp-content\/uploads\/2023\/08\/rower-elektryczny-black-panther.webp","width":1500,"height":1400},{"@type":"BreadcrumbList","@id":"https:\/\/projekt.vombat.ee\/eco\/pood\/elektrirattad\/linnarattad\/elektriratas-embassy-black-panther-7-600wh-100km\/#breadcrumb","itemListElement":[{"@type":"ListItem","position":1,"name":"Home","item":"https:\/\/projekt.vombat.ee\/eco\/"},{"@type":"ListItem","position":2,"name":"Pood","item":"https:\/\/projekt.vombat.ee\/eco\/pood\/"},{"@type":"ListItem","position":3,"name":"Elektriratas Embassy Black Panther 7 600Wh, 120km"}]},{"@type":"WebSite","@id":"https:\/\/projekt.vombat.ee\/eco\/#website","url":"https:\/\/projekt.vombat.ee\/eco\/","name":"Ecocruiser","description":"","publisher":{"@id":"https:\/\/projekt.vombat.ee\/eco\/#organization"},"potentialAction":[{"@type":"SearchAction","target":{"@type":"EntryPoint","urlTemplate":"https:\/\/projekt.vombat.ee\/eco\/?s={search_term_string}"},"query-input":{"@type":"PropertyValueSpecification","valueRequired":true,"valueName":"search_term_string"}}],"inLanguage":"en-GB"},{"@type":"Organization","@id":"https:\/\/projekt.vombat.ee\/eco\/#organization","name":"Ecocruiser","url":"https:\/\/projekt.vombat.ee\/eco\/","logo":{"@type":"ImageObject","inLanguage":"en-GB","@id":"https:\/\/projekt.vombat.ee\/eco\/#\/schema\/logo\/image\/","url":"https:\/\/projekt.vombat.ee\/eco\/wp-content\/uploads\/2023\/03\/ECOCRUISER_5.png","contentUrl":"https:\/\/projekt.vombat.ee\/eco\/wp-content\/uploads\/2023\/03\/ECOCRUISER_5.png","width":234,"height":91,"caption":"Ecocruiser"},"image":{"@id":"https:\/\/projekt.vombat.ee\/eco\/#\/schema\/logo\/image\/"}}]}},"lang":"et","translations":{"et":11760},"pll_sync_post":[],"_links":{"self":[{"href":"https:\/\/projekt.vombat.ee\/eco\/wp-json\/wp\/v2\/product\/11760"}],"collection":[{"href":"https:\/\/projekt.vombat.ee\/eco\/wp-json\/wp\/v2\/product"}],"about":[{"href":"https:\/\/projekt.vombat.ee\/eco\/wp-json\/wp\/v2\/types\/product"}],"version-history":[{"count":4,"href":"https:\/\/projekt.vombat.ee\/eco\/wp-json\/wp\/v2\/product\/11760\/revisions"}],"predecessor-version":[{"id":18990,"href":"https:\/\/projekt.vombat.ee\/eco\/wp-json\/wp\/v2\/product\/11760\/revisions\/18990"}],"wp:featuredmedia":[{"embeddable":true,"href":"https:\/\/projekt.vombat.ee\/eco\/wp-json\/wp\/v2\/media\/11885"}],"wp:attachment":[{"href":"https:\/\/projekt.vombat.ee\/eco\/wp-json\/wp\/v2\/media?parent=11760"}],"wp:term":[{"taxonomy":"product_cat","embeddable":true,"href":"https:\/\/projekt.vombat.ee\/eco\/wp-json\/wp\/v2\/product_cat?post=11760"},{"taxonomy":"product_tag","embeddable":true,"href":"https:\/\/projekt.vombat.ee\/eco\/wp-json\/wp\/v2\/product_tag?post=11760"}],"curies":[{"name":"wp","href":"https:\/\/api.w.org\/{rel}","templated":true}]}}