{"id":11671,"date":"2023-08-17T08:55:20","date_gmt":"2023-08-17T08:55:20","guid":{"rendered":"https:\/\/projekt.vombat.ee\/eco\/?post_type=product&#038;p=11671"},"modified":"2023-11-20T12:40:19","modified_gmt":"2023-11-20T12:40:19","slug":"onesport-bk8-elektrijalgratas-must","status":"publish","type":"product","link":"https:\/\/projekt.vombat.ee\/eco\/pood\/elektrirattad\/linnarattad\/onesport-bk8-elektrijalgratas-must\/","title":{"rendered":"ONESPORT BK8 250W elektrijalgratas, 100km"},"content":{"rendered":"<h1><strong>ONESPORT BK8 elektrijalgratas, must<\/strong><\/h1>\n<h1><strong><img fetchpriority=\"high\" decoding=\"async\" class=\"\" src=\"https:\/\/projekt.vombat.ee\/eco\/wp-content\/uploads\/2023\/08\/ONESPORT-BK8-300x300.jpeg\" width=\"362\" height=\"362\" \/><\/strong><\/h1>\n<div class=\"mpof_ki myre_zn myre_8v_l m389_6m_l\">\n<div class=\"mp4t_16_s mryx_16_s mr3m_1 mli2_1 mh85_56 mh85_0_l\">\n<div class=\"mgn2_16 _0d3bd_am0a-\">\n<h3><strong>Funktsionaalne aku<\/strong><\/h3>\n<p><strong>Patareid on turvameetmetega h\u00e4sti kaitstud.<\/strong><\/p>\n<\/div>\n<\/div>\n<\/div>\n<div class=\"mpof_ki myre_zn myre_8v_l m389_6m_l\">\n<div class=\"mp4t_16_s mryx_16_s mr3m_1 mli2_1 mh85_56 mh85_0_l\">\n<div class=\"mg9e_8 mj7a_8 mg9e_0_s mvrt_0_s mj7a_0_s mh36_0_s mzmg_6m munh_16_l m3h2_16_l\">\n<div class=\"mp4t_0 mryx_0 munh_56 m3h2_56\">\n<div class=\"mp7g_oh\"><strong><img decoding=\"async\" class=\"msub_k4 mupj_5k mjru_k4 mse2_k4 mp7g_f6 mq1m_0 mj7u_0 m7er_k4 lazyloaded\" src=\"https:\/\/a.allegroimg.com\/original\/11b769\/ff8086604946bc1f9d1ebfb526d9\/Rower-elektryczny-damski-ONESPORT-BK8-350W-do-100KM-Kod-producenta-4537367222197\" alt=\"Naiste e-jalgratas ONESPORT BK8 350W kuni 100KM Tootjakood 4537367222197\" width=\"649\" height=\"432\" data-src=\"https:\/\/a.allegroimg.com\/original\/11b769\/ff8086604946bc1f9d1ebfb526d9\/Rower-elektryczny-damski-ONESPORT-BK8-350W-do-100KM-Kod-producenta-4537367222197\" data-srcset=\"https:\/\/a.allegroimg.com\/s360\/11b769\/ff8086604946bc1f9d1ebfb526d9\/Rower-elektryczny-damski-ONESPORT-BK8-350W-do-100KM-Kod-producenta-4537367222197 360w,https:\/\/a.allegroimg.com\/s720\/11b769\/ff8086604946bc1f9d1ebfb526d9\/Rower-elektryczny-damski-ONESPORT-BK8-350W-do-100KM-Kod-producenta-4537367222197 720w,https:\/\/a.allegroimg.com\/s1024\/11b769\/ff8086604946bc1f9d1ebfb526d9\/Rower-elektryczny-damski-ONESPORT-BK8-350W-do-100KM-Kod-producenta-4537367222197 800w,https:\/\/a.allegroimg.com\/original\/11b769\/ff8086604946bc1f9d1ebfb526d9\/Rower-elektryczny-damski-ONESPORT-BK8-350W-do-100KM-Kod-producenta-4537367222197 800w\" \/><\/strong><\/div>\n<\/div>\n<\/div>\n<\/div>\n<div class=\"mp4t_16_s mryx_16_s mr3m_1 mli2_1 mh85_56 mh85_0_l\">\n<div class=\"mg9e_8 mj7a_8 mg9e_0_s mvrt_0_s mj7a_0_s mh36_0_s mzmg_6m munh_16_l m3h2_16_l\">\n<div class=\"mp4t_0 mryx_0 munh_56 m3h2_56\">\n<div class=\"mp7g_oh\"><strong><img decoding=\"async\" class=\"msub_k4 mupj_5k mjru_k4 mse2_k4 mp7g_f6 mq1m_0 mj7u_0 m7er_k4 lazyloaded\" src=\"https:\/\/a.allegroimg.com\/original\/11eab5\/a739eb5d4cc586f8fd15825f2996\/Rower-elektryczny-damski-ONESPORT-BK8-350W-do-100KM-Marka-inna\" alt=\"Naiste elektrijalgratas ONESPORT BK8 350W kuni 100KM Eri mark\" width=\"649\" height=\"432\" data-src=\"https:\/\/a.allegroimg.com\/original\/11eab5\/a739eb5d4cc586f8fd15825f2996\/Rower-elektryczny-damski-ONESPORT-BK8-350W-do-100KM-Marka-inna\" data-srcset=\"https:\/\/a.allegroimg.com\/s360\/11eab5\/a739eb5d4cc586f8fd15825f2996\/Rower-elektryczny-damski-ONESPORT-BK8-350W-do-100KM-Marka-inna 360w,https:\/\/a.allegroimg.com\/s720\/11eab5\/a739eb5d4cc586f8fd15825f2996\/Rower-elektryczny-damski-ONESPORT-BK8-350W-do-100KM-Marka-inna 720w,https:\/\/a.allegroimg.com\/s1024\/11eab5\/a739eb5d4cc586f8fd15825f2996\/Rower-elektryczny-damski-ONESPORT-BK8-350W-do-100KM-Marka-inna 800w,https:\/\/a.allegroimg.com\/original\/11eab5\/a739eb5d4cc586f8fd15825f2996\/Rower-elektryczny-damski-ONESPORT-BK8-350W-do-100KM-Marka-inna 800w\" \/><\/strong><\/div>\n<\/div>\n<\/div>\n<\/div>\n<\/div>\n<div class=\"mpof_ki myre_zn myre_8v_l m389_6m_l\">\n<div class=\"mp4t_16_s mryx_16_s mr3m_1 mli2_1 mh85_56 mh85_0_l\">\n<div class=\"mgn2_16 _0d3bd_am0a-\">\n<p><strong>[Ohutu paigaldamine]\u00a0E-jalgratas on varustatud kahe ketasrootoriga, et testida t\u00f5husust ja usaldusv\u00e4\u00e4rset pidurdust\u00f5husust j\u00e4rskudel m\u00e4gedel, ebatasasel teel v\u00f5i muudel ekstreemsetel tingimustel.\u00a0Esivedrustuse kahvel neelab v\u00e4ga h\u00e4sti rooliv\u00f5imendi ja aitab paremini suunda juhtida.\u00a0Muutke oma reis turvalisemaks<\/strong><\/p>\n<\/div>\n<\/div>\n<\/div>\n<div class=\"mpof_ki myre_zn myre_8v_l m389_6m_l\">\n<div class=\"mp4t_16_s mryx_16_s mr3m_1 mli2_1 mh85_56 mh85_0_l\">\n<div class=\"mg9e_8 mj7a_8 mg9e_0_s mvrt_0_s mj7a_0_s mh36_0_s mzmg_6m munh_16_l m3h2_16_l\">\n<div class=\"mp4t_0 mryx_0 munh_56 m3h2_56\">\n<div class=\"mp7g_oh\"><\/div>\n<\/div>\n<\/div>\n<\/div>\n<div class=\"mp4t_16_s mryx_16_s mr3m_1 mli2_1 mh85_56 mh85_0_l\">\n<div class=\"mg9e_8 mj7a_8 mg9e_0_s mvrt_0_s mj7a_0_s mh36_0_s mzmg_6m munh_16_l m3h2_16_l\">\n<div class=\"mp4t_0 mryx_0 munh_56 m3h2_56\">\n<div class=\"mp7g_oh\"><\/div>\n<\/div>\n<\/div>\n<\/div>\n<\/div>\n<div class=\"mpof_ki myre_zn myre_8v_l m389_6m_l\">\n<div class=\"mp4t_16_s mryx_16_s mr3m_1 mli2_1 mh85_56 mh85_0_l\">\n<div class=\"mgn2_16 _0d3bd_am0a-\">\n<h4><strong>Professionaalne k\u00e4igukast (\u00fche kiirusega)<\/strong><\/h4>\n<p><strong>Vastutulelik, vaikne, ei kaldu laskuma.<\/strong><\/p>\n<\/div>\n<\/div>\n<div class=\"mp4t_16_s mryx_16_s mr3m_1 mli2_1 mh85_56 mh85_0_l\">\n<div class=\"mg9e_8 mj7a_8 mg9e_0_s mvrt_0_s mj7a_0_s mh36_0_s mzmg_6m munh_16_l m3h2_16_l\">\n<div class=\"mp4t_0 mryx_0 munh_56 m3h2_56\">\n<div class=\"mp7g_oh\"><\/div>\n<\/div>\n<\/div>\n<\/div>\n<\/div>\n<div class=\"mpof_ki myre_zn myre_8v_l m389_6m_l\">\n<div class=\"mp4t_16_s mryx_16_s mr3m_1 mli2_1 mh85_56 mh85_0_l\">\n<div class=\"mgn2_16 _0d3bd_am0a-\">\n<h3><strong>LCD ekraan<\/strong><\/h3>\n<p><strong>Nutikas LCD-ekraan j\u00e4lgib reaalajas teie kiirust, j\u00f5udlust, pedaaliabi suhteid, l\u00e4bis\u00f5itu ja muud statistikat<\/strong><\/p>\n<\/div>\n<\/div>\n<div class=\"mp4t_16_s mryx_16_s mr3m_1 mli2_1 mh85_56 mh85_0_l\">\n<div class=\"mg9e_8 mj7a_8 mg9e_0_s mvrt_0_s mj7a_0_s mh36_0_s mzmg_6m munh_16_l m3h2_16_l\">\n<div class=\"mp4t_0 mryx_0 munh_56 m3h2_56\">\n<div class=\"mp7g_oh\"><strong><img loading=\"lazy\" decoding=\"async\" class=\"msub_k4 mupj_5k mjru_k4 mse2_k4 mp7g_f6 mq1m_0 mj7u_0 m7er_k4 lazyloaded\" src=\"https:\/\/a.allegroimg.com\/original\/112e21\/323f3029467c83d9832b65e5423d\/Rower-elektryczny-damski-ONESPORT-BK8-350W-do-100KM-Hamulce-tarczowe-mechaniczne\" alt=\"Naiste e-jalgratas ONESPORT BK8 350W kuni 100KM Mehaanilised ketaspidurid\" width=\"649\" height=\"432\" data-src=\"https:\/\/a.allegroimg.com\/original\/112e21\/323f3029467c83d9832b65e5423d\/Rower-elektryczny-damski-ONESPORT-BK8-350W-do-100KM-Hamulce-tarczowe-mechaniczne\" data-srcset=\"https:\/\/a.allegroimg.com\/s360\/112e21\/323f3029467c83d9832b65e5423d\/Rower-elektryczny-damski-ONESPORT-BK8-350W-do-100KM-Hamulce-tarczowe-mechaniczne 360w,https:\/\/a.allegroimg.com\/s720\/112e21\/323f3029467c83d9832b65e5423d\/Rower-elektryczny-damski-ONESPORT-BK8-350W-do-100KM-Hamulce-tarczowe-mechaniczne 720w,https:\/\/a.allegroimg.com\/s1024\/112e21\/323f3029467c83d9832b65e5423d\/Rower-elektryczny-damski-ONESPORT-BK8-350W-do-100KM-Hamulce-tarczowe-mechaniczne 1024w,https:\/\/a.allegroimg.com\/s1440\/112e21\/323f3029467c83d9832b65e5423d\/Rower-elektryczny-damski-ONESPORT-BK8-350W-do-100KM-Hamulce-tarczowe-mechaniczne 1440w,https:\/\/a.allegroimg.com\/original\/112e21\/323f3029467c83d9832b65e5423d\/Rower-elektryczny-damski-ONESPORT-BK8-350W-do-100KM-Hamulce-tarczowe-mechaniczne 2560w\" \/><\/strong><\/div>\n<\/div>\n<\/div>\n<\/div>\n<\/div>\n<div class=\"mpof_ki myre_zn myre_8v_l m389_6m_l\">\n<div class=\"mp4t_16_s mryx_16_s mr3m_1 mli2_1 mh85_56 mh85_0_l\">\n<div class=\"mgn2_16 _0d3bd_am0a-\">\n<h3><strong>26&#8243; rattad<\/strong><\/h3>\n<p><strong>Suured 26-tollised rehvid lisavad t\u00e4iendavat amortisatsiooni igal maastikul<\/strong><\/p>\n<\/div>\n<\/div>\n<div class=\"mp4t_16_s mryx_16_s mr3m_1 mli2_1 mh85_56 mh85_0_l\">\n<div class=\"mg9e_8 mj7a_8 mg9e_0_s mvrt_0_s mj7a_0_s mh36_0_s mzmg_6m munh_16_l m3h2_16_l\">\n<div class=\"mp4t_0 mryx_0 munh_56 m3h2_56\">\n<div class=\"mp7g_oh\"><strong><img loading=\"lazy\" decoding=\"async\" class=\"msub_k4 mupj_5k mjru_k4 mse2_k4 mp7g_f6 mq1m_0 mj7u_0 m7er_k4 lazyloaded\" src=\"https:\/\/a.allegroimg.com\/original\/116760\/0e6592e74ebf8d8b6d3023596757\/Rower-elektryczny-damski-ONESPORT-BK8-350W-do-100KM-Waga-25-kg\" alt=\"Naiste elektrijalgratas ONESPORT BK8 350W kuni 100KM kaal 25 kg\" width=\"649\" height=\"432\" data-src=\"https:\/\/a.allegroimg.com\/original\/116760\/0e6592e74ebf8d8b6d3023596757\/Rower-elektryczny-damski-ONESPORT-BK8-350W-do-100KM-Waga-25-kg\" data-srcset=\"https:\/\/a.allegroimg.com\/s360\/116760\/0e6592e74ebf8d8b6d3023596757\/Rower-elektryczny-damski-ONESPORT-BK8-350W-do-100KM-Waga-25-kg 360w,https:\/\/a.allegroimg.com\/s720\/116760\/0e6592e74ebf8d8b6d3023596757\/Rower-elektryczny-damski-ONESPORT-BK8-350W-do-100KM-Waga-25-kg 720w,https:\/\/a.allegroimg.com\/s1024\/116760\/0e6592e74ebf8d8b6d3023596757\/Rower-elektryczny-damski-ONESPORT-BK8-350W-do-100KM-Waga-25-kg 1024w,https:\/\/a.allegroimg.com\/s1440\/116760\/0e6592e74ebf8d8b6d3023596757\/Rower-elektryczny-damski-ONESPORT-BK8-350W-do-100KM-Waga-25-kg 1440w,https:\/\/a.allegroimg.com\/original\/116760\/0e6592e74ebf8d8b6d3023596757\/Rower-elektryczny-damski-ONESPORT-BK8-350W-do-100KM-Waga-25-kg 1600w\" \/><\/strong><\/div>\n<\/div>\n<\/div>\n<\/div>\n<\/div>\n<div class=\"mpof_ki myre_zn myre_8v_l m389_6m_l\">\n<div class=\"mp4t_16_s mryx_16_s mr3m_1 mli2_1 mh85_56 mh85_0_l\">\n<div class=\"mgn2_16 _0d3bd_am0a-\">\n<h4><strong>Tagumine tagatuli turvaliseks s\u00f5itmiseks<\/strong><\/h4>\n<\/div>\n<\/div>\n<div class=\"mp4t_16_s mryx_16_s mr3m_1 mli2_1 mh85_56 mh85_0_l\">\n<div class=\"mg9e_8 mj7a_8 mg9e_0_s mvrt_0_s mj7a_0_s mh36_0_s mzmg_6m munh_16_l m3h2_16_l\">\n<div class=\"mp4t_0 mryx_0 munh_56 m3h2_56\">\n<div class=\"mp7g_oh\"><strong><img loading=\"lazy\" decoding=\"async\" class=\"msub_k4 mupj_5k mjru_k4 mse2_k4 mp7g_f6 mq1m_0 mj7u_0 m7er_k4 lazyloaded\" src=\"https:\/\/a.allegroimg.com\/original\/11bdd9\/3af9894a4716af13f0ee8863cd28\/Rower-elektryczny-damski-ONESPORT-BK8-350W-do-100KM-Model-BK8-LOGO\" alt=\"Naiste elektrijalgratas ONESPORT BK8 350W kuni 100KM Mudel BK8 LOGO\" width=\"648\" height=\"432\" data-src=\"https:\/\/a.allegroimg.com\/original\/11bdd9\/3af9894a4716af13f0ee8863cd28\/Rower-elektryczny-damski-ONESPORT-BK8-350W-do-100KM-Model-BK8-LOGO\" data-srcset=\"https:\/\/a.allegroimg.com\/s360\/11bdd9\/3af9894a4716af13f0ee8863cd28\/Rower-elektryczny-damski-ONESPORT-BK8-350W-do-100KM-Model-BK8-LOGO 360w,https:\/\/a.allegroimg.com\/s720\/11bdd9\/3af9894a4716af13f0ee8863cd28\/Rower-elektryczny-damski-ONESPORT-BK8-350W-do-100KM-Model-BK8-LOGO 720w,https:\/\/a.allegroimg.com\/s1024\/11bdd9\/3af9894a4716af13f0ee8863cd28\/Rower-elektryczny-damski-ONESPORT-BK8-350W-do-100KM-Model-BK8-LOGO 800w,https:\/\/a.allegroimg.com\/original\/11bdd9\/3af9894a4716af13f0ee8863cd28\/Rower-elektryczny-damski-ONESPORT-BK8-350W-do-100KM-Model-BK8-LOGO 800w\" \/><\/strong><\/div>\n<\/div>\n<\/div>\n<\/div>\n<\/div>\n<div class=\"mpof_ki myre_zn myre_8v_l m389_6m_l\">\n<div class=\"mp4t_16_s mryx_16_s mr3m_1 mli2_1 mh85_56 mh85_0_l\">\n<div class=\"mgn2_16 _0d3bd_am0a-\">\n<h3><strong>Kvaliteetne reisimine<\/strong><\/h3>\n<p><strong>See on varustatud suure, pehme ja abivalmilt mugava sadulaga, mille k\u00f5rgust saab kasutada v\u00e4iksemate ja suuremate kasutajatega kohanemiseks.\u00a0Isiklike asjade transportimisel v\u00f5i &#8230;&#8230; ostlemisel on mugavus ka mugavus!\u00a0Pagasiruum sobib selle \u00fclesande jaoks suurep\u00e4raselt.\u00a0K\u00f5ik, mida pead tegema, on kinnitada oma varustus tugevate, t\u00f6\u00f6kindlate pagasirihmadega ja&#8230;&#8230; oledki teel!<\/strong><\/p>\n<\/div>\n<\/div>\n<div class=\"mp4t_16_s mryx_16_s mr3m_1 mli2_1 mh85_56 mh85_0_l\">\n<div class=\"mg9e_8 mj7a_8 mg9e_0_s mvrt_0_s mj7a_0_s mh36_0_s mzmg_6m munh_16_l m3h2_16_l\">\n<div class=\"mp4t_0 mryx_0 munh_56 m3h2_56\">\n<div class=\"mp7g_oh\"><strong><img loading=\"lazy\" decoding=\"async\" class=\"msub_k4 mupj_5k mjru_k4 mse2_k4 mp7g_f6 mq1m_0 mj7u_0 m7er_k4 lazyloaded\" src=\"https:\/\/a.allegroimg.com\/original\/115de6\/ac71d6654a2a879d72da7051629c\/Rower-elektryczny-damski-ONESPORT-BK8-350W-do-100KM-Material-ramy-inny\" alt=\"Naiste elektrijalgratas ONESPORT BK8 350W kuni 100KM Raami materjal erinev\" width=\"649\" height=\"432\" data-src=\"https:\/\/a.allegroimg.com\/original\/115de6\/ac71d6654a2a879d72da7051629c\/Rower-elektryczny-damski-ONESPORT-BK8-350W-do-100KM-Material-ramy-inny\" data-srcset=\"https:\/\/a.allegroimg.com\/s360\/115de6\/ac71d6654a2a879d72da7051629c\/Rower-elektryczny-damski-ONESPORT-BK8-350W-do-100KM-Material-ramy-inny 360w,https:\/\/a.allegroimg.com\/s720\/115de6\/ac71d6654a2a879d72da7051629c\/Rower-elektryczny-damski-ONESPORT-BK8-350W-do-100KM-Material-ramy-inny 720w,https:\/\/a.allegroimg.com\/s1024\/115de6\/ac71d6654a2a879d72da7051629c\/Rower-elektryczny-damski-ONESPORT-BK8-350W-do-100KM-Material-ramy-inny 1024w,https:\/\/a.allegroimg.com\/s1440\/115de6\/ac71d6654a2a879d72da7051629c\/Rower-elektryczny-damski-ONESPORT-BK8-350W-do-100KM-Material-ramy-inny 1440w,https:\/\/a.allegroimg.com\/original\/115de6\/ac71d6654a2a879d72da7051629c\/Rower-elektryczny-damski-ONESPORT-BK8-350W-do-100KM-Material-ramy-inny 1600w\" \/><\/strong><\/div>\n<\/div>\n<h3><strong>Info:<\/strong><\/h3>\n<ul>\n<li><strong>V\u00e4rvus: Must. <\/strong><\/li>\n<li><strong style=\"font-size: inherit;\">S\u00f5iduulatus ainult elektriga: 30-50km<\/strong><\/li>\n<li><strong style=\"font-size: inherit;\">S\u00f5iduulatus abire\u017eiimis: 80-100 km<\/strong><\/li>\n<li><strong>Mootor: 36v*250w v\u00e4line harjadeta mootor. (piirajaga)<\/strong><\/li>\n<li><strong>Aku:\u00a018650 liitium 36V*10Ah. <\/strong><\/li>\n<li><strong>LCD-ekraani vahetamine. <\/strong><\/li>\n<li><strong>Maksimaalne kiirus:\u00a025 km\/h. <\/strong><\/li>\n<li><strong>Maksimaalne temperatuur: 25\u00b0. <\/strong><\/li>\n<li><strong>Laadimisaeg:\u00a03-4h. <\/strong><\/li>\n<li><strong>K\u00e4igukast: \u00fchek\u00e4iguline. <\/strong><\/li>\n<li><strong>Pidur: eesmine ja v\u00e4limine mehaaniline ketaspidur. <\/strong><\/li>\n<li><strong>Koormus: 120 kg.\u00a0<\/strong><\/li>\n<\/ul>\n<\/div>\n<\/div>\n<\/div>\n<div class=\"mpof_ki myre_zn myre_8v_l m389_6m_l\">\n<div class=\"mp4t_16_s mryx_16_s mr3m_1 mli2_1 mh85_56 mh85_0_l\">\n<div class=\"mg9e_8 mj7a_8 mg9e_0_s mvrt_0_s mj7a_0_s mh36_0_s mzmg_6m munh_16_l m3h2_16_l\">\n<div class=\"mp4t_0 mryx_0 munh_56 m3h2_56\">\n<div class=\"mp7g_oh\"><\/div>\n<\/div>\n<\/div>\n<\/div>\n<div class=\"mp4t_16_s mryx_16_s mr3m_1 mli2_1 mh85_56 mh85_0_l\">\n<div class=\"mg9e_8 mj7a_8 mg9e_0_s mvrt_0_s mj7a_0_s mh36_0_s mzmg_6m munh_16_l m3h2_16_l\">\n<div class=\"mp4t_0 mryx_0 munh_56 m3h2_56\"><\/div>\n<\/div>\n<\/div>\n<\/div>\n","protected":false},"excerpt":{"rendered":"<p><strong>ONESPORT BK8 naiste elektrijalgratas, must<\/strong><\/p>\n<ul>\n<li><strong>Mootor: 250w (piirajaga)<\/strong><\/li>\n<li><strong style=\"font-size: inherit;\">S\u00f5iduulatus ainult elektriga: 30-50km<\/strong><\/li>\n<li><strong style=\"font-size: inherit;\">S\u00f5iduulatus abire\u017eiimis: 80-100 km<\/strong><\/li>\n<li><strong>Aku:\u00a018650 liitium 36V*10Ah. <\/strong><\/li>\n<li><strong>LCD-ekraani vahetamine. <\/strong><\/li>\n<li><strong>Maksimaalne kiirus: 25 km\/h (piirajaga).<\/strong><\/li>\n<li><strong>Maksimaalne temperatuur: 25\u00b0. <\/strong><\/li>\n<li><strong>Laadimisaeg:\u00a03-4h. <\/strong><\/li>\n<li><strong>K\u00e4igukast: \u00fchek\u00e4iguline. <\/strong><\/li>\n<li><strong>Pidur: eesmine ja v\u00e4limine mehaaniline ketaspidur. <\/strong><\/li>\n<li><strong>Koormus: 120 kg.\u00a0<\/strong><\/li>\n<\/ul>\n<p>&nbsp;<\/p>\n<ul>\n<li><strong>Tarneaeg 2-7 p\u00e4eva.\u00a0<\/strong><\/li>\n<li><strong>Laos.\u00a0<\/strong><\/li>\n<\/ul>\n","protected":false},"featured_media":11672,"template":"","meta":[],"product_cat":[52,903],"product_tag":[],"class_list":{"0":"post-11671","1":"product","2":"type-product","3":"status-publish","4":"has-post-thumbnail","6":"product_cat-elektrirattad","7":"product_cat-linnarattad","8":"product_shipping_class-suured-pakid","10":"first","11":"instock","12":"taxable","13":"shipping-taxable","14":"purchasable","15":"product-type-simple"},"yoast_head":"<!-- This site is optimized with the Yoast SEO plugin v23.8 - https:\/\/yoast.com\/wordpress\/plugins\/seo\/ -->\n<title>ONESPORT BK8 250W elektrijalgratas, 100km - Ecocruiser<\/title>\n<meta name=\"description\" content=\"Mootor:\u00a036v*250w\u00a0v\u00e4line harjadeta mootor. Aku:\u00a018650 liitium 36V*10Ah. LCD-ekraani vahetamine. Maksimaalne kiirus:\u00a025 km\/h. Maksimaalne kraad:\u00a025\u00b0. Laadimisaeg:\u00a03-4h.\" \/>\n<meta name=\"robots\" content=\"noindex, follow, max-snippet:-1, max-image-preview:large, max-video-preview:-1\" \/>\n<meta property=\"og:locale\" content=\"en_GB\" \/>\n<meta property=\"og:type\" content=\"article\" \/>\n<meta property=\"og:title\" content=\"ONESPORT BK8 250W elektrijalgratas, 100km - Ecocruiser\" \/>\n<meta property=\"og:description\" content=\"Mootor:\u00a036v*250w\u00a0v\u00e4line harjadeta mootor. Aku:\u00a018650 liitium 36V*10Ah. LCD-ekraani vahetamine. Maksimaalne kiirus:\u00a025 km\/h. Maksimaalne kraad:\u00a025\u00b0. Laadimisaeg:\u00a03-4h.\" \/>\n<meta property=\"og:url\" content=\"https:\/\/projekt.vombat.ee\/eco\/pood\/elektrirattad\/linnarattad\/onesport-bk8-elektrijalgratas-must\/\" \/>\n<meta property=\"og:site_name\" content=\"Ecocruiser\" \/>\n<meta property=\"article:modified_time\" content=\"2023-11-20T12:40:19+00:00\" \/>\n<meta property=\"og:image\" content=\"https:\/\/projekt.vombat.ee\/eco\/wp-content\/uploads\/2023\/08\/ONESPORT-BK8.jpeg\" \/>\n\t<meta property=\"og:image:width\" content=\"800\" \/>\n\t<meta property=\"og:image:height\" content=\"800\" \/>\n\t<meta property=\"og:image:type\" content=\"image\/jpeg\" \/>\n<meta name=\"twitter:card\" content=\"summary_large_image\" \/>\n<meta name=\"twitter:label1\" content=\"Estimated reading time\" \/>\n\t<meta name=\"twitter:data1\" content=\"3 minutes\" \/>\n<script type=\"application\/ld+json\" class=\"yoast-schema-graph\">{\"@context\":\"https:\/\/schema.org\",\"@graph\":[{\"@type\":\"WebPage\",\"@id\":\"https:\/\/projekt.vombat.ee\/eco\/pood\/elektrirattad\/linnarattad\/onesport-bk8-elektrijalgratas-must\/\",\"url\":\"https:\/\/projekt.vombat.ee\/eco\/pood\/elektrirattad\/linnarattad\/onesport-bk8-elektrijalgratas-must\/\",\"name\":\"ONESPORT BK8 250W elektrijalgratas, 100km - Ecocruiser\",\"isPartOf\":{\"@id\":\"https:\/\/projekt.vombat.ee\/eco\/#website\"},\"primaryImageOfPage\":{\"@id\":\"https:\/\/projekt.vombat.ee\/eco\/pood\/elektrirattad\/linnarattad\/onesport-bk8-elektrijalgratas-must\/#primaryimage\"},\"image\":{\"@id\":\"https:\/\/projekt.vombat.ee\/eco\/pood\/elektrirattad\/linnarattad\/onesport-bk8-elektrijalgratas-must\/#primaryimage\"},\"thumbnailUrl\":\"https:\/\/projekt.vombat.ee\/eco\/wp-content\/uploads\/2023\/08\/ONESPORT-BK8.jpeg\",\"datePublished\":\"2023-08-17T08:55:20+00:00\",\"dateModified\":\"2023-11-20T12:40:19+00:00\",\"description\":\"Mootor:\u00a036v*250w\u00a0v\u00e4line harjadeta mootor. Aku:\u00a018650 liitium 36V*10Ah. LCD-ekraani vahetamine. Maksimaalne kiirus:\u00a025 km\/h. Maksimaalne kraad:\u00a025\u00b0. Laadimisaeg:\u00a03-4h.\",\"breadcrumb\":{\"@id\":\"https:\/\/projekt.vombat.ee\/eco\/pood\/elektrirattad\/linnarattad\/onesport-bk8-elektrijalgratas-must\/#breadcrumb\"},\"inLanguage\":\"en-GB\",\"potentialAction\":[{\"@type\":\"ReadAction\",\"target\":[\"https:\/\/projekt.vombat.ee\/eco\/pood\/elektrirattad\/linnarattad\/onesport-bk8-elektrijalgratas-must\/\"]}]},{\"@type\":\"ImageObject\",\"inLanguage\":\"en-GB\",\"@id\":\"https:\/\/projekt.vombat.ee\/eco\/pood\/elektrirattad\/linnarattad\/onesport-bk8-elektrijalgratas-must\/#primaryimage\",\"url\":\"https:\/\/projekt.vombat.ee\/eco\/wp-content\/uploads\/2023\/08\/ONESPORT-BK8.jpeg\",\"contentUrl\":\"https:\/\/projekt.vombat.ee\/eco\/wp-content\/uploads\/2023\/08\/ONESPORT-BK8.jpeg\",\"width\":800,\"height\":800},{\"@type\":\"BreadcrumbList\",\"@id\":\"https:\/\/projekt.vombat.ee\/eco\/pood\/elektrirattad\/linnarattad\/onesport-bk8-elektrijalgratas-must\/#breadcrumb\",\"itemListElement\":[{\"@type\":\"ListItem\",\"position\":1,\"name\":\"Home\",\"item\":\"https:\/\/projekt.vombat.ee\/eco\/\"},{\"@type\":\"ListItem\",\"position\":2,\"name\":\"Pood\",\"item\":\"https:\/\/projekt.vombat.ee\/eco\/pood\/\"},{\"@type\":\"ListItem\",\"position\":3,\"name\":\"ONESPORT BK8 250W elektrijalgratas, 100km\"}]},{\"@type\":\"WebSite\",\"@id\":\"https:\/\/projekt.vombat.ee\/eco\/#website\",\"url\":\"https:\/\/projekt.vombat.ee\/eco\/\",\"name\":\"Ecocruiser\",\"description\":\"\",\"publisher\":{\"@id\":\"https:\/\/projekt.vombat.ee\/eco\/#organization\"},\"potentialAction\":[{\"@type\":\"SearchAction\",\"target\":{\"@type\":\"EntryPoint\",\"urlTemplate\":\"https:\/\/projekt.vombat.ee\/eco\/?s={search_term_string}\"},\"query-input\":{\"@type\":\"PropertyValueSpecification\",\"valueRequired\":true,\"valueName\":\"search_term_string\"}}],\"inLanguage\":\"en-GB\"},{\"@type\":\"Organization\",\"@id\":\"https:\/\/projekt.vombat.ee\/eco\/#organization\",\"name\":\"Ecocruiser\",\"url\":\"https:\/\/projekt.vombat.ee\/eco\/\",\"logo\":{\"@type\":\"ImageObject\",\"inLanguage\":\"en-GB\",\"@id\":\"https:\/\/projekt.vombat.ee\/eco\/#\/schema\/logo\/image\/\",\"url\":\"https:\/\/projekt.vombat.ee\/eco\/wp-content\/uploads\/2023\/03\/ECOCRUISER_5.png\",\"contentUrl\":\"https:\/\/projekt.vombat.ee\/eco\/wp-content\/uploads\/2023\/03\/ECOCRUISER_5.png\",\"width\":234,\"height\":91,\"caption\":\"Ecocruiser\"},\"image\":{\"@id\":\"https:\/\/projekt.vombat.ee\/eco\/#\/schema\/logo\/image\/\"}}]}<\/script>\n<!-- \/ Yoast SEO plugin. -->","yoast_head_json":{"title":"ONESPORT BK8 250W elektrijalgratas, 100km - Ecocruiser","description":"Mootor:\u00a036v*250w\u00a0v\u00e4line harjadeta mootor. Aku:\u00a018650 liitium 36V*10Ah. LCD-ekraani vahetamine. Maksimaalne kiirus:\u00a025 km\/h. Maksimaalne kraad:\u00a025\u00b0. Laadimisaeg:\u00a03-4h.","robots":{"index":"noindex","follow":"follow","max-snippet":"max-snippet:-1","max-image-preview":"max-image-preview:large","max-video-preview":"max-video-preview:-1"},"og_locale":"en_GB","og_type":"article","og_title":"ONESPORT BK8 250W elektrijalgratas, 100km - Ecocruiser","og_description":"Mootor:\u00a036v*250w\u00a0v\u00e4line harjadeta mootor. Aku:\u00a018650 liitium 36V*10Ah. LCD-ekraani vahetamine. Maksimaalne kiirus:\u00a025 km\/h. Maksimaalne kraad:\u00a025\u00b0. Laadimisaeg:\u00a03-4h.","og_url":"https:\/\/projekt.vombat.ee\/eco\/pood\/elektrirattad\/linnarattad\/onesport-bk8-elektrijalgratas-must\/","og_site_name":"Ecocruiser","article_modified_time":"2023-11-20T12:40:19+00:00","og_image":[{"width":800,"height":800,"url":"https:\/\/projekt.vombat.ee\/eco\/wp-content\/uploads\/2023\/08\/ONESPORT-BK8.jpeg","type":"image\/jpeg"}],"twitter_card":"summary_large_image","twitter_misc":{"Estimated reading time":"3 minutes"},"schema":{"@context":"https:\/\/schema.org","@graph":[{"@type":"WebPage","@id":"https:\/\/projekt.vombat.ee\/eco\/pood\/elektrirattad\/linnarattad\/onesport-bk8-elektrijalgratas-must\/","url":"https:\/\/projekt.vombat.ee\/eco\/pood\/elektrirattad\/linnarattad\/onesport-bk8-elektrijalgratas-must\/","name":"ONESPORT BK8 250W elektrijalgratas, 100km - Ecocruiser","isPartOf":{"@id":"https:\/\/projekt.vombat.ee\/eco\/#website"},"primaryImageOfPage":{"@id":"https:\/\/projekt.vombat.ee\/eco\/pood\/elektrirattad\/linnarattad\/onesport-bk8-elektrijalgratas-must\/#primaryimage"},"image":{"@id":"https:\/\/projekt.vombat.ee\/eco\/pood\/elektrirattad\/linnarattad\/onesport-bk8-elektrijalgratas-must\/#primaryimage"},"thumbnailUrl":"https:\/\/projekt.vombat.ee\/eco\/wp-content\/uploads\/2023\/08\/ONESPORT-BK8.jpeg","datePublished":"2023-08-17T08:55:20+00:00","dateModified":"2023-11-20T12:40:19+00:00","description":"Mootor:\u00a036v*250w\u00a0v\u00e4line harjadeta mootor. Aku:\u00a018650 liitium 36V*10Ah. LCD-ekraani vahetamine. Maksimaalne kiirus:\u00a025 km\/h. Maksimaalne kraad:\u00a025\u00b0. Laadimisaeg:\u00a03-4h.","breadcrumb":{"@id":"https:\/\/projekt.vombat.ee\/eco\/pood\/elektrirattad\/linnarattad\/onesport-bk8-elektrijalgratas-must\/#breadcrumb"},"inLanguage":"en-GB","potentialAction":[{"@type":"ReadAction","target":["https:\/\/projekt.vombat.ee\/eco\/pood\/elektrirattad\/linnarattad\/onesport-bk8-elektrijalgratas-must\/"]}]},{"@type":"ImageObject","inLanguage":"en-GB","@id":"https:\/\/projekt.vombat.ee\/eco\/pood\/elektrirattad\/linnarattad\/onesport-bk8-elektrijalgratas-must\/#primaryimage","url":"https:\/\/projekt.vombat.ee\/eco\/wp-content\/uploads\/2023\/08\/ONESPORT-BK8.jpeg","contentUrl":"https:\/\/projekt.vombat.ee\/eco\/wp-content\/uploads\/2023\/08\/ONESPORT-BK8.jpeg","width":800,"height":800},{"@type":"BreadcrumbList","@id":"https:\/\/projekt.vombat.ee\/eco\/pood\/elektrirattad\/linnarattad\/onesport-bk8-elektrijalgratas-must\/#breadcrumb","itemListElement":[{"@type":"ListItem","position":1,"name":"Home","item":"https:\/\/projekt.vombat.ee\/eco\/"},{"@type":"ListItem","position":2,"name":"Pood","item":"https:\/\/projekt.vombat.ee\/eco\/pood\/"},{"@type":"ListItem","position":3,"name":"ONESPORT BK8 250W elektrijalgratas, 100km"}]},{"@type":"WebSite","@id":"https:\/\/projekt.vombat.ee\/eco\/#website","url":"https:\/\/projekt.vombat.ee\/eco\/","name":"Ecocruiser","description":"","publisher":{"@id":"https:\/\/projekt.vombat.ee\/eco\/#organization"},"potentialAction":[{"@type":"SearchAction","target":{"@type":"EntryPoint","urlTemplate":"https:\/\/projekt.vombat.ee\/eco\/?s={search_term_string}"},"query-input":{"@type":"PropertyValueSpecification","valueRequired":true,"valueName":"search_term_string"}}],"inLanguage":"en-GB"},{"@type":"Organization","@id":"https:\/\/projekt.vombat.ee\/eco\/#organization","name":"Ecocruiser","url":"https:\/\/projekt.vombat.ee\/eco\/","logo":{"@type":"ImageObject","inLanguage":"en-GB","@id":"https:\/\/projekt.vombat.ee\/eco\/#\/schema\/logo\/image\/","url":"https:\/\/projekt.vombat.ee\/eco\/wp-content\/uploads\/2023\/03\/ECOCRUISER_5.png","contentUrl":"https:\/\/projekt.vombat.ee\/eco\/wp-content\/uploads\/2023\/03\/ECOCRUISER_5.png","width":234,"height":91,"caption":"Ecocruiser"},"image":{"@id":"https:\/\/projekt.vombat.ee\/eco\/#\/schema\/logo\/image\/"}}]}},"lang":"et","translations":{"et":11671},"pll_sync_post":[],"_links":{"self":[{"href":"https:\/\/projekt.vombat.ee\/eco\/wp-json\/wp\/v2\/product\/11671"}],"collection":[{"href":"https:\/\/projekt.vombat.ee\/eco\/wp-json\/wp\/v2\/product"}],"about":[{"href":"https:\/\/projekt.vombat.ee\/eco\/wp-json\/wp\/v2\/types\/product"}],"version-history":[{"count":10,"href":"https:\/\/projekt.vombat.ee\/eco\/wp-json\/wp\/v2\/product\/11671\/revisions"}],"predecessor-version":[{"id":12638,"href":"https:\/\/projekt.vombat.ee\/eco\/wp-json\/wp\/v2\/product\/11671\/revisions\/12638"}],"wp:featuredmedia":[{"embeddable":true,"href":"https:\/\/projekt.vombat.ee\/eco\/wp-json\/wp\/v2\/media\/11672"}],"wp:attachment":[{"href":"https:\/\/projekt.vombat.ee\/eco\/wp-json\/wp\/v2\/media?parent=11671"}],"wp:term":[{"taxonomy":"product_cat","embeddable":true,"href":"https:\/\/projekt.vombat.ee\/eco\/wp-json\/wp\/v2\/product_cat?post=11671"},{"taxonomy":"product_tag","embeddable":true,"href":"https:\/\/projekt.vombat.ee\/eco\/wp-json\/wp\/v2\/product_tag?post=11671"}],"curies":[{"name":"wp","href":"https:\/\/api.w.org\/{rel}","templated":true}]}}