{"id":11005,"date":"2023-07-19T14:45:10","date_gmt":"2023-07-19T14:45:10","guid":{"rendered":"https:\/\/projekt.vombat.ee\/eco\/?post_type=product&#038;p=11005"},"modified":"2023-07-21T09:03:59","modified_gmt":"2023-07-21T09:03:59","slug":"taispuhutav-kayak-excursion-pro","status":"publish","type":"product","link":"https:\/\/projekt.vombat.ee\/eco\/pood\/kayak\/taispuhutav-kayak-excursion-pro\/","title":{"rendered":"T\u00e4ispuhutav Kayak Excursion Pro"},"content":{"rendered":"<h1><strong>Kayak Excursion Pro<\/strong><\/h1>\n<p>Stiilne kahekohaline t\u00e4ispuhutav kayak koos mugavate istmetega. Ideaalne l\u00f5\u00f5gastumiseks looduses, kalap\u00fc\u00fcgiks ja reisimiseks.<\/p>\n<p>Klassikalise stiiliga t\u00e4ispuhutav kayak kahele inimesele, maksimaalse kandev\u00f5imega &#8211; 180 kg.<\/p>\n<p>Tugeva konstruktsiooniga, kvaliteetsetest materjalidest valmistatud vees\u00f5iduk on v\u00e4ga vastupidav ja kaitstud vee sissetungimise eest.<\/p>\n<p>T\u00e4ispuhutavad istmed on eriti mugavad. Ohutusventiilid kiireks t\u00e4ispuhumiseks ja t\u00fchjendamiseks<\/p>\n<h3>Info<\/h3>\n<ul class=\"a-unordered-list a-vertical a-spacing-mini\">\n<li><strong>V\u00c4RV: punane.\u00a0<\/strong><\/li>\n<li><strong>KAUBA KAAL: 19,77kg.\u00a0<\/strong><\/li>\n<li><strong><span class=\"a-size-base po-break-word\">MATERJAL: pol\u00fcprop\u00fcleen (PP).\u00a0<\/span><\/strong><\/li>\n<li><strong>M\u00d5\u00d5DUD: 384 x 94 x 46 cm.\u00a0<\/strong><\/li>\n<li><strong>MAX KAAL: 180kg.\u00a0<\/strong><\/li>\n<li class=\"a-spacing-mini\"><strong><span class=\"a-list-item\">Tugev tugevdatud vin\u00fc\u00fcl.\u00a0<\/span><\/strong><\/li>\n<li class=\"a-spacing-mini\"><strong><span class=\"a-list-item\">Eemaldatav ja reguleeritav t\u00e4ispuhutav iste ja seljatugi.\u00a0 \u00a0 \u00a0 \u00a0<\/span><\/strong><\/li>\n<\/ul>\n<p><strong><span class=\"a-list-item\"><img fetchpriority=\"high\" decoding=\"async\" class=\"alignleft\" src=\"https:\/\/projekt.vombat.ee\/eco\/wp-content\/uploads\/2023\/07\/Kayak-excursion-300x300.jpg\" width=\"287\" height=\"287\" \/><\/span><\/strong><\/p>\n","protected":false},"excerpt":{"rendered":"<p><strong>Kayak Excursion Pro<\/strong><\/p>\n<ul class=\"a-unordered-list a-vertical a-spacing-mini\">\n<li><strong>V\u00c4RV: punane.\u00a0<\/strong><\/li>\n<li><strong>KAUBA KAAL: 19kg.\u00a0<\/strong><\/li>\n<li><strong><span class=\"a-size-base po-break-word\">MATERJAL: pol\u00fcprop\u00fcleen (PP).\u00a0<\/span><\/strong><\/li>\n<li><strong>\u00a0M\u00d5\u00d5DUD: 384 x 94 x 46 cm<\/strong><\/li>\n<li><strong>MAX KAAL: 180kg.\u00a0<\/strong><\/li>\n<\/ul>\n<p>&nbsp;<\/p>\n<ul>\n<li><strong>Tarneaeg 2-7 p\u00e4eva<\/strong><\/li>\n<li><strong>Laos<\/strong><\/li>\n<\/ul>\n","protected":false},"featured_media":11006,"template":"","meta":[],"product_cat":[1761],"product_tag":[],"class_list":{"0":"post-11005","1":"product","2":"type-product","3":"status-publish","4":"has-post-thumbnail","6":"product_cat-kayak","7":"product_shipping_class-sup-lauad","9":"first","10":"instock","11":"taxable","12":"shipping-taxable","13":"purchasable","14":"product-type-simple"},"yoast_head":"<!-- This site is optimized with the Yoast SEO plugin v23.8 - https:\/\/yoast.com\/wordpress\/plugins\/seo\/ -->\n<title>T\u00e4ispuhutav Kayak Excursion Pro - Ecocruiser<\/title>\n<meta name=\"description\" content=\"V\u00c4RV: punane.\u00a0KAUBA KAAL: 19,77kg.\u00a0MATERJAL: pol\u00fcprop\u00fcleen (PP).\u00a0\u00a0M\u00d5\u00d5DUD: 32L x 59W x 62H cm.\u00a0MAX KAAL: 180kg.\u00a0V\u00e4rske vesi + j\u00e4rv kasutus.\u00a0\" \/>\n<meta name=\"robots\" content=\"noindex, follow, max-snippet:-1, max-image-preview:large, max-video-preview:-1\" \/>\n<meta property=\"og:locale\" content=\"en_GB\" \/>\n<meta property=\"og:type\" content=\"article\" \/>\n<meta property=\"og:title\" content=\"T\u00e4ispuhutav Kayak Excursion Pro - Ecocruiser\" \/>\n<meta property=\"og:description\" content=\"V\u00c4RV: punane.\u00a0KAUBA KAAL: 19,77kg.\u00a0MATERJAL: pol\u00fcprop\u00fcleen (PP).\u00a0\u00a0M\u00d5\u00d5DUD: 32L x 59W x 62H cm.\u00a0MAX KAAL: 180kg.\u00a0V\u00e4rske vesi + j\u00e4rv kasutus.\u00a0\" \/>\n<meta property=\"og:url\" content=\"https:\/\/projekt.vombat.ee\/eco\/pood\/kayak\/taispuhutav-kayak-excursion-pro\/\" \/>\n<meta property=\"og:site_name\" content=\"Ecocruiser\" \/>\n<meta property=\"article:modified_time\" content=\"2023-07-21T09:03:59+00:00\" \/>\n<meta property=\"og:image\" content=\"https:\/\/projekt.vombat.ee\/eco\/wp-content\/uploads\/2023\/07\/Kayak-excursion.jpg\" \/>\n\t<meta property=\"og:image:width\" content=\"679\" \/>\n\t<meta property=\"og:image:height\" content=\"406\" \/>\n\t<meta property=\"og:image:type\" content=\"image\/jpeg\" \/>\n<meta name=\"twitter:card\" content=\"summary_large_image\" \/>\n<meta name=\"twitter:label1\" content=\"Estimated reading time\" \/>\n\t<meta name=\"twitter:data1\" content=\"1 minute\" \/>\n<script type=\"application\/ld+json\" class=\"yoast-schema-graph\">{\"@context\":\"https:\/\/schema.org\",\"@graph\":[{\"@type\":\"WebPage\",\"@id\":\"https:\/\/projekt.vombat.ee\/eco\/pood\/kayak\/taispuhutav-kayak-excursion-pro\/\",\"url\":\"https:\/\/projekt.vombat.ee\/eco\/pood\/kayak\/taispuhutav-kayak-excursion-pro\/\",\"name\":\"T\u00e4ispuhutav Kayak Excursion Pro - Ecocruiser\",\"isPartOf\":{\"@id\":\"https:\/\/projekt.vombat.ee\/eco\/#website\"},\"primaryImageOfPage\":{\"@id\":\"https:\/\/projekt.vombat.ee\/eco\/pood\/kayak\/taispuhutav-kayak-excursion-pro\/#primaryimage\"},\"image\":{\"@id\":\"https:\/\/projekt.vombat.ee\/eco\/pood\/kayak\/taispuhutav-kayak-excursion-pro\/#primaryimage\"},\"thumbnailUrl\":\"https:\/\/projekt.vombat.ee\/eco\/wp-content\/uploads\/2023\/07\/Kayak-excursion.jpg\",\"datePublished\":\"2023-07-19T14:45:10+00:00\",\"dateModified\":\"2023-07-21T09:03:59+00:00\",\"description\":\"V\u00c4RV: punane.\u00a0KAUBA KAAL: 19,77kg.\u00a0MATERJAL: pol\u00fcprop\u00fcleen (PP).\u00a0\u00a0M\u00d5\u00d5DUD: 32L x 59W x 62H cm.\u00a0MAX KAAL: 180kg.\u00a0V\u00e4rske vesi + j\u00e4rv kasutus.\u00a0\",\"breadcrumb\":{\"@id\":\"https:\/\/projekt.vombat.ee\/eco\/pood\/kayak\/taispuhutav-kayak-excursion-pro\/#breadcrumb\"},\"inLanguage\":\"en-GB\",\"potentialAction\":[{\"@type\":\"ReadAction\",\"target\":[\"https:\/\/projekt.vombat.ee\/eco\/pood\/kayak\/taispuhutav-kayak-excursion-pro\/\"]}]},{\"@type\":\"ImageObject\",\"inLanguage\":\"en-GB\",\"@id\":\"https:\/\/projekt.vombat.ee\/eco\/pood\/kayak\/taispuhutav-kayak-excursion-pro\/#primaryimage\",\"url\":\"https:\/\/projekt.vombat.ee\/eco\/wp-content\/uploads\/2023\/07\/Kayak-excursion.jpg\",\"contentUrl\":\"https:\/\/projekt.vombat.ee\/eco\/wp-content\/uploads\/2023\/07\/Kayak-excursion.jpg\",\"width\":679,\"height\":406},{\"@type\":\"BreadcrumbList\",\"@id\":\"https:\/\/projekt.vombat.ee\/eco\/pood\/kayak\/taispuhutav-kayak-excursion-pro\/#breadcrumb\",\"itemListElement\":[{\"@type\":\"ListItem\",\"position\":1,\"name\":\"Home\",\"item\":\"https:\/\/projekt.vombat.ee\/eco\/\"},{\"@type\":\"ListItem\",\"position\":2,\"name\":\"Pood\",\"item\":\"https:\/\/projekt.vombat.ee\/eco\/pood\/\"},{\"@type\":\"ListItem\",\"position\":3,\"name\":\"T\u00e4ispuhutav Kayak Excursion Pro\"}]},{\"@type\":\"WebSite\",\"@id\":\"https:\/\/projekt.vombat.ee\/eco\/#website\",\"url\":\"https:\/\/projekt.vombat.ee\/eco\/\",\"name\":\"Ecocruiser\",\"description\":\"\",\"publisher\":{\"@id\":\"https:\/\/projekt.vombat.ee\/eco\/#organization\"},\"potentialAction\":[{\"@type\":\"SearchAction\",\"target\":{\"@type\":\"EntryPoint\",\"urlTemplate\":\"https:\/\/projekt.vombat.ee\/eco\/?s={search_term_string}\"},\"query-input\":{\"@type\":\"PropertyValueSpecification\",\"valueRequired\":true,\"valueName\":\"search_term_string\"}}],\"inLanguage\":\"en-GB\"},{\"@type\":\"Organization\",\"@id\":\"https:\/\/projekt.vombat.ee\/eco\/#organization\",\"name\":\"Ecocruiser\",\"url\":\"https:\/\/projekt.vombat.ee\/eco\/\",\"logo\":{\"@type\":\"ImageObject\",\"inLanguage\":\"en-GB\",\"@id\":\"https:\/\/projekt.vombat.ee\/eco\/#\/schema\/logo\/image\/\",\"url\":\"https:\/\/projekt.vombat.ee\/eco\/wp-content\/uploads\/2023\/03\/ECOCRUISER_5.png\",\"contentUrl\":\"https:\/\/projekt.vombat.ee\/eco\/wp-content\/uploads\/2023\/03\/ECOCRUISER_5.png\",\"width\":234,\"height\":91,\"caption\":\"Ecocruiser\"},\"image\":{\"@id\":\"https:\/\/projekt.vombat.ee\/eco\/#\/schema\/logo\/image\/\"}}]}<\/script>\n<!-- \/ Yoast SEO plugin. -->","yoast_head_json":{"title":"T\u00e4ispuhutav Kayak Excursion Pro - Ecocruiser","description":"V\u00c4RV: punane.\u00a0KAUBA KAAL: 19,77kg.\u00a0MATERJAL: pol\u00fcprop\u00fcleen (PP).\u00a0\u00a0M\u00d5\u00d5DUD: 32L x 59W x 62H cm.\u00a0MAX KAAL: 180kg.\u00a0V\u00e4rske vesi + j\u00e4rv kasutus.\u00a0","robots":{"index":"noindex","follow":"follow","max-snippet":"max-snippet:-1","max-image-preview":"max-image-preview:large","max-video-preview":"max-video-preview:-1"},"og_locale":"en_GB","og_type":"article","og_title":"T\u00e4ispuhutav Kayak Excursion Pro - Ecocruiser","og_description":"V\u00c4RV: punane.\u00a0KAUBA KAAL: 19,77kg.\u00a0MATERJAL: pol\u00fcprop\u00fcleen (PP).\u00a0\u00a0M\u00d5\u00d5DUD: 32L x 59W x 62H cm.\u00a0MAX KAAL: 180kg.\u00a0V\u00e4rske vesi + j\u00e4rv kasutus.\u00a0","og_url":"https:\/\/projekt.vombat.ee\/eco\/pood\/kayak\/taispuhutav-kayak-excursion-pro\/","og_site_name":"Ecocruiser","article_modified_time":"2023-07-21T09:03:59+00:00","og_image":[{"width":679,"height":406,"url":"https:\/\/projekt.vombat.ee\/eco\/wp-content\/uploads\/2023\/07\/Kayak-excursion.jpg","type":"image\/jpeg"}],"twitter_card":"summary_large_image","twitter_misc":{"Estimated reading time":"1 minute"},"schema":{"@context":"https:\/\/schema.org","@graph":[{"@type":"WebPage","@id":"https:\/\/projekt.vombat.ee\/eco\/pood\/kayak\/taispuhutav-kayak-excursion-pro\/","url":"https:\/\/projekt.vombat.ee\/eco\/pood\/kayak\/taispuhutav-kayak-excursion-pro\/","name":"T\u00e4ispuhutav Kayak Excursion Pro - Ecocruiser","isPartOf":{"@id":"https:\/\/projekt.vombat.ee\/eco\/#website"},"primaryImageOfPage":{"@id":"https:\/\/projekt.vombat.ee\/eco\/pood\/kayak\/taispuhutav-kayak-excursion-pro\/#primaryimage"},"image":{"@id":"https:\/\/projekt.vombat.ee\/eco\/pood\/kayak\/taispuhutav-kayak-excursion-pro\/#primaryimage"},"thumbnailUrl":"https:\/\/projekt.vombat.ee\/eco\/wp-content\/uploads\/2023\/07\/Kayak-excursion.jpg","datePublished":"2023-07-19T14:45:10+00:00","dateModified":"2023-07-21T09:03:59+00:00","description":"V\u00c4RV: punane.\u00a0KAUBA KAAL: 19,77kg.\u00a0MATERJAL: pol\u00fcprop\u00fcleen (PP).\u00a0\u00a0M\u00d5\u00d5DUD: 32L x 59W x 62H cm.\u00a0MAX KAAL: 180kg.\u00a0V\u00e4rske vesi + j\u00e4rv kasutus.\u00a0","breadcrumb":{"@id":"https:\/\/projekt.vombat.ee\/eco\/pood\/kayak\/taispuhutav-kayak-excursion-pro\/#breadcrumb"},"inLanguage":"en-GB","potentialAction":[{"@type":"ReadAction","target":["https:\/\/projekt.vombat.ee\/eco\/pood\/kayak\/taispuhutav-kayak-excursion-pro\/"]}]},{"@type":"ImageObject","inLanguage":"en-GB","@id":"https:\/\/projekt.vombat.ee\/eco\/pood\/kayak\/taispuhutav-kayak-excursion-pro\/#primaryimage","url":"https:\/\/projekt.vombat.ee\/eco\/wp-content\/uploads\/2023\/07\/Kayak-excursion.jpg","contentUrl":"https:\/\/projekt.vombat.ee\/eco\/wp-content\/uploads\/2023\/07\/Kayak-excursion.jpg","width":679,"height":406},{"@type":"BreadcrumbList","@id":"https:\/\/projekt.vombat.ee\/eco\/pood\/kayak\/taispuhutav-kayak-excursion-pro\/#breadcrumb","itemListElement":[{"@type":"ListItem","position":1,"name":"Home","item":"https:\/\/projekt.vombat.ee\/eco\/"},{"@type":"ListItem","position":2,"name":"Pood","item":"https:\/\/projekt.vombat.ee\/eco\/pood\/"},{"@type":"ListItem","position":3,"name":"T\u00e4ispuhutav Kayak Excursion Pro"}]},{"@type":"WebSite","@id":"https:\/\/projekt.vombat.ee\/eco\/#website","url":"https:\/\/projekt.vombat.ee\/eco\/","name":"Ecocruiser","description":"","publisher":{"@id":"https:\/\/projekt.vombat.ee\/eco\/#organization"},"potentialAction":[{"@type":"SearchAction","target":{"@type":"EntryPoint","urlTemplate":"https:\/\/projekt.vombat.ee\/eco\/?s={search_term_string}"},"query-input":{"@type":"PropertyValueSpecification","valueRequired":true,"valueName":"search_term_string"}}],"inLanguage":"en-GB"},{"@type":"Organization","@id":"https:\/\/projekt.vombat.ee\/eco\/#organization","name":"Ecocruiser","url":"https:\/\/projekt.vombat.ee\/eco\/","logo":{"@type":"ImageObject","inLanguage":"en-GB","@id":"https:\/\/projekt.vombat.ee\/eco\/#\/schema\/logo\/image\/","url":"https:\/\/projekt.vombat.ee\/eco\/wp-content\/uploads\/2023\/03\/ECOCRUISER_5.png","contentUrl":"https:\/\/projekt.vombat.ee\/eco\/wp-content\/uploads\/2023\/03\/ECOCRUISER_5.png","width":234,"height":91,"caption":"Ecocruiser"},"image":{"@id":"https:\/\/projekt.vombat.ee\/eco\/#\/schema\/logo\/image\/"}}]}},"lang":"et","translations":{"et":11005},"pll_sync_post":[],"_links":{"self":[{"href":"https:\/\/projekt.vombat.ee\/eco\/wp-json\/wp\/v2\/product\/11005"}],"collection":[{"href":"https:\/\/projekt.vombat.ee\/eco\/wp-json\/wp\/v2\/product"}],"about":[{"href":"https:\/\/projekt.vombat.ee\/eco\/wp-json\/wp\/v2\/types\/product"}],"version-history":[{"count":3,"href":"https:\/\/projekt.vombat.ee\/eco\/wp-json\/wp\/v2\/product\/11005\/revisions"}],"predecessor-version":[{"id":11303,"href":"https:\/\/projekt.vombat.ee\/eco\/wp-json\/wp\/v2\/product\/11005\/revisions\/11303"}],"wp:featuredmedia":[{"embeddable":true,"href":"https:\/\/projekt.vombat.ee\/eco\/wp-json\/wp\/v2\/media\/11006"}],"wp:attachment":[{"href":"https:\/\/projekt.vombat.ee\/eco\/wp-json\/wp\/v2\/media?parent=11005"}],"wp:term":[{"taxonomy":"product_cat","embeddable":true,"href":"https:\/\/projekt.vombat.ee\/eco\/wp-json\/wp\/v2\/product_cat?post=11005"},{"taxonomy":"product_tag","embeddable":true,"href":"https:\/\/projekt.vombat.ee\/eco\/wp-json\/wp\/v2\/product_tag?post=11005"}],"curies":[{"name":"wp","href":"https:\/\/api.w.org\/{rel}","templated":true}]}}