{"id":10923,"date":"2023-07-09T15:39:37","date_gmt":"2023-07-09T15:39:37","guid":{"rendered":"https:\/\/projekt.vombat.ee\/eco\/?post_type=product&#038;p=10923"},"modified":"2024-05-13T18:49:13","modified_gmt":"2024-05-13T18:49:13","slug":"taispuhutav-sup-laud-shridinlay-320cm","status":"publish","type":"product","link":"https:\/\/projekt.vombat.ee\/eco\/lv\/pood\/sup-deli\/taispuhutav-sup-laud-shridinlay-320cm\/","title":{"rendered":"Piep\u016b\u0161amais SUP d\u0113lis Shridinlay 320cm"},"content":{"rendered":"<h1>Piep\u016b\u0161amais SUP d\u0113lis <span id=\"productTitle\" class=\"a-size-large product-title-word-break\">Shridinlay <\/span>320cm<\/h1>\n<p><img decoding=\"async\" class=\"a-spacing-base\" src=\"https:\/\/m.media-amazon.com\/images\/S\/aplus-media-library-service-media\/c83469dc-d100-4ebb-9eb3-876a2c639da6.__CR0,0,970,600_PT0_SX970_V1___.jpg\" alt=\"3\" data-src=\"https:\/\/m.media-amazon.com\/images\/S\/aplus-media-library-service-media\/c83469dc-d100-4ebb-9eb3-876a2c639da6.__CR0,0,970,600_PT0_SX970_V1___.jpg\" \/><\/p>\n<ul>\n<li>SUP d\u0113lis ir viegls, bet iztur\u012bgs (nok\u0101rtojums l\u012bdz 150 kg). <span style=\"font-size: inherit;\">T\u0101p\u0113c ir viegli uztur\u0113t stabilu un dro\u0161u braucienu. P\u0113c p\u016b\u0161anas d\u0113lis ir izm\u0113ros 320 x 76 x 15 cm. <\/span><\/li>\n<li><span style=\"font-size: inherit;\">T\u00e4ispuhutava SUP d\u0113\u013ca komplekts ir piem\u0113rots gan ies\u0101c\u0113jiem, gan pieredz\u0113ju\u0161iem. Tas \u0101tri piep\u016b\u0161as, izmantojot iek\u013cauto gaisa s\u016bkni ar manometru. <\/span><\/li>\n<li><span style=\"font-size: inherit;\">Viegla alum\u012bnija air\u012bte viegli saliekama un to var regul\u0113t atbilsto\u0161i savai augstumam. T\u00e4ispuhutavais vertik\u0101lais SUP d\u0113lis ir piem\u0113rots st\u0101vus vai s\u0113dus brauk\u0161anai, jogai, surfam un nodro\u0161ina iesp\u0113ju pavad\u012bt laiku ar b\u0113rniem un m\u0101jdz\u012bvniekiem uz \u016bdens. SUP d\u0113lis ir piem\u0113rots ies\u0101c\u0113jiem. D\u0113lis ir vienm\u0113r pie rokas, jo aukla ir iesp\u0113jams piestiprin\u0101t pie d\u0113\u013ca un k\u0101jas. <\/span><\/li>\n<li><span style=\"font-size: inherit;\">Komplekt\u0101 ietilpst rokas s\u016bknis. P\u0113c lieto\u0161anas d\u0113li var viegli saloc\u012bt un ievietot mugursom\u0101, lai to transport\u0113tu, kur vajag.<\/span>Brauciet un izbaudiet stila pilnu peld\u0113\u0161an\u0101s prieku virs \u016bdens<img decoding=\"async\" class=\"emoji\" style=\"font-size: inherit; background-color: #ffffff;\" role=\"img\" draggable=\"false\" src=\"https:\/\/s.w.org\/images\/core\/emoji\/14.0.0\/svg\/1f642.svg\" alt=\"\ud83d\ude42\" \/><\/li>\n<\/ul>\n<h3>Inform\u0101cija<\/h3>\n<p>Z\u012bmols: Shridinlay<br \/>\nIzm\u0113ri: 320 x 76 x 15 cm<br \/>\nMaksim\u0101lais ieteicamais svars: 150 kg<br \/>\nMaksim\u0101lais gaisa spiediens: 15PSI<br \/>\nGarums: 320 cm<br \/>\nPlatums: 76 cm<br \/>\nDiametrs: 15 cm<\/p>\n<h3>Komplekt\u0101 iek\u013cauts<\/h3>\n<div class=\"group w-full text-gray-800 dark:text-gray-100 border-b border-black\/10 dark:border-gray-900\/50 bg-gray-50 dark:bg-[#444654]\">\n<div class=\"flex p-4 gap-4 text-base md:gap-6 md:max-w-2xl lg:max-w-[38rem] xl:max-w-3xl md:py-6 lg:px-0 m-auto\">\n<div class=\"relative flex w-[calc(100%-50px)] flex-col gap-1 md:gap-3 lg:w-[calc(100%-115px)]\">\n<div class=\"flex flex-grow flex-col gap-3\">\n<div class=\"min-h-[20px] flex items-start overflow-x-auto whitespace-pre-wrap break-words flex-col gap-4\">\n<div class=\"markdown prose w-full break-words dark:prose-invert light\">\n<p>Komplekt\u0101 ietilpst SUP d\u0113lis, 3 no\u0146emamas n\u016bjas, airis, dro\u0161\u012bbas aukla pie k\u0101j\u0101m, soma, s\u016bknis un \u016bdensiztur\u012bga soma.<\/p>\n<\/div>\n<\/div>\n<\/div>\n<\/div>\n<\/div>\n<\/div>\n<h3><img fetchpriority=\"high\" decoding=\"async\" class=\"a-spacing-base\" style=\"font-size: inherit; color: #535353;\" src=\"https:\/\/m.media-amazon.com\/images\/S\/aplus-media-library-service-brand-media\/cc407d01122868cd54a74eb366dfa931.w3000.h1500.__CR288,0,2425,1500_PT0_SX970_V1___.jpg\" alt=\"1\" width=\"787\" height=\"487\" data-src=\"https:\/\/m.media-amazon.com\/images\/S\/aplus-media-library-service-brand-media\/cc407d01122868cd54a74eb366dfa931.w3000.h1500.__CR288,0,2425,1500_PT0_SX970_V1___.jpg\" \/><\/h3>\n<p>&nbsp;<\/p>\n","protected":false},"excerpt":{"rendered":"<p><strong>Piep\u016b\u0161amais SUP d\u0113lis<\/strong><\/p>\n<p>FunWater SUP d\u0113lim ir lieliska d\u0113\u013ca forma, pla\u0161a ne\u0161anas virsma, strukt\u016bra un laba saj\u016bta.<\/p>\n<p>Piem\u0113rots br\u012bv\u0101 laika pavad\u012b\u0161anai \u016bden\u012b k\u0101 hobijs, k\u0101 ar\u012b daudzpus\u012bg\u0101kai air\u0113\u0161anas s\u0113rfo\u0161anai mazos vi\u013c\u0146os.<\/p>\n<ul>\n<li>Izm\u0113ri: 320 x 76 x 15 cm<\/li>\n<li>Maksim\u0101lais ieteicamais svars: 150 kg<\/li>\n<li>Piem\u0113rots ies\u0101c\u0113jiem un progres\u012bviem<\/li>\n<\/ul>\n<p>&nbsp;<\/p>\n<p>\u2666 <strong>Pieg\u0101des laiks 2-6 darba dienas<\/strong><br \/>\n\u2666 <strong>Ir noliktav\u0101<\/strong><\/p>\n","protected":false},"featured_media":10924,"template":"","meta":[],"product_cat":[1754],"product_tag":[],"class_list":{"0":"post-10923","1":"product","2":"type-product","3":"status-publish","4":"has-post-thumbnail","6":"product_cat-sup-deli","7":"product_shipping_class-sup-lauad","9":"first","10":"instock","11":"sale","12":"taxable","13":"shipping-taxable","14":"purchasable","15":"product-type-simple"},"yoast_head":"<!-- This site is optimized with the Yoast SEO plugin v23.8 - https:\/\/yoast.com\/wordpress\/plugins\/seo\/ -->\n<title>Piep\u016b\u0161amais SUP d\u0113lis Shridinlay 320cm - Ecocruiser<\/title>\n<meta name=\"description\" content=\"Piep\u016b\u0161amais SUP d\u0113lis. FunWater SUP d\u0113lim ir lieliska d\u0113\u013ca forma, pla\u0161a ne\u0161anas virsma, strukt\u016bra un laba saj\u016bta.Tas ir piem\u0113rots br\u012bv\u0101 laika pavad\u012b\u0161anai \u016bden\u012b k\u0101 hobijs, k\u0101 ar\u012b daudzpus\u012bg\u0101kai air\u0113\u0161anas s\u0113rfo\u0161anai mazos vi\u013c\u0146os.\" \/>\n<meta name=\"robots\" content=\"noindex, follow, max-snippet:-1, max-image-preview:large, max-video-preview:-1\" \/>\n<meta property=\"og:locale\" content=\"en_GB\" \/>\n<meta property=\"og:type\" content=\"article\" \/>\n<meta property=\"og:title\" content=\"Piep\u016b\u0161amais SUP d\u0113lis Shridinlay 320cm - Ecocruiser\" \/>\n<meta property=\"og:description\" content=\"Piep\u016b\u0161amais SUP d\u0113lis. FunWater SUP d\u0113lim ir lieliska d\u0113\u013ca forma, pla\u0161a ne\u0161anas virsma, strukt\u016bra un laba saj\u016bta.Tas ir piem\u0113rots br\u012bv\u0101 laika pavad\u012b\u0161anai \u016bden\u012b k\u0101 hobijs, k\u0101 ar\u012b daudzpus\u012bg\u0101kai air\u0113\u0161anas s\u0113rfo\u0161anai mazos vi\u013c\u0146os.\" \/>\n<meta property=\"og:url\" content=\"https:\/\/projekt.vombat.ee\/eco\/lv\/pood\/sup-deli\/taispuhutav-sup-laud-shridinlay-320cm\/\" \/>\n<meta property=\"og:site_name\" content=\"Ecocruiser\" \/>\n<meta property=\"article:modified_time\" content=\"2024-05-13T18:49:13+00:00\" \/>\n<meta property=\"og:image\" content=\"https:\/\/projekt.vombat.ee\/eco\/wp-content\/uploads\/2023\/06\/1-13.jpg\" \/>\n\t<meta property=\"og:image:width\" content=\"924\" \/>\n\t<meta property=\"og:image:height\" content=\"920\" \/>\n\t<meta property=\"og:image:type\" content=\"image\/jpeg\" \/>\n<meta name=\"twitter:card\" content=\"summary_large_image\" \/>\n<meta name=\"twitter:label1\" content=\"Estimated reading time\" \/>\n\t<meta name=\"twitter:data1\" content=\"2 minutes\" \/>\n<script type=\"application\/ld+json\" class=\"yoast-schema-graph\">{\"@context\":\"https:\/\/schema.org\",\"@graph\":[{\"@type\":\"WebPage\",\"@id\":\"https:\/\/projekt.vombat.ee\/eco\/lv\/pood\/sup-deli\/taispuhutav-sup-laud-shridinlay-320cm\/\",\"url\":\"https:\/\/projekt.vombat.ee\/eco\/lv\/pood\/sup-deli\/taispuhutav-sup-laud-shridinlay-320cm\/\",\"name\":\"Piep\u016b\u0161amais SUP d\u0113lis Shridinlay 320cm - Ecocruiser\",\"isPartOf\":{\"@id\":\"https:\/\/projekt.vombat.ee\/eco\/#website\"},\"primaryImageOfPage\":{\"@id\":\"https:\/\/projekt.vombat.ee\/eco\/lv\/pood\/sup-deli\/taispuhutav-sup-laud-shridinlay-320cm\/#primaryimage\"},\"image\":{\"@id\":\"https:\/\/projekt.vombat.ee\/eco\/lv\/pood\/sup-deli\/taispuhutav-sup-laud-shridinlay-320cm\/#primaryimage\"},\"thumbnailUrl\":\"https:\/\/projekt.vombat.ee\/eco\/wp-content\/uploads\/2023\/06\/1-13.jpg\",\"datePublished\":\"2023-07-09T15:39:37+00:00\",\"dateModified\":\"2024-05-13T18:49:13+00:00\",\"description\":\"Piep\u016b\u0161amais SUP d\u0113lis. FunWater SUP d\u0113lim ir lieliska d\u0113\u013ca forma, pla\u0161a ne\u0161anas virsma, strukt\u016bra un laba saj\u016bta.Tas ir piem\u0113rots br\u012bv\u0101 laika pavad\u012b\u0161anai \u016bden\u012b k\u0101 hobijs, k\u0101 ar\u012b daudzpus\u012bg\u0101kai air\u0113\u0161anas s\u0113rfo\u0161anai mazos vi\u013c\u0146os.\",\"breadcrumb\":{\"@id\":\"https:\/\/projekt.vombat.ee\/eco\/lv\/pood\/sup-deli\/taispuhutav-sup-laud-shridinlay-320cm\/#breadcrumb\"},\"inLanguage\":\"en-GB\",\"potentialAction\":[{\"@type\":\"ReadAction\",\"target\":[\"https:\/\/projekt.vombat.ee\/eco\/lv\/pood\/sup-deli\/taispuhutav-sup-laud-shridinlay-320cm\/\"]}]},{\"@type\":\"ImageObject\",\"inLanguage\":\"en-GB\",\"@id\":\"https:\/\/projekt.vombat.ee\/eco\/lv\/pood\/sup-deli\/taispuhutav-sup-laud-shridinlay-320cm\/#primaryimage\",\"url\":\"https:\/\/projekt.vombat.ee\/eco\/wp-content\/uploads\/2023\/06\/1-13.jpg\",\"contentUrl\":\"https:\/\/projekt.vombat.ee\/eco\/wp-content\/uploads\/2023\/06\/1-13.jpg\",\"width\":924,\"height\":920},{\"@type\":\"BreadcrumbList\",\"@id\":\"https:\/\/projekt.vombat.ee\/eco\/lv\/pood\/sup-deli\/taispuhutav-sup-laud-shridinlay-320cm\/#breadcrumb\",\"itemListElement\":[{\"@type\":\"ListItem\",\"position\":1,\"name\":\"Home\",\"item\":\"https:\/\/projekt.vombat.ee\/eco\/\"},{\"@type\":\"ListItem\",\"position\":2,\"name\":\"Pood\",\"item\":\"https:\/\/projekt.vombat.ee\/eco\/pood\/\"},{\"@type\":\"ListItem\",\"position\":3,\"name\":\"Piep\u016b\u0161amais SUP d\u0113lis Shridinlay 320cm\"}]},{\"@type\":\"WebSite\",\"@id\":\"https:\/\/projekt.vombat.ee\/eco\/#website\",\"url\":\"https:\/\/projekt.vombat.ee\/eco\/\",\"name\":\"Ecocruiser\",\"description\":\"\",\"publisher\":{\"@id\":\"https:\/\/projekt.vombat.ee\/eco\/#organization\"},\"potentialAction\":[{\"@type\":\"SearchAction\",\"target\":{\"@type\":\"EntryPoint\",\"urlTemplate\":\"https:\/\/projekt.vombat.ee\/eco\/?s={search_term_string}\"},\"query-input\":{\"@type\":\"PropertyValueSpecification\",\"valueRequired\":true,\"valueName\":\"search_term_string\"}}],\"inLanguage\":\"en-GB\"},{\"@type\":\"Organization\",\"@id\":\"https:\/\/projekt.vombat.ee\/eco\/#organization\",\"name\":\"Ecocruiser\",\"url\":\"https:\/\/projekt.vombat.ee\/eco\/\",\"logo\":{\"@type\":\"ImageObject\",\"inLanguage\":\"en-GB\",\"@id\":\"https:\/\/projekt.vombat.ee\/eco\/#\/schema\/logo\/image\/\",\"url\":\"https:\/\/projekt.vombat.ee\/eco\/wp-content\/uploads\/2023\/03\/ECOCRUISER_5.png\",\"contentUrl\":\"https:\/\/projekt.vombat.ee\/eco\/wp-content\/uploads\/2023\/03\/ECOCRUISER_5.png\",\"width\":234,\"height\":91,\"caption\":\"Ecocruiser\"},\"image\":{\"@id\":\"https:\/\/projekt.vombat.ee\/eco\/#\/schema\/logo\/image\/\"}}]}<\/script>\n<!-- \/ Yoast SEO plugin. -->","yoast_head_json":{"title":"Piep\u016b\u0161amais SUP d\u0113lis Shridinlay 320cm - Ecocruiser","description":"Piep\u016b\u0161amais SUP d\u0113lis. FunWater SUP d\u0113lim ir lieliska d\u0113\u013ca forma, pla\u0161a ne\u0161anas virsma, strukt\u016bra un laba saj\u016bta.Tas ir piem\u0113rots br\u012bv\u0101 laika pavad\u012b\u0161anai \u016bden\u012b k\u0101 hobijs, k\u0101 ar\u012b daudzpus\u012bg\u0101kai air\u0113\u0161anas s\u0113rfo\u0161anai mazos vi\u013c\u0146os.","robots":{"index":"noindex","follow":"follow","max-snippet":"max-snippet:-1","max-image-preview":"max-image-preview:large","max-video-preview":"max-video-preview:-1"},"og_locale":"en_GB","og_type":"article","og_title":"Piep\u016b\u0161amais SUP d\u0113lis Shridinlay 320cm - Ecocruiser","og_description":"Piep\u016b\u0161amais SUP d\u0113lis. FunWater SUP d\u0113lim ir lieliska d\u0113\u013ca forma, pla\u0161a ne\u0161anas virsma, strukt\u016bra un laba saj\u016bta.Tas ir piem\u0113rots br\u012bv\u0101 laika pavad\u012b\u0161anai \u016bden\u012b k\u0101 hobijs, k\u0101 ar\u012b daudzpus\u012bg\u0101kai air\u0113\u0161anas s\u0113rfo\u0161anai mazos vi\u013c\u0146os.","og_url":"https:\/\/projekt.vombat.ee\/eco\/lv\/pood\/sup-deli\/taispuhutav-sup-laud-shridinlay-320cm\/","og_site_name":"Ecocruiser","article_modified_time":"2024-05-13T18:49:13+00:00","og_image":[{"width":924,"height":920,"url":"https:\/\/projekt.vombat.ee\/eco\/wp-content\/uploads\/2023\/06\/1-13.jpg","type":"image\/jpeg"}],"twitter_card":"summary_large_image","twitter_misc":{"Estimated reading time":"2 minutes"},"schema":{"@context":"https:\/\/schema.org","@graph":[{"@type":"WebPage","@id":"https:\/\/projekt.vombat.ee\/eco\/lv\/pood\/sup-deli\/taispuhutav-sup-laud-shridinlay-320cm\/","url":"https:\/\/projekt.vombat.ee\/eco\/lv\/pood\/sup-deli\/taispuhutav-sup-laud-shridinlay-320cm\/","name":"Piep\u016b\u0161amais SUP d\u0113lis Shridinlay 320cm - Ecocruiser","isPartOf":{"@id":"https:\/\/projekt.vombat.ee\/eco\/#website"},"primaryImageOfPage":{"@id":"https:\/\/projekt.vombat.ee\/eco\/lv\/pood\/sup-deli\/taispuhutav-sup-laud-shridinlay-320cm\/#primaryimage"},"image":{"@id":"https:\/\/projekt.vombat.ee\/eco\/lv\/pood\/sup-deli\/taispuhutav-sup-laud-shridinlay-320cm\/#primaryimage"},"thumbnailUrl":"https:\/\/projekt.vombat.ee\/eco\/wp-content\/uploads\/2023\/06\/1-13.jpg","datePublished":"2023-07-09T15:39:37+00:00","dateModified":"2024-05-13T18:49:13+00:00","description":"Piep\u016b\u0161amais SUP d\u0113lis. FunWater SUP d\u0113lim ir lieliska d\u0113\u013ca forma, pla\u0161a ne\u0161anas virsma, strukt\u016bra un laba saj\u016bta.Tas ir piem\u0113rots br\u012bv\u0101 laika pavad\u012b\u0161anai \u016bden\u012b k\u0101 hobijs, k\u0101 ar\u012b daudzpus\u012bg\u0101kai air\u0113\u0161anas s\u0113rfo\u0161anai mazos vi\u013c\u0146os.","breadcrumb":{"@id":"https:\/\/projekt.vombat.ee\/eco\/lv\/pood\/sup-deli\/taispuhutav-sup-laud-shridinlay-320cm\/#breadcrumb"},"inLanguage":"en-GB","potentialAction":[{"@type":"ReadAction","target":["https:\/\/projekt.vombat.ee\/eco\/lv\/pood\/sup-deli\/taispuhutav-sup-laud-shridinlay-320cm\/"]}]},{"@type":"ImageObject","inLanguage":"en-GB","@id":"https:\/\/projekt.vombat.ee\/eco\/lv\/pood\/sup-deli\/taispuhutav-sup-laud-shridinlay-320cm\/#primaryimage","url":"https:\/\/projekt.vombat.ee\/eco\/wp-content\/uploads\/2023\/06\/1-13.jpg","contentUrl":"https:\/\/projekt.vombat.ee\/eco\/wp-content\/uploads\/2023\/06\/1-13.jpg","width":924,"height":920},{"@type":"BreadcrumbList","@id":"https:\/\/projekt.vombat.ee\/eco\/lv\/pood\/sup-deli\/taispuhutav-sup-laud-shridinlay-320cm\/#breadcrumb","itemListElement":[{"@type":"ListItem","position":1,"name":"Home","item":"https:\/\/projekt.vombat.ee\/eco\/"},{"@type":"ListItem","position":2,"name":"Pood","item":"https:\/\/projekt.vombat.ee\/eco\/pood\/"},{"@type":"ListItem","position":3,"name":"Piep\u016b\u0161amais SUP d\u0113lis Shridinlay 320cm"}]},{"@type":"WebSite","@id":"https:\/\/projekt.vombat.ee\/eco\/#website","url":"https:\/\/projekt.vombat.ee\/eco\/","name":"Ecocruiser","description":"","publisher":{"@id":"https:\/\/projekt.vombat.ee\/eco\/#organization"},"potentialAction":[{"@type":"SearchAction","target":{"@type":"EntryPoint","urlTemplate":"https:\/\/projekt.vombat.ee\/eco\/?s={search_term_string}"},"query-input":{"@type":"PropertyValueSpecification","valueRequired":true,"valueName":"search_term_string"}}],"inLanguage":"en-GB"},{"@type":"Organization","@id":"https:\/\/projekt.vombat.ee\/eco\/#organization","name":"Ecocruiser","url":"https:\/\/projekt.vombat.ee\/eco\/","logo":{"@type":"ImageObject","inLanguage":"en-GB","@id":"https:\/\/projekt.vombat.ee\/eco\/#\/schema\/logo\/image\/","url":"https:\/\/projekt.vombat.ee\/eco\/wp-content\/uploads\/2023\/03\/ECOCRUISER_5.png","contentUrl":"https:\/\/projekt.vombat.ee\/eco\/wp-content\/uploads\/2023\/03\/ECOCRUISER_5.png","width":234,"height":91,"caption":"Ecocruiser"},"image":{"@id":"https:\/\/projekt.vombat.ee\/eco\/#\/schema\/logo\/image\/"}}]}},"lang":"lv","translations":{"lv":10923,"et":10466,"fi":10467},"pll_sync_post":[],"_links":{"self":[{"href":"https:\/\/projekt.vombat.ee\/eco\/wp-json\/wp\/v2\/product\/10923"}],"collection":[{"href":"https:\/\/projekt.vombat.ee\/eco\/wp-json\/wp\/v2\/product"}],"about":[{"href":"https:\/\/projekt.vombat.ee\/eco\/wp-json\/wp\/v2\/types\/product"}],"version-history":[{"count":3,"href":"https:\/\/projekt.vombat.ee\/eco\/wp-json\/wp\/v2\/product\/10923\/revisions"}],"predecessor-version":[{"id":10948,"href":"https:\/\/projekt.vombat.ee\/eco\/wp-json\/wp\/v2\/product\/10923\/revisions\/10948"}],"wp:featuredmedia":[{"embeddable":true,"href":"https:\/\/projekt.vombat.ee\/eco\/wp-json\/wp\/v2\/media\/10924"}],"wp:attachment":[{"href":"https:\/\/projekt.vombat.ee\/eco\/wp-json\/wp\/v2\/media?parent=10923"}],"wp:term":[{"taxonomy":"product_cat","embeddable":true,"href":"https:\/\/projekt.vombat.ee\/eco\/wp-json\/wp\/v2\/product_cat?post=10923"},{"taxonomy":"product_tag","embeddable":true,"href":"https:\/\/projekt.vombat.ee\/eco\/wp-json\/wp\/v2\/product_tag?post=10923"}],"curies":[{"name":"wp","href":"https:\/\/api.w.org\/{rel}","templated":true}]}}