{"id":10892,"date":"2023-07-09T14:43:18","date_gmt":"2023-07-09T14:43:18","guid":{"rendered":"https:\/\/projekt.vombat.ee\/eco\/?post_type=product&#038;p=10892"},"modified":"2024-06-26T14:07:09","modified_gmt":"2024-06-26T14:07:09","slug":"kugoo-kirin-g2-pro","status":"publish","type":"product","link":"https:\/\/projekt.vombat.ee\/eco\/lv\/pood\/elektriskie-skrejriteni\/kugoo-kirin-g2-pro\/","title":{"rendered":"Kugoo Kirin G2 Pro"},"content":{"rendered":"<h1>KUGOO KIRIN G2 PRO<\/h1>\n<p><img decoding=\"async\" src=\"https:\/\/cdn.shopify.com\/s\/files\/1\/0291\/3422\/5501\/files\/KuKirin_G2_Pro_Desktop_Detail_17_1920x.jpg?v=1677823466%20alt=\" \/><\/p>\n<h3>NO\u0145EMAMS S\u0112DEKLIS<\/h3>\n<p>Kugoo Kirin G2 pro ir pilns regul\u0113jamu s\u0113dek\u013cu komplekts, lieli \u0101das spilveni, m\u012bksti un \u0113rti, sabiezin\u0101ti un pagarin\u0101ti spilveni. Turkl\u0101t skrejritenis ir apr\u012bkots ar regul\u0113jamu rokturi un ir iestat\u012bti tr\u012bs p\u0101rnesumi, lai papla\u0161in\u0101tu lietot\u0101ju loku. T\u0101 m\u0113r\u0137is ir dot ikvienam iesp\u0113ju braukt ar \u0161o jaud\u012bgo skrejriteni.<\/p>\n<p>&nbsp;<\/p>\n<h3>\nJAUD\u012aGS DZIN\u0112JS UN AKUMULATORS<\/h3>\n<p>Kugoo Kirin G2 pro ir 600W bezsuku motors, bauda super \u0101tru l\u0113cienu 3 \u0101trumu \u0101truma re\u017e\u012bmu, maksim\u0101lais \u0101trums var sasniegt 45km\/h, padarot brauk\u0161anu patva\u013c\u012bg\u0101ku. Regul\u0113\u0161anas diapazons: pirmais re\u017e\u012bms (15 km\/h) otrais re\u017e\u012bms (30 km\/h) tre\u0161ais re\u017e\u012bms (45 km\/h)<\/p>\n<p>Lielas ietilp\u012bbas litija jonu akumulators, augstas kvalit\u0101tes litija jonu akumulators, nep\u0101rtraukta izejas jauda ar lielu pl\u016bsmas \u0101trumu, kas var nodro\u0161in\u0101t 55 km nobraukuma att\u0101lumu, uzl\u0101d\u0113t 8 stundas nakt\u012b, braukt pa dienu un sp\u0113l\u0113t, kad v\u0113laties. pietiekams. 7. \u0100tra loc\u012b\u0161ana: saliekam\u0101s vietas dizains ir vienk\u0101r\u0161s un \u0113rti lietojams. Tas ir tikai \u0101tri j\u0101pace\u013c, j\u0101velk, j\u0101piespie\u017e un j\u0101saloka, kas jums ir \u0113rti p\u0101rvad\u0101t citos transportl\u012bdzek\u013cos. Taj\u0101 pa\u0161\u0101 laik\u0101 Kirin G2 Pro ir neatkar\u012bga loc\u012b\u0161anas funkcija. Sl\u0113dzenes, lai nodro\u0161in\u0101tu dro\u0161\u012bbu brauk\u0161anas laik\u0101.<\/p>\n<p>&nbsp;<\/p>\n<h3>\nKUGOO KIRIN G2 PRO &#8211; DRO\u0160S UN STABILS<\/h3>\n<p>Prec\u012bzi noregul\u0113ts atsperu amortizators var efekt\u012bvi amortiz\u0113t sare\u017e\u0123\u012btas reljefa nel\u012bdzenumus, j\u016bs varat braukt ar to nel\u012bdzen\u0101 ce\u013c\u0101 un maksim\u0101li palielin\u0101t ce\u013cojuma prieku.<\/p>\n<p>9 collu visurg\u0101j\u0113jas riepas, ar lielu p\u0101rkl\u0101juma laukumu, lietain\u0101s dien\u0101s negrims dub\u013cos, laba triecienu absorbcija, laba sa\u0137ere, nebaid\u0101s no sare\u017e\u0123\u012btiem ce\u013ca apst\u0101k\u013ciem, kas dod p\u0101rliec\u012bbu.<\/p>\n<p>Priek\u0161\u0113j\u0101s un aizmugur\u0113j\u0101s dubult\u0101 diska bremzes, ja v\u0113laties, varat apst\u0101ties, ja v\u0113laties, varat staig\u0101t, me\u017eon\u012bgi! Priek\u0161\u0113j\u0101s un aizmugur\u0113j\u0101s 120\u00a0mm ar trosi darbin\u0101mas disku bremzes, ventil\u0113jami dzes\u0113\u0161anas diski, nebaid\u0101s no liela \u0101truma, sniedzot p\u0101rliec\u012bbu apst\u0101ties, kad v\u0113laties.<\/p>\n<p>&nbsp;<\/p>\n<h3>\nLED EKR\u0100NS UN APGAISMOJUMA SIST\u0112MA<\/h3>\n<p>Izmantojot digit\u0101lo displeju, vien\u0101 mirkl\u012b varat redz\u0113t automa\u0161\u012bnas statusu re\u0101llaik\u0101 ar visiem brauk\u0161anas datiem, s\u0101kot no maigas l\u012bdz sp\u0113c\u012bgam atsitienam, un jebkur\u0101 laik\u0101 varat p\u0101rsl\u0113gt brauk\u0161anas re\u017e\u012bmu, nospie\u017eot pogu. Neatkar\u012bgi no t\u0101, vai v\u0113laties mier\u012bgu komfortu vai izcilu me\u017eon\u012bgumu, tas var sniegt jums v\u0113lamo jautr\u012bbu.<\/p>\n<p>Vis\u0101 automa\u0161\u012bn\u0101 6 gaismas sist\u0113mas, lai j\u016bs apgaismotu un aizsarg\u0101tu j\u016bsu dro\u0161\u012bbu, 1 priek\u0161\u0113jais lukturis + 2 papildu gaismas + 3 aizmugur\u0113jie br\u012bdin\u0101juma lukturi, kas ne tikai apgaismo ce\u013cu jums priek\u0161\u0101, bet ar\u012b aizsarg\u0101 j\u016bs pa kreisi, pa labi un aizmugures dro\u0161\u012bba.<\/p>\n<p>&nbsp;<\/p>\n<h3>\nKUGOO KIRIN G2 PRO SPECIFIK\u0100CIJA<\/h3>\n<p>Maksim\u0101lais \u0101trums: 25\/45 km\/h<br \/>\nMaksim\u0101lais \u0101trums katr\u0101 re\u017e\u012bm\u0101: 15km\/h 30km\/h 45km\/h<br \/>\nDiapazons: 55 km<br \/>\nAkumulators: 48V 15Ah<br \/>\nMotora nomin\u0101l\u0101 jauda: 600W<br \/>\nK\u0101p\u0161ana kalnos: 20\u00b0<br \/>\nBrem\u017eu sist\u0113ma: dubultdisku bremzes<br \/>\nRiepas: 9&#8221;<br \/>\nIzm\u0113rs: 1187*620*1315 mm<br \/>\nSvars: 26,7 kg<br \/>\nMaksim\u0101l\u0101 slodze: 120 kg<br \/>\nUzl\u0101des laiks: 7-8 stundas<\/p>\n","protected":false},"excerpt":{"rendered":"<p><strong>KUGOO KIRIN G2 PRO<\/strong><\/p>\n<ul>\n<li>Motora jauda: 600W<\/li>\n<li>Brauk\u0161anas diapazons: 55 km<\/li>\n<li>Akumulators: 48V 15Ah<\/li>\n<li>Maksim\u0101l\u0101 slodze: 120 kg<\/li>\n<li>Uzl\u0101des laiks: 7-8 stundas<\/li>\n<\/ul>\n<p>&nbsp;<\/p>\n<p><strong>\u2666 Pieg\u0101des laiks 3-8 dienas<\/strong><br \/>\n<strong>\u2666 Ir noliktav\u0101<\/strong><\/p>\n","protected":false},"featured_media":15511,"template":"","meta":[],"product_cat":[1763,622],"product_tag":[],"class_list":{"0":"post-10892","1":"product","2":"type-product","3":"status-publish","4":"has-post-thumbnail","6":"product_cat-kugoo","7":"product_cat-elektriskie-skrejriteni","8":"product_shipping_class-suured-pakid","10":"first","11":"instock","12":"sale","13":"taxable","14":"shipping-taxable","15":"purchasable","16":"product-type-simple"},"yoast_head":"<!-- This site is optimized with the Yoast SEO plugin v23.8 - https:\/\/yoast.com\/wordpress\/plugins\/seo\/ -->\n<title>Kugoo Kirin G2 Pro - Ecocruiser<\/title>\n<meta name=\"description\" content=\"Kugoo Kirin G2 Pro - Kvaliteetsed br\u00e4ndid, lai valik - Ecocruiser.ee - K\u00fcsimuste korral v\u00f5ta \u00fchendust info@projekt.vombat.ee\" \/>\n<meta name=\"robots\" content=\"noindex, follow, max-snippet:-1, max-image-preview:large, max-video-preview:-1\" \/>\n<meta property=\"og:locale\" content=\"en_GB\" \/>\n<meta property=\"og:type\" content=\"article\" \/>\n<meta property=\"og:title\" content=\"Kugoo Kirin G2 Pro - Ecocruiser\" \/>\n<meta property=\"og:description\" content=\"Kugoo Kirin G2 Pro - Kvaliteetsed br\u00e4ndid, lai valik - Ecocruiser.ee - K\u00fcsimuste korral v\u00f5ta \u00fchendust info@projekt.vombat.ee\" \/>\n<meta property=\"og:url\" content=\"https:\/\/projekt.vombat.ee\/eco\/lv\/pood\/elektriskie-skrejriteni\/kugoo-kirin-g2-pro\/\" \/>\n<meta property=\"og:site_name\" content=\"Ecocruiser\" \/>\n<meta property=\"article:modified_time\" content=\"2024-06-26T14:07:09+00:00\" \/>\n<meta property=\"og:image\" content=\"https:\/\/projekt.vombat.ee\/eco\/wp-content\/uploads\/2023\/03\/d69abe6a5554bec15e3849614e4394a7.webp\" \/>\n\t<meta property=\"og:image:width\" content=\"1000\" \/>\n\t<meta property=\"og:image:height\" content=\"1000\" \/>\n\t<meta property=\"og:image:type\" content=\"image\/webp\" \/>\n<meta name=\"twitter:card\" content=\"summary_large_image\" \/>\n<meta name=\"twitter:label1\" content=\"Estimated reading time\" \/>\n\t<meta name=\"twitter:data1\" content=\"3 minutes\" \/>\n<script type=\"application\/ld+json\" class=\"yoast-schema-graph\">{\"@context\":\"https:\/\/schema.org\",\"@graph\":[{\"@type\":\"WebPage\",\"@id\":\"https:\/\/projekt.vombat.ee\/eco\/lv\/pood\/elektriskie-skrejriteni\/kugoo-kirin-g2-pro\/\",\"url\":\"https:\/\/projekt.vombat.ee\/eco\/lv\/pood\/elektriskie-skrejriteni\/kugoo-kirin-g2-pro\/\",\"name\":\"Kugoo Kirin G2 Pro - Ecocruiser\",\"isPartOf\":{\"@id\":\"https:\/\/projekt.vombat.ee\/eco\/#website\"},\"primaryImageOfPage\":{\"@id\":\"https:\/\/projekt.vombat.ee\/eco\/lv\/pood\/elektriskie-skrejriteni\/kugoo-kirin-g2-pro\/#primaryimage\"},\"image\":{\"@id\":\"https:\/\/projekt.vombat.ee\/eco\/lv\/pood\/elektriskie-skrejriteni\/kugoo-kirin-g2-pro\/#primaryimage\"},\"thumbnailUrl\":\"https:\/\/projekt.vombat.ee\/eco\/wp-content\/uploads\/2023\/03\/d69abe6a5554bec15e3849614e4394a7.webp\",\"datePublished\":\"2023-07-09T14:43:18+00:00\",\"dateModified\":\"2024-06-26T14:07:09+00:00\",\"description\":\"Kugoo Kirin G2 Pro - Kvaliteetsed br\u00e4ndid, lai valik - Ecocruiser.ee - K\u00fcsimuste korral v\u00f5ta \u00fchendust info@projekt.vombat.ee\",\"breadcrumb\":{\"@id\":\"https:\/\/projekt.vombat.ee\/eco\/lv\/pood\/elektriskie-skrejriteni\/kugoo-kirin-g2-pro\/#breadcrumb\"},\"inLanguage\":\"en-GB\",\"potentialAction\":[{\"@type\":\"ReadAction\",\"target\":[\"https:\/\/projekt.vombat.ee\/eco\/lv\/pood\/elektriskie-skrejriteni\/kugoo-kirin-g2-pro\/\"]}]},{\"@type\":\"ImageObject\",\"inLanguage\":\"en-GB\",\"@id\":\"https:\/\/projekt.vombat.ee\/eco\/lv\/pood\/elektriskie-skrejriteni\/kugoo-kirin-g2-pro\/#primaryimage\",\"url\":\"https:\/\/projekt.vombat.ee\/eco\/wp-content\/uploads\/2023\/03\/d69abe6a5554bec15e3849614e4394a7.webp\",\"contentUrl\":\"https:\/\/projekt.vombat.ee\/eco\/wp-content\/uploads\/2023\/03\/d69abe6a5554bec15e3849614e4394a7.webp\",\"width\":1000,\"height\":1000},{\"@type\":\"BreadcrumbList\",\"@id\":\"https:\/\/projekt.vombat.ee\/eco\/lv\/pood\/elektriskie-skrejriteni\/kugoo-kirin-g2-pro\/#breadcrumb\",\"itemListElement\":[{\"@type\":\"ListItem\",\"position\":1,\"name\":\"Home\",\"item\":\"https:\/\/projekt.vombat.ee\/eco\/\"},{\"@type\":\"ListItem\",\"position\":2,\"name\":\"Pood\",\"item\":\"https:\/\/projekt.vombat.ee\/eco\/pood\/\"},{\"@type\":\"ListItem\",\"position\":3,\"name\":\"Kugoo Kirin G2 Pro\"}]},{\"@type\":\"WebSite\",\"@id\":\"https:\/\/projekt.vombat.ee\/eco\/#website\",\"url\":\"https:\/\/projekt.vombat.ee\/eco\/\",\"name\":\"Ecocruiser\",\"description\":\"\",\"publisher\":{\"@id\":\"https:\/\/projekt.vombat.ee\/eco\/#organization\"},\"potentialAction\":[{\"@type\":\"SearchAction\",\"target\":{\"@type\":\"EntryPoint\",\"urlTemplate\":\"https:\/\/projekt.vombat.ee\/eco\/?s={search_term_string}\"},\"query-input\":{\"@type\":\"PropertyValueSpecification\",\"valueRequired\":true,\"valueName\":\"search_term_string\"}}],\"inLanguage\":\"en-GB\"},{\"@type\":\"Organization\",\"@id\":\"https:\/\/projekt.vombat.ee\/eco\/#organization\",\"name\":\"Ecocruiser\",\"url\":\"https:\/\/projekt.vombat.ee\/eco\/\",\"logo\":{\"@type\":\"ImageObject\",\"inLanguage\":\"en-GB\",\"@id\":\"https:\/\/projekt.vombat.ee\/eco\/#\/schema\/logo\/image\/\",\"url\":\"https:\/\/projekt.vombat.ee\/eco\/wp-content\/uploads\/2023\/03\/ECOCRUISER_5.png\",\"contentUrl\":\"https:\/\/projekt.vombat.ee\/eco\/wp-content\/uploads\/2023\/03\/ECOCRUISER_5.png\",\"width\":234,\"height\":91,\"caption\":\"Ecocruiser\"},\"image\":{\"@id\":\"https:\/\/projekt.vombat.ee\/eco\/#\/schema\/logo\/image\/\"}}]}<\/script>\n<!-- \/ Yoast SEO plugin. -->","yoast_head_json":{"title":"Kugoo Kirin G2 Pro - Ecocruiser","description":"Kugoo Kirin G2 Pro - Kvaliteetsed br\u00e4ndid, lai valik - Ecocruiser.ee - K\u00fcsimuste korral v\u00f5ta \u00fchendust info@projekt.vombat.ee","robots":{"index":"noindex","follow":"follow","max-snippet":"max-snippet:-1","max-image-preview":"max-image-preview:large","max-video-preview":"max-video-preview:-1"},"og_locale":"en_GB","og_type":"article","og_title":"Kugoo Kirin G2 Pro - Ecocruiser","og_description":"Kugoo Kirin G2 Pro - Kvaliteetsed br\u00e4ndid, lai valik - Ecocruiser.ee - K\u00fcsimuste korral v\u00f5ta \u00fchendust info@projekt.vombat.ee","og_url":"https:\/\/projekt.vombat.ee\/eco\/lv\/pood\/elektriskie-skrejriteni\/kugoo-kirin-g2-pro\/","og_site_name":"Ecocruiser","article_modified_time":"2024-06-26T14:07:09+00:00","og_image":[{"width":1000,"height":1000,"url":"https:\/\/projekt.vombat.ee\/eco\/wp-content\/uploads\/2023\/03\/d69abe6a5554bec15e3849614e4394a7.webp","type":"image\/webp"}],"twitter_card":"summary_large_image","twitter_misc":{"Estimated reading time":"3 minutes"},"schema":{"@context":"https:\/\/schema.org","@graph":[{"@type":"WebPage","@id":"https:\/\/projekt.vombat.ee\/eco\/lv\/pood\/elektriskie-skrejriteni\/kugoo-kirin-g2-pro\/","url":"https:\/\/projekt.vombat.ee\/eco\/lv\/pood\/elektriskie-skrejriteni\/kugoo-kirin-g2-pro\/","name":"Kugoo Kirin G2 Pro - Ecocruiser","isPartOf":{"@id":"https:\/\/projekt.vombat.ee\/eco\/#website"},"primaryImageOfPage":{"@id":"https:\/\/projekt.vombat.ee\/eco\/lv\/pood\/elektriskie-skrejriteni\/kugoo-kirin-g2-pro\/#primaryimage"},"image":{"@id":"https:\/\/projekt.vombat.ee\/eco\/lv\/pood\/elektriskie-skrejriteni\/kugoo-kirin-g2-pro\/#primaryimage"},"thumbnailUrl":"https:\/\/projekt.vombat.ee\/eco\/wp-content\/uploads\/2023\/03\/d69abe6a5554bec15e3849614e4394a7.webp","datePublished":"2023-07-09T14:43:18+00:00","dateModified":"2024-06-26T14:07:09+00:00","description":"Kugoo Kirin G2 Pro - Kvaliteetsed br\u00e4ndid, lai valik - Ecocruiser.ee - K\u00fcsimuste korral v\u00f5ta \u00fchendust info@projekt.vombat.ee","breadcrumb":{"@id":"https:\/\/projekt.vombat.ee\/eco\/lv\/pood\/elektriskie-skrejriteni\/kugoo-kirin-g2-pro\/#breadcrumb"},"inLanguage":"en-GB","potentialAction":[{"@type":"ReadAction","target":["https:\/\/projekt.vombat.ee\/eco\/lv\/pood\/elektriskie-skrejriteni\/kugoo-kirin-g2-pro\/"]}]},{"@type":"ImageObject","inLanguage":"en-GB","@id":"https:\/\/projekt.vombat.ee\/eco\/lv\/pood\/elektriskie-skrejriteni\/kugoo-kirin-g2-pro\/#primaryimage","url":"https:\/\/projekt.vombat.ee\/eco\/wp-content\/uploads\/2023\/03\/d69abe6a5554bec15e3849614e4394a7.webp","contentUrl":"https:\/\/projekt.vombat.ee\/eco\/wp-content\/uploads\/2023\/03\/d69abe6a5554bec15e3849614e4394a7.webp","width":1000,"height":1000},{"@type":"BreadcrumbList","@id":"https:\/\/projekt.vombat.ee\/eco\/lv\/pood\/elektriskie-skrejriteni\/kugoo-kirin-g2-pro\/#breadcrumb","itemListElement":[{"@type":"ListItem","position":1,"name":"Home","item":"https:\/\/projekt.vombat.ee\/eco\/"},{"@type":"ListItem","position":2,"name":"Pood","item":"https:\/\/projekt.vombat.ee\/eco\/pood\/"},{"@type":"ListItem","position":3,"name":"Kugoo Kirin G2 Pro"}]},{"@type":"WebSite","@id":"https:\/\/projekt.vombat.ee\/eco\/#website","url":"https:\/\/projekt.vombat.ee\/eco\/","name":"Ecocruiser","description":"","publisher":{"@id":"https:\/\/projekt.vombat.ee\/eco\/#organization"},"potentialAction":[{"@type":"SearchAction","target":{"@type":"EntryPoint","urlTemplate":"https:\/\/projekt.vombat.ee\/eco\/?s={search_term_string}"},"query-input":{"@type":"PropertyValueSpecification","valueRequired":true,"valueName":"search_term_string"}}],"inLanguage":"en-GB"},{"@type":"Organization","@id":"https:\/\/projekt.vombat.ee\/eco\/#organization","name":"Ecocruiser","url":"https:\/\/projekt.vombat.ee\/eco\/","logo":{"@type":"ImageObject","inLanguage":"en-GB","@id":"https:\/\/projekt.vombat.ee\/eco\/#\/schema\/logo\/image\/","url":"https:\/\/projekt.vombat.ee\/eco\/wp-content\/uploads\/2023\/03\/ECOCRUISER_5.png","contentUrl":"https:\/\/projekt.vombat.ee\/eco\/wp-content\/uploads\/2023\/03\/ECOCRUISER_5.png","width":234,"height":91,"caption":"Ecocruiser"},"image":{"@id":"https:\/\/projekt.vombat.ee\/eco\/#\/schema\/logo\/image\/"}}]}},"lang":"lv","translations":{"lv":10892,"ru":6406,"et":6398,"fi":7571,"en":15926,"fr":16994},"pll_sync_post":[],"_links":{"self":[{"href":"https:\/\/projekt.vombat.ee\/eco\/wp-json\/wp\/v2\/product\/10892"}],"collection":[{"href":"https:\/\/projekt.vombat.ee\/eco\/wp-json\/wp\/v2\/product"}],"about":[{"href":"https:\/\/projekt.vombat.ee\/eco\/wp-json\/wp\/v2\/types\/product"}],"version-history":[{"count":1,"href":"https:\/\/projekt.vombat.ee\/eco\/wp-json\/wp\/v2\/product\/10892\/revisions"}],"predecessor-version":[{"id":10899,"href":"https:\/\/projekt.vombat.ee\/eco\/wp-json\/wp\/v2\/product\/10892\/revisions\/10899"}],"wp:featuredmedia":[{"embeddable":true,"href":"https:\/\/projekt.vombat.ee\/eco\/wp-json\/wp\/v2\/media\/15511"}],"wp:attachment":[{"href":"https:\/\/projekt.vombat.ee\/eco\/wp-json\/wp\/v2\/media?parent=10892"}],"wp:term":[{"taxonomy":"product_cat","embeddable":true,"href":"https:\/\/projekt.vombat.ee\/eco\/wp-json\/wp\/v2\/product_cat?post=10892"},{"taxonomy":"product_tag","embeddable":true,"href":"https:\/\/projekt.vombat.ee\/eco\/wp-json\/wp\/v2\/product_tag?post=10892"}],"curies":[{"name":"wp","href":"https:\/\/api.w.org\/{rel}","templated":true}]}}