{"id":9900,"date":"2023-05-31T19:10:05","date_gmt":"2023-05-31T19:10:05","guid":{"rendered":"https:\/\/projekt.vombat.ee\/eco\/?page_id=9900"},"modified":"2023-05-31T19:10:05","modified_gmt":"2023-05-31T19:10:05","slug":"kastirataste-ostutoetus","status":"publish","type":"page","link":"https:\/\/projekt.vombat.ee\/eco\/kastirataste-ostutoetus\/","title":{"rendered":"Kastirataste ostutoetus"},"content":{"rendered":"<div class=\"post_excerpt content-formatted content-formatted--overflowed-images mar_t-48 mar_b-64\"><\/div>\n<div><\/div>\n<div><\/div>\n<div>\n<h1 style=\"text-align: center;\">Kastirataste ostutoetus<\/h1>\n<p>Eesti riik toetab nullheitega s\u00f5idukite ostutoetusega kastirataste soetamist, kompenseerides eraisikutele 50% v\u00f5i kuni \u20ac1000 kastika ostusummast.<\/p>\n<p>Elektriliste kastirataste toetus hakkas kehtima 6. veebruar 2023.<br \/>\nAlates sellest p\u00e4evast ostetud elektrilistele kastiratastele saab taotleda toetust.<\/p>\n<h3>Millistele kastikatele ostutoetus kehtib?<\/h3>\n<p>&#8211; ostutoetus kehtib elektrimootoriga kastiratastele<br \/>\n&#8211; kastirattal peab olema elektrooniline l\u00e4bis\u00f5idum\u00f5\u00f5dik.<br \/>\n&#8211; kastirattal on raami osaks tootja poolt ehitatud kast v\u00f5i alus, mis on kandev\u00f5imega v\u00e4hemalt 40 kg ja m\u00f5eldud inimeste v\u00f5i asjade veoks<br \/>\n&#8211; kastiratas ei tohi olla laiem kui 900 mm<br \/>\n&#8211; kastiratas on soetatud uuena<\/p>\n<h3>\nKui suur on ostutoetuse summa?<\/h3>\n<p>Toetuse suurus on eraisikule kuni 50% ostusummast, kuid mitte rohkem kui \u20ac1250, millelt peetakse kinni tulumaks. Peale tulumaksu kinnipidamist on summaks \u20ac1000. Ettev\u00f5tetele on toetuse summaks \u20ac1000. Kiirusta, sest toetuste kogusumma on piiratud ning l\u00f5ppeb t\u00f5en\u00e4oliselt enne projekti l\u00f5pukuup\u00e4eva (2033).<\/p>\n<h3>\nKes saab ostutoetust taodelda?<\/h3>\n<p>Eraisik<br \/>\n&#8211; peab omama Eesti isikukoodi<br \/>\n&#8211; v\u00f5ib taodelda toetust maksimaalselt 1 kastiratta soetamiseks<br \/>\n&#8211; ostetud kastiratas peab olema taotleja omandis ja taotleja kasutada<br \/>\n&#8211; s\u00f5iduki kasutatakse v\u00e4hemalt neli aastat toetuse maksmisest ja peamiselt Eestis<br \/>\nEttev\u00f5te<br \/>\n&#8211; v\u00f5ib taodelda toetust kuni 15 kastiratta soetamiseks<\/p>\n<h3>\nKuidas saab toetust taodelda?<\/h3>\n<p>Taotlus toetuse saamiseks on vaja esitada kahe kuu jooksul peale toote k\u00e4ttesaamist. Toode tuleb tellida ja maksta t\u00e4ies mahus. Hiljem maksab Keskkonnainvesteeringute keskus Teile toetuse summa tagasi. Taotluse rahuldamise otsus tehakse 70 p\u00e4eva jooksul peale taotluse esitamist ning v\u00e4ljamakse 50 p\u00e4eva jooksul peale otsust<br \/>\nToetus makstakse v\u00e4lja toetuse saajale ehk toetuse taotlejale ehk kastika soetajale.<\/p>\n<\/div>\n<p>&nbsp;<\/p>\n<p><strong>Toetust taotleb ostja:<\/strong> <a href=\"https:\/\/kik.ee\/et\/toetatavad-tegevused\/nullheitega-soidukite-ostutoetus\">Keskkonnainvesteeringute Keskuse kodulehel<\/a><\/p>\n<p>&nbsp;<\/p>\n","protected":false},"excerpt":{"rendered":"<p>Kastirataste ostutoetus Eesti riik toetab nullheitega s\u00f5idukite ostutoetusega kastirataste soetamist, kompenseerides eraisikutele 50% v\u00f5i kuni \u20ac1000 kastika ostusummast. Elektriliste kastirataste toetus hakkas kehtima 6. veebruar 2023. Alates sellest p\u00e4evast ostetud elektrilistele kastiratastele saab taotleda toetust. Millistele kastikatele ostutoetus kehtib? &#8211; ostutoetus kehtib elektrimootoriga kastiratastele &#8211; kastirattal peab olema elektrooniline l\u00e4bis\u00f5idum\u00f5\u00f5dik. &#8211; kastirattal on raami osaks tootja poolt ehitatud kast v\u00f5i\u2026<\/p>\n","protected":false},"author":3,"featured_media":0,"parent":0,"menu_order":0,"comment_status":"closed","ping_status":"closed","template":"","meta":{"footnotes":""},"class_list":["post-9900","page","type-page","status-publish","hentry"],"yoast_head":"<!-- This site is optimized with the Yoast SEO plugin v23.8 - https:\/\/yoast.com\/wordpress\/plugins\/seo\/ -->\n<title>Kastirataste ostutoetus - Ecocruiser<\/title>\n<meta name=\"description\" content=\"Millistele kastikatele ostutoetus kehtib?- ostutoetus kehtib elektrimootoriga kastiratastele- kastirattal peab olema elektrooniline l\u00e4bis\u00f5idum\u00f5\u00f5dik.- kastirattal on raami osaks tootja poolt ehitatud kast v\u00f5i alus, mis on kandev\u00f5imega v\u00e4hemalt 40 kg ja m\u00f5eldud inimeste v\u00f5i asjade veoks- kastiratas ei tohi olla laiem kui 900 mm- kastiratas on soetatud uuena.\" \/>\n<meta name=\"robots\" content=\"noindex, follow, max-snippet:-1, max-image-preview:large, max-video-preview:-1\" \/>\n<meta property=\"og:locale\" content=\"en_GB\" \/>\n<meta property=\"og:type\" content=\"article\" \/>\n<meta property=\"og:title\" content=\"Kastirataste ostutoetus - Ecocruiser\" \/>\n<meta property=\"og:description\" content=\"Millistele kastikatele ostutoetus kehtib?- ostutoetus kehtib elektrimootoriga kastiratastele- kastirattal peab olema elektrooniline l\u00e4bis\u00f5idum\u00f5\u00f5dik.- kastirattal on raami osaks tootja poolt ehitatud kast v\u00f5i alus, mis on kandev\u00f5imega v\u00e4hemalt 40 kg ja m\u00f5eldud inimeste v\u00f5i asjade veoks- kastiratas ei tohi olla laiem kui 900 mm- kastiratas on soetatud uuena.\" \/>\n<meta property=\"og:url\" content=\"https:\/\/projekt.vombat.ee\/eco\/kastirataste-ostutoetus\/\" \/>\n<meta property=\"og:site_name\" content=\"Ecocruiser\" \/>\n<meta name=\"twitter:card\" content=\"summary_large_image\" \/>\n<meta name=\"twitter:label1\" content=\"Estimated reading time\" \/>\n\t<meta name=\"twitter:data1\" content=\"2 minutes\" \/>\n<script type=\"application\/ld+json\" class=\"yoast-schema-graph\">{\"@context\":\"https:\/\/schema.org\",\"@graph\":[{\"@type\":\"WebPage\",\"@id\":\"https:\/\/projekt.vombat.ee\/eco\/kastirataste-ostutoetus\/\",\"url\":\"https:\/\/projekt.vombat.ee\/eco\/kastirataste-ostutoetus\/\",\"name\":\"Kastirataste ostutoetus - Ecocruiser\",\"isPartOf\":{\"@id\":\"https:\/\/projekt.vombat.ee\/eco\/#website\"},\"datePublished\":\"2023-05-31T19:10:05+00:00\",\"dateModified\":\"2023-05-31T19:10:05+00:00\",\"description\":\"Millistele kastikatele ostutoetus kehtib?- ostutoetus kehtib elektrimootoriga kastiratastele- kastirattal peab olema elektrooniline l\u00e4bis\u00f5idum\u00f5\u00f5dik.- kastirattal on raami osaks tootja poolt ehitatud kast v\u00f5i alus, mis on kandev\u00f5imega v\u00e4hemalt 40 kg ja m\u00f5eldud inimeste v\u00f5i asjade veoks- kastiratas ei tohi olla laiem kui 900 mm- kastiratas on soetatud uuena.\",\"breadcrumb\":{\"@id\":\"https:\/\/projekt.vombat.ee\/eco\/kastirataste-ostutoetus\/#breadcrumb\"},\"inLanguage\":\"en-GB\",\"potentialAction\":[{\"@type\":\"ReadAction\",\"target\":[\"https:\/\/projekt.vombat.ee\/eco\/kastirataste-ostutoetus\/\"]}]},{\"@type\":\"BreadcrumbList\",\"@id\":\"https:\/\/projekt.vombat.ee\/eco\/kastirataste-ostutoetus\/#breadcrumb\",\"itemListElement\":[{\"@type\":\"ListItem\",\"position\":1,\"name\":\"Home\",\"item\":\"https:\/\/projekt.vombat.ee\/eco\/\"},{\"@type\":\"ListItem\",\"position\":2,\"name\":\"Kastirataste ostutoetus\"}]},{\"@type\":\"WebSite\",\"@id\":\"https:\/\/projekt.vombat.ee\/eco\/#website\",\"url\":\"https:\/\/projekt.vombat.ee\/eco\/\",\"name\":\"Ecocruiser\",\"description\":\"\",\"publisher\":{\"@id\":\"https:\/\/projekt.vombat.ee\/eco\/#organization\"},\"potentialAction\":[{\"@type\":\"SearchAction\",\"target\":{\"@type\":\"EntryPoint\",\"urlTemplate\":\"https:\/\/projekt.vombat.ee\/eco\/?s={search_term_string}\"},\"query-input\":{\"@type\":\"PropertyValueSpecification\",\"valueRequired\":true,\"valueName\":\"search_term_string\"}}],\"inLanguage\":\"en-GB\"},{\"@type\":\"Organization\",\"@id\":\"https:\/\/projekt.vombat.ee\/eco\/#organization\",\"name\":\"Ecocruiser\",\"url\":\"https:\/\/projekt.vombat.ee\/eco\/\",\"logo\":{\"@type\":\"ImageObject\",\"inLanguage\":\"en-GB\",\"@id\":\"https:\/\/projekt.vombat.ee\/eco\/#\/schema\/logo\/image\/\",\"url\":\"https:\/\/projekt.vombat.ee\/eco\/wp-content\/uploads\/2023\/03\/ECOCRUISER_5.png\",\"contentUrl\":\"https:\/\/projekt.vombat.ee\/eco\/wp-content\/uploads\/2023\/03\/ECOCRUISER_5.png\",\"width\":234,\"height\":91,\"caption\":\"Ecocruiser\"},\"image\":{\"@id\":\"https:\/\/projekt.vombat.ee\/eco\/#\/schema\/logo\/image\/\"}}]}<\/script>\n<!-- \/ Yoast SEO plugin. -->","yoast_head_json":{"title":"Kastirataste ostutoetus - Ecocruiser","description":"Millistele kastikatele ostutoetus kehtib?- ostutoetus kehtib elektrimootoriga kastiratastele- kastirattal peab olema elektrooniline l\u00e4bis\u00f5idum\u00f5\u00f5dik.- kastirattal on raami osaks tootja poolt ehitatud kast v\u00f5i alus, mis on kandev\u00f5imega v\u00e4hemalt 40 kg ja m\u00f5eldud inimeste v\u00f5i asjade veoks- kastiratas ei tohi olla laiem kui 900 mm- kastiratas on soetatud uuena.","robots":{"index":"noindex","follow":"follow","max-snippet":"max-snippet:-1","max-image-preview":"max-image-preview:large","max-video-preview":"max-video-preview:-1"},"og_locale":"en_GB","og_type":"article","og_title":"Kastirataste ostutoetus - Ecocruiser","og_description":"Millistele kastikatele ostutoetus kehtib?- ostutoetus kehtib elektrimootoriga kastiratastele- kastirattal peab olema elektrooniline l\u00e4bis\u00f5idum\u00f5\u00f5dik.- kastirattal on raami osaks tootja poolt ehitatud kast v\u00f5i alus, mis on kandev\u00f5imega v\u00e4hemalt 40 kg ja m\u00f5eldud inimeste v\u00f5i asjade veoks- kastiratas ei tohi olla laiem kui 900 mm- kastiratas on soetatud uuena.","og_url":"https:\/\/projekt.vombat.ee\/eco\/kastirataste-ostutoetus\/","og_site_name":"Ecocruiser","twitter_card":"summary_large_image","twitter_misc":{"Estimated reading time":"2 minutes"},"schema":{"@context":"https:\/\/schema.org","@graph":[{"@type":"WebPage","@id":"https:\/\/projekt.vombat.ee\/eco\/kastirataste-ostutoetus\/","url":"https:\/\/projekt.vombat.ee\/eco\/kastirataste-ostutoetus\/","name":"Kastirataste ostutoetus - Ecocruiser","isPartOf":{"@id":"https:\/\/projekt.vombat.ee\/eco\/#website"},"datePublished":"2023-05-31T19:10:05+00:00","dateModified":"2023-05-31T19:10:05+00:00","description":"Millistele kastikatele ostutoetus kehtib?- ostutoetus kehtib elektrimootoriga kastiratastele- kastirattal peab olema elektrooniline l\u00e4bis\u00f5idum\u00f5\u00f5dik.- kastirattal on raami osaks tootja poolt ehitatud kast v\u00f5i alus, mis on kandev\u00f5imega v\u00e4hemalt 40 kg ja m\u00f5eldud inimeste v\u00f5i asjade veoks- kastiratas ei tohi olla laiem kui 900 mm- kastiratas on soetatud uuena.","breadcrumb":{"@id":"https:\/\/projekt.vombat.ee\/eco\/kastirataste-ostutoetus\/#breadcrumb"},"inLanguage":"en-GB","potentialAction":[{"@type":"ReadAction","target":["https:\/\/projekt.vombat.ee\/eco\/kastirataste-ostutoetus\/"]}]},{"@type":"BreadcrumbList","@id":"https:\/\/projekt.vombat.ee\/eco\/kastirataste-ostutoetus\/#breadcrumb","itemListElement":[{"@type":"ListItem","position":1,"name":"Home","item":"https:\/\/projekt.vombat.ee\/eco\/"},{"@type":"ListItem","position":2,"name":"Kastirataste ostutoetus"}]},{"@type":"WebSite","@id":"https:\/\/projekt.vombat.ee\/eco\/#website","url":"https:\/\/projekt.vombat.ee\/eco\/","name":"Ecocruiser","description":"","publisher":{"@id":"https:\/\/projekt.vombat.ee\/eco\/#organization"},"potentialAction":[{"@type":"SearchAction","target":{"@type":"EntryPoint","urlTemplate":"https:\/\/projekt.vombat.ee\/eco\/?s={search_term_string}"},"query-input":{"@type":"PropertyValueSpecification","valueRequired":true,"valueName":"search_term_string"}}],"inLanguage":"en-GB"},{"@type":"Organization","@id":"https:\/\/projekt.vombat.ee\/eco\/#organization","name":"Ecocruiser","url":"https:\/\/projekt.vombat.ee\/eco\/","logo":{"@type":"ImageObject","inLanguage":"en-GB","@id":"https:\/\/projekt.vombat.ee\/eco\/#\/schema\/logo\/image\/","url":"https:\/\/projekt.vombat.ee\/eco\/wp-content\/uploads\/2023\/03\/ECOCRUISER_5.png","contentUrl":"https:\/\/projekt.vombat.ee\/eco\/wp-content\/uploads\/2023\/03\/ECOCRUISER_5.png","width":234,"height":91,"caption":"Ecocruiser"},"image":{"@id":"https:\/\/projekt.vombat.ee\/eco\/#\/schema\/logo\/image\/"}}]}},"lang":"et","translations":{"et":9900},"pll_sync_post":[],"_links":{"self":[{"href":"https:\/\/projekt.vombat.ee\/eco\/wp-json\/wp\/v2\/pages\/9900"}],"collection":[{"href":"https:\/\/projekt.vombat.ee\/eco\/wp-json\/wp\/v2\/pages"}],"about":[{"href":"https:\/\/projekt.vombat.ee\/eco\/wp-json\/wp\/v2\/types\/page"}],"author":[{"embeddable":true,"href":"https:\/\/projekt.vombat.ee\/eco\/wp-json\/wp\/v2\/users\/3"}],"replies":[{"embeddable":true,"href":"https:\/\/projekt.vombat.ee\/eco\/wp-json\/wp\/v2\/comments?post=9900"}],"version-history":[{"count":1,"href":"https:\/\/projekt.vombat.ee\/eco\/wp-json\/wp\/v2\/pages\/9900\/revisions"}],"predecessor-version":[{"id":9901,"href":"https:\/\/projekt.vombat.ee\/eco\/wp-json\/wp\/v2\/pages\/9900\/revisions\/9901"}],"wp:attachment":[{"href":"https:\/\/projekt.vombat.ee\/eco\/wp-json\/wp\/v2\/media?parent=9900"}],"curies":[{"name":"wp","href":"https:\/\/api.w.org\/{rel}","templated":true}]}}