{"id":7209,"date":"2023-03-26T09:40:50","date_gmt":"2023-03-26T09:40:50","guid":{"rendered":"https:\/\/projekt.vombat.ee\/eco\/?page_id=7209"},"modified":"2023-03-26T09:40:50","modified_gmt":"2023-03-26T09:40:50","slug":"osamaksu","status":"publish","type":"page","link":"https:\/\/projekt.vombat.ee\/eco\/fi\/osamaksu\/","title":{"rendered":"Osamaksu"},"content":{"rendered":"<h1>ESTO OSAMAKSU<\/h1>\n<p>ESTO on vuonna 2016 perustettu finanssipalveluyritys. Br\u00e4ndi sai alkunsa<br \/>\ntarpeesta uuden sukupolven maksuratkaisuille, jotka soveltuisivat sek\u00e4 loppukuluttajalle ett\u00e4<br \/>\nmyyj\u00e4lle. ESTO tarjoaa nyky\u00e4\u00e4n Baltian ja ESTO:n laajimman valikoiman erilaisia \u200b\u200bmaksuratkaisuja<br \/>\nkumppaniverkostoon kuuluu yli 2 000 yhteisty\u00f6kumppania ja myym\u00e4l\u00e4\u00e4 sek\u00e4 yli 200 000 asiakasta. Jos sinulla on kysytt\u00e4v\u00e4\u00e4, ota yhteytt\u00e4 ESTOn asiakaspalveluun osoitteessa info@esto.ee.<\/p>\n<p>K\u00e4yt\u00e4 ESTO-osamaksua, kun maksat tuotteita tai palveluita &#8211; Viron edullisin, k\u00e4tevin ja nopein osamaksulinkki!<\/p>\n<p>Lis\u00e4\u00e4 tuotteet ostoskoriin, vahvista tilauksesi ja valitse maksutavoista ESTO osamaksu. Valitse maksaessasi sopiva ajanjakso, kuukausier\u00e4n suuruus ja allekirjoita k\u00e4tev\u00e4sti digitaalisesti henkil\u00f6kortilla tai mobiilitunnuksella.<\/p>\n<p>ESTO-erien tapauksessa se on eritt\u00e4in nopea ja k\u00e4tev\u00e4 maksuratkaisu, jonka avulla voit laatia maksuaikataulun valitsemasi ajanjakson mukaan eli maksaa eriss\u00e4. T\u00e4m\u00e4 maksuratkaisu tekee luottop\u00e4\u00e4t\u00f6ksen reaaliajassa ja auttaa tekem\u00e4\u00e4n ostoksen alle 60 sekunnissa.<\/p>\n<p>ESTO-osamaksun tarjoaja on ESTO AS (y-tunnus 14180709).<\/p>\n<p>ESTOn osamaksun vakioehdot ovat seuraavat:<br \/>\n\u2022 Korko alkaen 0 %<br \/>\n\u2022 Sopimusmaksu alkaen 0 euroa<br \/>\n\u2022 K\u00e4ytt\u00f6ik\u00e4 enint\u00e4\u00e4n 5 vuotta<\/p>\n<p>ESTO:n osamaksua voivat hakea kaikki 18\u201370-vuotiaat Viron tasavallan kansalaiset. ESTOn osamaksu onnistuu nopeasti ja k\u00e4tev\u00e4sti my\u00f6s juridiselle henkil\u00f6lle.<\/p>\n<p>jokainen taloudellinen p\u00e4\u00e4t\u00f6s sis\u00e4lt\u00e4\u00e4 riskej\u00e4 ja velvoitteita, joten pyyd\u00e4mme sinua harkitsemaan huolellisesti lainatuotteiden k\u00e4ytt\u00f6tarvetta. Esimerkiksi 790 euron lainan kiinte\u00e4korkoinen 14,90 % vuodessa ja sopimuspalkkio 0\u20ac, todellinen vuosikorko on 32,89 %, kuukausier\u00e4 76,54 euroa ja takaisin maksettava kokonaism\u00e4\u00e4r\u00e4. kuluttajan on 918,48 euroa. Loppusuoritus on taloudellinen velvoite ja ennen p\u00e4\u00e4t\u00f6ksen tekemist\u00e4 tutustu perusteellisesti sopimuksen ehtoihin ja ota tarvittaessa yhteytt\u00e4 ESTO AS:n ty\u00f6ntekij\u00e4n tai muun asiantuntijan kanssa. Osamaksun tarjoaa ja hoitaa ESTO AS<\/p>\n","protected":false},"excerpt":{"rendered":"<p>ESTO OSAMAKSU ESTO on vuonna 2016 perustettu finanssipalveluyritys. Br\u00e4ndi sai alkunsa tarpeesta uuden sukupolven maksuratkaisuille, jotka soveltuisivat sek\u00e4 loppukuluttajalle ett\u00e4 myyj\u00e4lle. ESTO tarjoaa nyky\u00e4\u00e4n Baltian ja ESTO:n laajimman valikoiman erilaisia \u200b\u200bmaksuratkaisuja kumppaniverkostoon kuuluu yli 2 000 yhteisty\u00f6kumppania ja myym\u00e4l\u00e4\u00e4 sek\u00e4 yli 200 000 asiakasta. Jos sinulla on kysytt\u00e4v\u00e4\u00e4, ota yhteytt\u00e4 ESTOn asiakaspalveluun osoitteessa info@esto.ee. K\u00e4yt\u00e4 ESTO-osamaksua, kun maksat tuotteita tai\u2026<\/p>\n","protected":false},"author":3,"featured_media":0,"parent":0,"menu_order":0,"comment_status":"closed","ping_status":"closed","template":"","meta":{"footnotes":""},"class_list":["post-7209","page","type-page","status-publish","hentry"],"yoast_head":"<!-- This site is optimized with the Yoast SEO plugin v23.8 - https:\/\/yoast.com\/wordpress\/plugins\/seo\/ -->\n<title>Osamaksu - Ecocruiser<\/title>\n<meta name=\"robots\" content=\"noindex, follow, max-snippet:-1, max-image-preview:large, max-video-preview:-1\" \/>\n<meta property=\"og:locale\" content=\"en_GB\" \/>\n<meta property=\"og:type\" content=\"article\" \/>\n<meta property=\"og:title\" content=\"Osamaksu - Ecocruiser\" \/>\n<meta property=\"og:description\" content=\"ESTO OSAMAKSU ESTO on vuonna 2016 perustettu finanssipalveluyritys. Br\u00e4ndi sai alkunsa tarpeesta uuden sukupolven maksuratkaisuille, jotka soveltuisivat sek\u00e4 loppukuluttajalle ett\u00e4 myyj\u00e4lle. ESTO tarjoaa nyky\u00e4\u00e4n Baltian ja ESTO:n laajimman valikoiman erilaisia \u200b\u200bmaksuratkaisuja kumppaniverkostoon kuuluu yli 2 000 yhteisty\u00f6kumppania ja myym\u00e4l\u00e4\u00e4 sek\u00e4 yli 200 000 asiakasta. Jos sinulla on kysytt\u00e4v\u00e4\u00e4, ota yhteytt\u00e4 ESTOn asiakaspalveluun osoitteessa info@esto.ee. K\u00e4yt\u00e4 ESTO-osamaksua, kun maksat tuotteita tai\u2026\" \/>\n<meta property=\"og:url\" content=\"https:\/\/projekt.vombat.ee\/eco\/fi\/osamaksu\/\" \/>\n<meta property=\"og:site_name\" content=\"Ecocruiser\" \/>\n<meta name=\"twitter:card\" content=\"summary_large_image\" \/>\n<meta name=\"twitter:label1\" content=\"Estimated reading time\" \/>\n\t<meta name=\"twitter:data1\" content=\"2 minutes\" \/>\n<script type=\"application\/ld+json\" class=\"yoast-schema-graph\">{\"@context\":\"https:\/\/schema.org\",\"@graph\":[{\"@type\":\"WebPage\",\"@id\":\"https:\/\/projekt.vombat.ee\/eco\/fi\/osamaksu\/\",\"url\":\"https:\/\/projekt.vombat.ee\/eco\/fi\/osamaksu\/\",\"name\":\"Osamaksu - Ecocruiser\",\"isPartOf\":{\"@id\":\"https:\/\/projekt.vombat.ee\/eco\/#website\"},\"datePublished\":\"2023-03-26T09:40:50+00:00\",\"dateModified\":\"2023-03-26T09:40:50+00:00\",\"breadcrumb\":{\"@id\":\"https:\/\/projekt.vombat.ee\/eco\/fi\/osamaksu\/#breadcrumb\"},\"inLanguage\":\"en-GB\",\"potentialAction\":[{\"@type\":\"ReadAction\",\"target\":[\"https:\/\/projekt.vombat.ee\/eco\/fi\/osamaksu\/\"]}]},{\"@type\":\"BreadcrumbList\",\"@id\":\"https:\/\/projekt.vombat.ee\/eco\/fi\/osamaksu\/#breadcrumb\",\"itemListElement\":[{\"@type\":\"ListItem\",\"position\":1,\"name\":\"Home\",\"item\":\"https:\/\/projekt.vombat.ee\/eco\/\"},{\"@type\":\"ListItem\",\"position\":2,\"name\":\"Osamaksu\"}]},{\"@type\":\"WebSite\",\"@id\":\"https:\/\/projekt.vombat.ee\/eco\/#website\",\"url\":\"https:\/\/projekt.vombat.ee\/eco\/\",\"name\":\"Ecocruiser\",\"description\":\"\",\"publisher\":{\"@id\":\"https:\/\/projekt.vombat.ee\/eco\/#organization\"},\"potentialAction\":[{\"@type\":\"SearchAction\",\"target\":{\"@type\":\"EntryPoint\",\"urlTemplate\":\"https:\/\/projekt.vombat.ee\/eco\/?s={search_term_string}\"},\"query-input\":{\"@type\":\"PropertyValueSpecification\",\"valueRequired\":true,\"valueName\":\"search_term_string\"}}],\"inLanguage\":\"en-GB\"},{\"@type\":\"Organization\",\"@id\":\"https:\/\/projekt.vombat.ee\/eco\/#organization\",\"name\":\"Ecocruiser\",\"url\":\"https:\/\/projekt.vombat.ee\/eco\/\",\"logo\":{\"@type\":\"ImageObject\",\"inLanguage\":\"en-GB\",\"@id\":\"https:\/\/projekt.vombat.ee\/eco\/#\/schema\/logo\/image\/\",\"url\":\"https:\/\/projekt.vombat.ee\/eco\/wp-content\/uploads\/2023\/03\/ECOCRUISER_5.png\",\"contentUrl\":\"https:\/\/projekt.vombat.ee\/eco\/wp-content\/uploads\/2023\/03\/ECOCRUISER_5.png\",\"width\":234,\"height\":91,\"caption\":\"Ecocruiser\"},\"image\":{\"@id\":\"https:\/\/projekt.vombat.ee\/eco\/#\/schema\/logo\/image\/\"}}]}<\/script>\n<!-- \/ Yoast SEO plugin. -->","yoast_head_json":{"title":"Osamaksu - Ecocruiser","robots":{"index":"noindex","follow":"follow","max-snippet":"max-snippet:-1","max-image-preview":"max-image-preview:large","max-video-preview":"max-video-preview:-1"},"og_locale":"en_GB","og_type":"article","og_title":"Osamaksu - Ecocruiser","og_description":"ESTO OSAMAKSU ESTO on vuonna 2016 perustettu finanssipalveluyritys. Br\u00e4ndi sai alkunsa tarpeesta uuden sukupolven maksuratkaisuille, jotka soveltuisivat sek\u00e4 loppukuluttajalle ett\u00e4 myyj\u00e4lle. ESTO tarjoaa nyky\u00e4\u00e4n Baltian ja ESTO:n laajimman valikoiman erilaisia \u200b\u200bmaksuratkaisuja kumppaniverkostoon kuuluu yli 2 000 yhteisty\u00f6kumppania ja myym\u00e4l\u00e4\u00e4 sek\u00e4 yli 200 000 asiakasta. Jos sinulla on kysytt\u00e4v\u00e4\u00e4, ota yhteytt\u00e4 ESTOn asiakaspalveluun osoitteessa info@esto.ee. K\u00e4yt\u00e4 ESTO-osamaksua, kun maksat tuotteita tai\u2026","og_url":"https:\/\/projekt.vombat.ee\/eco\/fi\/osamaksu\/","og_site_name":"Ecocruiser","twitter_card":"summary_large_image","twitter_misc":{"Estimated reading time":"2 minutes"},"schema":{"@context":"https:\/\/schema.org","@graph":[{"@type":"WebPage","@id":"https:\/\/projekt.vombat.ee\/eco\/fi\/osamaksu\/","url":"https:\/\/projekt.vombat.ee\/eco\/fi\/osamaksu\/","name":"Osamaksu - Ecocruiser","isPartOf":{"@id":"https:\/\/projekt.vombat.ee\/eco\/#website"},"datePublished":"2023-03-26T09:40:50+00:00","dateModified":"2023-03-26T09:40:50+00:00","breadcrumb":{"@id":"https:\/\/projekt.vombat.ee\/eco\/fi\/osamaksu\/#breadcrumb"},"inLanguage":"en-GB","potentialAction":[{"@type":"ReadAction","target":["https:\/\/projekt.vombat.ee\/eco\/fi\/osamaksu\/"]}]},{"@type":"BreadcrumbList","@id":"https:\/\/projekt.vombat.ee\/eco\/fi\/osamaksu\/#breadcrumb","itemListElement":[{"@type":"ListItem","position":1,"name":"Home","item":"https:\/\/projekt.vombat.ee\/eco\/"},{"@type":"ListItem","position":2,"name":"Osamaksu"}]},{"@type":"WebSite","@id":"https:\/\/projekt.vombat.ee\/eco\/#website","url":"https:\/\/projekt.vombat.ee\/eco\/","name":"Ecocruiser","description":"","publisher":{"@id":"https:\/\/projekt.vombat.ee\/eco\/#organization"},"potentialAction":[{"@type":"SearchAction","target":{"@type":"EntryPoint","urlTemplate":"https:\/\/projekt.vombat.ee\/eco\/?s={search_term_string}"},"query-input":{"@type":"PropertyValueSpecification","valueRequired":true,"valueName":"search_term_string"}}],"inLanguage":"en-GB"},{"@type":"Organization","@id":"https:\/\/projekt.vombat.ee\/eco\/#organization","name":"Ecocruiser","url":"https:\/\/projekt.vombat.ee\/eco\/","logo":{"@type":"ImageObject","inLanguage":"en-GB","@id":"https:\/\/projekt.vombat.ee\/eco\/#\/schema\/logo\/image\/","url":"https:\/\/projekt.vombat.ee\/eco\/wp-content\/uploads\/2023\/03\/ECOCRUISER_5.png","contentUrl":"https:\/\/projekt.vombat.ee\/eco\/wp-content\/uploads\/2023\/03\/ECOCRUISER_5.png","width":234,"height":91,"caption":"Ecocruiser"},"image":{"@id":"https:\/\/projekt.vombat.ee\/eco\/#\/schema\/logo\/image\/"}}]}},"lang":"fi","translations":{"fi":7209,"ru":5141,"et":2586,"lv":5872},"pll_sync_post":[],"_links":{"self":[{"href":"https:\/\/projekt.vombat.ee\/eco\/wp-json\/wp\/v2\/pages\/7209"}],"collection":[{"href":"https:\/\/projekt.vombat.ee\/eco\/wp-json\/wp\/v2\/pages"}],"about":[{"href":"https:\/\/projekt.vombat.ee\/eco\/wp-json\/wp\/v2\/types\/page"}],"author":[{"embeddable":true,"href":"https:\/\/projekt.vombat.ee\/eco\/wp-json\/wp\/v2\/users\/3"}],"replies":[{"embeddable":true,"href":"https:\/\/projekt.vombat.ee\/eco\/wp-json\/wp\/v2\/comments?post=7209"}],"version-history":[{"count":1,"href":"https:\/\/projekt.vombat.ee\/eco\/wp-json\/wp\/v2\/pages\/7209\/revisions"}],"predecessor-version":[{"id":7211,"href":"https:\/\/projekt.vombat.ee\/eco\/wp-json\/wp\/v2\/pages\/7209\/revisions\/7211"}],"wp:attachment":[{"href":"https:\/\/projekt.vombat.ee\/eco\/wp-json\/wp\/v2\/media?parent=7209"}],"curies":[{"name":"wp","href":"https:\/\/api.w.org\/{rel}","templated":true}]}}