{"id":5875,"date":"2023-03-04T16:26:17","date_gmt":"2023-03-04T16:26:17","guid":{"rendered":"https:\/\/projekt.vombat.ee\/eco\/?page_id=5875"},"modified":"2023-03-04T17:43:29","modified_gmt":"2023-03-04T17:43:29","slug":"precu-atgriesana","status":"publish","type":"page","link":"https:\/\/projekt.vombat.ee\/eco\/lv\/precu-atgriesana\/","title":{"rendered":"Pre\u010du atgrie\u0161ana"},"content":{"rendered":"<h1>PRE\u010cU ATGRIE\u0160ANA<\/h1>\n<p>Klientam ir ties\u012bbas 14 dienu laik\u0101 p\u0113c pas\u016bt\u012bt\u0101s preces sa\u0146em\u0161anas atk\u0101pties no l\u012bguma un apmain\u012bt vai atgriezt p\u0101rdodamo preci.<\/p>\n<h3>ATGRIE\u0160ANAS NOTEIKUMI:<\/h3>\n<p>Preces var pielaikot un p\u0101rbaud\u012bt, lai p\u0101rliecin\u0101tos par to piem\u0113rot\u012bbu vai nepiem\u0113rot\u012bbu, ta\u010du pielaiko\u0161anas laik\u0101 preces un to iepakojums ir minim\u0101li j\u0101ieskaras. NB! Izm\u0113\u0123in\u0101jums noz\u012bm\u0113 l\u012bdzv\u0113rt\u012bgu izmanto\u0161anu, k\u0101 tas ir ierasts mazumtirdzniec\u012bbas iest\u0101d\u0113s pirms pirkuma veik\u0161anas.<\/p>\n<p>Atgrieztajai precei j\u0101b\u016bt ori\u0123in\u0101laj\u0101 iepakojum\u0101, ar ori\u0123in\u0101lo mar\u0137\u0113jumu un t\u0101d\u0101 pa\u0161\u0101 komplekt\u0101cij\u0101 k\u0101<\/p>\n<p>Izsnieg\u0161anas br\u012bd\u012b klientam. Ar\u012b preces, kas pie Klienta non\u0101k dal\u012bt\u0101 iepakojum\u0101, ir j\u0101sadala un j\u0101iepako t\u0101pat k\u0101 tad, kad prece tika pieg\u0101d\u0101ta Klientam.<\/p>\n<p>Ja ir iesp\u0113jams atv\u0113rt preces iepakojumu, nesaboj\u0101jot iepakojumu, Klients ap\u0146emas atv\u0113rt iepakojumu \u0161\u0101d\u0101 veid\u0101. Atgrie\u017eot preci, nedr\u012bkst no\u0146emt preces, kas piestiprin\u0101tas izstr\u0101d\u0101jumam, lai aizsarg\u0101tu preces st\u0101vokli (piem., aizsargpl\u0113ves), kas neaizkav\u0113 preces pielaiko\u0161anu un p\u0101rbaudi. Ja iepakojumu nav iesp\u0113jams atv\u0113rt, to nesalau\u017eot\/boj\u0101jot, pat\u0113r\u0113t\u0101js nav atbild\u012bgs par boj\u0101to iepakojumu.<\/p>\n<p>Gad\u012bjum\u0101, ja preces ori\u0123in\u0101lais iepakojums ir boj\u0101ts vai ja preces izmanto\u0161ana izm\u0113\u0123in\u0101juma period\u0101 p\u0101rsniedz sapr\u0101t\u012bgo apjomu, kas nepiecie\u0161ams, lai iepaz\u012btos ar preci, vai ja atgriezt\u0101 prece nav l\u012bdz\u012bg\u0101 st\u0101vokl\u012b k\u0101 jaun\u0101m l\u012bdz\u012bg\u0101m prec\u0113m , tad<br \/>\nEcocruiser ir ties\u012bbas no Klientam atgrie\u017eam\u0101s summas vienpus\u0113ji ietur\u0113t kompens\u0101ciju, kas atbilst preces v\u0113rt\u012bbas samazin\u0101jumam.<\/p>\n<p>Atl\u012bdz\u012bbas apm\u0113rs tiek noteikts, pamatojoties uz iesp\u0113jam\u0101 atgrie\u017eam\u0101s preces v\u0113rt\u012bbas samazin\u0101juma apm\u0113ru, un atl\u012bdz\u012bbas apm\u0113rs tiek pazi\u0146ots Klientam p\u0113c iesp\u0113jas \u0101tr\u0101k p\u0113c atl\u012bdz\u012bbas apm\u0113ra noteik\u0161anas.<\/p>\n<p>Atgrie\u0161anas ties\u012bbas neattiecas uz juridisk\u0101m person\u0101m.<\/p>\n<p>Saska\u0146\u0101 ar Pat\u0113r\u0113t\u0101ju ties\u012bbu aizsardz\u012bbas likumu pat\u0113r\u0113t\u0101js ir priv\u0101tpersona<\/p>\n<p>Atgrie\u017eot preci ar kurjeru, pakalpojuma sniedz\u0113jam ir ties\u012bbas atteikties pie\u0146emt preci, ja prece nav pareizi un dro\u0161i iepakota. Otrajai atgrie\u0161anai pas\u016bt\u012bt\u0101 kurjera izmaksas sedz Klients.<\/p>\n","protected":false},"excerpt":{"rendered":"<p>PRE\u010cU ATGRIE\u0160ANA Klientam ir ties\u012bbas 14 dienu laik\u0101 p\u0113c pas\u016bt\u012bt\u0101s preces sa\u0146em\u0161anas atk\u0101pties no l\u012bguma un apmain\u012bt vai atgriezt p\u0101rdodamo preci. ATGRIE\u0160ANAS NOTEIKUMI: Preces var pielaikot un p\u0101rbaud\u012bt, lai p\u0101rliecin\u0101tos par to piem\u0113rot\u012bbu vai nepiem\u0113rot\u012bbu, ta\u010du pielaiko\u0161anas laik\u0101 preces un to iepakojums ir minim\u0101li j\u0101ieskaras. NB! Izm\u0113\u0123in\u0101jums noz\u012bm\u0113 l\u012bdzv\u0113rt\u012bgu izmanto\u0161anu, k\u0101 tas ir ierasts mazumtirdzniec\u012bbas iest\u0101d\u0113s pirms pirkuma veik\u0161anas. Atgrieztajai\u2026<\/p>\n","protected":false},"author":3,"featured_media":0,"parent":0,"menu_order":0,"comment_status":"closed","ping_status":"closed","template":"","meta":{"footnotes":""},"class_list":["post-5875","page","type-page","status-publish","hentry"],"yoast_head":"<!-- This site is optimized with the Yoast SEO plugin v23.8 - https:\/\/yoast.com\/wordpress\/plugins\/seo\/ -->\n<title>Pre\u010du atgrie\u0161ana - Ecocruiser<\/title>\n<meta name=\"robots\" content=\"noindex, follow, max-snippet:-1, max-image-preview:large, max-video-preview:-1\" \/>\n<meta property=\"og:locale\" content=\"en_GB\" \/>\n<meta property=\"og:type\" content=\"article\" \/>\n<meta property=\"og:title\" content=\"Pre\u010du atgrie\u0161ana - Ecocruiser\" \/>\n<meta property=\"og:description\" content=\"PRE\u010cU ATGRIE\u0160ANA Klientam ir ties\u012bbas 14 dienu laik\u0101 p\u0113c pas\u016bt\u012bt\u0101s preces sa\u0146em\u0161anas atk\u0101pties no l\u012bguma un apmain\u012bt vai atgriezt p\u0101rdodamo preci. ATGRIE\u0160ANAS NOTEIKUMI: Preces var pielaikot un p\u0101rbaud\u012bt, lai p\u0101rliecin\u0101tos par to piem\u0113rot\u012bbu vai nepiem\u0113rot\u012bbu, ta\u010du pielaiko\u0161anas laik\u0101 preces un to iepakojums ir minim\u0101li j\u0101ieskaras. NB! Izm\u0113\u0123in\u0101jums noz\u012bm\u0113 l\u012bdzv\u0113rt\u012bgu izmanto\u0161anu, k\u0101 tas ir ierasts mazumtirdzniec\u012bbas iest\u0101d\u0113s pirms pirkuma veik\u0161anas. Atgrieztajai\u2026\" \/>\n<meta property=\"og:url\" content=\"https:\/\/projekt.vombat.ee\/eco\/lv\/precu-atgriesana\/\" \/>\n<meta property=\"og:site_name\" content=\"Ecocruiser\" \/>\n<meta property=\"article:modified_time\" content=\"2023-03-04T17:43:29+00:00\" \/>\n<meta name=\"twitter:card\" content=\"summary_large_image\" \/>\n<meta name=\"twitter:label1\" content=\"Estimated reading time\" \/>\n\t<meta name=\"twitter:data1\" content=\"2 minutes\" \/>\n<script type=\"application\/ld+json\" class=\"yoast-schema-graph\">{\"@context\":\"https:\/\/schema.org\",\"@graph\":[{\"@type\":\"WebPage\",\"@id\":\"https:\/\/projekt.vombat.ee\/eco\/lv\/precu-atgriesana\/\",\"url\":\"https:\/\/projekt.vombat.ee\/eco\/lv\/precu-atgriesana\/\",\"name\":\"Pre\u010du atgrie\u0161ana - Ecocruiser\",\"isPartOf\":{\"@id\":\"https:\/\/projekt.vombat.ee\/eco\/#website\"},\"datePublished\":\"2023-03-04T16:26:17+00:00\",\"dateModified\":\"2023-03-04T17:43:29+00:00\",\"breadcrumb\":{\"@id\":\"https:\/\/projekt.vombat.ee\/eco\/lv\/precu-atgriesana\/#breadcrumb\"},\"inLanguage\":\"en-GB\",\"potentialAction\":[{\"@type\":\"ReadAction\",\"target\":[\"https:\/\/projekt.vombat.ee\/eco\/lv\/precu-atgriesana\/\"]}]},{\"@type\":\"BreadcrumbList\",\"@id\":\"https:\/\/projekt.vombat.ee\/eco\/lv\/precu-atgriesana\/#breadcrumb\",\"itemListElement\":[{\"@type\":\"ListItem\",\"position\":1,\"name\":\"Home\",\"item\":\"https:\/\/projekt.vombat.ee\/eco\/\"},{\"@type\":\"ListItem\",\"position\":2,\"name\":\"Pre\u010du atgrie\u0161ana\"}]},{\"@type\":\"WebSite\",\"@id\":\"https:\/\/projekt.vombat.ee\/eco\/#website\",\"url\":\"https:\/\/projekt.vombat.ee\/eco\/\",\"name\":\"Ecocruiser\",\"description\":\"\",\"publisher\":{\"@id\":\"https:\/\/projekt.vombat.ee\/eco\/#organization\"},\"potentialAction\":[{\"@type\":\"SearchAction\",\"target\":{\"@type\":\"EntryPoint\",\"urlTemplate\":\"https:\/\/projekt.vombat.ee\/eco\/?s={search_term_string}\"},\"query-input\":{\"@type\":\"PropertyValueSpecification\",\"valueRequired\":true,\"valueName\":\"search_term_string\"}}],\"inLanguage\":\"en-GB\"},{\"@type\":\"Organization\",\"@id\":\"https:\/\/projekt.vombat.ee\/eco\/#organization\",\"name\":\"Ecocruiser\",\"url\":\"https:\/\/projekt.vombat.ee\/eco\/\",\"logo\":{\"@type\":\"ImageObject\",\"inLanguage\":\"en-GB\",\"@id\":\"https:\/\/projekt.vombat.ee\/eco\/#\/schema\/logo\/image\/\",\"url\":\"https:\/\/projekt.vombat.ee\/eco\/wp-content\/uploads\/2023\/03\/ECOCRUISER_5.png\",\"contentUrl\":\"https:\/\/projekt.vombat.ee\/eco\/wp-content\/uploads\/2023\/03\/ECOCRUISER_5.png\",\"width\":234,\"height\":91,\"caption\":\"Ecocruiser\"},\"image\":{\"@id\":\"https:\/\/projekt.vombat.ee\/eco\/#\/schema\/logo\/image\/\"}}]}<\/script>\n<!-- \/ Yoast SEO plugin. -->","yoast_head_json":{"title":"Pre\u010du atgrie\u0161ana - Ecocruiser","robots":{"index":"noindex","follow":"follow","max-snippet":"max-snippet:-1","max-image-preview":"max-image-preview:large","max-video-preview":"max-video-preview:-1"},"og_locale":"en_GB","og_type":"article","og_title":"Pre\u010du atgrie\u0161ana - Ecocruiser","og_description":"PRE\u010cU ATGRIE\u0160ANA Klientam ir ties\u012bbas 14 dienu laik\u0101 p\u0113c pas\u016bt\u012bt\u0101s preces sa\u0146em\u0161anas atk\u0101pties no l\u012bguma un apmain\u012bt vai atgriezt p\u0101rdodamo preci. ATGRIE\u0160ANAS NOTEIKUMI: Preces var pielaikot un p\u0101rbaud\u012bt, lai p\u0101rliecin\u0101tos par to piem\u0113rot\u012bbu vai nepiem\u0113rot\u012bbu, ta\u010du pielaiko\u0161anas laik\u0101 preces un to iepakojums ir minim\u0101li j\u0101ieskaras. NB! Izm\u0113\u0123in\u0101jums noz\u012bm\u0113 l\u012bdzv\u0113rt\u012bgu izmanto\u0161anu, k\u0101 tas ir ierasts mazumtirdzniec\u012bbas iest\u0101d\u0113s pirms pirkuma veik\u0161anas. Atgrieztajai\u2026","og_url":"https:\/\/projekt.vombat.ee\/eco\/lv\/precu-atgriesana\/","og_site_name":"Ecocruiser","article_modified_time":"2023-03-04T17:43:29+00:00","twitter_card":"summary_large_image","twitter_misc":{"Estimated reading time":"2 minutes"},"schema":{"@context":"https:\/\/schema.org","@graph":[{"@type":"WebPage","@id":"https:\/\/projekt.vombat.ee\/eco\/lv\/precu-atgriesana\/","url":"https:\/\/projekt.vombat.ee\/eco\/lv\/precu-atgriesana\/","name":"Pre\u010du atgrie\u0161ana - Ecocruiser","isPartOf":{"@id":"https:\/\/projekt.vombat.ee\/eco\/#website"},"datePublished":"2023-03-04T16:26:17+00:00","dateModified":"2023-03-04T17:43:29+00:00","breadcrumb":{"@id":"https:\/\/projekt.vombat.ee\/eco\/lv\/precu-atgriesana\/#breadcrumb"},"inLanguage":"en-GB","potentialAction":[{"@type":"ReadAction","target":["https:\/\/projekt.vombat.ee\/eco\/lv\/precu-atgriesana\/"]}]},{"@type":"BreadcrumbList","@id":"https:\/\/projekt.vombat.ee\/eco\/lv\/precu-atgriesana\/#breadcrumb","itemListElement":[{"@type":"ListItem","position":1,"name":"Home","item":"https:\/\/projekt.vombat.ee\/eco\/"},{"@type":"ListItem","position":2,"name":"Pre\u010du atgrie\u0161ana"}]},{"@type":"WebSite","@id":"https:\/\/projekt.vombat.ee\/eco\/#website","url":"https:\/\/projekt.vombat.ee\/eco\/","name":"Ecocruiser","description":"","publisher":{"@id":"https:\/\/projekt.vombat.ee\/eco\/#organization"},"potentialAction":[{"@type":"SearchAction","target":{"@type":"EntryPoint","urlTemplate":"https:\/\/projekt.vombat.ee\/eco\/?s={search_term_string}"},"query-input":{"@type":"PropertyValueSpecification","valueRequired":true,"valueName":"search_term_string"}}],"inLanguage":"en-GB"},{"@type":"Organization","@id":"https:\/\/projekt.vombat.ee\/eco\/#organization","name":"Ecocruiser","url":"https:\/\/projekt.vombat.ee\/eco\/","logo":{"@type":"ImageObject","inLanguage":"en-GB","@id":"https:\/\/projekt.vombat.ee\/eco\/#\/schema\/logo\/image\/","url":"https:\/\/projekt.vombat.ee\/eco\/wp-content\/uploads\/2023\/03\/ECOCRUISER_5.png","contentUrl":"https:\/\/projekt.vombat.ee\/eco\/wp-content\/uploads\/2023\/03\/ECOCRUISER_5.png","width":234,"height":91,"caption":"Ecocruiser"},"image":{"@id":"https:\/\/projekt.vombat.ee\/eco\/#\/schema\/logo\/image\/"}}]}},"lang":"lv","translations":{"lv":5875,"ru":5713,"et":2591,"fi":7212,"en":16320,"fr":17136},"pll_sync_post":[],"_links":{"self":[{"href":"https:\/\/projekt.vombat.ee\/eco\/wp-json\/wp\/v2\/pages\/5875"}],"collection":[{"href":"https:\/\/projekt.vombat.ee\/eco\/wp-json\/wp\/v2\/pages"}],"about":[{"href":"https:\/\/projekt.vombat.ee\/eco\/wp-json\/wp\/v2\/types\/page"}],"author":[{"embeddable":true,"href":"https:\/\/projekt.vombat.ee\/eco\/wp-json\/wp\/v2\/users\/3"}],"replies":[{"embeddable":true,"href":"https:\/\/projekt.vombat.ee\/eco\/wp-json\/wp\/v2\/comments?post=5875"}],"version-history":[{"count":2,"href":"https:\/\/projekt.vombat.ee\/eco\/wp-json\/wp\/v2\/pages\/5875\/revisions"}],"predecessor-version":[{"id":5982,"href":"https:\/\/projekt.vombat.ee\/eco\/wp-json\/wp\/v2\/pages\/5875\/revisions\/5982"}],"wp:attachment":[{"href":"https:\/\/projekt.vombat.ee\/eco\/wp-json\/wp\/v2\/media?parent=5875"}],"curies":[{"name":"wp","href":"https:\/\/api.w.org\/{rel}","templated":true}]}}