{"id":1902,"date":"2023-02-20T19:42:15","date_gmt":"2023-02-20T19:42:15","guid":{"rendered":"https:\/\/sportie.novaworks.net\/?page_id=11"},"modified":"2024-09-09T08:05:11","modified_gmt":"2024-09-09T08:05:11","slug":"muugitingimused","status":"publish","type":"page","link":"https:\/\/projekt.vombat.ee\/eco\/muugitingimused\/","title":{"rendered":"M\u00fc\u00fcgitingimused"},"content":{"rendered":"<h1 class=\"page-title-wrapper\"><span class=\"base\" data-ui-id=\"page-title-wrapper\">M\u00dc\u00dcGITINGIMUSED<br \/>\n<\/span><\/h1>\n<div class=\"columns\">\n<div class=\"column main\">\n<h3>1. \u00dcLDISTE M\u00dc\u00dcGITINGIMUSTE KEHTIVUS<\/h3>\n<p>1.1. \u00dcldised m\u00fc\u00fcgitingimused kehtivad ecocruiser.eu klientide (edaspidi Klient) ja Ecocruiser.eu omaniku SW Kah O\u00dc (reg. number 16811462, reg. aadress <a class=\"ir__map-marker\" title=\"Google Maps\" href=\"https:\/\/www.google.com\/maps\/search\/?api=1&amp;query=Harju+maakond%2C+Saue+vald%2C+Alliku+k%C3%BCla%2C+Kriisa%2C+76403\" target=\"_blank\" rel=\"noopener noreferrer\">Harju maakond, Saue vald, Alliku k\u00fcla, Kriisa, 76403<\/a>, edaspidi ecocruiser.eu) vahel kaupade ostmisel tekkivate \u00f5igussuhete kohta.<\/p>\n<p>1.2. \u00dcldised m\u00fc\u00fcgitingimused ei saa olla vastuolus Eesti Vabariigis kehtivate \u00f5igusnormidega ning vajadusel (vaidluste v\u00f5i puuduva informatsiooni puhul) on antud normidega t\u00e4iendatud.<\/p>\n<p>1.3. Lisaks k\u00e4esolevatele \u00dcldistele m\u00fc\u00fcgitingimustele reguleerivad Kliendi ja ecocruiser.eu vahelisi suhteid ecocruiser.eu tooteinfo, hinnakiri, ostuinfo ning v\u00e4ljakujunenud head tavad.<\/p>\n<p>1.4. Ecocruiser.eu j\u00e4tab endale \u00f5iguse k\u00e4esolevaid tingimusi ja toodete hindasid \u00fchepoolselt muuta oma tegevuse efektiivsuse, konkurentsiv\u00f5imelisuse, edaspidise arenemise ja kaupade sortimendi t\u00e4iendamise v\u00f5i reorganiseerimise eesm\u00e4rgil. Tingimuste ja tootehindade muudatused ning t\u00e4iendused j\u00f5ustuvad alates nimetatud informatsiooni ilmumise momendist lehek\u00fcljel www.ecocruiser.eu. Kui Klient edastas oma tellimuse enne tingimuste muudatuste j\u00f5ustumist, siis Kliendi jaoks kehtivad tellimuse edastamise ajal kehtinud tingimused, v.a kui seaduses v\u00f5i k\u00e4esolevates tingimustes on ette n\u00e4htud teisiti.<\/p>\n<p>1.5. Ecocruiser.eu ja Klient soovivad kaubelda ecocruiser.eu kodulehek\u00fclje kaudu k\u00e4esolevas dokumendis s\u00e4testatud tingimustel. ecocruiser.eu kodulehek\u00fcljel tellimust vormistades ning ettemaksu sooritades kinnitab Klient, et ta on tutvunud m\u00fc\u00fcgitingimustega ja on nendega n\u00f5us.<\/p>\n<p>1.6. Toodete juures olevad pildid on illustratiivse t\u00e4hendusega.<\/p>\n<h4>2. ECOCRUISER.EU HINNAKIRI<\/h4>\n<p>2.1. Ecocruiser.eu e-poes m\u00fc\u00fcdavate toodete hinnad on toodud eurodes ning ilma kohaletoimetamise kuluta.<\/p>\n<p>2.2. Kauba kohaletoimetamise hind s\u00f5ltub Kliendi poolt tellimuse vormistamisel valitud kohaletoimetamise viisist.<\/p>\n<p>2.3. Ecocruiser.eu j\u00e4tab endale \u00f5iguse hindasid korrigeerida. Kui Klient edastas oma tellimuse enne hinna muudatuse j\u00f5ustumist, siis tema jaoks kehtib hind, mis oli ettemaksuarvel kajastatud tellimuse vormistamise momendil.<\/p>\n<h4>3. OSTUKORV JA TELLIMUSE VORMISTAMINE<\/h4>\n<section class=\"section terms-conditions\">3.1. Tooteid saate tellida meie veebipoest ilma registreerumiseta, kuid registreeritud kasutajatele v\u00f5ivad rakenduda lisasoodustused. S\u00fcsteem on turvaline ja mugav kasutada, ning isikuandmed on meiega kaitstud.\u00a0<\/section>\n<section><\/section>\n<section class=\"section terms-conditions\">3.2. Tellimuse esitamiseks tuleb l\u00e4bida j\u00e4rgmised tegevused:<\/section>\n<section class=\"section terms-conditions\">1) Lisage sobiv toode\/tooted ostukorvi;<\/section>\n<section class=\"section terms-conditions\">2) Liikuge edasi ostukorvi, vajutades ostukorvi kujulist nuppu lehe \u00fclaosas;<\/section>\n<section class=\"section terms-conditions\">3) T\u00e4itke k\u00fcsitud lahtrid, valige sobiv transpordi ja makseviis;<\/section>\n<section class=\"section terms-conditions\">4) Lugege l\u00e4bi Ostu- ja M\u00fc\u00fcgitingimused ning n\u00f5ustumise korral andke n\u00f5usoleku kinnitus;<\/section>\n<section class=\"section terms-conditions\">5) Vajutage nupule \u201dEsita tellimus\u201d ning sooritage tellimuse eest makse.<\/section>\n<section class=\"section terms-conditions\">N\u00fc\u00fcd j\u00e4\u00e4b \u00fcle ainult oodata kuniks saabub teile tellimuse kinnitus e-mailile ning teie tellimust komplekeerima hakatakse.<\/section>\n<\/div>\n<\/div>\n<div class=\"columns\">\n<div class=\"column main\">\n<h4>4. TELLITUD KAUBA EEST TASUMINE<\/h4>\n<section class=\"section terms-conditions\">4.1. P\u00e4rast ostu tasumist tuleb kindlasti vajutada nuppu \u201c<strong>Tagasi kaupmehe juurde<\/strong>\u201c.\u00a0<\/section>\n<section><\/section>\n<section class=\"section terms-conditions\">4.2. Meie kodulehelt saate kiirelt ja turvaliselt tasuda oma tellimuse eest l\u00e4bi pangalinkide, j\u00e4relmaksu partnerite ja arve\/e-arve alusel.\u00a0<\/section>\n<section><\/section>\n<section><\/section>\n<section><\/section>\n<section class=\"section terms-conditions\">4.2.1. Toetame j\u00e4rgmisi pangalinke: Swedbank, SEB, LHV pank, Luminor pank ja COOP pank.\u00a0<\/section>\n<section><\/section>\n<section><\/section>\n<section><\/section>\n<section class=\"section terms-conditions\">4.3. Tellimusega tegeletakse kohe, kui Teie poolt tasutud makse on sajaprotsendiliselt arvelduskontole laekunud.\u00a0<\/section>\n<section><\/section>\n<section><\/section>\n<section><\/section>\n<section class=\"section terms-conditions\">4.4. Maksetega seotud teenustasud kannab klient.<\/section>\n<h4>5. TOODETE KOHALETOIMETAMINE JA \u00dcLEANDMINE<\/h4>\n<section class=\"section terms-conditions\">5.1. Kui olete edukalt tasunud oma kauba eest, tuleb Teie e-mailile vastav kiri \u201ctellimus kinnitatud\u201d koos detailse infoga. Kui te pole seda kirja saanud, siis kindlasti v\u00f5tke \u00fchendust klienditeenindusega. Peale seda hakatakse Teie tellimusega tegelema. Kui kaup on komplekteeritud, pannakse see Teie poole teele ning saate kohe ka kirja e-mailile \u201cTeie tellimus on teele pandud\u201d.\u00a0<\/section>\n<section><\/section>\n<section class=\"section terms-conditions\">5.1.1. NB! Riiklikel p\u00fchadel saatmist\/k\u00e4ttesaamist ei toimu.\u00a0<\/section>\n<section><\/section>\n<section><\/section>\n<section class=\"section terms-conditions\">5.2. T\u00e4psete ja ajakohaste tarneviiside ja nende maksumusega saate tutvuda Transpordi info lehel.\u00a0<strong>Viide:<\/strong>\u00a0<a href=\"https:\/\/projekt.vombat.ee\/eco\/kohaletoimetamine\/\">Transpordi info<\/a>\u00a0<\/section>\n<section><\/section>\n<section><\/section>\n<section class=\"section terms-conditions\">5.3. Juhul, kui klient ei l\u00e4he \u00f5igeaegselt paki j\u00e4rele ning see tagastatakse ecocruiser.eu-le, siis on kliendi kohustus tasuda tagastusega seonduvad kulud ning soovikorral ka uuesti postitamise kulu.<\/section>\n<h4>6. TELLIMUSE T\u00dcHISTAMINE JA TOOTE TAGASTAMINE<\/h4>\n<section class=\"section terms-conditions\">6.1. Tellijal on \u00f5igus p\u00f5hjust avaldamata 14 p\u00e4eva jooksul tellitud kauba k\u00e4ttesaamisest lepingust taganeda ning kaup \u00fcmber vahetada v\u00f5i tagastada. Lepingust taganemise korral peab tellija kauba tagastama viivitamata, kuid mitte hiljem kui 14 p\u00e4eva jooksul.\u00a0<\/section>\n<section class=\"section terms-conditions\">6.2. Kaupa v\u00f5ib proovida ja sellega tutvuda, et veenduda selle sobivuses v\u00f5i mittesobivuses, kuid proovimise k\u00e4igus tuleb tagada kauba ja selle pakendi minimaalne m\u00f5jutatus. Proovimine t\u00e4hendab samav\u00e4\u00e4rset kasutust nagu on tavaks jaekaubandusasutustes enne ostu sooritamist.\u00a0<\/section>\n<section><\/section>\n<section class=\"section terms-conditions\">6.3. Tagastatud toode peab olema originaalpakendis, originaalmarkeeringus ning samasuguses kompleksuses nagu tellijale v\u00e4ljastamise hetkel. Kui kauba pakendit on v\u00f5imalik avada pakendit rikkumata, kohustub tellija pakendi selliselt ka avama. Juhul, kui kauba originaalpakend on kahjustunud v\u00f5i kui kauba prooviperioodil toimunud kauba kasutamine \u00fcletab kaubaga tutvumiseks vajaliku m\u00f5istliku ulatuse v\u00f5i kui tagastatav kaup ei ole uue samalaadse kaubaga analoogilises seisukorras, siis on ecocruiser.eu-l \u00f5igus arvestada Kliendile tagastamisele kuuluvast summast \u00fchepoolselt maha kauba v\u00e4\u00e4rtuse v\u00e4henemisele vastav h\u00fcvitis. H\u00fcvitise suurus m\u00e4\u00e4ratakse kindlaks igakordselt l\u00e4htudes tagastatud kauba v\u00e4\u00e4rtuse v\u00f5imaliku v\u00e4henemise ulatusest ning h\u00fcvitise suurusest teavitatakse tellijat esimesel v\u00f5imalusel p\u00e4rast h\u00fcvitise suuruse v\u00e4ljaselgitamist.\u00a0<\/section>\n<section><\/section>\n<section class=\"section terms-conditions\">6.4. Kauba tagastamise kulud kannab klient, v\u00e4lja arvatud juhul, kui tagastamise p\u00f5hjus seisneb asjaolus, et tagastamisele kuuluv asi ei vasta tellitule (nt vale v\u00f5i defektiga asi).\u00a0<\/section>\n<section><\/section>\n<section class=\"section terms-conditions\">6.5. Klient peab kauba tagastama avalduse esitamisele j\u00e4rgneva 14 p\u00e4eva jooksul v\u00f5i esitama t\u00f5endi, et ta on eelnimetatud perioodi jooksul kauba \u00fcle andnud kauba vedajale.\u00a0<\/section>\n<section><\/section>\n<section class=\"section terms-conditions\">6.6. Ecocruiser.eu tagastab tagastatava kauba k\u00e4ttesaamisel ostjale viivitamata, kuid mitte hiljem kui 14 p\u00e4eva m\u00f6\u00f6dumisel arvates taganemisavalduse saamisest, k\u00f5ik ostjalt lepingu alusel saadud tasud.\u00a0<\/section>\n<section><\/section>\n<section class=\"section terms-conditions\">6.7. Ecocruiser.eu v\u00f5ib keelduda tagasimaksete tegemisest seni, kuni on lepingu esemeks oleva asja tagasi saanud v\u00f5i kuni klient on esitanud t\u00f5endid, et on asja tagasi saatnud, s\u00f5ltuvalt sellest, kumb toimub varem.\u00a0<\/section>\n<section><\/section>\n<section class=\"section terms-conditions\"><u><\/u>6.8. Kui klient on s\u00f5naselgelt valinud Ecocruiser.eu pakutud k\u00f5ige odavamast tavap\u00e4rasest asja k\u00e4ttetoimetamise viisist erineva k\u00e4ttetoimetamise viisi, ei pea ecocruiser.eu tarbijale tagastama kulu, mis \u00fcletab tavap\u00e4rase k\u00e4ttetoimetamise viisiga seotud kulu.\u00a0<\/section>\n<section><\/section>\n<section class=\"section terms-conditions\"><u><\/u>6.9. Ecocruiser.eu-l on \u00f5igus taganeda m\u00fc\u00fcgitehingust ning n\u00f5uda kliendilt tagasi kaup, kui kauba hind veebipoes on eksituse t\u00f5ttu m\u00e4rgitud oluliselt alla kauba turuhinna.\u00a0<\/section>\n<section><\/section>\n<section class=\"section terms-conditions\">6.10. Kaubast taganemiseks peab klient t\u00e4ita kaubast taganemise avalduse, mis on leitav siit:\u00a0<a href=\"https:\/\/fightgear.ee\/kauba_tagastamine\/\"><strong>Kauba tagastamise avaldus<\/strong><\/a>\u00a0<\/section>\n<section><\/section>\n<section class=\"section terms-conditions\">6.11. Peale avalduse esitamist v\u00f5ite kauba saata Haabersti Smartposti v\u00f5i Haabersti rimi Omniva pakiautomaati numbrile +372 566338381, v\u00f5i suurema eseme puhul tagastada see meie esindusse aadressil Meistri 16-304, 13517 Tallinn.\u00a0<\/section>\n<section><\/section>\n<section class=\"section terms-conditions\">6.12. Pretensioonide esitamise aeg on 2 aastat. Seejuures tuleb arvestada, et kui kaubal ilmneb puudus 6 kuu jooksul peale selle ostmist, siis eeldatakse, et need olid olemas juba kauba ostmise ajal, kui Ecocruiser.eu ei t\u00f5esta vastupidist. Peale 6-kuise perioodi m\u00f6\u00f6dumist kauba ostust tuleb tarbijal endal t\u00f5estada, et tegemist on tootmisveaga, mitte tarbija enda valest kasutamisest tingitud defektiga.\u00a0<\/section>\n<section><\/section>\n<section class=\"section terms-conditions\">6.13. Kliendil on \u00f5igus puuduse ilmnemisel p\u00f6\u00f6rduda hiljemalt kahe kuu jooksul veebipoe poole, saates e-kirja aadressile info@projekt.vombat.ee v\u00f5i helistada telefonil: <strong>+372 5650 6031. <\/strong>Ecocruiser.eu\u00a0vastab tarbija esitatud kaebusele kirjalikult v\u00f5i kirjalikku taasesitamist v\u00f5imaldavas vormis 15 p\u00e4eva jooksul.\u00a0<\/section>\n<section><\/section>\n<section>6.14. Kui tellitud kaupa ei ole v\u00f5imalik tarnida seoses kauba l\u00f5ppemisega v\u00f5i muul p\u00f5hjusel, teavitatakse sellest ostjat esimesel v\u00f5imalusel ning tagastatakse tasutud raha (sh kauba k\u00e4ttetoimetamise kulud) \u00fcldjuhul 1-2 t\u00f6\u00f6p\u00e4eva jooksul. S\u00f5ltuvalt makseviisist v\u00f5ib laekumine aega v\u00f5tta kuni 7 t\u00f6\u00f6p\u00e4eva.<\/section>\n<p>&nbsp;<\/p>\n<h4>7. VASTUTUS JA V\u00c4\u00c4RAMATU J\u00d5UD<\/h4>\n<p>7.1. Ecocruiser.eu vastutab Kliendi ees ecocruiser.eu poolt k\u00e4esolevate tingimuste rikkumisega tekitatud kahju eest Eesti Vabariigis kehtivates \u00f5igusaktides s\u00e4testatud juhtudel ja ulatuses.<\/p>\n<p>7.2. Klient vastutab ecocruiser.eu ees Kliendi poolt k\u00e4esolevate tingimuste rikkumisega tekitatud kahju eest Eesti Vabariigis kehtivates \u00f5igusaktides s\u00e4testatud juhtudel ja ulatuses.<\/p>\n<p>7.3. Kumbki osapool ei vastuta teise osapoole ees ning tema k\u00e4itumist ei loeta k\u00e4esolevate tingimuste rikkumiseks oma mistahes kohustuse teostamisega viivitamise v\u00f5i selle mitteteostamise t\u00f5ttu, kui nimetatud viivituse v\u00f5i mitteteostamise p\u00f5hjus ei olnud nimetatud osapoole poolt kontrollitav (v\u00e4\u00e4ramatu j\u00f5ud).<\/p>\n<p>7.4. Ecocruiser.eu ei kompenseeri Kliendi kulusid, mis tekivad asjaolust, et Klient v\u00f5ttis enda peale kolmandate (Ecocruiser.eu-st mittes\u00f5ltuvate) isikute ees kohustusi k\u00e4esolevate tingimustega vastuolus olevatel tingimustel.<\/p>\n<h3>Elektrit\u00f5ukerataste \/ jalgrataste garantii<\/h3>\n<p>Aku 6 kuu garantii<br \/>\nMootor 6 kuu garantii<br \/>\nKontrolleri 6 kuu garantii<br \/>\nLaadija 3 kuu garantii<br \/>\nEkraan 3 kuu garantii<\/p>\n<h4>8. MUUD TINGIMUSED<\/h4>\n<p>8.1. Ecocruiser.eu kasutab Kliendi poolt antud isikuandmeid ainult Kliendi ostutellimuse t\u00e4itmiseks. Andmeid k\u00e4sitletakse konfidentsiaalselt ning ei avaldata kolmandatele osapooltele, v.a. siis kui Kliendi poolt valitud kohaletoimetamise viis seda eeldab ning seadusega etten\u00e4htud juhtudel.<\/p>\n<p>8.2. Ecocruiser.eu j\u00e4tab endale \u00f5iguse saata Kliendile infot uute toodete ja sooduspakkumiste kohta, kui Klient on tellinud ecocruiser.eu uudiskirja. Kliendil on \u00f5igus n\u00f5uda oma andmete kustutamist ecocruiser.eu andmebaasist.<\/p>\n<p>8.3. K\u00e4esolevates tingimustes reguleerimata k\u00fcsimustes juhinduvad Klient ja ecocruiser.eu Eesti Vabariigis kehtivast seadusandlusest ning pooltevahelisi suhteid reguleerivatest teistest aktidest.<\/p>\n<p>8.4 Ecocruiser.eu garantii teostust ei tee, Ecocruiser.eu saab saata ainult vajalikud varuosad kliendile.<\/p>\n<p>8.5. K\u00e4esolevate tingimuste t\u00e4itmisest tulenevaid eriarvamusi ja vaidlusi lahendavad pooled eelk\u00f5ige l\u00e4bir\u00e4\u00e4kimiste teel. Kui Lepingust tulenevaid vaidlusi ei \u00f5nnestu lahendada poolte l\u00e4bir\u00e4\u00e4kimistega, on nii Kliendil kui ecocruiser.eu-l \u00f5igus p\u00f6\u00f6rduda oma \u00f5iguste kaitseks Tarbijakaitseametisse v\u00f5i kohtusse. Lisaks on k\u00f5ikidele klientidele avatud e-kauplejatega tekkinud kaebuste lahendamiseks Euroopa Liidu elektrooniline keskkond ODR-platvorm (Online Dispute Resolution ehk veebip\u00f5hine vaidluste lahendamine) aadressil http:\/\/ec.europa.eu\/odr.<\/p>\n<h4>9. L\u00d5PPS\u00c4TTED<\/h4>\n<p>9.1. K\u00e4esolevatele tellimistingimustele ning ecocruiser.eu e-poe ostu-m\u00fc\u00fcgilepingutele kohaldatakse Eesti \u00f5igust. Kui tellimistingimuste m\u00f5ni s\u00e4te on t\u00fchine, ei m\u00f5juta see \u00fclej\u00e4\u00e4nud osas tellimistingimuste ega ostu-m\u00fc\u00fcgilepingu kehtivust. T\u00fchine s\u00e4te asendatakse seadusp\u00e4rase s\u00e4ttega, mis on t\u00fchisele s\u00e4ttele \u00f5iguslikult ja majanduslikult k\u00f5ige l\u00e4hedasem.<\/p>\n<\/div>\n<\/div>\n","protected":false},"excerpt":{"rendered":"<p>M\u00dc\u00dcGITINGIMUSED 1. \u00dcLDISTE M\u00dc\u00dcGITINGIMUSTE KEHTIVUS 1.1. \u00dcldised m\u00fc\u00fcgitingimused kehtivad ecocruiser.eu klientide (edaspidi Klient) ja Ecocruiser.eu omaniku SW Kah O\u00dc (reg. number 16811462, reg. aadress Harju maakond, Saue vald, Alliku k\u00fcla, Kriisa, 76403, edaspidi ecocruiser.eu) vahel kaupade ostmisel tekkivate \u00f5igussuhete kohta. 1.2. \u00dcldised m\u00fc\u00fcgitingimused ei saa olla vastuolus Eesti Vabariigis kehtivate \u00f5igusnormidega ning vajadusel (vaidluste v\u00f5i puuduva informatsiooni puhul) on antud\u2026<\/p>\n","protected":false},"author":1,"featured_media":0,"parent":0,"menu_order":0,"comment_status":"closed","ping_status":"closed","template":"","meta":{"footnotes":""},"class_list":["post-1902","page","type-page","status-publish","hentry"],"yoast_head":"<!-- This site is optimized with the Yoast SEO plugin v23.8 - https:\/\/yoast.com\/wordpress\/plugins\/seo\/ -->\n<title>M\u00fc\u00fcgitingimused - Ecocruiser<\/title>\n<meta name=\"robots\" content=\"noindex, follow, max-snippet:-1, max-image-preview:large, max-video-preview:-1\" \/>\n<meta property=\"og:locale\" content=\"en_GB\" \/>\n<meta property=\"og:type\" content=\"article\" \/>\n<meta property=\"og:title\" content=\"M\u00fc\u00fcgitingimused - Ecocruiser\" \/>\n<meta property=\"og:description\" content=\"M\u00dc\u00dcGITINGIMUSED 1. \u00dcLDISTE M\u00dc\u00dcGITINGIMUSTE KEHTIVUS 1.1. \u00dcldised m\u00fc\u00fcgitingimused kehtivad ecocruiser.eu klientide (edaspidi Klient) ja Ecocruiser.eu omaniku SW Kah O\u00dc (reg. number 16811462, reg. aadress Harju maakond, Saue vald, Alliku k\u00fcla, Kriisa, 76403, edaspidi ecocruiser.eu) vahel kaupade ostmisel tekkivate \u00f5igussuhete kohta. 1.2. \u00dcldised m\u00fc\u00fcgitingimused ei saa olla vastuolus Eesti Vabariigis kehtivate \u00f5igusnormidega ning vajadusel (vaidluste v\u00f5i puuduva informatsiooni puhul) on antud\u2026\" \/>\n<meta property=\"og:url\" content=\"https:\/\/projekt.vombat.ee\/eco\/muugitingimused\/\" \/>\n<meta property=\"og:site_name\" content=\"Ecocruiser\" \/>\n<meta property=\"article:modified_time\" content=\"2024-09-09T08:05:11+00:00\" \/>\n<meta name=\"twitter:card\" content=\"summary_large_image\" \/>\n<meta name=\"twitter:label1\" content=\"Estimated reading time\" \/>\n\t<meta name=\"twitter:data1\" content=\"6 minutes\" \/>\n<script type=\"application\/ld+json\" class=\"yoast-schema-graph\">{\"@context\":\"https:\/\/schema.org\",\"@graph\":[{\"@type\":\"WebPage\",\"@id\":\"https:\/\/projekt.vombat.ee\/eco\/muugitingimused\/\",\"url\":\"https:\/\/projekt.vombat.ee\/eco\/muugitingimused\/\",\"name\":\"M\u00fc\u00fcgitingimused - Ecocruiser\",\"isPartOf\":{\"@id\":\"https:\/\/projekt.vombat.ee\/eco\/#website\"},\"datePublished\":\"2023-02-20T19:42:15+00:00\",\"dateModified\":\"2024-09-09T08:05:11+00:00\",\"breadcrumb\":{\"@id\":\"https:\/\/projekt.vombat.ee\/eco\/muugitingimused\/#breadcrumb\"},\"inLanguage\":\"en-GB\",\"potentialAction\":[{\"@type\":\"ReadAction\",\"target\":[\"https:\/\/projekt.vombat.ee\/eco\/muugitingimused\/\"]}]},{\"@type\":\"BreadcrumbList\",\"@id\":\"https:\/\/projekt.vombat.ee\/eco\/muugitingimused\/#breadcrumb\",\"itemListElement\":[{\"@type\":\"ListItem\",\"position\":1,\"name\":\"Home\",\"item\":\"https:\/\/projekt.vombat.ee\/eco\/\"},{\"@type\":\"ListItem\",\"position\":2,\"name\":\"M\u00fc\u00fcgitingimused\"}]},{\"@type\":\"WebSite\",\"@id\":\"https:\/\/projekt.vombat.ee\/eco\/#website\",\"url\":\"https:\/\/projekt.vombat.ee\/eco\/\",\"name\":\"Ecocruiser\",\"description\":\"\",\"publisher\":{\"@id\":\"https:\/\/projekt.vombat.ee\/eco\/#organization\"},\"potentialAction\":[{\"@type\":\"SearchAction\",\"target\":{\"@type\":\"EntryPoint\",\"urlTemplate\":\"https:\/\/projekt.vombat.ee\/eco\/?s={search_term_string}\"},\"query-input\":{\"@type\":\"PropertyValueSpecification\",\"valueRequired\":true,\"valueName\":\"search_term_string\"}}],\"inLanguage\":\"en-GB\"},{\"@type\":\"Organization\",\"@id\":\"https:\/\/projekt.vombat.ee\/eco\/#organization\",\"name\":\"Ecocruiser\",\"url\":\"https:\/\/projekt.vombat.ee\/eco\/\",\"logo\":{\"@type\":\"ImageObject\",\"inLanguage\":\"en-GB\",\"@id\":\"https:\/\/projekt.vombat.ee\/eco\/#\/schema\/logo\/image\/\",\"url\":\"https:\/\/projekt.vombat.ee\/eco\/wp-content\/uploads\/2023\/03\/ECOCRUISER_5.png\",\"contentUrl\":\"https:\/\/projekt.vombat.ee\/eco\/wp-content\/uploads\/2023\/03\/ECOCRUISER_5.png\",\"width\":234,\"height\":91,\"caption\":\"Ecocruiser\"},\"image\":{\"@id\":\"https:\/\/projekt.vombat.ee\/eco\/#\/schema\/logo\/image\/\"}}]}<\/script>\n<!-- \/ Yoast SEO plugin. -->","yoast_head_json":{"title":"M\u00fc\u00fcgitingimused - Ecocruiser","robots":{"index":"noindex","follow":"follow","max-snippet":"max-snippet:-1","max-image-preview":"max-image-preview:large","max-video-preview":"max-video-preview:-1"},"og_locale":"en_GB","og_type":"article","og_title":"M\u00fc\u00fcgitingimused - Ecocruiser","og_description":"M\u00dc\u00dcGITINGIMUSED 1. \u00dcLDISTE M\u00dc\u00dcGITINGIMUSTE KEHTIVUS 1.1. \u00dcldised m\u00fc\u00fcgitingimused kehtivad ecocruiser.eu klientide (edaspidi Klient) ja Ecocruiser.eu omaniku SW Kah O\u00dc (reg. number 16811462, reg. aadress Harju maakond, Saue vald, Alliku k\u00fcla, Kriisa, 76403, edaspidi ecocruiser.eu) vahel kaupade ostmisel tekkivate \u00f5igussuhete kohta. 1.2. \u00dcldised m\u00fc\u00fcgitingimused ei saa olla vastuolus Eesti Vabariigis kehtivate \u00f5igusnormidega ning vajadusel (vaidluste v\u00f5i puuduva informatsiooni puhul) on antud\u2026","og_url":"https:\/\/projekt.vombat.ee\/eco\/muugitingimused\/","og_site_name":"Ecocruiser","article_modified_time":"2024-09-09T08:05:11+00:00","twitter_card":"summary_large_image","twitter_misc":{"Estimated reading time":"6 minutes"},"schema":{"@context":"https:\/\/schema.org","@graph":[{"@type":"WebPage","@id":"https:\/\/projekt.vombat.ee\/eco\/muugitingimused\/","url":"https:\/\/projekt.vombat.ee\/eco\/muugitingimused\/","name":"M\u00fc\u00fcgitingimused - Ecocruiser","isPartOf":{"@id":"https:\/\/projekt.vombat.ee\/eco\/#website"},"datePublished":"2023-02-20T19:42:15+00:00","dateModified":"2024-09-09T08:05:11+00:00","breadcrumb":{"@id":"https:\/\/projekt.vombat.ee\/eco\/muugitingimused\/#breadcrumb"},"inLanguage":"en-GB","potentialAction":[{"@type":"ReadAction","target":["https:\/\/projekt.vombat.ee\/eco\/muugitingimused\/"]}]},{"@type":"BreadcrumbList","@id":"https:\/\/projekt.vombat.ee\/eco\/muugitingimused\/#breadcrumb","itemListElement":[{"@type":"ListItem","position":1,"name":"Home","item":"https:\/\/projekt.vombat.ee\/eco\/"},{"@type":"ListItem","position":2,"name":"M\u00fc\u00fcgitingimused"}]},{"@type":"WebSite","@id":"https:\/\/projekt.vombat.ee\/eco\/#website","url":"https:\/\/projekt.vombat.ee\/eco\/","name":"Ecocruiser","description":"","publisher":{"@id":"https:\/\/projekt.vombat.ee\/eco\/#organization"},"potentialAction":[{"@type":"SearchAction","target":{"@type":"EntryPoint","urlTemplate":"https:\/\/projekt.vombat.ee\/eco\/?s={search_term_string}"},"query-input":{"@type":"PropertyValueSpecification","valueRequired":true,"valueName":"search_term_string"}}],"inLanguage":"en-GB"},{"@type":"Organization","@id":"https:\/\/projekt.vombat.ee\/eco\/#organization","name":"Ecocruiser","url":"https:\/\/projekt.vombat.ee\/eco\/","logo":{"@type":"ImageObject","inLanguage":"en-GB","@id":"https:\/\/projekt.vombat.ee\/eco\/#\/schema\/logo\/image\/","url":"https:\/\/projekt.vombat.ee\/eco\/wp-content\/uploads\/2023\/03\/ECOCRUISER_5.png","contentUrl":"https:\/\/projekt.vombat.ee\/eco\/wp-content\/uploads\/2023\/03\/ECOCRUISER_5.png","width":234,"height":91,"caption":"Ecocruiser"},"image":{"@id":"https:\/\/projekt.vombat.ee\/eco\/#\/schema\/logo\/image\/"}}]}},"lang":"et","translations":{"et":1902,"ru":5136,"lv":5860,"fi":7237,"en":12175,"fr":17143},"pll_sync_post":[],"_links":{"self":[{"href":"https:\/\/projekt.vombat.ee\/eco\/wp-json\/wp\/v2\/pages\/1902"}],"collection":[{"href":"https:\/\/projekt.vombat.ee\/eco\/wp-json\/wp\/v2\/pages"}],"about":[{"href":"https:\/\/projekt.vombat.ee\/eco\/wp-json\/wp\/v2\/types\/page"}],"author":[{"embeddable":true,"href":"https:\/\/projekt.vombat.ee\/eco\/wp-json\/wp\/v2\/users\/1"}],"replies":[{"embeddable":true,"href":"https:\/\/projekt.vombat.ee\/eco\/wp-json\/wp\/v2\/comments?post=1902"}],"version-history":[{"count":12,"href":"https:\/\/projekt.vombat.ee\/eco\/wp-json\/wp\/v2\/pages\/1902\/revisions"}],"predecessor-version":[{"id":21204,"href":"https:\/\/projekt.vombat.ee\/eco\/wp-json\/wp\/v2\/pages\/1902\/revisions\/21204"}],"wp:attachment":[{"href":"https:\/\/projekt.vombat.ee\/eco\/wp-json\/wp\/v2\/media?parent=1902"}],"curies":[{"name":"wp","href":"https:\/\/api.w.org\/{rel}","templated":true}]}}